222.255.182.222 - - [17/Aug/2026:16:29:35 +0000] "GET /wp-admin/profile.php HTTP/1.1" 302 - "https://reviverenovation.ae/wp-login.php" "Mozilla/5.0 (Macintosh; Intel Mac OS X 13_6_1) AppleWebKit/537.36 (KHTML, like Gecko) Chrome/120.0.0.0 Safari/537.36"
74.243.201.109 - - [17/Aug/2026:16:29:37 +0000] "GET /wp-content/themes/astra/assets/css/minified/main.min.css?ver=4.12.7 HTTP/2.0" 200 8683 "https://reviverenovation.ae/" "Mozilla/5.0 (Windows NT 10.0; Win64; x64) AppleWebKit/537.36 (KHTML, like Gecko) Chrome/142.0.7444.163 Safari/537.36"
74.243.201.109 - - [17/Aug/2026:16:29:37 +0000] "GET /wp-content/cache/speedycache/reviverenovation.ae/assets/5003722985a75bf5-style.css HTTP/2.0" 200 621 "https://reviverenovation.ae/" "Mozilla/5.0 (Windows NT 10.0; Win64; x64) AppleWebKit/537.36 (KHTML, like Gecko) Chrome/142.0.7444.163 Safari/537.36"
74.243.201.109 - - [17/Aug/2026:16:29:37 +0000] "GET /wp-content/plugins/elementor/assets/css/widget-heading.min.css?ver=4.0.2 HTTP/2.0" 200 160 "https://reviverenovation.ae/" "Mozilla/5.0 (Windows NT 10.0; Win64; x64) AppleWebKit/537.36 (KHTML, like Gecko) Chrome/142.0.7444.163 Safari/537.36"
74.243.201.109 - - [17/Aug/2026:16:29:37 +0000] "GET /wp-content/plugins/elementor/assets/css/widget-image.min.css?ver=4.0.2 HTTP/2.0" 200 135 "https://reviverenovation.ae/" "Mozilla/5.0 (Windows NT 10.0; Win64; x64) AppleWebKit/537.36 (KHTML, like Gecko) Chrome/142.0.7444.163 Safari/537.36"
74.243.201.109 - - [17/Aug/2026:16:29:37 +0000] "GET /wp-content/plugins/elementor/assets/css/widget-social-icons.min.css?ver=4.0.2 HTTP/2.0" 200 1142 "https://reviverenovation.ae/" "Mozilla/5.0 (Windows NT 10.0; Win64; x64) AppleWebKit/537.36 (KHTML, like Gecko) Chrome/142.0.7444.163 Safari/537.36"
74.243.201.109 - - [17/Aug/2026:16:29:37 +0000] "GET /wp-content/cache/speedycache/reviverenovation.ae/assets/c8aca11ebb99ff97-astra-addon-69ddef01d16cf9-75818811.css HTTP/2.0" 200 5877 "https://reviverenovation.ae/" "Mozilla/5.0 (Windows NT 10.0; Win64; x64) AppleWebKit/537.36 (KHTML, like Gecko) Chrome/142.0.7444.163 Safari/537.36"
74.243.201.109 - - [17/Aug/2026:16:29:37 +0000] "GET /wp-content/plugins/elementor/assets/css/frontend.min.css?ver=4.0.2 HTTP/2.0" 200 7271 "https://reviverenovation.ae/" "Mozilla/5.0 (Windows NT 10.0; Win64; x64) AppleWebKit/537.36 (KHTML, like Gecko) Chrome/142.0.7444.163 Safari/537.36"
74.243.201.109 - - [17/Aug/2026:16:29:37 +0000] "GET /wp-content/plugins/elementor/assets/css/conditionals/apple-webkit.min.css?ver=4.0.2 HTTP/2.0" 200 547 "https://reviverenovation.ae/" "Mozilla/5.0 (Windows NT 10.0; Win64; x64) AppleWebKit/537.36 (KHTML, like Gecko) Chrome/142.0.7444.163 Safari/537.36"
74.243.201.109 - - [17/Aug/2026:16:29:37 +0000] "GET /wp-content/plugins/elementor/assets/css/widget-icon-list.min.css?ver=4.0.2 HTTP/2.0" 200 1023 "https://reviverenovation.ae/" "Mozilla/5.0 (Windows NT 10.0; Win64; x64) AppleWebKit/537.36 (KHTML, like Gecko) Chrome/142.0.7444.163 Safari/537.36"
74.243.201.109 - - [17/Aug/2026:16:29:37 +0000] "GET /wp-content/plugins/elementor/assets/lib/animations/styles/fadeInUp.min.css?ver=4.0.2 HTTP/2.0" 200 117 "https://reviverenovation.ae/" "Mozilla/5.0 (Windows NT 10.0; Win64; x64) AppleWebKit/537.36 (KHTML, like Gecko) Chrome/142.0.7444.163 Safari/537.36"
74.243.201.109 - - [17/Aug/2026:16:29:37 +0000] "GET /wp-content/plugins/elementor/assets/css/conditionals/e-swiper.min.css?ver=4.0.2 HTTP/2.0" 200 799 "https://reviverenovation.ae/" "Mozilla/5.0 (Windows NT 10.0; Win64; x64) AppleWebKit/537.36 (KHTML, like Gecko) Chrome/142.0.7444.163 Safari/537.36"
74.243.201.109 - - [17/Aug/2026:16:29:37 +0000] "GET /wp-content/plugins/pro-elements/assets/css/widget-price-list.min.css?ver=3.35.0 HTTP/2.0" 200 462 "https://reviverenovation.ae/" "Mozilla/5.0 (Windows NT 10.0; Win64; x64) AppleWebKit/537.36 (KHTML, like Gecko) Chrome/142.0.7444.163 Safari/537.36"
74.243.201.109 - - [17/Aug/2026:16:29:37 +0000] "GET /wp-content/plugins/elementor/assets/css/widget-divider.min.css?ver=4.0.2 HTTP/2.0" 200 741 "https://reviverenovation.ae/" "Mozilla/5.0 (Windows NT 10.0; Win64; x64) AppleWebKit/537.36 (KHTML, like Gecko) Chrome/142.0.7444.163 Safari/537.36"
74.243.201.109 - - [17/Aug/2026:16:29:37 +0000] "GET /wp-content/plugins/pro-elements/assets/css/conditionals/transitions.min.css?ver=3.35.0 HTTP/2.0" 200 621 "https://reviverenovation.ae/" "Mozilla/5.0 (Windows NT 10.0; Win64; x64) AppleWebKit/537.36 (KHTML, like Gecko) Chrome/142.0.7444.163 Safari/537.36"
74.243.201.109 - - [17/Aug/2026:16:29:37 +0000] "GET /wp-content/plugins/pro-elements/assets/css/widget-loop-common.min.css?ver=3.35.0 HTTP/2.0" 200 158 "https://reviverenovation.ae/" "Mozilla/5.0 (Windows NT 10.0; Win64; x64) AppleWebKit/537.36 (KHTML, like Gecko) Chrome/142.0.7444.163 Safari/537.36"
74.243.201.109 - - [17/Aug/2026:16:29:37 +0000] "GET /wp-content/cache/speedycache/reviverenovation.ae/assets/33ab4a92927038b4-post-5.css HTTP/2.0" 200 441 "https://reviverenovation.ae/" "Mozilla/5.0 (Windows NT 10.0; Win64; x64) AppleWebKit/537.36 (KHTML, like Gecko) Chrome/142.0.7444.163 Safari/537.36"
74.243.201.109 - - [17/Aug/2026:16:29:37 +0000] "GET /wp-content/plugins/elementor/assets/lib/swiper/v8/css/swiper.min.css?ver=8.4.5 HTTP/2.0" 200 4583 "https://reviverenovation.ae/" "Mozilla/5.0 (Windows NT 10.0; Win64; x64) AppleWebKit/537.36 (KHTML, like Gecko) Chrome/142.0.7444.163 Safari/537.36"
74.243.201.109 - - [17/Aug/2026:16:29:37 +0000] "GET /wp-content/plugins/pro-elements/assets/css/widget-call-to-action.min.css?ver=3.35.0 HTTP/2.0" 200 1338 "https://reviverenovation.ae/" "Mozilla/5.0 (Windows NT 10.0; Win64; x64) AppleWebKit/537.36 (KHTML, like Gecko) Chrome/142.0.7444.163 Safari/537.36"
74.243.201.109 - - [17/Aug/2026:16:29:37 +0000] "GET /wp-content/plugins/pro-elements/assets/css/widget-loop-grid.min.css?ver=3.35.0 HTTP/2.0" 200 1290 "https://reviverenovation.ae/" "Mozilla/5.0 (Windows NT 10.0; Win64; x64) AppleWebKit/537.36 (KHTML, like Gecko) Chrome/142.0.7444.163 Safari/537.36"
74.243.201.109 - - [17/Aug/2026:16:29:37 +0000] "GET /wp-content/plugins/elementor/assets/lib/animations/styles/slideInLeft.min.css?ver=4.0.2 HTTP/2.0" 200 123 "https://reviverenovation.ae/" "Mozilla/5.0 (Windows NT 10.0; Win64; x64) AppleWebKit/537.36 (KHTML, like Gecko) Chrome/142.0.7444.163 Safari/537.36"
74.243.201.109 - - [17/Aug/2026:16:29:37 +0000] "GET /wp-content/plugins/elementor/assets/lib/animations/styles/fadeInRight.min.css?ver=4.0.2 HTTP/2.0" 200 120 "https://reviverenovation.ae/" "Mozilla/5.0 (Windows NT 10.0; Win64; x64) AppleWebKit/537.36 (KHTML, like Gecko) Chrome/142.0.7444.163 Safari/537.36"
74.243.201.109 - - [17/Aug/2026:16:29:37 +0000] "GET /wp-content/plugins/elementor/assets/lib/animations/styles/fadeInLeft.min.css?ver=4.0.2 HTTP/2.0" 200 120 "https://reviverenovation.ae/" "Mozilla/5.0 (Windows NT 10.0; Win64; x64) AppleWebKit/537.36 (KHTML, like Gecko) Chrome/142.0.7444.163 Safari/537.36"
74.243.201.109 - - [17/Aug/2026:16:29:37 +0000] "GET /wp-content/plugins/elementor/assets/css/widget-icon-box.min.css?ver=4.0.2 HTTP/2.0" 200 435 "https://reviverenovation.ae/" "Mozilla/5.0 (Windows NT 10.0; Win64; x64) AppleWebKit/537.36 (KHTML, like Gecko) Chrome/142.0.7444.163 Safari/537.36"
74.243.201.109 - - [17/Aug/2026:16:29:37 +0000] "GET /wp-content/plugins/elementor/assets/css/widget-image-carousel.min.css?ver=4.0.2 HTTP/2.0" 200 183 "https://reviverenovation.ae/" "Mozilla/5.0 (Windows NT 10.0; Win64; x64) AppleWebKit/537.36 (KHTML, like Gecko) Chrome/142.0.7444.163 Safari/537.36"
74.243.201.109 - - [17/Aug/2026:16:29:37 +0000] "GET /wp-content/plugins/elementor/assets/css/widget-rating.min.css?ver=4.0.2 HTTP/2.0" 200 399 "https://reviverenovation.ae/" "Mozilla/5.0 (Windows NT 10.0; Win64; x64) AppleWebKit/537.36 (KHTML, like Gecko) Chrome/142.0.7444.163 Safari/537.36"
74.243.201.109 - - [17/Aug/2026:16:29:37 +0000] "GET /wp-content/cache/speedycache/reviverenovation.ae/assets/fbe48911448154e2-post-480.css HTTP/2.0" 200 1984 "https://reviverenovation.ae/" "Mozilla/5.0 (Windows NT 10.0; Win64; x64) AppleWebKit/537.36 (KHTML, like Gecko) Chrome/142.0.7444.163 Safari/537.36"
74.243.201.109 - - [17/Aug/2026:16:29:37 +0000] "GET /wp-content/cache/speedycache/reviverenovation.ae/assets/8cadd957ced5bb6b-post-18.css HTTP/2.0" 200 6208 "https://reviverenovation.ae/" "Mozilla/5.0 (Windows NT 10.0; Win64; x64) AppleWebKit/537.36 (KHTML, like Gecko) Chrome/142.0.7444.163 Safari/537.36"
74.243.201.109 - - [17/Aug/2026:16:29:37 +0000] "GET /wp-content/cache/speedycache/reviverenovation.ae/assets/95077f496437d32b-wws.css HTTP/2.0" 200 691 "https://reviverenovation.ae/" "Mozilla/5.0 (Windows NT 10.0; Win64; x64) AppleWebKit/537.36 (KHTML, like Gecko) Chrome/142.0.7444.163 Safari/537.36"
74.243.201.109 - - [17/Aug/2026:16:29:37 +0000] "GET /wp-content/cache/speedycache/reviverenovation.ae/assets/b1725672c5852da8-wws-layout-4.css HTTP/2.0" 200 101 "https://reviverenovation.ae/" "Mozilla/5.0 (Windows NT 10.0; Win64; x64) AppleWebKit/537.36 (KHTML, like Gecko) Chrome/142.0.7444.163 Safari/537.36"
222.255.182.222 - - [17/Aug/2026:16:29:36 +0000] "GET /wp-login.php?redirect_to=https%3A%2F%2Freviverenovation.ae%2Fwp-admin%2Fprofile.php&reauth=1 HTTP/1.1" 200 4542 "https://reviverenovation.ae/wp-login.php" "Mozilla/5.0 (Macintosh; Intel Mac OS X 13_6_1) AppleWebKit/537.36 (KHTML, like Gecko) Chrome/120.0.0.0 Safari/537.36"
74.243.201.109 - - [17/Aug/2026:16:29:38 +0000] "GET /wp-content/plugins/unlimited-elements-for-elementor/assets_libraries/font-awesome6/fontawesome-all.min.css HTTP/2.0" 200 22761 "https://reviverenovation.ae/" "Mozilla/5.0 (Windows NT 10.0; Win64; x64) AppleWebKit/537.36 (KHTML, like Gecko) Chrome/142.0.7444.163 Safari/537.36"
74.243.201.109 - - [17/Aug/2026:16:29:38 +0000] "GET /wp-content/plugins/astra-addon/addons/nav-menu/assets/css/minified/magamenu-frontend.min.css?ver=4.12.5 HTTP/2.0" 200 - "https://reviverenovation.ae/" "Mozilla/5.0 (Windows NT 10.0; Win64; x64) AppleWebKit/537.36 (KHTML, like Gecko) Chrome/142.0.7444.163 Safari/537.36"
74.243.201.109 - - [17/Aug/2026:16:29:38 +0000] "GET /wp-content/plugins/unlimited-elements-for-elementor/assets_libraries/lity/lity.min.css HTTP/2.0" 200 1016 "https://reviverenovation.ae/" "Mozilla/5.0 (Windows NT 10.0; Win64; x64) AppleWebKit/537.36 (KHTML, like Gecko) Chrome/142.0.7444.163 Safari/537.36"
74.243.201.109 - - [17/Aug/2026:16:29:38 +0000] "GET /wp-content/plugins/speedycache-pro/assets/images/image-palceholder.png HTTP/2.0" 200 145 "https://reviverenovation.ae/" "Mozilla/5.0 (Windows NT 10.0; Win64; x64) AppleWebKit/537.36 (KHTML, like Gecko) Chrome/142.0.7444.163 Safari/537.36"
74.243.201.109 - - [17/Aug/2026:16:29:38 +0000] "GET /wp-content/plugins/unlimited-elements-for-elementor/assets_libraries/font-awesome6/fontawesome-v4-shims.min.css HTTP/2.0" 200 4028 "https://reviverenovation.ae/" "Mozilla/5.0 (Windows NT 10.0; Win64; x64) AppleWebKit/537.36 (KHTML, like Gecko) Chrome/142.0.7444.163 Safari/537.36"
74.243.201.109 - - [17/Aug/2026:16:29:38 +0000] "GET /wp-includes/js/jquery/jquery.min.js?ver=3.7.1 HTTP/2.0" 200 30368 "https://reviverenovation.ae/" "Mozilla/5.0 (Windows NT 10.0; Win64; x64) AppleWebKit/537.36 (KHTML, like Gecko) Chrome/142.0.7444.163 Safari/537.36"
222.255.182.222 - - [17/Aug/2026:16:29:38 +0000] "POST /wp-login.php HTTP/1.1" 200 2985 "https://reviverenovation.ae/wp-login.php" "Mozilla/5.0 (Windows NT 10.0; Win64; x64; rv:118.0) Gecko/20100101 Firefox/118.0"
74.243.201.109 - - [17/Aug/2026:16:29:39 +0000] "GET /wp-includes/js/jquery/jquery-migrate.min.js?ver=3.4.1 HTTP/2.0" 200 4872 "https://reviverenovation.ae/" "Mozilla/5.0 (Windows NT 10.0; Win64; x64) AppleWebKit/537.36 (KHTML, like Gecko) Chrome/142.0.7444.163 Safari/537.36"
74.243.201.109 - - [17/Aug/2026:16:29:39 +0000] "GET /wp-content/uploads/2026/03/Mansory-Medium.ttf HTTP/2.0" 200 33899 "https://reviverenovation.ae/wp-content/cache/speedycache/reviverenovation.ae/assets/8cadd957ced5bb6b-post-18.css" "Mozilla/5.0 (Windows NT 10.0; Win64; x64) AppleWebKit/537.36 (KHTML, like Gecko) Chrome/142.0.7444.163 Safari/537.36"
74.243.201.109 - - [17/Aug/2026:16:29:39 +0000] "GET /wp-content/uploads/2026/03/Mansory-Bold.ttf HTTP/2.0" 200 35928 "https://reviverenovation.ae/wp-content/cache/speedycache/reviverenovation.ae/assets/8cadd957ced5bb6b-post-18.css" "Mozilla/5.0 (Windows NT 10.0; Win64; x64) AppleWebKit/537.36 (KHTML, like Gecko) Chrome/142.0.7444.163 Safari/537.36"
222.255.182.222 - - [17/Aug/2026:16:29:39 +0000] "GET /wp-admin/index.php HTTP/1.1" 302 - "https://reviverenovation.ae/wp-login.php" "Mozilla/5.0 (Windows NT 10.0; Win64; x64) AppleWebKit/537.36 (KHTML, like Gecko) Chrome/121.0.0.0 Safari/537.36"
74.243.201.109 - - [17/Aug/2026:16:29:40 +0000] "GET /wp-content/cache/speedycache/reviverenovation.ae/assets/7278ec8f1975e6ee-smooth-scroll.js HTTP/2.0" 200 738 "https://reviverenovation.ae/" "Mozilla/5.0 (Windows NT 10.0; Win64; x64) AppleWebKit/537.36 (KHTML, like Gecko) Chrome/142.0.7444.163 Safari/537.36"
74.243.201.109 - - [17/Aug/2026:16:29:40 +0000] "GET /wp-content/cache/speedycache/reviverenovation.ae/assets/57c950ff2ac8ff7e-animations.js HTTP/2.0" 200 1244 "https://reviverenovation.ae/" "Mozilla/5.0 (Windows NT 10.0; Win64; x64) AppleWebKit/537.36 (KHTML, like Gecko) Chrome/142.0.7444.163 Safari/537.36"
74.243.201.109 - - [17/Aug/2026:16:29:40 +0000] "GET /wp-content/themes/astra/assets/js/minified/frontend.min.js?ver=4.12.7 HTTP/2.0" 200 5952 "https://reviverenovation.ae/" "Mozilla/5.0 (Windows NT 10.0; Win64; x64) AppleWebKit/537.36 (KHTML, like Gecko) Chrome/142.0.7444.163 Safari/537.36"
74.243.201.109 - - [17/Aug/2026:16:29:41 +0000] "GET /wp-content/plugins/elementor/assets/js/webpack.runtime.min.js?ver=4.0.2 HTTP/2.0" 200 2496 "https://reviverenovation.ae/" "Mozilla/5.0 (Windows NT 10.0; Win64; x64) AppleWebKit/537.36 (KHTML, like Gecko) Chrome/142.0.7444.163 Safari/537.36"
74.243.201.109 - - [17/Aug/2026:16:29:41 +0000] "GET /wp-content/plugins/astra-addon/assets/js/minified/purify.min.js?ver=4.12.5 HTTP/2.0" 200 8744 "https://reviverenovation.ae/" "Mozilla/5.0 (Windows NT 10.0; Win64; x64) AppleWebKit/537.36 (KHTML, like Gecko) Chrome/142.0.7444.163 Safari/537.36"
74.243.201.109 - - [17/Aug/2026:16:29:41 +0000] "GET /wp-content/cache/speedycache/reviverenovation.ae/assets/b90a6b6986dcecf7-astra-addon-69ddef01d1ba53-08965612.js HTTP/2.0" 200 9109 "https://reviverenovation.ae/" "Mozilla/5.0 (Windows NT 10.0; Win64; x64) AppleWebKit/537.36 (KHTML, like Gecko) Chrome/142.0.7444.163 Safari/537.36"
74.243.201.109 - - [17/Aug/2026:16:29:41 +0000] "GET /wp-content/plugins/unlimited-elements-for-elementor/assets_libraries/font-awesome6/fa-solid-900.woff2 HTTP/2.0" 200 156539 "https://reviverenovation.ae/wp-content/plugins/unlimited-elements-for-elementor/assets_libraries/font-awesome6/fontawesome-all.min.css" "Mozilla/5.0 (Windows NT 10.0; Win64; x64) AppleWebKit/537.36 (KHTML, like Gecko) Chrome/142.0.7444.163 Safari/537.36"
74.243.201.109 - - [17/Aug/2026:16:29:41 +0000] "GET /wp-content/plugins/elementor/assets/js/frontend-modules.min.js?ver=4.0.2 HTTP/2.0" 200 15970 "https://reviverenovation.ae/" "Mozilla/5.0 (Windows NT 10.0; Win64; x64) AppleWebKit/537.36 (KHTML, like Gecko) Chrome/142.0.7444.163 Safari/537.36"
74.243.201.109 - - [17/Aug/2026:16:29:41 +0000] "GET /wp-includes/js/jquery/ui/core.min.js?ver=1.13.3 HTTP/2.0" 200 7106 "https://reviverenovation.ae/" "Mozilla/5.0 (Windows NT 10.0; Win64; x64) AppleWebKit/537.36 (KHTML, like Gecko) Chrome/142.0.7444.163 Safari/537.36"
222.255.182.222 - - [17/Aug/2026:16:29:41 +0000] "GET /wp-login.php?redirect_to=https%3A%2F%2Freviverenovation.ae%2Fwp-admin%2Findex.php&reauth=1 HTTP/1.1" 200 2902 "https://reviverenovation.ae/wp-login.php" "Mozilla/5.0 (Windows NT 10.0; Win64; x64) AppleWebKit/537.36 (KHTML, like Gecko) Chrome/121.0.0.0 Safari/537.36"
74.243.201.109 - - [17/Aug/2026:16:29:42 +0000] "GET /wp-includes/js/imagesloaded.min.js?ver=5.0.0 HTTP/2.0" 200 1803 "https://reviverenovation.ae/" "Mozilla/5.0 (Windows NT 10.0; Win64; x64) AppleWebKit/537.36 (KHTML, like Gecko) Chrome/142.0.7444.163 Safari/537.36"
74.243.201.109 - - [17/Aug/2026:16:29:42 +0000] "GET /wp-content/cache/speedycache/reviverenovation.ae/assets/3e3350c88b93ffda-wws.js HTTP/2.0" 200 2350 "https://reviverenovation.ae/" "Mozilla/5.0 (Windows NT 10.0; Win64; x64) AppleWebKit/537.36 (KHTML, like Gecko) Chrome/142.0.7444.163 Safari/537.36"
74.243.201.109 - - [17/Aug/2026:16:29:42 +0000] "GET /wp-content/plugins/elementor/assets/js/frontend.min.js?ver=4.0.2 HTTP/2.0" 200 10339 "https://reviverenovation.ae/" "Mozilla/5.0 (Windows NT 10.0; Win64; x64) AppleWebKit/537.36 (KHTML, like Gecko) Chrome/142.0.7444.163 Safari/537.36"
74.243.201.109 - - [17/Aug/2026:16:29:42 +0000] "GET /wp-content/plugins/wordpress-whatsapp-support/assets/libraries/inputmask/jquery.inputmask.min.js?ver=5.0.6 HTTP/2.0" 200 27792 "https://reviverenovation.ae/" "Mozilla/5.0 (Windows NT 10.0; Win64; x64) AppleWebKit/537.36 (KHTML, like Gecko) Chrome/142.0.7444.163 Safari/537.36"
74.243.201.109 - - [17/Aug/2026:16:29:42 +0000] "GET /wp-content/plugins/elementor/assets/lib/swiper/v8/swiper.min.js?ver=8.4.5 HTTP/2.0" 200 39695 "https://reviverenovation.ae/" "Mozilla/5.0 (Windows NT 10.0; Win64; x64) AppleWebKit/537.36 (KHTML, like Gecko) Chrome/142.0.7444.163 Safari/537.36"
74.243.201.109 - - [17/Aug/2026:16:29:42 +0000] "GET /wp-content/uploads/ac_assets/uc-splitting-text/splitting.min.js?ver=2.0.7 HTTP/2.0" 200 1683 "https://reviverenovation.ae/" "Mozilla/5.0 (Windows NT 10.0; Win64; x64) AppleWebKit/537.36 (KHTML, like Gecko) Chrome/142.0.7444.163 Safari/537.36"
74.243.201.109 - - [17/Aug/2026:16:29:42 +0000] "GET /wp-content/plugins/unlimited-elements-for-elementor/assets_libraries/lity/lity.min.js?ver=2.0.7 HTTP/2.0" 200 2932 "https://reviverenovation.ae/" "Mozilla/5.0 (Windows NT 10.0; Win64; x64) AppleWebKit/537.36 (KHTML, like Gecko) Chrome/142.0.7444.163 Safari/537.36"
74.243.201.109 - - [17/Aug/2026:16:29:42 +0000] "GET /wp-content/plugins/pro-elements/assets/js/webpack-pro.runtime.min.js?ver=3.35.0 HTTP/2.0" 200 2857 "https://reviverenovation.ae/" "Mozilla/5.0 (Windows NT 10.0; Win64; x64) AppleWebKit/537.36 (KHTML, like Gecko) Chrome/142.0.7444.163 Safari/537.36"
74.243.201.109 - - [17/Aug/2026:16:29:42 +0000] "GET /wp-includes/js/dist/hooks.min.js?ver=7496969728ca0f95732d HTTP/2.0" 200 1829 "https://reviverenovation.ae/" "Mozilla/5.0 (Windows NT 10.0; Win64; x64) AppleWebKit/537.36 (KHTML, like Gecko) Chrome/142.0.7444.163 Safari/537.36"
74.243.201.109 - - [17/Aug/2026:16:29:42 +0000] "GET /wp-includes/js/dist/i18n.min.js?ver=781d11515ad3d91786ec HTTP/2.0" 200 2465 "https://reviverenovation.ae/" "Mozilla/5.0 (Windows NT 10.0; Win64; x64) AppleWebKit/537.36 (KHTML, like Gecko) Chrome/142.0.7444.163 Safari/537.36"
74.243.201.109 - - [17/Aug/2026:16:29:42 +0000] "GET /wp-content/plugins/pro-elements/assets/js/frontend.min.js?ver=3.35.0 HTTP/2.0" 200 6435 "https://reviverenovation.ae/" "Mozilla/5.0 (Windows NT 10.0; Win64; x64) AppleWebKit/537.36 (KHTML, like Gecko) Chrome/142.0.7444.163 Safari/537.36"
222.255.182.222 - - [17/Aug/2026:16:29:42 +0000] "POST /wp-login.php HTTP/1.1" 403 9425 "https://reviverenovation.ae/wp-login.php" "Mozilla/5.0 (Windows NT 11.0; Win64; x64) AppleWebKit/537.36 (KHTML, like Gecko) Chrome/119.0.0.0 Safari/537.36"
74.243.201.109 - - [17/Aug/2026:16:29:42 +0000] "GET /wp-content/uploads/2026/03/path-douiri.org-6.svg HTTP/2.0" 200 222 "https://reviverenovation.ae/" "Mozilla/5.0 (Windows NT 10.0; Win64; x64) AppleWebKit/537.36 (KHTML, like Gecko) Chrome/142.0.7444.163 Safari/537.36"
74.243.201.109 - - [17/Aug/2026:16:29:42 +0000] "GET /wp-content/uploads/2026/03/51d20d_5c5f31fbb02f48159455b983d6dd53a0mv2.jpg HTTP/2.0" 200 48680 "https://reviverenovation.ae/wp-content/cache/speedycache/reviverenovation.ae/assets/8cadd957ced5bb6b-post-18.css" "Mozilla/5.0 (Windows NT 10.0; Win64; x64) AppleWebKit/537.36 (KHTML, like Gecko) Chrome/142.0.7444.163 Safari/537.36"
74.243.201.109 - - [17/Aug/2026:16:29:42 +0000] "GET /wp-content/uploads/2026/03/path-douiri.org-10.svg HTTP/2.0" 200 198 "https://reviverenovation.ae/wp-content/cache/speedycache/reviverenovation.ae/assets/8cadd957ced5bb6b-post-18.css" "Mozilla/5.0 (Windows NT 10.0; Win64; x64) AppleWebKit/537.36 (KHTML, like Gecko) Chrome/142.0.7444.163 Safari/537.36"
74.243.201.109 - - [17/Aug/2026:16:29:42 +0000] "GET /wp-content/plugins/pro-elements/assets/js/elements-handlers.min.js?ver=3.35.0 HTTP/2.0" 200 10563 "https://reviverenovation.ae/" "Mozilla/5.0 (Windows NT 10.0; Win64; x64) AppleWebKit/537.36 (KHTML, like Gecko) Chrome/142.0.7444.163 Safari/537.36"
74.243.201.109 - - [17/Aug/2026:16:29:42 +0000] "GET /wp-content/uploads/2026/03/rawkkim-7QnoQs7olyw-unsplash.webp HTTP/2.0" 200 129684 "https://reviverenovation.ae/wp-content/cache/speedycache/reviverenovation.ae/assets/8cadd957ced5bb6b-post-18.css" "Mozilla/5.0 (Windows NT 10.0; Win64; x64) AppleWebKit/537.36 (KHTML, like Gecko) Chrome/142.0.7444.163 Safari/537.36"
74.243.201.109 - - [17/Aug/2026:16:29:42 +0000] "GET /wp-content/uploads/2026/03/Logo-new-07-scaled-173x39.png HTTP/2.0" 200 3462 "https://reviverenovation.ae/" "Mozilla/5.0 (Windows NT 10.0; Win64; x64) AppleWebKit/537.36 (KHTML, like Gecko) Chrome/142.0.7444.163 Safari/537.36"
74.243.201.109 - - [17/Aug/2026:16:29:42 +0000] "GET /wp-content/uploads/2026/03/matt-briney-DBzq28q5Y2A-unsplash.webp HTTP/2.0" 200 190503 "https://reviverenovation.ae/wp-content/cache/speedycache/reviverenovation.ae/assets/fbe48911448154e2-post-480.css" "Mozilla/5.0 (Windows NT 10.0; Win64; x64) AppleWebKit/537.36 (KHTML, like Gecko) Chrome/142.0.7444.163 Safari/537.36"
74.243.201.109 - - [17/Aug/2026:16:29:43 +0000] "GET /wp-content/plugins/elementor/assets/js/text-editor.45609661e409413f1cef.bundle.min.js HTTP/2.0" 200 648 "https://reviverenovation.ae/" "Mozilla/5.0 (Windows NT 10.0; Win64; x64) AppleWebKit/537.36 (KHTML, like Gecko) Chrome/142.0.7444.163 Safari/537.36"
74.243.201.109 - - [17/Aug/2026:16:29:43 +0000] "GET /wp-content/plugins/elementor/assets/js/shared-frontend-handlers.03caa53373b56d3bab67.bundle.min.js HTTP/2.0" 200 2644 "https://reviverenovation.ae/" "Mozilla/5.0 (Windows NT 10.0; Win64; x64) AppleWebKit/537.36 (KHTML, like Gecko) Chrome/142.0.7444.163 Safari/537.36"
74.243.201.109 - - [17/Aug/2026:16:29:43 +0000] "GET /wp-content/plugins/pro-elements/assets/js/ajax-pagination.2090b5f4906bcda1dcc2.bundle.min.js HTTP/2.0" 200 1197 "https://reviverenovation.ae/" "Mozilla/5.0 (Windows NT 10.0; Win64; x64) AppleWebKit/537.36 (KHTML, like Gecko) Chrome/142.0.7444.163 Safari/537.36"
74.243.201.109 - - [17/Aug/2026:16:29:43 +0000] "GET /wp-content/plugins/pro-elements/assets/js/load-more.8b46f464e573feab5dd7.bundle.min.js HTTP/2.0" 200 1590 "https://reviverenovation.ae/" "Mozilla/5.0 (Windows NT 10.0; Win64; x64) AppleWebKit/537.36 (KHTML, like Gecko) Chrome/142.0.7444.163 Safari/537.36"
74.243.201.109 - - [17/Aug/2026:16:29:43 +0000] "GET /wp-content/plugins/pro-elements/assets/js/loop.89cc81d2188312a17a17.bundle.min.js HTTP/2.0" 200 3220 "https://reviverenovation.ae/" "Mozilla/5.0 (Windows NT 10.0; Win64; x64) AppleWebKit/537.36 (KHTML, like Gecko) Chrome/142.0.7444.163 Safari/537.36"
74.243.201.109 - - [17/Aug/2026:16:29:43 +0000] "GET /wp-content/plugins/elementor/assets/js/image-carousel.6167d20b95b33386757b.bundle.min.js HTTP/2.0" 200 272 "https://reviverenovation.ae/" "Mozilla/5.0 (Windows NT 10.0; Win64; x64) AppleWebKit/537.36 (KHTML, like Gecko) Chrome/142.0.7444.163 Safari/537.36"
222.255.182.222 - - [17/Aug/2026:16:29:43 +0000] "GET /wp-admin/index.php HTTP/1.1" 302 - "https://reviverenovation.ae/wp-login.php" "Mozilla/5.0 (Windows NT 11.0; Win64; x64; rv:120.0) Gecko/20100101 Firefox/120.0"
222.255.182.222 - - [17/Aug/2026:16:29:45 +0000] "GET /wp-login.php?redirect_to=https%3A%2F%2Freviverenovation.ae%2Fwp-admin%2Findex.php&reauth=1 HTTP/1.1" 200 2902 "https://reviverenovation.ae/wp-login.php" "Mozilla/5.0 (Windows NT 11.0; Win64; x64; rv:120.0) Gecko/20100101 Firefox/120.0"
222.255.182.222 - - [17/Aug/2026:16:29:46 +0000] "POST /wp-login.php HTTP/1.1" 200 2982 "https://reviverenovation.ae/wp-login.php" "Mozilla/5.0 (Macintosh; Intel Mac OS X 13_6_1) AppleWebKit/605.1.15 (KHTML, like Gecko) Version/17.1 Safari/605.1.15"
222.255.182.222 - - [17/Aug/2026:16:29:47 +0000] "GET /wp-admin/index.php HTTP/1.1" 302 - "https://reviverenovation.ae/wp-login.php" "Mozilla/5.0 (X11; Linux x86_64) AppleWebKit/537.36 (KHTML, like Gecko) Chrome/121.0.0.0 Safari/537.36"
222.255.182.222 - - [17/Aug/2026:16:29:48 +0000] "GET /wp-login.php?redirect_to=https%3A%2F%2Freviverenovation.ae%2Fwp-admin%2Findex.php&reauth=1 HTTP/1.1" 200 2902 "https://reviverenovation.ae/wp-login.php" "Mozilla/5.0 (X11; Linux x86_64) AppleWebKit/537.36 (KHTML, like Gecko) Chrome/121.0.0.0 Safari/537.36"
74.243.201.109 - - [17/Aug/2026:16:29:49 +0000] "GET /wp-content/uploads/2026/03/258-Al-Murooj-new-HD-1-25.jpg HTTP/2.0" 200 1625223 "https://reviverenovation.ae/" "Mozilla/5.0 (Windows NT 10.0; Win64; x64) AppleWebKit/537.36 (KHTML, like Gecko) Chrome/142.0.7444.163 Safari/537.36"
74.243.201.109 - - [17/Aug/2026:16:29:49 +0000] "GET /wp-content/uploads/2026/03/slide-image.jpg HTTP/2.0" 200 462480 "https://reviverenovation.ae/" "Mozilla/5.0 (Windows NT 10.0; Win64; x64) AppleWebKit/537.36 (KHTML, like Gecko) Chrome/142.0.7444.163 Safari/537.36"
222.255.182.222 - - [17/Aug/2026:16:29:50 +0000] "POST /wp-login.php HTTP/1.1" 200 2982 "https://reviverenovation.ae/wp-login.php" "Mozilla/5.0 (Macintosh; Intel Mac OS X 10_15_7; rv:118.0) Gecko/20100101 Firefox/118.0"
222.255.182.222 - - [17/Aug/2026:16:29:51 +0000] "GET /wp-admin/index.php HTTP/1.1" 302 - "https://reviverenovation.ae/wp-login.php" "Mozilla/5.0 (Macintosh; Intel Mac OS X 10_15_7) AppleWebKit/605.1.15 (KHTML, like Gecko) Version/17.0 Safari/605.1.15"
222.255.182.222 - - [17/Aug/2026:16:29:52 +0000] "GET /wp-login.php?redirect_to=https%3A%2F%2Freviverenovation.ae%2Fwp-admin%2Findex.php&reauth=1 HTTP/1.1" 200 2902 "https://reviverenovation.ae/wp-login.php" "Mozilla/5.0 (Macintosh; Intel Mac OS X 10_15_7) AppleWebKit/605.1.15 (KHTML, like Gecko) Version/17.0 Safari/605.1.15"
222.255.182.222 - - [17/Aug/2026:16:29:56 +0000] "POST /wp-login.php HTTP/1.1" 200 2982 "https://reviverenovation.ae/wp-login.php" "Mozilla/5.0 (Macintosh; Intel Mac OS X 13_6_1; rv:120.0) Gecko/20100101 Firefox/120.0"
222.255.182.222 - - [17/Aug/2026:16:29:57 +0000] "GET /wp-admin/index.php HTTP/1.1" 302 - "https://reviverenovation.ae/wp-login.php" "Mozilla/5.0 (X11; Linux x86_64) AppleWebKit/537.36 (KHTML, like Gecko) Chrome/119.0.0.0 Safari/537.36"
222.255.182.222 - - [17/Aug/2026:16:29:58 +0000] "GET /wp-login.php?redirect_to=https%3A%2F%2Freviverenovation.ae%2Fwp-admin%2Findex.php&reauth=1 HTTP/1.1" 200 2902 "https://reviverenovation.ae/wp-login.php" "Mozilla/5.0 (X11; Linux x86_64) AppleWebKit/537.36 (KHTML, like Gecko) Chrome/119.0.0.0 Safari/537.36"
222.255.182.222 - - [17/Aug/2026:16:29:59 +0000] "POST /wp-login.php HTTP/1.1" 403 9425 "https://reviverenovation.ae/wp-login.php" "Mozilla/5.0 (Macintosh; Intel Mac OS X 13_6_1) AppleWebKit/605.1.15 (KHTML, like Gecko) Version/17.1 Safari/605.1.15"
222.255.182.222 - - [17/Aug/2026:16:30:01 +0000] "GET /wp-admin/index.php HTTP/1.1" 302 - "https://reviverenovation.ae/wp-login.php" "Mozilla/5.0 (Macintosh; Intel Mac OS X 10_15_7) AppleWebKit/537.36 (KHTML, like Gecko) Chrome/119.0.0.0 Safari/537.36"
222.255.182.222 - - [17/Aug/2026:16:30:02 +0000] "GET /wp-login.php?redirect_to=https%3A%2F%2Freviverenovation.ae%2Fwp-admin%2Findex.php&reauth=1 HTTP/1.1" 200 2902 "https://reviverenovation.ae/wp-login.php" "Mozilla/5.0 (Macintosh; Intel Mac OS X 10_15_7) AppleWebKit/537.36 (KHTML, like Gecko) Chrome/119.0.0.0 Safari/537.36"
74.243.201.109 - - [17/Aug/2026:16:30:03 +0000] "GET /wp-includes/js/wp-emoji-release.min.js?ver=7.0.4 HTTP/2.0" 200 5386 "https://reviverenovation.ae/" "Mozilla/5.0 (Windows NT 10.0; Win64; x64) AppleWebKit/537.36 (KHTML, like Gecko) Chrome/142.0.7444.163 Safari/537.36"
74.243.201.109 - - [17/Aug/2026:16:30:04 +0000] "GET /wp-content/uploads/2026/03/Construction-services.jpg HTTP/2.0" 200 1020135 "https://reviverenovation.ae/" "Mozilla/5.0 (Windows NT 10.0; Win64; x64) AppleWebKit/537.36 (KHTML, like Gecko) Chrome/142.0.7444.163 Safari/537.36"
74.243.201.109 - - [17/Aug/2026:16:30:04 +0000] "GET /wp-content/uploads/2026/03/image-for-Revive-Renovation.png HTTP/2.0" 200 1545441 "https://reviverenovation.ae/" "Mozilla/5.0 (Windows NT 10.0; Win64; x64) AppleWebKit/537.36 (KHTML, like Gecko) Chrome/142.0.7444.163 Safari/537.36"
74.243.201.109 - - [17/Aug/2026:16:30:04 +0000] "GET /wp-content/uploads/2026/03/image-for-Revive-Joinery.png HTTP/2.0" 200 2137387 "https://reviverenovation.ae/" "Mozilla/5.0 (Windows NT 10.0; Win64; x64) AppleWebKit/537.36 (KHTML, like Gecko) Chrome/142.0.7444.163 Safari/537.36"
222.255.182.222 - - [17/Aug/2026:16:30:04 +0000] "POST /wp-login.php HTTP/1.1" 200 2982 "https://reviverenovation.ae/wp-login.php" "Mozilla/5.0 (Macintosh; Intel Mac OS X 13_6_1; rv:120.0) Gecko/20100101 Firefox/120.0"
74.243.201.109 - - [17/Aug/2026:16:30:06 +0000] "GET /wp-content/uploads/2026/03/flavicon-300x300.png HTTP/2.0" 200 11704 "https://reviverenovation.ae/" "Mozilla/5.0 (Windows NT 10.0; Win64; x64) AppleWebKit/537.36 (KHTML, like Gecko) Chrome/142.0.7444.163 Safari/537.36"
222.255.182.222 - - [17/Aug/2026:16:30:07 +0000] "GET /wp-admin/index.php HTTP/1.1" 302 - "https://reviverenovation.ae/wp-login.php" "Mozilla/5.0 (Macintosh; Intel Mac OS X 13_6_1) AppleWebKit/537.36 (KHTML, like Gecko) Chrome/121.0.0.0 Safari/537.36"
222.255.182.222 - - [17/Aug/2026:16:30:08 +0000] "GET /wp-login.php?redirect_to=https%3A%2F%2Freviverenovation.ae%2Fwp-admin%2Findex.php&reauth=1 HTTP/1.1" 200 2902 "https://reviverenovation.ae/wp-login.php" "Mozilla/5.0 (Macintosh; Intel Mac OS X 13_6_1) AppleWebKit/537.36 (KHTML, like Gecko) Chrome/121.0.0.0 Safari/537.36"
198.38.94.13 - - [17/Aug/2026:16:30:17 +0000] "POST /wp-cron.php?doing_wp_cron=1786984217.5273768901824951171875 HTTP/1.1" 200 - "-" "WordPress/7.0.4; https://reviverenovation.ae"
222.255.182.222 - - [17/Aug/2026:16:30:16 +0000] "GET /wp-admin/profile.php HTTP/1.1" 302 - "https://reviverenovation.ae/wp-login.php" "Mozilla/5.0 (Macintosh; Intel Mac OS X 13_6_1) AppleWebKit/537.36 (KHTML, like Gecko) Chrome/121.0.0.0 Safari/537.36"
222.255.182.222 - - [17/Aug/2026:16:30:17 +0000] "GET /wp-login.php?redirect_to=https%3A%2F%2Freviverenovation.ae%2Fwp-admin%2Fprofile.php&reauth=1 HTTP/1.1" 200 2903 "https://reviverenovation.ae/wp-login.php" "Mozilla/5.0 (Macintosh; Intel Mac OS X 13_6_1) AppleWebKit/537.36 (KHTML, like Gecko) Chrome/121.0.0.0 Safari/537.36"
222.255.182.222 - - [17/Aug/2026:16:30:19 +0000] "POST /wp-login.php HTTP/1.1" 200 2982 "https://reviverenovation.ae/wp-login.php" "Mozilla/5.0 (Windows NT 11.0; Win64; x64) AppleWebKit/537.36 (KHTML, like Gecko) Chrome/121.0.0.0 Safari/537.36"
222.255.182.222 - - [17/Aug/2026:16:30:20 +0000] "GET /wp-admin/index.php HTTP/1.1" 302 - "https://reviverenovation.ae/wp-login.php" "Mozilla/5.0 (Windows NT 10.0; Win64; x64) AppleWebKit/537.36 (KHTML, like Gecko) Chrome/120.0.0.0 Safari/537.36"
222.255.182.222 - - [17/Aug/2026:16:30:22 +0000] "GET /wp-login.php?redirect_to=https%3A%2F%2Freviverenovation.ae%2Fwp-admin%2Findex.php&reauth=1 HTTP/1.1" 200 2902 "https://reviverenovation.ae/wp-login.php" "Mozilla/5.0 (Windows NT 10.0; Win64; x64) AppleWebKit/537.36 (KHTML, like Gecko) Chrome/120.0.0.0 Safari/537.36"
222.255.182.222 - - [17/Aug/2026:16:30:23 +0000] "POST /wp-login.php HTTP/1.1" 403 9425 "https://reviverenovation.ae/wp-login.php" "Mozilla/5.0 (Macintosh; Intel Mac OS X 13_6_1) AppleWebKit/537.36 (KHTML, like Gecko) Chrome/121.0.0.0 Safari/537.36"
222.255.182.222 - - [17/Aug/2026:16:30:28 +0000] "GET /wp-admin/index.php HTTP/1.1" 302 - "https://reviverenovation.ae/wp-login.php" "Mozilla/5.0 (Windows NT 11.0; Win64; x64; rv:121.0) Gecko/20100101 Firefox/121.0"
222.255.182.222 - - [17/Aug/2026:16:30:29 +0000] "GET /wp-login.php?redirect_to=https%3A%2F%2Freviverenovation.ae%2Fwp-admin%2Findex.php&reauth=1 HTTP/1.1" 200 2902 "https://reviverenovation.ae/wp-login.php" "Mozilla/5.0 (Windows NT 11.0; Win64; x64; rv:121.0) Gecko/20100101 Firefox/121.0"
222.255.182.222 - - [17/Aug/2026:16:30:31 +0000] "POST /wp-login.php HTTP/1.1" 200 2982 "https://reviverenovation.ae/wp-login.php" "Mozilla/5.0 (Macintosh; Intel Mac OS X 13_6_1) AppleWebKit/605.1.15 (KHTML, like Gecko) Version/16.6 Safari/605.1.15"
222.255.182.222 - - [17/Aug/2026:16:30:32 +0000] "GET /wp-admin/index.php HTTP/1.1" 302 - "https://reviverenovation.ae/wp-login.php" "Mozilla/5.0 (X11; Ubuntu; Linux x86_64) AppleWebKit/537.36 (KHTML, like Gecko) Chrome/118.0.0.0 Safari/537.36"
222.255.182.222 - - [17/Aug/2026:16:30:33 +0000] "GET /wp-login.php?redirect_to=https%3A%2F%2Freviverenovation.ae%2Fwp-admin%2Findex.php&reauth=1 HTTP/1.1" 200 2902 "https://reviverenovation.ae/wp-login.php" "Mozilla/5.0 (X11; Ubuntu; Linux x86_64) AppleWebKit/537.36 (KHTML, like Gecko) Chrome/118.0.0.0 Safari/537.36"
222.255.182.222 - - [17/Aug/2026:16:30:35 +0000] "POST /wp-login.php HTTP/1.1" 403 9425 "https://reviverenovation.ae/wp-login.php" "Mozilla/5.0 (Macintosh; Intel Mac OS X 13_6_1) AppleWebKit/537.36 (KHTML, like Gecko) Chrome/120.0.0.0 Safari/537.36"
222.255.182.222 - - [17/Aug/2026:16:30:36 +0000] "GET /wp-admin/index.php HTTP/1.1" 302 - "https://reviverenovation.ae/wp-login.php" "Mozilla/5.0 (Windows NT 11.0; Win64; x64) AppleWebKit/537.36 (KHTML, like Gecko) Chrome/120.0.0.0 Safari/537.36"
222.255.182.222 - - [17/Aug/2026:16:30:38 +0000] "GET /wp-login.php?redirect_to=https%3A%2F%2Freviverenovation.ae%2Fwp-admin%2Findex.php&reauth=1 HTTP/1.1" 200 2902 "https://reviverenovation.ae/wp-login.php" "Mozilla/5.0 (Windows NT 11.0; Win64; x64) AppleWebKit/537.36 (KHTML, like Gecko) Chrome/120.0.0.0 Safari/537.36"
222.255.182.222 - - [17/Aug/2026:16:30:39 +0000] "POST /wp-login.php HTTP/1.1" 200 2982 "https://reviverenovation.ae/wp-login.php" "Mozilla/5.0 (Macintosh; Intel Mac OS X 10_15_7) AppleWebKit/537.36 (KHTML, like Gecko) Chrome/121.0.0.0 Safari/537.36"
222.255.182.222 - - [17/Aug/2026:16:30:40 +0000] "GET /wp-admin/index.php HTTP/1.1" 302 - "https://reviverenovation.ae/wp-login.php" "Mozilla/5.0 (Windows NT 10.0; Win64; x64) AppleWebKit/537.36 (KHTML, like Gecko) Chrome/120.0.0.0 Safari/537.36"
222.255.182.222 - - [17/Aug/2026:16:30:41 +0000] "GET /wp-login.php?redirect_to=https%3A%2F%2Freviverenovation.ae%2Fwp-admin%2Findex.php&reauth=1 HTTP/1.1" 200 2902 "https://reviverenovation.ae/wp-login.php" "Mozilla/5.0 (Windows NT 10.0; Win64; x64) AppleWebKit/537.36 (KHTML, like Gecko) Chrome/120.0.0.0 Safari/537.36"
222.255.182.222 - - [17/Aug/2026:16:30:43 +0000] "POST /wp-login.php HTTP/1.1" 200 2982 "https://reviverenovation.ae/wp-login.php" "Mozilla/5.0 (Windows NT 10.0; Win64; x64; rv:121.0) Gecko/20100101 Firefox/121.0"
222.255.182.222 - - [17/Aug/2026:16:30:48 +0000] "GET /wp-admin/index.php HTTP/1.1" 302 - "https://reviverenovation.ae/wp-login.php" "Mozilla/5.0 (X11; Ubuntu; Linux x86_64) AppleWebKit/537.36 (KHTML, like Gecko) Chrome/119.0.0.0 Safari/537.36"
222.255.182.222 - - [17/Aug/2026:16:30:53 +0000] "GET /wp-admin/profile.php HTTP/1.1" 302 - "https://reviverenovation.ae/wp-login.php" "Mozilla/5.0 (X11; Ubuntu; Linux x86_64) AppleWebKit/537.36 (KHTML, like Gecko) Chrome/119.0.0.0 Safari/537.36"
222.255.182.222 - - [17/Aug/2026:16:30:55 +0000] "GET /wp-login.php?redirect_to=https%3A%2F%2Freviverenovation.ae%2Fwp-admin%2Fprofile.php&reauth=1 HTTP/1.1" 200 2903 "https://reviverenovation.ae/wp-login.php" "Mozilla/5.0 (X11; Ubuntu; Linux x86_64) AppleWebKit/537.36 (KHTML, like Gecko) Chrome/119.0.0.0 Safari/537.36"
222.255.182.222 - - [17/Aug/2026:16:30:56 +0000] "POST /wp-login.php HTTP/1.1" 200 2982 "https://reviverenovation.ae/wp-login.php" "Mozilla/5.0 (Macintosh; Intel Mac OS X 13_6_1) AppleWebKit/537.36 (KHTML, like Gecko) Chrome/121.0.0.0 Safari/537.36"
222.255.182.222 - - [17/Aug/2026:16:30:57 +0000] "GET /wp-admin/index.php HTTP/1.1" 302 - "https://reviverenovation.ae/wp-login.php" "Mozilla/5.0 (Macintosh; Intel Mac OS X 10_15_7; rv:119.0) Gecko/20100101 Firefox/119.0"
222.255.182.222 - - [17/Aug/2026:16:30:59 +0000] "GET /wp-login.php?redirect_to=https%3A%2F%2Freviverenovation.ae%2Fwp-admin%2Findex.php&reauth=1 HTTP/1.1" 200 2902 "https://reviverenovation.ae/wp-login.php" "Mozilla/5.0 (Macintosh; Intel Mac OS X 10_15_7; rv:119.0) Gecko/20100101 Firefox/119.0"
222.255.182.222 - - [17/Aug/2026:16:31:00 +0000] "POST /wp-login.php HTTP/1.1" 200 2982 "https://reviverenovation.ae/wp-login.php" "Mozilla/5.0 (Macintosh; Intel Mac OS X 10_15_7; rv:119.0) Gecko/20100101 Firefox/119.0"
222.255.182.222 - - [17/Aug/2026:16:31:01 +0000] "GET /wp-admin/index.php HTTP/1.1" 302 - "https://reviverenovation.ae/wp-login.php" "Mozilla/5.0 (Windows NT 11.0; Win64; x64; rv:120.0) Gecko/20100101 Firefox/120.0"
222.255.182.222 - - [17/Aug/2026:16:31:03 +0000] "GET /wp-login.php?redirect_to=https%3A%2F%2Freviverenovation.ae%2Fwp-admin%2Findex.php&reauth=1 HTTP/1.1" 200 2902 "https://reviverenovation.ae/wp-login.php" "Mozilla/5.0 (Windows NT 11.0; Win64; x64; rv:120.0) Gecko/20100101 Firefox/120.0"
222.255.182.222 - - [17/Aug/2026:16:31:04 +0000] "POST /wp-login.php HTTP/1.1" 200 2982 "https://reviverenovation.ae/wp-login.php" "Mozilla/5.0 (Macintosh; Intel Mac OS X 10_15_7; rv:121.0) Gecko/20100101 Firefox/121.0"
222.255.182.222 - - [17/Aug/2026:16:31:06 +0000] "GET /wp-admin/index.php HTTP/1.1" 302 - "https://reviverenovation.ae/wp-login.php" "Mozilla/5.0 (Windows NT 10.0; Win64; x64) AppleWebKit/537.36 (KHTML, like Gecko) Chrome/121.0.0.0 Safari/537.36"
222.255.182.222 - - [17/Aug/2026:16:31:08 +0000] "GET /wp-login.php?redirect_to=https%3A%2F%2Freviverenovation.ae%2Fwp-admin%2Findex.php&reauth=1 HTTP/1.1" 200 2902 "https://reviverenovation.ae/wp-login.php" "Mozilla/5.0 (Windows NT 10.0; Win64; x64) AppleWebKit/537.36 (KHTML, like Gecko) Chrome/121.0.0.0 Safari/537.36"
222.255.182.222 - - [17/Aug/2026:16:31:10 +0000] "POST /wp-login.php HTTP/1.1" 200 2982 "https://reviverenovation.ae/wp-login.php" "Mozilla/5.0 (Macintosh; Intel Mac OS X 10_15_7) AppleWebKit/537.36 (KHTML, like Gecko) Chrome/118.0.0.0 Safari/537.36"
198.38.94.13 - - [17/Aug/2026:16:31:13 +0000] "POST /wp-cron.php?doing_wp_cron=1786984273.0755200386047363281250 HTTP/1.1" 200 - "-" "WordPress/7.0.4; https://reviverenovation.ae"
222.255.182.222 - - [17/Aug/2026:16:31:11 +0000] "GET /wp-admin/index.php HTTP/1.1" 302 - "https://reviverenovation.ae/wp-login.php" "Mozilla/5.0 (Windows NT 11.0; Win64; x64) AppleWebKit/537.36 (KHTML, like Gecko) Chrome/119.0.0.0 Safari/537.36"
222.255.182.222 - - [17/Aug/2026:16:31:13 +0000] "GET /wp-login.php?redirect_to=https%3A%2F%2Freviverenovation.ae%2Fwp-admin%2Findex.php&reauth=1 HTTP/1.1" 200 2902 "https://reviverenovation.ae/wp-login.php" "Mozilla/5.0 (Windows NT 11.0; Win64; x64) AppleWebKit/537.36 (KHTML, like Gecko) Chrome/119.0.0.0 Safari/537.36"
222.255.182.222 - - [17/Aug/2026:16:31:14 +0000] "POST /wp-login.php HTTP/1.1" 200 2982 "https://reviverenovation.ae/wp-login.php" "Mozilla/5.0 (Macintosh; Intel Mac OS X 13_6_1) AppleWebKit/537.36 (KHTML, like Gecko) Chrome/119.0.0.0 Safari/537.36"
222.255.182.222 - - [17/Aug/2026:16:31:16 +0000] "GET /wp-admin/index.php HTTP/1.1" 302 - "https://reviverenovation.ae/wp-login.php" "Mozilla/5.0 (Macintosh; Intel Mac OS X 13_6_1; rv:119.0) Gecko/20100101 Firefox/119.0"
222.255.182.222 - - [17/Aug/2026:16:31:17 +0000] "GET /wp-login.php?redirect_to=https%3A%2F%2Freviverenovation.ae%2Fwp-admin%2Findex.php&reauth=1 HTTP/1.1" 200 2902 "https://reviverenovation.ae/wp-login.php" "Mozilla/5.0 (Macintosh; Intel Mac OS X 13_6_1; rv:119.0) Gecko/20100101 Firefox/119.0"
222.255.182.222 - - [17/Aug/2026:16:31:20 +0000] "POST /wp-login.php HTTP/1.1" 200 2982 "https://reviverenovation.ae/wp-login.php" "Mozilla/5.0 (Macintosh; Intel Mac OS X 10_15_7; rv:119.0) Gecko/20100101 Firefox/119.0"
222.255.182.222 - - [17/Aug/2026:16:31:21 +0000] "GET /wp-admin/index.php HTTP/1.1" 302 - "https://reviverenovation.ae/wp-login.php" "Mozilla/5.0 (Macintosh; Intel Mac OS X 13_6_1) AppleWebKit/605.1.15 (KHTML, like Gecko) Version/17.2 Safari/605.1.15"
222.255.182.222 - - [17/Aug/2026:16:31:22 +0000] "GET /wp-login.php?redirect_to=https%3A%2F%2Freviverenovation.ae%2Fwp-admin%2Findex.php&reauth=1 HTTP/1.1" 200 2902 "https://reviverenovation.ae/wp-login.php" "Mozilla/5.0 (Macintosh; Intel Mac OS X 13_6_1) AppleWebKit/605.1.15 (KHTML, like Gecko) Version/17.2 Safari/605.1.15"
222.255.182.222 - - [17/Aug/2026:16:31:24 +0000] "POST /wp-login.php HTTP/1.1" 200 2982 "https://reviverenovation.ae/wp-login.php" "Mozilla/5.0 (Macintosh; Intel Mac OS X 13_6_1) AppleWebKit/605.1.15 (KHTML, like Gecko) Version/17.0 Safari/605.1.15"
222.255.182.222 - - [17/Aug/2026:16:31:27 +0000] "GET /wp-admin/index.php HTTP/1.1" 302 - "https://reviverenovation.ae/wp-login.php" "Mozilla/5.0 (Windows NT 10.0; Win64; x64; rv:118.0) Gecko/20100101 Firefox/118.0"
222.255.182.222 - - [17/Aug/2026:16:31:28 +0000] "GET /wp-login.php?redirect_to=https%3A%2F%2Freviverenovation.ae%2Fwp-admin%2Findex.php&reauth=1 HTTP/1.1" 200 2902 "https://reviverenovation.ae/wp-login.php" "Mozilla/5.0 (Windows NT 10.0; Win64; x64; rv:118.0) Gecko/20100101 Firefox/118.0"
114.119.156.99 - - [17/Aug/2026:16:31:30 +0000] "GET /wp-content/uploads/2026/03/Terrace2.webp HTTP/1.1" 200 22717 "https://reviverenovation.ae/projects/wildflower-jumeirah-golf-estates/" "Mozilla/5.0 (Linux; Android 7.0;) AppleWebKit/537.36 (HTML, like Gecko) Mobile Safari/537.36 (compatible; PetalBot;+https://webmaster.petalsearch.com/site/petalbot)"
222.255.182.222 - - [17/Aug/2026:16:31:30 +0000] "POST /wp-login.php HTTP/1.1" 200 2982 "https://reviverenovation.ae/wp-login.php" "Mozilla/5.0 (Macintosh; Intel Mac OS X 13_6_1) AppleWebKit/605.1.15 (KHTML, like Gecko) Version/16.6 Safari/605.1.15"
222.255.182.222 - - [17/Aug/2026:16:31:31 +0000] "GET /wp-admin/index.php HTTP/1.1" 302 - "https://reviverenovation.ae/wp-login.php" "Mozilla/5.0 (Macintosh; Intel Mac OS X 10_15_7) AppleWebKit/605.1.15 (KHTML, like Gecko) Version/16.6 Safari/605.1.15"
222.255.182.222 - - [17/Aug/2026:16:31:32 +0000] "GET /wp-login.php?redirect_to=https%3A%2F%2Freviverenovation.ae%2Fwp-admin%2Findex.php&reauth=1 HTTP/1.1" 200 2902 "https://reviverenovation.ae/wp-login.php" "Mozilla/5.0 (Macintosh; Intel Mac OS X 10_15_7) AppleWebKit/605.1.15 (KHTML, like Gecko) Version/16.6 Safari/605.1.15"
222.255.182.222 - - [17/Aug/2026:16:31:33 +0000] "POST /wp-login.php HTTP/1.1" 200 2982 "https://reviverenovation.ae/wp-login.php" "Mozilla/5.0 (Windows NT 11.0; Win64; x64; rv:119.0) Gecko/20100101 Firefox/119.0"
222.255.182.222 - - [17/Aug/2026:16:31:34 +0000] "GET /wp-admin/index.php HTTP/1.1" 302 - "https://reviverenovation.ae/wp-login.php" "Mozilla/5.0 (Windows NT 10.0; Win64; x64; rv:121.0) Gecko/20100101 Firefox/121.0"
222.255.182.222 - - [17/Aug/2026:16:31:36 +0000] "GET /wp-login.php?redirect_to=https%3A%2F%2Freviverenovation.ae%2Fwp-admin%2Findex.php&reauth=1 HTTP/1.1" 200 2902 "https://reviverenovation.ae/wp-login.php" "Mozilla/5.0 (Windows NT 10.0; Win64; x64; rv:121.0) Gecko/20100101 Firefox/121.0"
222.255.182.222 - - [17/Aug/2026:16:31:37 +0000] "POST /wp-login.php HTTP/1.1" 200 2982 "https://reviverenovation.ae/wp-login.php" "Mozilla/5.0 (Macintosh; Intel Mac OS X 13_6_1) AppleWebKit/537.36 (KHTML, like Gecko) Chrome/120.0.0.0 Safari/537.36"
222.255.182.222 - - [17/Aug/2026:16:31:38 +0000] "GET /wp-admin/index.php HTTP/1.1" 302 - "https://reviverenovation.ae/wp-login.php" "Mozilla/5.0 (Windows NT 11.0; Win64; x64) AppleWebKit/537.36 (KHTML, like Gecko) Chrome/119.0.0.0 Safari/537.36"
222.255.182.222 - - [17/Aug/2026:16:31:40 +0000] "GET /wp-login.php?redirect_to=https%3A%2F%2Freviverenovation.ae%2Fwp-admin%2Findex.php&reauth=1 HTTP/1.1" 200 2902 "https://reviverenovation.ae/wp-login.php" "Mozilla/5.0 (Windows NT 11.0; Win64; x64) AppleWebKit/537.36 (KHTML, like Gecko) Chrome/119.0.0.0 Safari/537.36"
222.255.182.222 - - [17/Aug/2026:16:31:41 +0000] "POST /wp-login.php HTTP/1.1" 403 9425 "https://reviverenovation.ae/wp-login.php" "Mozilla/5.0 (Windows NT 11.0; Win64; x64) AppleWebKit/537.36 (KHTML, like Gecko) Chrome/121.0.0.0 Safari/537.36"
222.255.182.222 - - [17/Aug/2026:16:31:43 +0000] "GET /wp-admin/index.php HTTP/1.1" 302 - "https://reviverenovation.ae/wp-login.php" "Mozilla/5.0 (Macintosh; Intel Mac OS X 13_6_1) AppleWebKit/605.1.15 (KHTML, like Gecko) Version/17.2 Safari/605.1.15"
222.255.182.222 - - [17/Aug/2026:16:31:44 +0000] "GET /wp-login.php?redirect_to=https%3A%2F%2Freviverenovation.ae%2Fwp-admin%2Findex.php&reauth=1 HTTP/1.1" 200 2902 "https://reviverenovation.ae/wp-login.php" "Mozilla/5.0 (Macintosh; Intel Mac OS X 13_6_1) AppleWebKit/605.1.15 (KHTML, like Gecko) Version/17.2 Safari/605.1.15"
222.255.182.222 - - [17/Aug/2026:16:31:46 +0000] "POST /wp-login.php HTTP/1.1" 200 2982 "https://reviverenovation.ae/wp-login.php" "Mozilla/5.0 (Windows NT 11.0; Win64; x64; rv:118.0) Gecko/20100101 Firefox/118.0"
222.255.182.222 - - [17/Aug/2026:16:31:48 +0000] "GET /wp-admin/index.php HTTP/1.1" 302 - "https://reviverenovation.ae/wp-login.php" "Mozilla/5.0 (Windows NT 10.0; Win64; x64) AppleWebKit/537.36 (KHTML, like Gecko) Chrome/119.0.0.0 Safari/537.36"
222.255.182.222 - - [17/Aug/2026:16:31:49 +0000] "GET /wp-login.php?redirect_to=https%3A%2F%2Freviverenovation.ae%2Fwp-admin%2Findex.php&reauth=1 HTTP/1.1" 200 2902 "https://reviverenovation.ae/wp-login.php" "Mozilla/5.0 (Windows NT 10.0; Win64; x64) AppleWebKit/537.36 (KHTML, like Gecko) Chrome/119.0.0.0 Safari/537.36"
222.255.182.222 - - [17/Aug/2026:16:31:51 +0000] "POST /wp-login.php HTTP/1.1" 200 2982 "https://reviverenovation.ae/wp-login.php" "Mozilla/5.0 (Windows NT 11.0; Win64; x64; rv:120.0) Gecko/20100101 Firefox/120.0"
162.35.177.95 - - [17/Aug/2026:16:31:52 +0000] "GET /revive-contracting/ HTTP/1.1" 200 46289 "-" "Mozilla/5.0 (Windows NT 10.0; Win64; x64) AppleWebKit/537.36 (KHTML, like Gecko) Chrome/125.0.0.0 Safari/537.36"
162.35.177.95 - - [17/Aug/2026:16:31:52 +0000] "GET /revive-contracting/excavation-services-dubai/ HTTP/1.1" 200 45545 "-" "Mozilla/5.0 (Windows NT 10.0; Win64; x64) AppleWebKit/537.36 (KHTML, like Gecko) Chrome/125.0.0.0 Safari/537.36"
162.35.177.95 - - [17/Aug/2026:16:31:52 +0000] "GET /about/ HTTP/1.1" 200 44306 "-" "Mozilla/5.0 (Windows NT 10.0; Win64; x64) AppleWebKit/537.36 (KHTML, like Gecko) Chrome/125.0.0.0 Safari/537.36"
162.35.177.95 - - [17/Aug/2026:16:31:52 +0000] "GET / HTTP/1.1" 200 56807 "-" "Mozilla/5.0 (Windows NT 10.0; Win64; x64) AppleWebKit/537.36 (KHTML, like Gecko) Chrome/125.0.0.0 Safari/537.36"
162.35.177.95 - - [17/Aug/2026:16:31:52 +0000] "GET /revive-contracting/commercial-construction-dubai/ HTTP/1.1" 200 44857 "-" "Mozilla/5.0 (Windows NT 10.0; Win64; x64) AppleWebKit/537.36 (KHTML, like Gecko) Chrome/125.0.0.0 Safari/537.36"
222.255.182.222 - - [17/Aug/2026:16:31:52 +0000] "GET /wp-admin/index.php HTTP/1.1" 302 - "https://reviverenovation.ae/wp-login.php" "Mozilla/5.0 (Macintosh; Intel Mac OS X 10_15_7) AppleWebKit/537.36 (KHTML, like Gecko) Chrome/121.0.0.0 Safari/537.36"
222.255.182.222 - - [17/Aug/2026:16:31:54 +0000] "GET /wp-login.php?redirect_to=https%3A%2F%2Freviverenovation.ae%2Fwp-admin%2Findex.php&reauth=1 HTTP/1.1" 200 2902 "https://reviverenovation.ae/wp-login.php" "Mozilla/5.0 (Macintosh; Intel Mac OS X 10_15_7) AppleWebKit/537.36 (KHTML, like Gecko) Chrome/121.0.0.0 Safari/537.36"
222.255.182.222 - - [17/Aug/2026:16:31:55 +0000] "POST /wp-login.php HTTP/1.1" 200 2982 "https://reviverenovation.ae/wp-login.php" "Mozilla/5.0 (X11; Ubuntu; Linux x86_64) AppleWebKit/537.36 (KHTML, like Gecko) Chrome/119.0.0.0 Safari/537.36"
222.255.182.222 - - [17/Aug/2026:16:31:56 +0000] "GET /wp-admin/index.php HTTP/1.1" 302 - "https://reviverenovation.ae/wp-login.php" "Mozilla/5.0 (Macintosh; Intel Mac OS X 13_6_1) AppleWebKit/537.36 (KHTML, like Gecko) Chrome/118.0.0.0 Safari/537.36"
222.255.182.222 - - [17/Aug/2026:16:31:58 +0000] "GET /wp-login.php?redirect_to=https%3A%2F%2Freviverenovation.ae%2Fwp-admin%2Findex.php&reauth=1 HTTP/1.1" 200 2902 "https://reviverenovation.ae/wp-login.php" "Mozilla/5.0 (Macintosh; Intel Mac OS X 13_6_1) AppleWebKit/537.36 (KHTML, like Gecko) Chrome/118.0.0.0 Safari/537.36"
193.36.224.180 - - [17/Aug/2026:16:31:58 +0000] "POST /wp-login.php HTTP/1.1" 200 4590 "-" "Mozilla/5.0 (Macintosh; Intel Mac OS X 10_15_7) AppleWebKit/605.1.15 Version/17.0 Safari/605.1.15"
193.36.224.174 - - [17/Aug/2026:16:31:58 +0000] "POST /wp-login.php HTTP/1.1" 200 2985 "-" "Mozilla/5.0 (Windows NT 10.0; Win64; rv:143.0) Gecko/20100101 Firefox/143.0"
193.36.224.160 - - [17/Aug/2026:16:31:58 +0000] "POST /wp-login.php HTTP/1.1" 200 4590 "-" "Mozilla/5.0 (Windows NT 10.0; Win64; rv:143.0) Gecko/20100101 Firefox/143.0"
104.234.19.66 - - [17/Aug/2026:16:31:58 +0000] "POST /wp-login.php HTTP/1.1" 200 2985 "-" "Mozilla/5.0 (Windows NT 10.0; Win64; x64) AppleWebKit/537.36 Chrome/129.0.0.0 Safari/537.36"
193.36.224.160 - - [17/Aug/2026:16:31:58 +0000] "POST /wp-login.php HTTP/1.1" 200 4590 "-" "Mozilla/5.0 (Windows NT 10.0; Win64; rv:143.0) Gecko/20100101 Firefox/143.0"
104.234.19.59 - - [17/Aug/2026:16:31:58 +0000] "POST /wp-login.php HTTP/1.1" 200 4590 "-" "Mozilla/5.0 (Windows NT 10.0; Win64; x64) AppleWebKit/537.36 Chrome/129.0.0.0 Safari/537.36"
193.36.224.192 - - [17/Aug/2026:16:31:58 +0000] "POST /wp-login.php HTTP/1.1" 200 2985 "-" "Mozilla/5.0 (Windows NT 10.0; Win64; x64) AppleWebKit/537.36 Chrome/129.0.0.0 Safari/537.36"
104.234.19.64 - - [17/Aug/2026:16:31:58 +0000] "POST /wp-login.php HTTP/1.1" 200 4590 "-" "Mozilla/5.0 (Macintosh; Intel Mac OS X 10_15_7) AppleWebKit/605.1.15 Version/17.0 Safari/605.1.15"
