66.249.79.37 - - [17/Aug/2026:13:52:01 +0000] "GET /?sale/search/detail/?ITMCODE=f6o2r9e0s8t453442 HTTP/1.1" 301 - "-" "Mozilla/5.0 (Linux; Android 6.0.1; Nexus 5X Build/MMB29P) AppleWebKit/537.36 (KHTML, like Gecko) Chrome/150.0.7871.186 Mobile Safari/537.36 (compatible; GoogleOther)"
66.249.79.36 - - [17/Aug/2026:13:52:05 +0000] "GET /?sale/search/detail/?ITMCODE=h7a7r8b2i3n0g7e9r1i9ng HTTP/1.1" 200 30501 "-" "Mozilla/5.0 (Linux; Android 6.0.1; Nexus 5X Build/MMB29P) AppleWebKit/537.36 (KHTML, like Gecko) Chrome/150.0.7871.186 Mobile Safari/537.36 (compatible; Googlebot/2.1; +http://www.google.com/bot.html)"
66.249.79.36 - - [17/Aug/2026:13:52:07 +0000] "GET /?sale%2Fsearch%2Fdetail%2F%3FITMCODE=f6o2r9e0s8t453442 HTTP/1.1" 200 58127 "-" "Mozilla/5.0 (Linux; Android 6.0.1; Nexus 5X Build/MMB29P) AppleWebKit/537.36 (KHTML, like Gecko) Chrome/150.0.7871.186 Mobile Safari/537.36 (compatible; GoogleOther)"
66.249.79.36 - - [17/Aug/2026:13:52:19 +0000] "GET /?sale/search/detail/?ITMCODE=t7e2t5r7a5h2y5d8r7o7x2yadipic HTTP/1.1" 200 31686 "-" "Mozilla/5.0 (Linux; Android 6.0.1; Nexus 5X Build/MMB29P) AppleWebKit/537.36 (KHTML, like Gecko) Chrome/150.0.7871.186 Mobile Safari/537.36 (compatible; Googlebot/2.1; +http://www.google.com/bot.html)"
66.249.79.36 - - [17/Aug/2026:13:52:29 +0000] "GET /?sale/search/detail/?ITMCODE=d7i4l1u4v1i2u4m589 HTTP/1.1" 200 30857 "-" "Mozilla/5.0 (Linux; Android 6.0.1; Nexus 5X Build/MMB29P) AppleWebKit/537.36 (KHTML, like Gecko) Chrome/150.0.7871.186 Mobile Safari/537.36 (compatible; Googlebot/2.1; +http://www.google.com/bot.html)"
66.249.79.36 - - [17/Aug/2026:13:52:33 +0000] "GET /?sale/search/detail/?ITMCODE=s7p2i3l0o5s8o3m8a460 HTTP/1.1" 200 30041 "-" "Mozilla/5.0 (Linux; Android 6.0.1; Nexus 5X Build/MMB29P) AppleWebKit/537.36 (KHTML, like Gecko) Chrome/150.0.7871.186 Mobile Safari/537.36 (compatible; Googlebot/2.1; +http://www.google.com/bot.html)"
66.249.79.36 - - [17/Aug/2026:13:52:43 +0000] "GET /?sale/search/detail/?ITMCODE=d7e2n7e3g8a9t2e0656 HTTP/1.1" 200 29247 "-" "Mozilla/5.0 (Linux; Android 6.0.1; Nexus 5X Build/MMB29P) AppleWebKit/537.36 (KHTML, like Gecko) Chrome/150.0.7871.186 Mobile Safari/537.36 (compatible; Googlebot/2.1; +http://www.google.com/bot.html)"
66.249.79.37 - - [17/Aug/2026:13:52:52 +0000] "GET /?sale/search/detail/?ITMCODE=x7y9l7e9m262106 HTTP/1.1" 200 29573 "-" "Mozilla/5.0 (Linux; Android 6.0.1; Nexus 5X Build/MMB29P) AppleWebKit/537.36 (KHTML, like Gecko) Chrome/150.0.7871.186 Mobile Safari/537.36 (compatible; Googlebot/2.1; +http://www.google.com/bot.html)"
198.38.94.13 - - [17/Aug/2026:13:53:01 +0000] "POST /wp-cron.php?doing_wp_cron=1786974780.8993189334869384765625 HTTP/1.1" 200 - "-" "WordPress/7.0.4; https://reviverenovation.ae"
66.249.79.37 - - [17/Aug/2026:13:52:59 +0000] "GET /?sale/search/detail/?ITMCODE=a9f3r9a9i7d429313 HTTP/1.1" 301 - "-" "Mozilla/5.0 (Linux; Android 6.0.1; Nexus 5X Build/MMB29P) AppleWebKit/537.36 (KHTML, like Gecko) Chrome/150.0.7871.186 Mobile Safari/537.36 (compatible; GoogleOther)"
66.249.79.37 - - [17/Aug/2026:13:53:01 +0000] "GET /?sale/search/detail/?ITMCODE=b7u2r2g3l9e23748 HTTP/1.1" 200 31545 "-" "Mozilla/5.0 (Linux; Android 6.0.1; Nexus 5X Build/MMB29P) AppleWebKit/537.36 (KHTML, like Gecko) Chrome/150.0.7871.186 Mobile Safari/537.36 (compatible; Googlebot/2.1; +http://www.google.com/bot.html)"
66.249.79.37 - - [17/Aug/2026:13:53:01 +0000] "GET /?sale%2Fsearch%2Fdetail%2F%3FITMCODE=a9f3r9a9i7d429313 HTTP/1.1" 200 58126 "-" "Mozilla/5.0 (Linux; Android 6.0.1; Nexus 5X Build/MMB29P) AppleWebKit/537.36 (KHTML, like Gecko) Chrome/150.0.7871.186 Mobile Safari/537.36 (compatible; GoogleOther)"
66.249.79.36 - - [17/Aug/2026:13:53:09 +0000] "GET /?sale/search/detail/?ITMCODE=a7t2h8r2e9p9s5i6a117 HTTP/1.1" 200 31340 "-" "Mozilla/5.0 (Linux; Android 6.0.1; Nexus 5X Build/MMB29P) AppleWebKit/537.36 (KHTML, like Gecko) Chrome/150.0.7871.186 Mobile Safari/537.36 (compatible; Googlebot/2.1; +http://www.google.com/bot.html)"
66.249.79.36 - - [17/Aug/2026:13:53:13 +0000] "GET /?sale/search/detail/?ITMCODE=f7l7a6m6m6e3u1s6 HTTP/1.1" 200 29672 "-" "Mozilla/5.0 (Linux; Android 6.0.1; Nexus 5X Build/MMB29P) AppleWebKit/537.36 (KHTML, like Gecko) Chrome/150.0.7871.186 Mobile Safari/537.36 (compatible; Googlebot/2.1; +http://www.google.com/bot.html)"
66.249.79.36 - - [17/Aug/2026:13:53:22 +0000] "GET /?sale/search/detail/?ITMCODE=c7o1n7n9e8c3t0i6v5e8l5y HTTP/1.1" 200 30477 "-" "Mozilla/5.0 (Linux; Android 6.0.1; Nexus 5X Build/MMB29P) AppleWebKit/537.36 (KHTML, like Gecko) Chrome/150.0.7871.186 Mobile Safari/537.36 (compatible; Googlebot/2.1; +http://www.google.com/bot.html)"
66.249.79.36 - - [17/Aug/2026:13:53:37 +0000] "GET /?sale/search/detail/?ITMCODE=b7e3g3r5i0m0i4n0g059 HTTP/1.1" 200 30527 "-" "Mozilla/5.0 (Linux; Android 6.0.1; Nexus 5X Build/MMB29P) AppleWebKit/537.36 (KHTML, like Gecko) Chrome/150.0.7871.186 Mobile Safari/537.36 (compatible; Googlebot/2.1; +http://www.google.com/bot.html)"
66.249.79.36 - - [17/Aug/2026:13:53:46 +0000] "GET /?sale/search/detail/?ITMCODE=s7c5a1r4r2i3n9g358 HTTP/1.1" 200 30469 "-" "Mozilla/5.0 (Linux; Android 6.0.1; Nexus 5X Build/MMB29P) AppleWebKit/537.36 (KHTML, like Gecko) Chrome/150.0.7871.186 Mobile Safari/537.36 (compatible; Googlebot/2.1; +http://www.google.com/bot.html)"
66.249.79.36 - - [17/Aug/2026:13:53:54 +0000] "GET /?sale/search/detail/?ITMCODE=e7n3s8i9l4i6n6g0049 HTTP/1.1" 200 29916 "-" "Mozilla/5.0 (Linux; Android 6.0.1; Nexus 5X Build/MMB29P) AppleWebKit/537.36 (KHTML, like Gecko) Chrome/150.0.7871.186 Mobile Safari/537.36 (compatible; Googlebot/2.1; +http://www.google.com/bot.html)"
66.249.79.37 - - [17/Aug/2026:13:54:02 +0000] "GET /?sale/search/detail/?ITMCODE=s7u4n4d0r9y7m3e8n8 HTTP/1.1" 200 31907 "-" "Mozilla/5.0 (Linux; Android 6.0.1; Nexus 5X Build/MMB29P) AppleWebKit/537.36 (KHTML, like Gecko) Chrome/150.0.7871.186 Mobile Safari/537.36 (compatible; Googlebot/2.1; +http://www.google.com/bot.html)"
193.36.224.194 - - [17/Aug/2026:13:54:02 +0000] "POST /wp-login.php HTTP/1.1" 200 4590 "-" "Mozilla/5.0 (Windows NT 10.0; Win64; rv:143.0) Gecko/20100101 Firefox/143.0"
193.36.224.179 - - [17/Aug/2026:13:54:02 +0000] "POST /wp-login.php HTTP/1.1" 200 2985 "-" "Mozilla/5.0 (Macintosh; Intel Mac OS X 10_15_7) AppleWebKit/605.1.15 Version/17.0 Safari/605.1.15"
104.234.19.67 - - [17/Aug/2026:13:54:02 +0000] "POST /wp-login.php HTTP/1.1" 200 4590 "-" "Mozilla/5.0 (Windows NT 10.0; Win64; x64) AppleWebKit/537.36 Chrome/129.0.0.0 Safari/537.36"
193.36.224.183 - - [17/Aug/2026:13:54:02 +0000] "POST /wp-login.php HTTP/1.1" 200 4590 "-" "Mozilla/5.0 (Windows NT 10.0; Win64; rv:143.0) Gecko/20100101 Firefox/143.0"
193.36.224.164 - - [17/Aug/2026:13:54:02 +0000] "POST /wp-login.php HTTP/1.1" 200 4590 "-" "Mozilla/5.0 (Windows NT 10.0; Win64; x64) AppleWebKit/537.36 Chrome/129.0.0.0 Safari/537.36"
193.36.224.163 - - [17/Aug/2026:13:54:02 +0000] "POST /wp-login.php HTTP/1.1" 200 4590 "-" "Mozilla/5.0 (Windows NT 10.0; Win64; rv:143.0) Gecko/20100101 Firefox/143.0"
193.36.224.189 - - [17/Aug/2026:13:54:02 +0000] "POST /wp-login.php HTTP/1.1" 200 4590 "-" "Mozilla/5.0 (Windows NT 10.0; Win64; x64) AppleWebKit/537.36 Chrome/129.0.0.0 Safari/537.36"
104.234.19.61 - - [17/Aug/2026:13:54:02 +0000] "POST /wp-login.php HTTP/1.1" 200 4590 "-" "Mozilla/5.0 (Windows NT 10.0; Win64; rv:143.0) Gecko/20100101 Firefox/143.0"
198.38.94.13 - - [17/Aug/2026:13:54:05 +0000] "POST /wp-cron.php?doing_wp_cron=1786974844.8234660625457763671875 HTTP/1.1" 200 - "-" "WordPress/7.0.4; https://reviverenovation.ae"
193.36.224.185 - - [17/Aug/2026:13:54:02 +0000] "POST /wp-login.php HTTP/1.1" 200 4590 "-" "Mozilla/5.0 (Windows NT 10.0; Win64; x64) AppleWebKit/537.36 Chrome/129.0.0.0 Safari/537.36"
66.249.79.36 - - [17/Aug/2026:13:54:10 +0000] "GET /?sale/search/detail/?ITMCODE=m7e9t7a3l4s61219 HTTP/1.1" 200 30700 "-" "Mozilla/5.0 (Linux; Android 6.0.1; Nexus 5X Build/MMB29P) AppleWebKit/537.36 (KHTML, like Gecko) Chrome/150.0.7871.186 Mobile Safari/537.36 (compatible; Googlebot/2.1; +http://www.google.com/bot.html)"
66.249.79.36 - - [17/Aug/2026:13:54:19 +0000] "GET /?sale/search/detail/?ITMCODE=c7o2n8s7t2r3u5c1t6i1v5emetabolic HTTP/1.1" 200 31239 "-" "Mozilla/5.0 (Linux; Android 6.0.1; Nexus 5X Build/MMB29P) AppleWebKit/537.36 (KHTML, like Gecko) Chrome/150.0.7871.186 Mobile Safari/537.36 (compatible; Googlebot/2.1; +http://www.google.com/bot.html)"
66.249.79.36 - - [17/Aug/2026:13:54:28 +0000] "GET /?sale/search/detail/?ITMCODE=a7d3d1l1e7b0r7a6i8n41 HTTP/1.1" 200 29840 "-" "Mozilla/5.0 (Linux; Android 6.0.1; Nexus 5X Build/MMB29P) AppleWebKit/537.36 (KHTML, like Gecko) Chrome/150.0.7871.186 Mobile Safari/537.36 (compatible; Googlebot/2.1; +http://www.google.com/bot.html)"
66.249.79.36 - - [17/Aug/2026:13:54:31 +0000] "GET /?sale/search/detail/?ITMCODE=p7a3l4m9a4t3e72612 HTTP/1.1" 200 29776 "-" "Mozilla/5.0 (Linux; Android 6.0.1; Nexus 5X Build/MMB29P) AppleWebKit/537.36 (KHTML, like Gecko) Chrome/150.0.7871.186 Mobile Safari/537.36 (compatible; Googlebot/2.1; +http://www.google.com/bot.html)"
66.249.79.36 - - [17/Aug/2026:13:54:35 +0000] "GET /?sale/search/detail/?ITMCODE=l7a2r2y0n5g2i3s1m5u7s1 HTTP/1.1" 200 29750 "-" "Mozilla/5.0 (Linux; Android 6.0.1; Nexus 5X Build/MMB29P) AppleWebKit/537.36 (KHTML, like Gecko) Chrome/150.0.7871.186 Mobile Safari/537.36 (compatible; Googlebot/2.1; +http://www.google.com/bot.html)"
66.249.79.36 - - [17/Aug/2026:13:54:43 +0000] "GET /?sale/search/detail/?ITMCODE=s7k2i7r4m9i4s7h3854 HTTP/1.1" 200 29731 "-" "Mozilla/5.0 (Linux; Android 6.0.1; Nexus 5X Build/MMB29P) AppleWebKit/537.36 (KHTML, like Gecko) Chrome/150.0.7871.186 Mobile Safari/537.36 (compatible; Googlebot/2.1; +http://www.google.com/bot.html)"
23.21.179.27 - - [17/Aug/2026:13:54:54 +0000] "GET /wp-content/uploads/2026/03/A22-Tilal-Al-Ghaf-4-300x200.jpg HTTP/1.1" 200 10800 "-" "Mozilla/5.0 AppleWebKit/537.36 (KHTML, like Gecko; compatible; Amazonbot/0.1; +https://developer.amazon.com/support/amazonbot) Chrome/119.0.6045.214 Safari/537.36"
66.249.79.36 - - [17/Aug/2026:13:54:53 +0000] "GET /?sale/search/detail/?ITMCODE=d7r2a9m2a1t9i4c1a9l0l2y HTTP/1.1" 200 31490 "-" "Mozilla/5.0 (Linux; Android 6.0.1; Nexus 5X Build/MMB29P) AppleWebKit/537.36 (KHTML, like Gecko) Chrome/150.0.7871.186 Mobile Safari/537.36 (compatible; Googlebot/2.1; +http://www.google.com/bot.html)"
66.249.79.36 - - [17/Aug/2026:13:54:53 +0000] "GET /?sale/search/detail/?ITMCODE=h7a1l4f5b3r7o3t7h3e8r4 HTTP/1.1" 200 31519 "-" "Mozilla/5.0 (Linux; Android 6.0.1; Nexus 5X Build/MMB29P) AppleWebKit/537.36 (KHTML, like Gecko) Chrome/150.0.7871.186 Mobile Safari/537.36 (compatible; Googlebot/2.1; +http://www.google.com/bot.html)"
77.63.109.234 - - [17/Aug/2026:13:54:58 +0000] "GET /projects/villa-landscaping-nad-al-sheba-gardens/ HTTP/2.0" 200 42791 "-" "Mozilla/5.0 (iPhone; CPU iPhone OS 18_7 like Mac OS X) AppleWebKit/605.1.15 (KHTML, like Gecko) Version/26.5.2 Mobile/15E148 Safari/604.1"
77.63.109.234 - - [17/Aug/2026:13:54:59 +0000] "GET /wp-content/themes/astra/assets/css/minified/main.min.css?ver=4.12.7 HTTP/2.0" 200 8683 "https://reviverenovation.ae/projects/villa-landscaping-nad-al-sheba-gardens/" "Mozilla/5.0 (iPhone; CPU iPhone OS 18_7 like Mac OS X) AppleWebKit/605.1.15 (KHTML, like Gecko) Version/26.5.2 Mobile/15E148 Safari/604.1"
77.63.109.234 - - [17/Aug/2026:13:54:59 +0000] "GET /wp-content/cache/speedycache/reviverenovation.ae/assets/5003722985a75bf5-style.css HTTP/2.0" 200 621 "https://reviverenovation.ae/projects/villa-landscaping-nad-al-sheba-gardens/" "Mozilla/5.0 (iPhone; CPU iPhone OS 18_7 like Mac OS X) AppleWebKit/605.1.15 (KHTML, like Gecko) Version/26.5.2 Mobile/15E148 Safari/604.1"
77.63.109.234 - - [17/Aug/2026:13:54:59 +0000] "GET /wp-content/cache/speedycache/reviverenovation.ae/assets/62feb9e0a41cb4f0-post-1424.css HTTP/2.0" 200 1157 "https://reviverenovation.ae/projects/villa-landscaping-nad-al-sheba-gardens/" "Mozilla/5.0 (iPhone; CPU iPhone OS 18_7 like Mac OS X) AppleWebKit/605.1.15 (KHTML, like Gecko) Version/26.5.2 Mobile/15E148 Safari/604.1"
77.63.109.234 - - [17/Aug/2026:13:54:59 +0000] "GET /wp-content/plugins/elementor/assets/css/widget-image.min.css?ver=4.0.2 HTTP/2.0" 200 135 "https://reviverenovation.ae/projects/villa-landscaping-nad-al-sheba-gardens/" "Mozilla/5.0 (iPhone; CPU iPhone OS 18_7 like Mac OS X) AppleWebKit/605.1.15 (KHTML, like Gecko) Version/26.5.2 Mobile/15E148 Safari/604.1"
77.63.109.234 - - [17/Aug/2026:13:54:59 +0000] "GET /wp-content/plugins/elementor/assets/css/widget-icon-list.min.css?ver=4.0.2 HTTP/2.0" 200 1023 "https://reviverenovation.ae/projects/villa-landscaping-nad-al-sheba-gardens/" "Mozilla/5.0 (iPhone; CPU iPhone OS 18_7 like Mac OS X) AppleWebKit/605.1.15 (KHTML, like Gecko) Version/26.5.2 Mobile/15E148 Safari/604.1"
77.63.109.234 - - [17/Aug/2026:13:54:59 +0000] "GET /wp-content/cache/speedycache/reviverenovation.ae/assets/33ab4a92927038b4-post-5.css HTTP/2.0" 200 441 "https://reviverenovation.ae/projects/villa-landscaping-nad-al-sheba-gardens/" "Mozilla/5.0 (iPhone; CPU iPhone OS 18_7 like Mac OS X) AppleWebKit/605.1.15 (KHTML, like Gecko) Version/26.5.2 Mobile/15E148 Safari/604.1"
77.63.109.234 - - [17/Aug/2026:13:54:59 +0000] "GET /wp-content/cache/speedycache/reviverenovation.ae/assets/fbe48911448154e2-post-480.css HTTP/2.0" 200 1984 "https://reviverenovation.ae/projects/villa-landscaping-nad-al-sheba-gardens/" "Mozilla/5.0 (iPhone; CPU iPhone OS 18_7 like Mac OS X) AppleWebKit/605.1.15 (KHTML, like Gecko) Version/26.5.2 Mobile/15E148 Safari/604.1"
77.63.109.234 - - [17/Aug/2026:13:54:59 +0000] "GET /wp-content/cache/speedycache/reviverenovation.ae/assets/c8aca11ebb99ff97-astra-addon-69ddef01d16cf9-75818811.css HTTP/2.0" 200 5877 "https://reviverenovation.ae/projects/villa-landscaping-nad-al-sheba-gardens/" "Mozilla/5.0 (iPhone; CPU iPhone OS 18_7 like Mac OS X) AppleWebKit/605.1.15 (KHTML, like Gecko) Version/26.5.2 Mobile/15E148 Safari/604.1"
77.63.109.234 - - [17/Aug/2026:13:54:59 +0000] "GET /wp-content/plugins/elementor/assets/css/widget-heading.min.css?ver=4.0.2 HTTP/2.0" 200 160 "https://reviverenovation.ae/projects/villa-landscaping-nad-al-sheba-gardens/" "Mozilla/5.0 (iPhone; CPU iPhone OS 18_7 like Mac OS X) AppleWebKit/605.1.15 (KHTML, like Gecko) Version/26.5.2 Mobile/15E148 Safari/604.1"
77.63.109.234 - - [17/Aug/2026:13:54:59 +0000] "GET /wp-content/plugins/elementor/assets/css/widget-social-icons.min.css?ver=4.0.2 HTTP/2.0" 200 1142 "https://reviverenovation.ae/projects/villa-landscaping-nad-al-sheba-gardens/" "Mozilla/5.0 (iPhone; CPU iPhone OS 18_7 like Mac OS X) AppleWebKit/605.1.15 (KHTML, like Gecko) Version/26.5.2 Mobile/15E148 Safari/604.1"
77.63.109.234 - - [17/Aug/2026:13:54:59 +0000] "GET /wp-content/plugins/elementor/assets/css/conditionals/apple-webkit.min.css?ver=4.0.2 HTTP/2.0" 200 547 "https://reviverenovation.ae/projects/villa-landscaping-nad-al-sheba-gardens/" "Mozilla/5.0 (iPhone; CPU iPhone OS 18_7 like Mac OS X) AppleWebKit/605.1.15 (KHTML, like Gecko) Version/26.5.2 Mobile/15E148 Safari/604.1"
77.63.109.234 - - [17/Aug/2026:13:54:59 +0000] "GET /wp-content/cache/speedycache/reviverenovation.ae/assets/95077f496437d32b-wws.css HTTP/2.0" 200 691 "https://reviverenovation.ae/projects/villa-landscaping-nad-al-sheba-gardens/" "Mozilla/5.0 (iPhone; CPU iPhone OS 18_7 like Mac OS X) AppleWebKit/605.1.15 (KHTML, like Gecko) Version/26.5.2 Mobile/15E148 Safari/604.1"
77.63.109.234 - - [17/Aug/2026:13:54:59 +0000] "GET /wp-content/plugins/elementor/assets/lib/animations/styles/fadeInUp.min.css?ver=4.0.2 HTTP/2.0" 200 117 "https://reviverenovation.ae/projects/villa-landscaping-nad-al-sheba-gardens/" "Mozilla/5.0 (iPhone; CPU iPhone OS 18_7 like Mac OS X) AppleWebKit/605.1.15 (KHTML, like Gecko) Version/26.5.2 Mobile/15E148 Safari/604.1"
77.63.109.234 - - [17/Aug/2026:13:54:59 +0000] "GET /wp-content/cache/speedycache/reviverenovation.ae/assets/b1725672c5852da8-wws-layout-4.css HTTP/2.0" 200 101 "https://reviverenovation.ae/projects/villa-landscaping-nad-al-sheba-gardens/" "Mozilla/5.0 (iPhone; CPU iPhone OS 18_7 like Mac OS X) AppleWebKit/605.1.15 (KHTML, like Gecko) Version/26.5.2 Mobile/15E148 Safari/604.1"
77.63.109.234 - - [17/Aug/2026:13:54:59 +0000] "GET /wp-content/plugins/elementor/assets/css/frontend.min.css?ver=4.0.2 HTTP/2.0" 200 7271 "https://reviverenovation.ae/projects/villa-landscaping-nad-al-sheba-gardens/" "Mozilla/5.0 (iPhone; CPU iPhone OS 18_7 like Mac OS X) AppleWebKit/605.1.15 (KHTML, like Gecko) Version/26.5.2 Mobile/15E148 Safari/604.1"
77.63.109.234 - - [17/Aug/2026:13:54:59 +0000] "GET /wp-includes/css/dist/block-library/style.min.css?ver=7.0.4 HTTP/2.0" 200 17396 "https://reviverenovation.ae/projects/villa-landscaping-nad-al-sheba-gardens/" "Mozilla/5.0 (iPhone; CPU iPhone OS 18_7 like Mac OS X) AppleWebKit/605.1.15 (KHTML, like Gecko) Version/26.5.2 Mobile/15E148 Safari/604.1"
77.63.109.234 - - [17/Aug/2026:13:54:59 +0000] "GET /wp-content/plugins/astra-addon/addons/nav-menu/assets/css/minified/magamenu-frontend.min.css?ver=4.12.5 HTTP/2.0" 200 - "https://reviverenovation.ae/projects/villa-landscaping-nad-al-sheba-gardens/" "Mozilla/5.0 (iPhone; CPU iPhone OS 18_7 like Mac OS X) AppleWebKit/605.1.15 (KHTML, like Gecko) Version/26.5.2 Mobile/15E148 Safari/604.1"
77.63.109.234 - - [17/Aug/2026:13:54:59 +0000] "GET /wp-content/plugins/elementor/assets/lib/swiper/v8/css/swiper.min.css?ver=8.4.5 HTTP/2.0" 200 4583 "https://reviverenovation.ae/projects/villa-landscaping-nad-al-sheba-gardens/" "Mozilla/5.0 (iPhone; CPU iPhone OS 18_7 like Mac OS X) AppleWebKit/605.1.15 (KHTML, like Gecko) Version/26.5.2 Mobile/15E148 Safari/604.1"
77.63.109.234 - - [17/Aug/2026:13:54:59 +0000] "GET /wp-content/plugins/elementor/assets/css/conditionals/e-swiper.min.css?ver=4.0.2 HTTP/2.0" 200 799 "https://reviverenovation.ae/projects/villa-landscaping-nad-al-sheba-gardens/" "Mozilla/5.0 (iPhone; CPU iPhone OS 18_7 like Mac OS X) AppleWebKit/605.1.15 (KHTML, like Gecko) Version/26.5.2 Mobile/15E148 Safari/604.1"
77.63.109.234 - - [17/Aug/2026:13:54:59 +0000] "GET /wp-content/plugins/pro-elements/assets/css/widget-gallery.min.css?ver=3.35.0 HTTP/2.0" 200 1104 "https://reviverenovation.ae/projects/villa-landscaping-nad-al-sheba-gardens/" "Mozilla/5.0 (iPhone; CPU iPhone OS 18_7 like Mac OS X) AppleWebKit/605.1.15 (KHTML, like Gecko) Version/26.5.2 Mobile/15E148 Safari/604.1"
77.63.109.234 - - [17/Aug/2026:13:54:59 +0000] "GET /wp-content/plugins/elementor/assets/lib/e-gallery/css/e-gallery.min.css?ver=1.2.0 HTTP/2.0" 200 844 "https://reviverenovation.ae/projects/villa-landscaping-nad-al-sheba-gardens/" "Mozilla/5.0 (iPhone; CPU iPhone OS 18_7 like Mac OS X) AppleWebKit/605.1.15 (KHTML, like Gecko) Version/26.5.2 Mobile/15E148 Safari/604.1"
77.63.109.234 - - [17/Aug/2026:13:54:59 +0000] "GET /wp-content/cache/speedycache/reviverenovation.ae/assets/57c950ff2ac8ff7e-animations.js HTTP/2.0" 200 - "https://reviverenovation.ae/projects/villa-landscaping-nad-al-sheba-gardens/" "Mozilla/5.0 (iPhone; CPU iPhone OS 18_7 like Mac OS X) AppleWebKit/605.1.15 (KHTML, like Gecko) Version/26.5.2 Mobile/15E148 Safari/604.1"
77.63.109.234 - - [17/Aug/2026:13:54:59 +0000] "GET /wp-content/plugins/pro-elements/assets/css/conditionals/transitions.min.css?ver=3.35.0 HTTP/2.0" 200 621 "https://reviverenovation.ae/projects/villa-landscaping-nad-al-sheba-gardens/" "Mozilla/5.0 (iPhone; CPU iPhone OS 18_7 like Mac OS X) AppleWebKit/605.1.15 (KHTML, like Gecko) Version/26.5.2 Mobile/15E148 Safari/604.1"
77.63.109.234 - - [17/Aug/2026:13:54:59 +0000] "GET /wp-includes/js/jquery/jquery-migrate.min.js?ver=3.4.1 HTTP/2.0" 200 - "https://reviverenovation.ae/projects/villa-landscaping-nad-al-sheba-gardens/" "Mozilla/5.0 (iPhone; CPU iPhone OS 18_7 like Mac OS X) AppleWebKit/605.1.15 (KHTML, like Gecko) Version/26.5.2 Mobile/15E148 Safari/604.1"
77.63.109.234 - - [17/Aug/2026:13:54:59 +0000] "GET /wp-content/themes/astra/assets/js/minified/frontend.min.js?ver=4.12.7 HTTP/2.0" 200 - "https://reviverenovation.ae/projects/villa-landscaping-nad-al-sheba-gardens/" "Mozilla/5.0 (iPhone; CPU iPhone OS 18_7 like Mac OS X) AppleWebKit/605.1.15 (KHTML, like Gecko) Version/26.5.2 Mobile/15E148 Safari/604.1"
77.63.109.234 - - [17/Aug/2026:13:54:59 +0000] "GET /wp-includes/js/jquery/jquery.min.js?ver=3.7.1 HTTP/2.0" 200 - "https://reviverenovation.ae/projects/villa-landscaping-nad-al-sheba-gardens/" "Mozilla/5.0 (iPhone; CPU iPhone OS 18_7 like Mac OS X) AppleWebKit/605.1.15 (KHTML, like Gecko) Version/26.5.2 Mobile/15E148 Safari/604.1"
66.249.79.37 - - [17/Aug/2026:13:54:59 +0000] "GET /?sale/search/detail/?ITMCODE=t7h3o9r1o3u6g1h5s9t7itch HTTP/1.1" 200 31978 "-" "Mozilla/5.0 (Linux; Android 6.0.1; Nexus 5X Build/MMB29P) AppleWebKit/537.36 (KHTML, like Gecko) Chrome/150.0.7871.186 Mobile Safari/537.36 (compatible; Googlebot/2.1; +http://www.google.com/bot.html)"
66.249.79.36 - - [17/Aug/2026:13:55:08 +0000] "GET /?sale/search/detail/?ITMCODE=p7r1e1m8i5e5r2s9h1i5p5 HTTP/1.1" 200 29697 "-" "Mozilla/5.0 (Linux; Android 6.0.1; Nexus 5X Build/MMB29P) AppleWebKit/537.36 (KHTML, like Gecko) Chrome/150.0.7871.186 Mobile Safari/537.36 (compatible; Googlebot/2.1; +http://www.google.com/bot.html)"
66.249.79.32 - - [17/Aug/2026:13:55:22 +0000] "GET /?sale/search/detail/?ITMCODE=u7p4g1i2v8e272535 HTTP/1.1" 200 29745 "-" "Mozilla/5.0 (Linux; Android 6.0.1; Nexus 5X Build/MMB29P) AppleWebKit/537.36 (KHTML, like Gecko) Chrome/150.0.7871.186 Mobile Safari/537.36 (compatible; Googlebot/2.1; +http://www.google.com/bot.html)"
66.249.79.36 - - [17/Aug/2026:13:55:31 +0000] "GET /?sale/search/detail/?ITMCODE=s7t2r7o9n0g9i3s5h125 HTTP/1.1" 200 29996 "-" "Mozilla/5.0 (Linux; Android 6.0.1; Nexus 5X Build/MMB29P) AppleWebKit/537.36 (KHTML, like Gecko) Chrome/150.0.7871.186 Mobile Safari/537.36 (compatible; Googlebot/2.1; +http://www.google.com/bot.html)"
54.38.147.146 - - [17/Aug/2026:13:55:34 +0000] "GET /sitemap_index.xml HTTP/2.0" 200 607 "-" "Mozilla/5.0 (compatible; AhrefsBot/7.0; +http://ahrefs.com/robot/)"
66.249.79.36 - - [17/Aug/2026:13:55:37 +0000] "GET /?sale/search/detail/?ITMCODE=s7t4r2u5n8t672147 HTTP/1.1" 200 29897 "-" "Mozilla/5.0 (Linux; Android 6.0.1; Nexus 5X Build/MMB29P) AppleWebKit/537.36 (KHTML, like Gecko) Chrome/150.0.7871.186 Mobile Safari/537.36 (compatible; Googlebot/2.1; +http://www.google.com/bot.html)"
198.244.183.125 - - [17/Aug/2026:13:55:38 +0000] "GET /sitemap-subitems-335.xml HTTP/2.0" 200 28292 "-" "Mozilla/5.0 (compatible; AhrefsBot/7.0; +http://ahrefs.com/robot/)"
51.195.244.87 - - [17/Aug/2026:13:55:44 +0000] "GET /sitemap-subitems-427.xml HTTP/2.0" 200 28205 "-" "Mozilla/5.0 (compatible; AhrefsBot/7.0; +http://ahrefs.com/robot/)"
198.244.168.76 - - [17/Aug/2026:13:55:49 +0000] "GET /sitemap-subitems-459.xml HTTP/2.0" 200 28329 "-" "Mozilla/5.0 (compatible; AhrefsBot/7.0; +http://ahrefs.com/robot/)"
66.249.79.36 - - [17/Aug/2026:13:55:51 +0000] "GET /?sale/search/detail/?ITMCODE=m7y1x0o7e5d5e8m3i3c82 HTTP/1.1" 200 30164 "-" "Mozilla/5.0 (Linux; Android 6.0.1; Nexus 5X Build/MMB29P) AppleWebKit/537.36 (KHTML, like Gecko) Chrome/150.0.7871.186 Mobile Safari/537.36 (compatible; Googlebot/2.1; +http://www.google.com/bot.html)"
198.244.183.195 - - [17/Aug/2026:13:55:55 +0000] "GET /sitemap-subitems-477.xml HTTP/2.0" 200 28265 "-" "Mozilla/5.0 (compatible; AhrefsBot/7.0; +http://ahrefs.com/robot/)"
86.108.22.143 - - [17/Aug/2026:13:55:56 +0000] "GET / HTTP/1.1" 200 475215 "-" "Mozilla/5.0 (Macintosh; Intel Mac OS X 10_15_7) AppleWebKit/537.36 (KHTML, like Gecko) Chrome/126.0.0.0 Safari/537.36"
66.249.79.36 - - [17/Aug/2026:13:55:59 +0000] "GET /?sale/search/detail/?ITMCODE=l7a1u7r1e0l0t8r8e2e71 HTTP/1.1" 200 30258 "-" "Mozilla/5.0 (Linux; Android 6.0.1; Nexus 5X Build/MMB29P) AppleWebKit/537.36 (KHTML, like Gecko) Chrome/150.0.7871.186 Mobile Safari/537.36 (compatible; Googlebot/2.1; +http://www.google.com/bot.html)"
51.89.129.247 - - [17/Aug/2026:13:56:01 +0000] "GET /sitemap-subitems-518.xml HTTP/2.0" 200 28204 "-" "Mozilla/5.0 (compatible; AhrefsBot/7.0; +http://ahrefs.com/robot/)"
198.244.168.127 - - [17/Aug/2026:13:56:07 +0000] "GET /sitemap-subitems-535.xml HTTP/2.0" 200 28395 "-" "Mozilla/5.0 (compatible; AhrefsBot/7.0; +http://ahrefs.com/robot/)"
66.249.79.36 - - [17/Aug/2026:13:56:08 +0000] "GET /?sale/search/detail/?ITMCODE=c7e3r2c9a7r2i5a4886 HTTP/1.1" 200 30751 "-" "Mozilla/5.0 (Linux; Android 6.0.1; Nexus 5X Build/MMB29P) AppleWebKit/537.36 (KHTML, like Gecko) Chrome/150.0.7871.186 Mobile Safari/537.36 (compatible; Googlebot/2.1; +http://www.google.com/bot.html)"
51.195.183.1 - - [17/Aug/2026:13:56:12 +0000] "GET /sitemap-subitems-563.xml HTTP/2.0" 200 28324 "-" "Mozilla/5.0 (compatible; AhrefsBot/7.0; +http://ahrefs.com/robot/)"
66.249.79.36 - - [17/Aug/2026:13:56:16 +0000] "GET /?sale/search/detail/?ITMCODE=a7r2d1o4r6946432 HTTP/1.1" 200 30543 "-" "Mozilla/5.0 (Linux; Android 6.0.1; Nexus 5X Build/MMB29P) AppleWebKit/537.36 (KHTML, like Gecko) Chrome/150.0.7871.186 Mobile Safari/537.36 (compatible; Googlebot/2.1; +http://www.google.com/bot.html)"
51.195.244.228 - - [17/Aug/2026:13:56:18 +0000] "GET /sitemap-subitems-580.xml HTTP/2.0" 200 28222 "-" "Mozilla/5.0 (compatible; AhrefsBot/7.0; +http://ahrefs.com/robot/)"
51.89.129.39 - - [17/Aug/2026:13:56:24 +0000] "GET /sitemap-subitems-586.xml HTTP/2.0" 200 28473 "-" "Mozilla/5.0 (compatible; AhrefsBot/7.0; +http://ahrefs.com/robot/)"
66.249.79.36 - - [17/Aug/2026:13:56:25 +0000] "GET /?sale/search/detail/?ITMCODE=n7o2n3s1u5b1m7e9r5s4i3ble HTTP/1.1" 200 30958 "-" "Mozilla/5.0 (Linux; Android 6.0.1; Nexus 5X Build/MMB29P) AppleWebKit/537.36 (KHTML, like Gecko) Chrome/150.0.7871.186 Mobile Safari/537.36 (compatible; Googlebot/2.1; +http://www.google.com/bot.html)"
54.38.147.78 - - [17/Aug/2026:13:56:29 +0000] "GET /sitemap-subitems-662.xml HTTP/2.0" 200 28296 "-" "Mozilla/5.0 (compatible; AhrefsBot/7.0; +http://ahrefs.com/robot/)"
66.249.79.36 - - [17/Aug/2026:13:56:35 +0000] "GET /?sale/search/detail/?ITMCODE=c7o3n5c3l7u8s1i6o6n8s6 HTTP/1.1" 200 32105 "-" "Mozilla/5.0 (Linux; Android 6.0.1; Nexus 5X Build/MMB29P) AppleWebKit/537.36 (KHTML, like Gecko) Chrome/150.0.7871.186 Mobile Safari/537.36 (compatible; Googlebot/2.1; +http://www.google.com/bot.html)"
51.195.244.225 - - [17/Aug/2026:13:56:35 +0000] "GET /sitemap-subitems-703.xml HTTP/2.0" 200 28293 "-" "Mozilla/5.0 (compatible; AhrefsBot/7.0; +http://ahrefs.com/robot/)"
54.38.147.175 - - [17/Aug/2026:13:56:41 +0000] "GET /sitemap-subitems-749.xml HTTP/2.0" 200 28130 "-" "Mozilla/5.0 (compatible; AhrefsBot/7.0; +http://ahrefs.com/robot/)"
66.249.79.36 - - [17/Aug/2026:13:56:45 +0000] "GET /?sale/search/detail/?ITMCODE=d7r2u5g2g7e6r18891 HTTP/1.1" 200 31421 "-" "Mozilla/5.0 (Linux; Android 6.0.1; Nexus 5X Build/MMB29P) AppleWebKit/537.36 (KHTML, like Gecko) Chrome/150.0.7871.186 Mobile Safari/537.36 (compatible; Googlebot/2.1; +http://www.google.com/bot.html)"
51.195.244.115 - - [17/Aug/2026:13:56:46 +0000] "GET /sitemap-subitems-785.xml HTTP/2.0" 200 28249 "-" "Mozilla/5.0 (compatible; AhrefsBot/7.0; +http://ahrefs.com/robot/)"
66.249.79.36 - - [17/Aug/2026:13:56:49 +0000] "GET /?sale/search/detail/?ITMCODE=p7r3e9c6o2n2s1i0g3n2e4d HTTP/1.1" 200 31143 "-" "Mozilla/5.0 (Linux; Android 6.0.1; Nexus 5X Build/MMB29P) AppleWebKit/537.36 (KHTML, like Gecko) Chrome/150.0.7871.186 Mobile Safari/537.36 (compatible; Googlebot/2.1; +http://www.google.com/bot.html)"
51.195.215.252 - - [17/Aug/2026:13:56:52 +0000] "GET /sitemap-subitems-828.xml HTTP/2.0" 200 28401 "-" "Mozilla/5.0 (compatible; AhrefsBot/7.0; +http://ahrefs.com/robot/)"
51.89.129.202 - - [17/Aug/2026:13:56:58 +0000] "GET /sitemap-subitems-830.xml HTTP/2.0" 200 28292 "-" "Mozilla/5.0 (compatible; AhrefsBot/7.0; +http://ahrefs.com/robot/)"
198.244.168.153 - - [17/Aug/2026:13:57:04 +0000] "GET /sitemap-subitems-858.xml HTTP/2.0" 200 28267 "-" "Mozilla/5.0 (compatible; AhrefsBot/7.0; +http://ahrefs.com/robot/)"
66.249.79.36 - - [17/Aug/2026:13:57:10 +0000] "GET /?sale/search/detail/?ITMCODE=s7u8l2p7h3u6r0w0o9r5t HTTP/1.1" 200 30339 "-" "Mozilla/5.0 (Linux; Android 6.0.1; Nexus 5X Build/MMB29P) AppleWebKit/537.36 (KHTML, like Gecko) Chrome/150.0.7871.186 Mobile Safari/537.36 (compatible; Googlebot/2.1; +http://www.google.com/bot.html)"
51.89.129.79 - - [17/Aug/2026:13:57:09 +0000] "GET /sitemap-subitems-923.xml HTTP/2.0" 200 28277 "-" "Mozilla/5.0 (compatible; AhrefsBot/7.0; +http://ahrefs.com/robot/)"
66.249.79.32 - - [17/Aug/2026:13:57:10 +0000] "GET /?sale/search/detail/?ITMCODE=w7r3o6n8g7h7e3a5d9e2d6ly HTTP/1.1" 200 31156 "-" "Mozilla/5.0 (Linux; Android 6.0.1; Nexus 5X Build/MMB29P) AppleWebKit/537.36 (KHTML, like Gecko) Chrome/150.0.7871.186 Mobile Safari/537.36 (compatible; Googlebot/2.1; +http://www.google.com/bot.html)"
198.244.240.150 - - [17/Aug/2026:13:57:15 +0000] "GET /sitemap-subitems-931.xml HTTP/2.0" 200 28286 "-" "Mozilla/5.0 (compatible; AhrefsBot/7.0; +http://ahrefs.com/robot/)"
66.249.79.36 - - [17/Aug/2026:13:57:18 +0000] "GET /?sale/search/detail/?ITMCODE=p7r1a9c9t1i0s6e2766 HTTP/1.1" 200 30743 "-" "Mozilla/5.0 (Linux; Android 6.0.1; Nexus 5X Build/MMB29P) AppleWebKit/537.36 (KHTML, like Gecko) Chrome/150.0.7871.186 Mobile Safari/537.36 (compatible; Googlebot/2.1; +http://www.google.com/bot.html)"
51.89.129.158 - - [17/Aug/2026:13:57:21 +0000] "GET /sitemap-subitems-957.xml HTTP/2.0" 200 28305 "-" "Mozilla/5.0 (compatible; AhrefsBot/7.0; +http://ahrefs.com/robot/)"
66.249.79.36 - - [17/Aug/2026:13:57:26 +0000] "GET /?sale/search/detail/?ITMCODE=a7b2i8r6r0i5t8a6t3i1o8n HTTP/1.1" 200 30141 "-" "Mozilla/5.0 (Linux; Android 6.0.1; Nexus 5X Build/MMB29P) AppleWebKit/537.36 (KHTML, like Gecko) Chrome/150.0.7871.186 Mobile Safari/537.36 (compatible; Googlebot/2.1; +http://www.google.com/bot.html)"
54.38.147.169 - - [17/Aug/2026:13:57:27 +0000] "GET /sitemap-subitems-960.xml HTTP/2.0" 200 28301 "-" "Mozilla/5.0 (compatible; AhrefsBot/7.0; +http://ahrefs.com/robot/)"
198.244.242.91 - - [17/Aug/2026:13:57:32 +0000] "GET /sitemap-subitems-994.xml HTTP/2.0" 200 28266 "-" "Mozilla/5.0 (compatible; AhrefsBot/7.0; +http://ahrefs.com/robot/)"
66.249.79.36 - - [17/Aug/2026:13:57:36 +0000] "GET /?sale/search/detail/?ITMCODE=t7a6m9u1l534233 HTTP/1.1" 200 30588 "-" "Mozilla/5.0 (Linux; Android 6.0.1; Nexus 5X Build/MMB29P) AppleWebKit/537.36 (KHTML, like Gecko) Chrome/150.0.7871.186 Mobile Safari/537.36 (compatible; Googlebot/2.1; +http://www.google.com/bot.html)"
198.244.242.72 - - [17/Aug/2026:13:57:38 +0000] "GET /sitemap-subitems-997.xml HTTP/2.0" 200 28231 "-" "Mozilla/5.0 (compatible; AhrefsBot/7.0; +http://ahrefs.com/robot/)"
198.244.242.243 - - [17/Aug/2026:13:57:44 +0000] "GET /sitemap-subitems-1007.xml HTTP/2.0" 200 28301 "-" "Mozilla/5.0 (compatible; AhrefsBot/7.0; +http://ahrefs.com/robot/)"
66.249.79.36 - - [17/Aug/2026:13:57:45 +0000] "GET /?sale/search/detail/?ITMCODE=r7e4p2u2b5l2i2s4h8e3d1 HTTP/1.1" 200 29676 "-" "Mozilla/5.0 (Linux; Android 6.0.1; Nexus 5X Build/MMB29P) AppleWebKit/537.36 (KHTML, like Gecko) Chrome/150.0.7871.186 Mobile Safari/537.36 (compatible; Googlebot/2.1; +http://www.google.com/bot.html)"
198.244.242.22 - - [17/Aug/2026:13:57:49 +0000] "GET /sitemap-subitems-1027.xml HTTP/2.0" 200 28322 "-" "Mozilla/5.0 (compatible; AhrefsBot/7.0; +http://ahrefs.com/robot/)"
66.249.79.36 - - [17/Aug/2026:13:57:53 +0000] "GET /?sale/search/detail/?ITMCODE=t7u4r2n7p0l2a2t6e314 HTTP/1.1" 200 30727 "-" "Mozilla/5.0 (Linux; Android 6.0.1; Nexus 5X Build/MMB29P) AppleWebKit/537.36 (KHTML, like Gecko) Chrome/150.0.7871.186 Mobile Safari/537.36 (compatible; Googlebot/2.1; +http://www.google.com/bot.html)"
54.38.147.122 - - [17/Aug/2026:13:57:55 +0000] "GET /sitemap-subitems-1038.xml HTTP/2.0" 200 28336 "-" "Mozilla/5.0 (compatible; AhrefsBot/7.0; +http://ahrefs.com/robot/)"
66.249.79.36 - - [17/Aug/2026:13:57:58 +0000] "GET /?sale/search/detail/?ITMCODE=d7a3s8h3e8d120480 HTTP/1.1" 200 30342 "-" "Mozilla/5.0 (Linux; Android 6.0.1; Nexus 5X Build/MMB29P) AppleWebKit/537.36 (KHTML, like Gecko) Chrome/150.0.7871.186 Mobile Safari/537.36 (compatible; Googlebot/2.1; +http://www.google.com/bot.html)"
198.244.240.150 - - [17/Aug/2026:13:58:01 +0000] "GET /sitemap-subitems-1163.xml HTTP/2.0" 200 28340 "-" "Mozilla/5.0 (compatible; AhrefsBot/7.0; +http://ahrefs.com/robot/)"
66.249.79.36 - - [17/Aug/2026:13:58:05 +0000] "GET /?sale/search/detail/?ITMCODE=s7t4i8p8e7l55288 HTTP/1.1" 200 30274 "-" "Mozilla/5.0 (Linux; Android 6.0.1; Nexus 5X Build/MMB29P) AppleWebKit/537.36 (KHTML, like Gecko) Chrome/150.0.7871.186 Mobile Safari/537.36 (compatible; Googlebot/2.1; +http://www.google.com/bot.html)"
198.244.240.216 - - [17/Aug/2026:13:58:07 +0000] "GET /sitemap-subitems-1184.xml HTTP/2.0" 200 28326 "-" "Mozilla/5.0 (compatible; AhrefsBot/7.0; +http://ahrefs.com/robot/)"
66.249.79.36 - - [17/Aug/2026:13:58:10 +0000] "GET /?sale/search/detail/?ITMCODE=c7u2t9l9a2s8s0e5s162 HTTP/1.1" 200 29904 "-" "Mozilla/5.0 (Linux; Android 6.0.1; Nexus 5X Build/MMB29P) AppleWebKit/537.36 (KHTML, like Gecko) Chrome/150.0.7871.186 Mobile Safari/537.36 (compatible; Googlebot/2.1; +http://www.google.com/bot.html)"
198.244.242.120 - - [17/Aug/2026:13:58:12 +0000] "GET /sitemap-subitems-1186.xml HTTP/2.0" 200 28373 "-" "Mozilla/5.0 (compatible; AhrefsBot/7.0; +http://ahrefs.com/robot/)"
66.249.79.36 - - [17/Aug/2026:13:58:14 +0000] "GET /?sale/search/detail/?ITMCODE=b7o1u3n6d5l2e9s1s827 HTTP/1.1" 200 30052 "-" "Mozilla/5.0 (Linux; Android 6.0.1; Nexus 5X Build/MMB29P) AppleWebKit/537.36 (KHTML, like Gecko) Chrome/150.0.7871.186 Mobile Safari/537.36 (compatible; Googlebot/2.1; +http://www.google.com/bot.html)"
198.244.183.153 - - [17/Aug/2026:13:58:18 +0000] "GET /sitemap-subitems-1202.xml HTTP/2.0" 200 28419 "-" "Mozilla/5.0 (compatible; AhrefsBot/7.0; +http://ahrefs.com/robot/)"
66.249.79.36 - - [17/Aug/2026:13:58:24 +0000] "GET /?sale/search/detail/?ITMCODE=r7o1n0d0o8120650 HTTP/1.1" 200 30390 "-" "Mozilla/5.0 (Linux; Android 6.0.1; Nexus 5X Build/MMB29P) AppleWebKit/537.36 (KHTML, like Gecko) Chrome/150.0.7871.186 Mobile Safari/537.36 (compatible; Googlebot/2.1; +http://www.google.com/bot.html)"
51.195.183.150 - - [17/Aug/2026:13:58:25 +0000] "GET /sitemap-subitems-1218.xml HTTP/2.0" 200 28203 "-" "Mozilla/5.0 (compatible; AhrefsBot/7.0; +http://ahrefs.com/robot/)"
198.244.168.183 - - [17/Aug/2026:13:58:31 +0000] "GET /sitemap-subitems-1360.xml HTTP/2.0" 200 28273 "-" "Mozilla/5.0 (compatible; AhrefsBot/7.0; +http://ahrefs.com/robot/)"
66.249.79.36 - - [17/Aug/2026:13:58:31 +0000] "GET /?sale/search/detail/?ITMCODE=r7e2d5u2c3e0m3e0n0t87 HTTP/1.1" 200 30835 "-" "Mozilla/5.0 (Linux; Android 6.0.1; Nexus 5X Build/MMB29P) AppleWebKit/537.36 (KHTML, like Gecko) Chrome/150.0.7871.186 Mobile Safari/537.36 (compatible; Googlebot/2.1; +http://www.google.com/bot.html)"
51.195.215.254 - - [17/Aug/2026:13:58:36 +0000] "GET /sitemap-subitems-1383.xml HTTP/2.0" 200 28326 "-" "Mozilla/5.0 (compatible; AhrefsBot/7.0; +http://ahrefs.com/robot/)"
198.244.240.202 - - [17/Aug/2026:13:58:42 +0000] "GET /sitemap-subitems-1388.xml HTTP/2.0" 200 28311 "-" "Mozilla/5.0 (compatible; AhrefsBot/7.0; +http://ahrefs.com/robot/)"
66.249.79.36 - - [17/Aug/2026:13:58:42 +0000] "GET /?sale/search/detail/?ITMCODE=u7l2t2r8a7878440 HTTP/1.1" 200 29817 "-" "Mozilla/5.0 (Linux; Android 6.0.1; Nexus 5X Build/MMB29P) AppleWebKit/537.36 (KHTML, like Gecko) Chrome/150.0.7871.186 Mobile Safari/537.36 (compatible; Googlebot/2.1; +http://www.google.com/bot.html)"
198.244.242.64 - - [17/Aug/2026:13:58:48 +0000] "GET /sitemap-subitems-1441.xml HTTP/2.0" 200 28247 "-" "Mozilla/5.0 (compatible; AhrefsBot/7.0; +http://ahrefs.com/robot/)"
66.249.79.36 - - [17/Aug/2026:13:58:52 +0000] "GET /?sale/search/detail/?ITMCODE=l7a1b5i7u9m9s91834 HTTP/1.1" 200 30763 "-" "Mozilla/5.0 (Linux; Android 6.0.1; Nexus 5X Build/MMB29P) AppleWebKit/537.36 (KHTML, like Gecko) Chrome/150.0.7871.186 Mobile Safari/537.36 (compatible; Googlebot/2.1; +http://www.google.com/bot.html)"
54.38.147.168 - - [17/Aug/2026:13:58:53 +0000] "GET /sitemap-subitems-1443.xml HTTP/2.0" 200 28296 "-" "Mozilla/5.0 (compatible; AhrefsBot/7.0; +http://ahrefs.com/robot/)"
54.38.147.71 - - [17/Aug/2026:13:58:59 +0000] "GET /sitemap-subitems-1446.xml HTTP/2.0" 200 28193 "-" "Mozilla/5.0 (compatible; AhrefsBot/7.0; +http://ahrefs.com/robot/)"
66.249.79.32 - - [17/Aug/2026:13:59:01 +0000] "GET /?sale/search/detail/?ITMCODE=j7u1d8e9o6c6h5r2i7s9t9ian HTTP/1.1" 200 31527 "-" "Mozilla/5.0 (Linux; Android 6.0.1; Nexus 5X Build/MMB29P) AppleWebKit/537.36 (KHTML, like Gecko) Chrome/150.0.7871.186 Mobile Safari/537.36 (compatible; Googlebot/2.1; +http://www.google.com/bot.html)"
54.38.147.215 - - [17/Aug/2026:13:59:04 +0000] "GET /sitemap-subitems-1450.xml HTTP/2.0" 200 28261 "-" "Mozilla/5.0 (compatible; AhrefsBot/7.0; +http://ahrefs.com/robot/)"
192.178.4.128 - - [17/Aug/2026:13:59:10 +0000] "GET /?sale/search/detail/?ITMCODE=a7n5t8i3q5u8e7344 HTTP/1.1" 200 30539 "-" "Mozilla/5.0 (Linux; Android 6.0.1; Nexus 5X Build/MMB29P) AppleWebKit/537.36 (KHTML, like Gecko) Chrome/150.0.7871.186 Mobile Safari/537.36 (compatible; Googlebot/2.1; +http://www.google.com/bot.html)"
54.38.147.181 - - [17/Aug/2026:13:59:10 +0000] "GET /sitemap-subitems-1481.xml HTTP/2.0" 200 28141 "-" "Mozilla/5.0 (compatible; AhrefsBot/7.0; +http://ahrefs.com/robot/)"
198.244.226.222 - - [17/Aug/2026:13:59:15 +0000] "GET /sitemap-subitems-1521.xml HTTP/2.0" 200 28350 "-" "Mozilla/5.0 (compatible; AhrefsBot/7.0; +http://ahrefs.com/robot/)"
66.249.79.36 - - [17/Aug/2026:13:59:18 +0000] "GET /?sale/search/detail/?ITMCODE=h7e3x1a3p7h0y1l9l6o3u2s HTTP/1.1" 200 30460 "-" "Mozilla/5.0 (Linux; Android 6.0.1; Nexus 5X Build/MMB29P) AppleWebKit/537.36 (KHTML, like Gecko) Chrome/150.0.7871.186 Mobile Safari/537.36 (compatible; Googlebot/2.1; +http://www.google.com/bot.html)"
198.244.240.48 - - [17/Aug/2026:13:59:25 +0000] "GET /sitemap-subitems-1553.xml HTTP/2.0" 200 28306 "-" "Mozilla/5.0 (compatible; AhrefsBot/7.0; +http://ahrefs.com/robot/)"
66.249.79.36 - - [17/Aug/2026:13:59:27 +0000] "GET /?sale/search/detail/?ITMCODE=t7i4p5s6t5o2c0k055 HTTP/1.1" 200 31390 "-" "Mozilla/5.0 (Linux; Android 6.0.1; Nexus 5X Build/MMB29P) AppleWebKit/537.36 (KHTML, like Gecko) Chrome/150.0.7871.186 Mobile Safari/537.36 (compatible; Googlebot/2.1; +http://www.google.com/bot.html)"
198.38.94.13 - - [17/Aug/2026:13:59:29 +0000] "POST /wp-cron.php?doing_wp_cron=1786975169.2256350517272949218750 HTTP/1.1" 200 - "-" "WordPress/7.0.4; https://reviverenovation.ae"
195.178.110.103 - - [17/Aug/2026:13:59:27 +0000] "HEAD / HTTP/1.1" 301 - "-" "Mozilla/5.0 (Macintosh; Intel Mac OS X 10_15_7) AppleWebKit/605.1.15 (KHTML, like Gecko) Version/18.2 Safari/605.1.15"
195.178.110.103 - - [17/Aug/2026:13:59:29 +0000] "HEAD / HTTP/1.1" 200 - "https://www.reviverenovation.ae/" "Mozilla/5.0 (Macintosh; Intel Mac OS X 10_15_7) AppleWebKit/605.1.15 (KHTML, like Gecko) Version/18.2 Safari/605.1.15"
195.178.110.103 - - [17/Aug/2026:13:59:31 +0000] "GET /wp-json/ HTTP/1.1" 200 33005 "-" "Mozilla/5.0 (Macintosh; Intel Mac OS X 10_15_7) AppleWebKit/605.1.15 (KHTML, like Gecko) Version/18.2 Safari/605.1.15"
198.244.168.63 - - [17/Aug/2026:13:59:31 +0000] "GET /sitemap-subitems-1582.xml HTTP/2.0" 200 28327 "-" "Mozilla/5.0 (compatible; AhrefsBot/7.0; +http://ahrefs.com/robot/)"
195.178.110.103 - - [17/Aug/2026:13:59:35 +0000] "POST /?rest_route=/batch/v1 HTTP/1.1" 403 9425 "-" "Mozilla/5.0 (Macintosh; Intel Mac OS X 10_15_7) AppleWebKit/537.36 (KHTML, like Gecko) Chrome/131.0.0.0 Safari/537.36"
66.249.79.36 - - [17/Aug/2026:13:59:33 +0000] "GET /?sale/search/detail/?ITMCODE=s7l7o7w3h81197 HTTP/1.1" 200 30614 "-" "Mozilla/5.0 (Linux; Android 6.0.1; Nexus 5X Build/MMB29P) AppleWebKit/537.36 (KHTML, like Gecko) Chrome/150.0.7871.186 Mobile Safari/537.36 (compatible; Googlebot/2.1; +http://www.google.com/bot.html)"
195.178.110.103 - - [17/Aug/2026:13:59:35 +0000] "POST /wp-json/batch/v1 HTTP/1.1" 403 9425 "-" "Mozilla/5.0 (Windows NT 10.0; Win64; x64) AppleWebKit/537.36 (KHTML, like Gecko) Chrome/131.0.0.0 Safari/537.36"
195.178.110.103 - - [17/Aug/2026:13:59:36 +0000] "POST /index.php?rest_route=/batch/v1 HTTP/1.1" 403 9425 "-" "Mozilla/5.0 (Windows NT 10.0; Win64; x64) AppleWebKit/537.36 (KHTML, like Gecko) Chrome/131.0.0.0 Safari/537.36 Edg/131.0.0.0"
195.178.110.103 - - [17/Aug/2026:13:59:36 +0000] "POST /?rest_route=%2Fbatch%2Fv1 HTTP/1.1" 403 9425 "-" "Mozilla/5.0 (Windows NT 10.0; Win64; x64) AppleWebKit/537.36 (KHTML, like Gecko) Chrome/131.0.0.0 Safari/537.36 Edg/131.0.0.0"
195.178.110.103 - - [17/Aug/2026:13:59:36 +0000] "POST /wp-json/batch/v1/ HTTP/1.1" 403 9425 "-" "Mozilla/5.0 (Windows NT 10.0; Win64; x64) AppleWebKit/537.36 (KHTML, like Gecko) Chrome/131.0.0.0 Safari/537.36 Edg/131.0.0.0"
195.178.110.103 - - [17/Aug/2026:13:59:37 +0000] "POST /wp-json/Batch/v1 HTTP/1.1" 403 9425 "-" "Mozilla/5.0 (Windows NT 10.0; Win64; x64) AppleWebKit/537.36 (KHTML, like Gecko) Chrome/130.0.0.0 Safari/537.36"
195.178.110.103 - - [17/Aug/2026:13:59:37 +0000] "POST //wp-json/batch/v1 HTTP/1.1" 403 9425 "-" "Mozilla/5.0 (Windows NT 10.0; Win64; x64) AppleWebKit/537.36 (KHTML, like Gecko) Chrome/131.0.0.0 Safari/537.36"
195.178.110.103 - - [17/Aug/2026:13:59:37 +0000] "POST /?rest_route=/batch%2Fv1 HTTP/1.1" 403 9425 "-" "Mozilla/5.0 (Macintosh; Intel Mac OS X 10_15_7) AppleWebKit/605.1.15 (KHTML, like Gecko) Version/18.2 Safari/605.1.15"
195.178.110.103 - - [17/Aug/2026:13:59:38 +0000] "POST /blog/wp-json/batch/v1 HTTP/1.1" 403 9425 "-" "Mozilla/5.0 (Macintosh; Intel Mac OS X 10_15_7) AppleWebKit/537.36 (KHTML, like Gecko) Chrome/131.0.0.0 Safari/537.36"
195.178.110.103 - - [17/Aug/2026:13:59:38 +0000] "POST /wordpress/wp-json/batch/v1 HTTP/1.1" 403 9425 "-" "Mozilla/5.0 (Windows NT 10.0; Win64; x64) AppleWebKit/537.36 (KHTML, like Gecko) Chrome/131.0.0.0 Safari/537.36 Edg/131.0.0.0"
195.178.110.103 - - [17/Aug/2026:13:59:39 +0000] "POST /?rest_route=/batch/v1 HTTP/1.1" 403 9425 "-" "Mozilla/5.0 (Windows NT 10.0; Win64; x64) AppleWebKit/537.36 (KHTML, like Gecko) Chrome/131.0.0.0 Safari/537.36"
198.244.183.191 - - [17/Aug/2026:13:59:37 +0000] "GET /sitemap-subitems-1588.xml HTTP/2.0" 200 28375 "-" "Mozilla/5.0 (compatible; AhrefsBot/7.0; +http://ahrefs.com/robot/)"
195.178.110.103 - - [17/Aug/2026:13:59:39 +0000] "POST /wp-json/batch/v1 HTTP/1.1" 403 9425 "-" "Mozilla/5.0 (Windows NT 10.0; Win64; x64) AppleWebKit/537.36 (KHTML, like Gecko) Chrome/131.0.0.0 Safari/537.36"
195.178.110.103 - - [17/Aug/2026:13:59:39 +0000] "POST /index.php?rest_route=/batch/v1 HTTP/1.1" 403 9425 "-" "Mozilla/5.0 (Windows NT 10.0; Win64; x64) AppleWebKit/537.36 (KHTML, like Gecko) Chrome/131.0.0.0 Safari/537.36"
195.178.110.103 - - [17/Aug/2026:13:59:40 +0000] "POST /?rest_route=%2Fbatch%2Fv1 HTTP/1.1" 403 9425 "-" "Mozilla/5.0 (Windows NT 10.0; Win64; x64) AppleWebKit/537.36 (KHTML, like Gecko) Chrome/131.0.0.0 Safari/537.36"
195.178.110.103 - - [17/Aug/2026:13:59:40 +0000] "POST /wp-json/batch/v1/ HTTP/1.1" 403 9425 "-" "Mozilla/5.0 (Windows NT 10.0; Win64; x64) AppleWebKit/537.36 (KHTML, like Gecko) Chrome/131.0.0.0 Safari/537.36"
195.178.110.103 - - [17/Aug/2026:13:59:40 +0000] "POST /wp-json/Batch/v1 HTTP/1.1" 403 9425 "-" "Mozilla/5.0 (Windows NT 10.0; Win64; x64) AppleWebKit/537.36 (KHTML, like Gecko) Chrome/131.0.0.0 Safari/537.36"
195.178.110.103 - - [17/Aug/2026:13:59:41 +0000] "POST //wp-json/batch/v1 HTTP/1.1" 403 9425 "-" "Mozilla/5.0 (Windows NT 10.0; Win64; x64) AppleWebKit/537.36 (KHTML, like Gecko) Chrome/131.0.0.0 Safari/537.36"
195.178.110.103 - - [17/Aug/2026:13:59:41 +0000] "POST /?rest_route=/batch%2Fv1 HTTP/1.1" 403 9425 "-" "Mozilla/5.0 (Windows NT 10.0; Win64; x64) AppleWebKit/537.36 (KHTML, like Gecko) Chrome/131.0.0.0 Safari/537.36"
195.178.110.103 - - [17/Aug/2026:13:59:42 +0000] "POST /blog/wp-json/batch/v1 HTTP/1.1" 403 9425 "-" "Mozilla/5.0 (Windows NT 10.0; Win64; x64) AppleWebKit/537.36 (KHTML, like Gecko) Chrome/131.0.0.0 Safari/537.36"
195.178.110.103 - - [17/Aug/2026:13:59:42 +0000] "POST /wordpress/wp-json/batch/v1 HTTP/1.1" 403 9425 "-" "Mozilla/5.0 (Windows NT 10.0; Win64; x64) AppleWebKit/537.36 (KHTML, like Gecko) Chrome/131.0.0.0 Safari/537.36"
195.178.110.103 - - [17/Aug/2026:13:59:42 +0000] "POST /?rest_route=/batch/v1 HTTP/1.1" 403 9425 "https://www.reviverenovation.ae/wp-admin/" "WordPress/6.9.4; https://example.com"
195.178.110.103 - - [17/Aug/2026:13:59:43 +0000] "POST /wp-json/batch/v1 HTTP/1.1" 403 9425 "https://www.reviverenovation.ae/wp-admin/" "WordPress/6.9.4; https://example.com"
66.249.79.36 - - [17/Aug/2026:13:59:41 +0000] "GET /?sale/search/detail/?ITMCODE=t7i2n0u9s3997736 HTTP/1.1" 200 30855 "-" "Mozilla/5.0 (Linux; Android 6.0.1; Nexus 5X Build/MMB29P) AppleWebKit/537.36 (KHTML, like Gecko) Chrome/150.0.7871.186 Mobile Safari/537.36 (compatible; Googlebot/2.1; +http://www.google.com/bot.html)"
195.178.110.103 - - [17/Aug/2026:13:59:43 +0000] "POST /index.php?rest_route=/batch/v1 HTTP/1.1" 403 9425 "https://www.reviverenovation.ae/wp-admin/" "WordPress/6.9.4; https://example.com"
195.178.110.103 - - [17/Aug/2026:13:59:43 +0000] "POST /?rest_route=%2Fbatch%2Fv1 HTTP/1.1" 403 9425 "https://www.reviverenovation.ae/wp-admin/" "WordPress/6.9.4; https://example.com"
195.178.110.103 - - [17/Aug/2026:13:59:44 +0000] "POST /wp-json/batch/v1/ HTTP/1.1" 403 9425 "https://www.reviverenovation.ae/wp-admin/" "WordPress/6.9.4; https://example.com"
195.178.110.103 - - [17/Aug/2026:13:59:44 +0000] "POST /wp-json/Batch/v1 HTTP/1.1" 403 9425 "https://www.reviverenovation.ae/wp-admin/" "WordPress/6.9.4; https://example.com"
54.38.147.72 - - [17/Aug/2026:13:59:43 +0000] "GET /sitemap-subitems-1601.xml HTTP/2.0" 200 28329 "-" "Mozilla/5.0 (compatible; AhrefsBot/7.0; +http://ahrefs.com/robot/)"
195.178.110.103 - - [17/Aug/2026:13:59:45 +0000] "POST //wp-json/batch/v1 HTTP/1.1" 403 9425 "https://www.reviverenovation.ae/wp-admin/" "WordPress/6.9.4; https://example.com"
195.178.110.103 - - [17/Aug/2026:13:59:45 +0000] "POST /?rest_route=/batch%2Fv1 HTTP/1.1" 403 9425 "https://www.reviverenovation.ae/wp-admin/" "WordPress/6.9.4; https://example.com"
195.178.110.103 - - [17/Aug/2026:13:59:45 +0000] "POST /blog/wp-json/batch/v1 HTTP/1.1" 403 9425 "https://www.reviverenovation.ae/wp-admin/" "WordPress/6.9.4; https://example.com"
195.178.110.103 - - [17/Aug/2026:13:59:46 +0000] "POST /wordpress/wp-json/batch/v1 HTTP/1.1" 403 9425 "https://www.reviverenovation.ae/wp-admin/" "WordPress/6.9.4; https://example.com"
195.178.110.103 - - [17/Aug/2026:13:59:46 +0000] "POST /?rest_route=/batch/v1 HTTP/1.1" 403 9425 "https://www.reviverenovation.ae/wp-admin/" "Mozilla/5.0 (compatible; Googlebot/2.1; +http://www.google.com/bot.html)"
195.178.110.103 - - [17/Aug/2026:13:59:46 +0000] "POST /wp-json/batch/v1 HTTP/1.1" 403 9425 "https://www.reviverenovation.ae/wp-admin/" "Mozilla/5.0 (compatible; Googlebot/2.1; +http://www.google.com/bot.html)"
195.178.110.103 - - [17/Aug/2026:13:59:47 +0000] "POST /index.php?rest_route=/batch/v1 HTTP/1.1" 403 9425 "https://www.reviverenovation.ae/wp-admin/" "Mozilla/5.0 (compatible; Googlebot/2.1; +http://www.google.com/bot.html)"
195.178.110.103 - - [17/Aug/2026:13:59:47 +0000] "POST /?rest_route=%2Fbatch%2Fv1 HTTP/1.1" 403 9425 "https://www.reviverenovation.ae/wp-admin/" "Mozilla/5.0 (compatible; Googlebot/2.1; +http://www.google.com/bot.html)"
195.178.110.103 - - [17/Aug/2026:13:59:48 +0000] "POST /wp-json/batch/v1/ HTTP/1.1" 403 9425 "https://www.reviverenovation.ae/wp-admin/" "Mozilla/5.0 (compatible; Googlebot/2.1; +http://www.google.com/bot.html)"
195.178.110.103 - - [17/Aug/2026:13:59:48 +0000] "POST /wp-json/Batch/v1 HTTP/1.1" 403 9425 "https://www.reviverenovation.ae/wp-admin/" "Mozilla/5.0 (compatible; Googlebot/2.1; +http://www.google.com/bot.html)"
66.249.79.36 - - [17/Aug/2026:13:59:47 +0000] "GET /?sale/search/detail/?ITMCODE=l7a2t0i6t7a7n2c6y929 HTTP/1.1" 200 28981 "-" "Mozilla/5.0 (Linux; Android 6.0.1; Nexus 5X Build/MMB29P) AppleWebKit/537.36 (KHTML, like Gecko) Chrome/150.0.7871.186 Mobile Safari/537.36 (compatible; Googlebot/2.1; +http://www.google.com/bot.html)"
195.178.110.103 - - [17/Aug/2026:13:59:48 +0000] "POST //wp-json/batch/v1 HTTP/1.1" 403 9425 "https://www.reviverenovation.ae/wp-admin/" "Mozilla/5.0 (compatible; Googlebot/2.1; +http://www.google.com/bot.html)"
195.178.110.103 - - [17/Aug/2026:13:59:49 +0000] "POST /?rest_route=/batch%2Fv1 HTTP/1.1" 403 9425 "https://www.reviverenovation.ae/wp-admin/" "Mozilla/5.0 (compatible; Googlebot/2.1; +http://www.google.com/bot.html)"
195.178.110.103 - - [17/Aug/2026:13:59:49 +0000] "POST /blog/wp-json/batch/v1 HTTP/1.1" 403 9425 "https://www.reviverenovation.ae/wp-admin/" "Mozilla/5.0 (compatible; Googlebot/2.1; +http://www.google.com/bot.html)"
195.178.110.103 - - [17/Aug/2026:13:59:49 +0000] "POST /wordpress/wp-json/batch/v1 HTTP/1.1" 403 9425 "https://www.reviverenovation.ae/wp-admin/" "Mozilla/5.0 (compatible; Googlebot/2.1; +http://www.google.com/bot.html)"
195.178.110.103 - - [17/Aug/2026:13:59:50 +0000] "POST /?rest_route=/batch/v1 HTTP/1.1" 403 9425 "https://www.reviverenovation.ae/wp-admin/" "Mozilla/5.0 (compatible; Googlebot/2.1; +http://www.google.com/bot.html)"
51.195.183.244 - - [17/Aug/2026:13:59:48 +0000] "GET /sitemap-subitems-1604.xml HTTP/2.0" 200 28413 "-" "Mozilla/5.0 (compatible; AhrefsBot/7.0; +http://ahrefs.com/robot/)"
195.178.110.103 - - [17/Aug/2026:13:59:50 +0000] "POST /wp-json/batch/v1 HTTP/1.1" 403 9425 "https://www.reviverenovation.ae/wp-admin/" "Mozilla/5.0 (compatible; Googlebot/2.1; +http://www.google.com/bot.html)"
195.178.110.103 - - [17/Aug/2026:13:59:50 +0000] "POST /index.php?rest_route=/batch/v1 HTTP/1.1" 403 9425 "https://www.reviverenovation.ae/wp-admin/" "Mozilla/5.0 (compatible; Googlebot/2.1; +http://www.google.com/bot.html)"
