20.15.133.191 - - [17/Aug/2026:15:00:53 +0000] "GET /?sale/search/detail/?ITMCODE=c6a3r4i4b093704 HTTP/2.0" 200 34336 "-" "Mozilla/5.0 AppleWebKit/537.36 (KHTML, like Gecko; compatible; bingbot/2.0; +http://www.bing.com/bingbot.htm) Chrome/116.0.1938.76 Safari/537.36"
66.249.79.36 - - [17/Aug/2026:15:00:55 +0000] "GET /?sale/search/detail/?ITMCODE=p7i2l7p5u9l256380 HTTP/1.1" 200 30063 "-" "Mozilla/5.0 (Linux; Android 6.0.1; Nexus 5X Build/MMB29P) AppleWebKit/537.36 (KHTML, like Gecko) Chrome/150.0.7871.186 Mobile Safari/537.36 (compatible; Googlebot/2.1; +http://www.google.com/bot.html)"
20.15.133.191 - - [17/Aug/2026:15:00:56 +0000] "GET /?sale/search/detail/?ITMCODE=m9o6d9e1r5n3i5t0y77 HTTP/2.0" 200 36720 "-" "Mozilla/5.0 AppleWebKit/537.36 (KHTML, like Gecko; compatible; bingbot/2.0; +http://www.bing.com/bingbot.htm) Chrome/116.0.1938.76 Safari/537.36"
20.15.133.191 - - [17/Aug/2026:15:00:59 +0000] "GET /?sale/search/detail/?ITMCODE=p0i2g4e0o4n2r7y7758 HTTP/2.0" 200 29933 "-" "Mozilla/5.0 AppleWebKit/537.36 (KHTML, like Gecko; compatible; bingbot/2.0; +http://www.bing.com/bingbot.htm) Chrome/116.0.1938.76 Safari/537.36"
20.15.133.191 - - [17/Aug/2026:15:01:02 +0000] "GET /?sale/search/detail/?ITMCODE=i7n2s6a5t9i7a7b5l4e60 HTTP/2.0" 200 29866 "-" "Mozilla/5.0 AppleWebKit/537.36 (KHTML, like Gecko; compatible; bingbot/2.0; +http://www.bing.com/bingbot.htm) Chrome/116.0.1938.76 Safari/537.36"
66.249.79.32 - - [17/Aug/2026:15:01:02 +0000] "GET /?sale/search/detail/?ITMCODE=r7e3b1e6l4d5o0m2538 HTTP/1.1" 200 30137 "-" "Mozilla/5.0 (Linux; Android 6.0.1; Nexus 5X Build/MMB29P) AppleWebKit/537.36 (KHTML, like Gecko) Chrome/150.0.7871.186 Mobile Safari/537.36 (compatible; Googlebot/2.1; +http://www.google.com/bot.html)"
20.15.133.191 - - [17/Aug/2026:15:01:05 +0000] "GET /?sale/search/detail/?ITMCODE=s5e2i5g5n8i2o8r0a3l HTTP/2.0" 200 29620 "-" "Mozilla/5.0 AppleWebKit/537.36 (KHTML, like Gecko; compatible; bingbot/2.0; +http://www.bing.com/bingbot.htm) Chrome/116.0.1938.76 Safari/537.36"
66.249.79.36 - - [17/Aug/2026:15:01:05 +0000] "GET /?sale/search/detail/?ITMCODE=c7a2t0h3a7y99170 HTTP/1.1" 200 30172 "-" "Mozilla/5.0 (Linux; Android 6.0.1; Nexus 5X Build/MMB29P) AppleWebKit/537.36 (KHTML, like Gecko) Chrome/150.0.7871.186 Mobile Safari/537.36 (compatible; Googlebot/2.1; +http://www.google.com/bot.html)"
20.15.133.191 - - [17/Aug/2026:15:01:08 +0000] "GET /?sale/search/detail/?ITMCODE=b6r3u0n2s3w3i1c3k608 HTTP/2.0" 200 32328 "-" "Mozilla/5.0 AppleWebKit/537.36 (KHTML, like Gecko; compatible; bingbot/2.0; +http://www.bing.com/bingbot.htm) Chrome/116.0.1938.76 Safari/537.36"
20.15.133.191 - - [17/Aug/2026:15:01:11 +0000] "GET /?sale/search/detail/?ITMCODE=s1p9a5t7a6n6g2o5i1d6 HTTP/2.0" 200 32160 "-" "Mozilla/5.0 AppleWebKit/537.36 (KHTML, like Gecko; compatible; bingbot/2.0; +http://www.bing.com/bingbot.htm) Chrome/116.0.1938.76 Safari/537.36"
198.38.94.13 - - [17/Aug/2026:15:01:14 +0000] "POST /wp-cron.php?doing_wp_cron=1786978874.1548900604248046875000 HTTP/1.1" 200 - "-" "WordPress/7.0.4; https://reviverenovation.ae"
66.249.79.37 - - [17/Aug/2026:15:01:12 +0000] "GET /?sale/search/detail/?ITMCODE=t7e6t9r6a1s2y3l0l3a7bic HTTP/1.1" 301 - "-" "Mozilla/5.0 (Linux; Android 6.0.1; Nexus 5X Build/MMB29P) AppleWebKit/537.36 (KHTML, like Gecko) Chrome/150.0.7871.186 Mobile Safari/537.36 (compatible; GoogleOther)"
66.249.79.37 - - [17/Aug/2026:15:01:12 +0000] "GET /?sale/search/detail/?ITMCODE=d7e2a2m3b2u7l1a4t5i0o9n HTTP/1.1" 200 29633 "-" "Mozilla/5.0 (Linux; Android 6.0.1; Nexus 5X Build/MMB29P) AppleWebKit/537.36 (KHTML, like Gecko) Chrome/150.0.7871.186 Mobile Safari/537.36 (compatible; Googlebot/2.1; +http://www.google.com/bot.html)"
20.15.133.191 - - [17/Aug/2026:15:01:14 +0000] "GET /?sale/search/detail/?ITMCODE=p3r1e5j0u7d4i7c6a7t6e5 HTTP/2.0" 200 29456 "-" "Mozilla/5.0 AppleWebKit/537.36 (KHTML, like Gecko; compatible; bingbot/2.0; +http://www.bing.com/bingbot.htm) Chrome/116.0.1938.76 Safari/537.36"
66.249.79.36 - - [17/Aug/2026:15:01:15 +0000] "GET /?sale%2Fsearch%2Fdetail%2F%3FITMCODE=t7e6t9r6a1s2y3l0l3a7bic HTTP/1.1" 200 58127 "-" "Mozilla/5.0 (Linux; Android 6.0.1; Nexus 5X Build/MMB29P) AppleWebKit/537.36 (KHTML, like Gecko) Chrome/150.0.7871.186 Mobile Safari/537.36 (compatible; GoogleOther)"
66.249.79.36 - - [17/Aug/2026:15:01:17 +0000] "GET /?sale/search/detail/?ITMCODE=u7n2g3u6e4s933353 HTTP/1.1" 200 29417 "-" "Mozilla/5.0 (Linux; Android 6.0.1; Nexus 5X Build/MMB29P) AppleWebKit/537.36 (KHTML, like Gecko) Chrome/150.0.7871.186 Mobile Safari/537.36 (compatible; Googlebot/2.1; +http://www.google.com/bot.html)"
20.15.133.191 - - [17/Aug/2026:15:01:17 +0000] "GET /?sale/search/detail/?ITMCODE=a9n1t7i3p1h0r9a5s8t4i6c HTTP/2.0" 200 32626 "-" "Mozilla/5.0 AppleWebKit/537.36 (KHTML, like Gecko; compatible; bingbot/2.0; +http://www.bing.com/bingbot.htm) Chrome/116.0.1938.76 Safari/537.36"
20.15.133.191 - - [17/Aug/2026:15:01:20 +0000] "GET /?sale/search/detail/?ITMCODE=u6n3e4x7h0a2u1s0t0e1d5 HTTP/2.0" 200 33754 "-" "Mozilla/5.0 AppleWebKit/537.36 (KHTML, like Gecko; compatible; bingbot/2.0; +http://www.bing.com/bingbot.htm) Chrome/116.0.1938.76 Safari/537.36"
66.249.79.36 - - [17/Aug/2026:15:01:23 +0000] "GET /wp-content/themes/astra/assets/js/minified/frontend.min.js?ver=4.12.7 HTTP/1.1" 200 5952 "https://reviverenovation.ae/?sale%2Fsearch%2Fdetail%2F%3FITMCODE=t7e6t9r6a1s2y3l0l3a7bic" "Mozilla/5.0 (Linux; Android 6.0.1; Nexus 5X Build/MMB29P) AppleWebKit/537.36 (KHTML, like Gecko) Chrome/150.0.7871.186 Mobile Safari/537.36 (compatible; GoogleOther)"
20.15.133.191 - - [17/Aug/2026:15:01:23 +0000] "GET /?sale/search/detail/?ITMCODE=i5m2p8o2s9t123664 HTTP/2.0" 200 29551 "-" "Mozilla/5.0 AppleWebKit/537.36 (KHTML, like Gecko; compatible; bingbot/2.0; +http://www.bing.com/bingbot.htm) Chrome/116.0.1938.76 Safari/537.36"
20.15.133.191 - - [17/Aug/2026:15:01:26 +0000] "GET /?sale/search/detail/?ITMCODE=f5l3u2a3n5i7l47640 HTTP/2.0" 200 29958 "-" "Mozilla/5.0 AppleWebKit/537.36 (KHTML, like Gecko; compatible; bingbot/2.0; +http://www.bing.com/bingbot.htm) Chrome/116.0.1938.76 Safari/537.36"
66.249.79.36 - - [17/Aug/2026:15:01:27 +0000] "GET /?sale/search/detail/?ITMCODE=b7e3g0i4r8t801286 HTTP/1.1" 200 29865 "-" "Mozilla/5.0 (Linux; Android 6.0.1; Nexus 5X Build/MMB29P) AppleWebKit/537.36 (KHTML, like Gecko) Chrome/150.0.7871.186 Mobile Safari/537.36 (compatible; Googlebot/2.1; +http://www.google.com/bot.html)"
20.15.133.191 - - [17/Aug/2026:15:01:29 +0000] "GET /?sale/search/detail/?ITMCODE=v2e4x8i5l4l9a0r50 HTTP/2.0" 200 34991 "-" "Mozilla/5.0 AppleWebKit/537.36 (KHTML, like Gecko; compatible; bingbot/2.0; +http://www.bing.com/bingbot.htm) Chrome/116.0.1938.76 Safari/537.36"
20.15.133.191 - - [17/Aug/2026:15:01:32 +0000] "GET /?sale/search/detail/?ITMCODE=r6e3c5o2g8n4i9z4a3t0i1on HTTP/2.0" 200 29373 "-" "Mozilla/5.0 AppleWebKit/537.36 (KHTML, like Gecko; compatible; bingbot/2.0; +http://www.bing.com/bingbot.htm) Chrome/116.0.1938.76 Safari/537.36"
20.15.133.191 - - [17/Aug/2026:15:01:35 +0000] "GET /?sale/search/detail/?ITMCODE=s0u4r1v3i6v1e0r1686 HTTP/2.0" 200 29561 "-" "Mozilla/5.0 AppleWebKit/537.36 (KHTML, like Gecko; compatible; bingbot/2.0; +http://www.bing.com/bingbot.htm) Chrome/116.0.1938.76 Safari/537.36"
66.249.79.36 - - [17/Aug/2026:15:01:37 +0000] "GET /?sale/search/detail/?ITMCODE=s7u3b7d6u8p2l4e2076 HTTP/1.1" 200 30334 "-" "Mozilla/5.0 (Linux; Android 6.0.1; Nexus 5X Build/MMB29P) AppleWebKit/537.36 (KHTML, like Gecko) Chrome/150.0.7871.186 Mobile Safari/537.36 (compatible; Googlebot/2.1; +http://www.google.com/bot.html)"
20.15.133.191 - - [17/Aug/2026:15:01:38 +0000] "GET /?sale/search/detail/?ITMCODE=p8u2l9p2o4u9s1n4e1s0s0 HTTP/2.0" 200 31785 "-" "Mozilla/5.0 AppleWebKit/537.36 (KHTML, like Gecko; compatible; bingbot/2.0; +http://www.bing.com/bingbot.htm) Chrome/116.0.1938.76 Safari/537.36"
66.249.79.36 - - [17/Aug/2026:15:01:41 +0000] "GET /?sale/search/detail/?ITMCODE=p7e1n6d3u7l9i4n9u1s76 HTTP/1.1" 301 - "-" "Mozilla/5.0 (Linux; Android 6.0.1; Nexus 5X Build/MMB29P) AppleWebKit/537.36 (KHTML, like Gecko) Chrome/150.0.7871.186 Mobile Safari/537.36 (compatible; GoogleOther)"
193.186.4.3 - - [17/Aug/2026:15:01:42 +0000] "GET / HTTP/2.0" 200 56807 "https://www.google.com/" "Mozilla/5.0 (Windows NT 10.0; Win64; x64) AppleWebKit/537.36 (KHTML, like Gecko) Chrome/151.0.0.0 Safari/537.36"
20.15.133.191 - - [17/Aug/2026:15:01:41 +0000] "GET /?sale/search/detail/?ITMCODE=t6e1r4b7i2c727188 HTTP/2.0" 200 29917 "-" "Mozilla/5.0 AppleWebKit/537.36 (KHTML, like Gecko; compatible; bingbot/2.0; +http://www.bing.com/bingbot.htm) Chrome/116.0.1938.76 Safari/537.36"
142.250.32.99 - - [17/Aug/2026:15:01:41 +0000] "GET /.well-known/traffic-advice HTTP/1.1" 404 26857 "-" "Chrome Privacy Preserving Prefetch Proxy"
66.249.79.36 - - [17/Aug/2026:15:01:43 +0000] "GET /?sale%2Fsearch%2Fdetail%2F%3FITMCODE=p7e1n6d3u7l9i4n9u1s76 HTTP/1.1" 200 58127 "-" "Mozilla/5.0 (Linux; Android 6.0.1; Nexus 5X Build/MMB29P) AppleWebKit/537.36 (KHTML, like Gecko) Chrome/150.0.7871.186 Mobile Safari/537.36 (compatible; GoogleOther)"
20.15.133.191 - - [17/Aug/2026:15:01:44 +0000] "GET /?sale/search/detail/?ITMCODE=c3e1r9c0o0s8p0o0r0ella HTTP/2.0" 200 29951 "-" "Mozilla/5.0 AppleWebKit/537.36 (KHTML, like Gecko; compatible; bingbot/2.0; +http://www.bing.com/bingbot.htm) Chrome/116.0.1938.76 Safari/537.36"
20.15.133.191 - - [17/Aug/2026:15:01:47 +0000] "GET /?sale/search/detail/?ITMCODE=o0x4y1g8e6n6i8z7i7n6g2 HTTP/2.0" 200 36585 "-" "Mozilla/5.0 AppleWebKit/537.36 (KHTML, like Gecko; compatible; bingbot/2.0; +http://www.bing.com/bingbot.htm) Chrome/116.0.1938.76 Safari/537.36"
20.15.133.191 - - [17/Aug/2026:15:01:50 +0000] "GET /?sale/search/detail/?ITMCODE=l6l8o6y6d1s38884 HTTP/2.0" 200 30607 "-" "Mozilla/5.0 AppleWebKit/537.36 (KHTML, like Gecko; compatible; bingbot/2.0; +http://www.bing.com/bingbot.htm) Chrome/116.0.1938.76 Safari/537.36"
66.249.79.36 - - [17/Aug/2026:15:01:51 +0000] "GET /?sale/search/detail/?ITMCODE=j7a1n4g8l6i7n9g3982 HTTP/1.1" 200 30140 "-" "Mozilla/5.0 (Linux; Android 6.0.1; Nexus 5X Build/MMB29P) AppleWebKit/537.36 (KHTML, like Gecko) Chrome/150.0.7871.186 Mobile Safari/537.36 (compatible; Googlebot/2.1; +http://www.google.com/bot.html)"
39.34.143.217 - - [17/Aug/2026:15:01:53 +0000] "GET /wp-content/cache/speedycache/reviverenovation.ae/assets/7278ec8f1975e6ee-smooth-scroll.js HTTP/2.0" 304 - "-" "Mozilla/5.0 (Windows NT 10.0; Win64; x64) AppleWebKit/537.36 (KHTML, like Gecko) Chrome/151.0.0.0 Safari/537.36"
39.34.143.217 - - [17/Aug/2026:15:01:53 +0000] "GET /wp-content/cache/speedycache/reviverenovation.ae/assets/57c950ff2ac8ff7e-animations.js HTTP/2.0" 304 - "-" "Mozilla/5.0 (Windows NT 10.0; Win64; x64) AppleWebKit/537.36 (KHTML, like Gecko) Chrome/151.0.0.0 Safari/537.36"
39.34.143.217 - - [17/Aug/2026:15:01:53 +0000] "GET /wp-content/cache/speedycache/reviverenovation.ae/assets/3e3350c88b93ffda-wws.js HTTP/2.0" 304 - "-" "Mozilla/5.0 (Windows NT 10.0; Win64; x64) AppleWebKit/537.36 (KHTML, like Gecko) Chrome/151.0.0.0 Safari/537.36"
39.34.143.217 - - [17/Aug/2026:15:01:53 +0000] "GET /wp-content/cache/speedycache/reviverenovation.ae/assets/b90a6b6986dcecf7-astra-addon-69ddef01d1ba53-08965612.js HTTP/2.0" 304 - "-" "Mozilla/5.0 (Windows NT 10.0; Win64; x64) AppleWebKit/537.36 (KHTML, like Gecko) Chrome/151.0.0.0 Safari/537.36"
20.15.133.191 - - [17/Aug/2026:15:01:53 +0000] "GET /?sale/search/detail/?ITMCODE=a9n2o1m0a7l6o2u7s7l9y0 HTTP/2.0" 200 29171 "-" "Mozilla/5.0 AppleWebKit/537.36 (KHTML, like Gecko; compatible; bingbot/2.0; +http://www.bing.com/bingbot.htm) Chrome/116.0.1938.76 Safari/537.36"
20.15.133.191 - - [17/Aug/2026:15:01:56 +0000] "GET /?sale/search/detail/?ITMCODE=s6p1r9u2n4t8l0y1883 HTTP/2.0" 200 29739 "-" "Mozilla/5.0 AppleWebKit/537.36 (KHTML, like Gecko; compatible; bingbot/2.0; +http://www.bing.com/bingbot.htm) Chrome/116.0.1938.76 Safari/537.36"
66.249.79.36 - - [17/Aug/2026:15:01:57 +0000] "GET /?sale/search/detail/?ITMCODE=h7e4x2a2m7e6r4o9u0s13 HTTP/1.1" 200 31754 "-" "Mozilla/5.0 (Linux; Android 6.0.1; Nexus 5X Build/MMB29P) AppleWebKit/537.36 (KHTML, like Gecko) Chrome/150.0.7871.186 Mobile Safari/537.36 (compatible; Googlebot/2.1; +http://www.google.com/bot.html)"
20.15.133.191 - - [17/Aug/2026:15:01:59 +0000] "GET /?sale/search/detail/?ITMCODE=k1e3r1c3h2i8e5f2e3d89 HTTP/2.0" 200 34025 "-" "Mozilla/5.0 AppleWebKit/537.36 (KHTML, like Gecko; compatible; bingbot/2.0; +http://www.bing.com/bingbot.htm) Chrome/116.0.1938.76 Safari/537.36"
20.15.133.191 - - [17/Aug/2026:15:02:02 +0000] "GET /?sale/search/detail/?ITMCODE=l3o5b4a3t1e26155 HTTP/2.0" 200 30094 "-" "Mozilla/5.0 AppleWebKit/537.36 (KHTML, like Gecko; compatible; bingbot/2.0; +http://www.bing.com/bingbot.htm) Chrome/116.0.1938.76 Safari/537.36"
20.15.133.191 - - [17/Aug/2026:15:02:05 +0000] "GET /?sale/search/detail/?ITMCODE=b0i1c3o1n0v2e7x1657 HTTP/2.0" 200 29663 "-" "Mozilla/5.0 AppleWebKit/537.36 (KHTML, like Gecko; compatible; bingbot/2.0; +http://www.bing.com/bingbot.htm) Chrome/116.0.1938.76 Safari/537.36"
66.249.79.32 - - [17/Aug/2026:15:02:07 +0000] "GET /?sale/search/detail/?ITMCODE=i7m3p3o4s7t6r1o5u8s45 HTTP/1.1" 200 31927 "-" "Mozilla/5.0 (Linux; Android 6.0.1; Nexus 5X Build/MMB29P) AppleWebKit/537.36 (KHTML, like Gecko) Chrome/150.0.7871.186 Mobile Safari/537.36 (compatible; Googlebot/2.1; +http://www.google.com/bot.html)"
20.15.133.191 - - [17/Aug/2026:15:02:08 +0000] "GET /?sale/search/detail/?ITMCODE=a6p8p0a5r7e3n9t7n7e9ss HTTP/2.0" 200 32054 "-" "Mozilla/5.0 AppleWebKit/537.36 (KHTML, like Gecko; compatible; bingbot/2.0; +http://www.bing.com/bingbot.htm) Chrome/116.0.1938.76 Safari/537.36"
66.249.79.32 - - [17/Aug/2026:15:02:09 +0000] "GET /?sale/search/detail/?ITMCODE=t7o4u2c3h1w6o3o0d668 HTTP/1.1" 200 30988 "-" "Mozilla/5.0 (Linux; Android 6.0.1; Nexus 5X Build/MMB29P) AppleWebKit/537.36 (KHTML, like Gecko) Chrome/150.0.7871.186 Mobile Safari/537.36 (compatible; Googlebot/2.1; +http://www.google.com/bot.html)"
66.249.79.36 - - [17/Aug/2026:15:02:11 +0000] "GET /?sale/search/detail/?ITMCODE=i7n3c6e1n3s6e5d9500 HTTP/1.1" 301 - "-" "Mozilla/5.0 (Linux; Android 6.0.1; Nexus 5X Build/MMB29P) AppleWebKit/537.36 (KHTML, like Gecko) Chrome/150.0.7871.186 Mobile Safari/537.36 (compatible; GoogleOther)"
20.15.133.191 - - [17/Aug/2026:15:02:11 +0000] "GET /?sale/search/detail/?ITMCODE=d6i1c6t0u2m2s57035 HTTP/2.0" 200 31960 "-" "Mozilla/5.0 AppleWebKit/537.36 (KHTML, like Gecko; compatible; bingbot/2.0; +http://www.bing.com/bingbot.htm) Chrome/116.0.1938.76 Safari/537.36"
20.15.133.191 - - [17/Aug/2026:15:02:14 +0000] "GET /?sale/search/detail/?ITMCODE=p2r1e7d9i5s5p9o8s7e96 HTTP/2.0" 200 32350 "-" "Mozilla/5.0 AppleWebKit/537.36 (KHTML, like Gecko; compatible; bingbot/2.0; +http://www.bing.com/bingbot.htm) Chrome/116.0.1938.76 Safari/537.36"
20.15.133.191 - - [17/Aug/2026:15:02:18 +0000] "GET /?sale/search/detail/?ITMCODE=p1i7p6i3e0n4s6297 HTTP/2.0" 200 34864 "-" "Mozilla/5.0 AppleWebKit/537.36 (KHTML, like Gecko; compatible; bingbot/2.0; +http://www.bing.com/bingbot.htm) Chrome/116.0.1938.76 Safari/537.36"
198.38.94.13 - - [17/Aug/2026:15:02:20 +0000] "POST /wp-cron.php?doing_wp_cron=1786978940.2829549312591552734375 HTTP/1.1" 200 - "-" "WordPress/7.0.4; https://reviverenovation.ae"
66.249.79.36 - - [17/Aug/2026:15:02:17 +0000] "GET /?sale%2Fsearch%2Fdetail%2F%3FITMCODE=i7n3c6e1n3s6e5d9500 HTTP/1.1" 200 58127 "-" "Mozilla/5.0 (Linux; Android 6.0.1; Nexus 5X Build/MMB29P) AppleWebKit/537.36 (KHTML, like Gecko) Chrome/150.0.7871.186 Mobile Safari/537.36 (compatible; GoogleOther)"
20.15.133.191 - - [17/Aug/2026:15:02:20 +0000] "GET /?sale/search/detail/?ITMCODE=c3l3a2r6i8t9y54531 HTTP/2.0" 200 30076 "-" "Mozilla/5.0 AppleWebKit/537.36 (KHTML, like Gecko; compatible; bingbot/2.0; +http://www.bing.com/bingbot.htm) Chrome/116.0.1938.76 Safari/537.36"
66.249.79.37 - - [17/Aug/2026:15:02:21 +0000] "GET /?sale/search/detail/?ITMCODE=w7r1e5n7c7h567636 HTTP/1.1" 200 29061 "-" "Mozilla/5.0 (Linux; Android 6.0.1; Nexus 5X Build/MMB29P) AppleWebKit/537.36 (KHTML, like Gecko) Chrome/150.0.7871.186 Mobile Safari/537.36 (compatible; Googlebot/2.1; +http://www.google.com/bot.html)"
66.249.79.36 - - [17/Aug/2026:15:02:21 +0000] "GET /?sale/search/detail/?ITMCODE=m7u1s5t0a8c2h9i4o1e8d2 HTTP/1.1" 200 30639 "-" "Mozilla/5.0 (Linux; Android 6.0.1; Nexus 5X Build/MMB29P) AppleWebKit/537.36 (KHTML, like Gecko) Chrome/150.0.7871.186 Mobile Safari/537.36 (compatible; Googlebot/2.1; +http://www.google.com/bot.html)"
66.249.79.36 - - [17/Aug/2026:15:02:23 +0000] "GET /wp-content/themes/astra/assets/js/minified/frontend.min.js?ver=4.12.7 HTTP/1.1" 200 5952 "https://reviverenovation.ae/?sale%2Fsearch%2Fdetail%2F%3FITMCODE=i7n3c6e1n3s6e5d9500" "Mozilla/5.0 (Linux; Android 6.0.1; Nexus 5X Build/MMB29P) AppleWebKit/537.36 (KHTML, like Gecko) Chrome/150.0.7871.186 Mobile Safari/537.36 (compatible; GoogleOther)"
145.223.134.131 - - [17/Aug/2026:15:02:23 +0000] "GET /revive-productions/pop-up-installation-dubai/ HTTP/1.1" 200 44335 "-" "Mozilla/5.0 (Macintosh; Intel Mac OS X 10_15_7) AppleWebKit/537.36 (KHTML, like Gecko) Chrome/131.0.0.0 Safari/537.36"
20.15.133.191 - - [17/Aug/2026:15:02:22 +0000] "GET /?sale/search/detail/?ITMCODE=h3a3m9m0e9r3c7l8o4t0h6 HTTP/2.0" 200 29485 "-" "Mozilla/5.0 AppleWebKit/537.36 (KHTML, like Gecko; compatible; bingbot/2.0; +http://www.bing.com/bingbot.htm) Chrome/116.0.1938.76 Safari/537.36"
66.249.79.36 - - [17/Aug/2026:15:02:23 +0000] "GET /?sale/search/detail/?ITMCODE=s7c4r9a8p9e8p2e5n9ny HTTP/1.1" 200 29180 "-" "Mozilla/5.0 (Linux; Android 6.0.1; Nexus 5X Build/MMB29P) AppleWebKit/537.36 (KHTML, like Gecko) Chrome/150.0.7871.186 Mobile Safari/537.36 (compatible; Googlebot/2.1; +http://www.google.com/bot.html)"
20.15.133.191 - - [17/Aug/2026:15:02:25 +0000] "GET /?sale/search/detail/?ITMCODE=b6o1r5a0m3e8z17719 HTTP/2.0" 200 36003 "-" "Mozilla/5.0 AppleWebKit/537.36 (KHTML, like Gecko; compatible; bingbot/2.0; +http://www.bing.com/bingbot.htm) Chrome/116.0.1938.76 Safari/537.36"
20.15.133.191 - - [17/Aug/2026:15:02:29 +0000] "GET /?sale/search/detail/?ITMCODE=a0r1c1h8e8o6p0t6e0r1y1x HTTP/2.0" 200 30243 "-" "Mozilla/5.0 AppleWebKit/537.36 (KHTML, like Gecko; compatible; bingbot/2.0; +http://www.bing.com/bingbot.htm) Chrome/116.0.1938.76 Safari/537.36"
66.249.79.36 - - [17/Aug/2026:15:02:31 +0000] "GET /?sale/search/detail/?ITMCODE=p7e2l1l3u5c1i8d1135 HTTP/1.1" 200 30110 "-" "Mozilla/5.0 (Linux; Android 6.0.1; Nexus 5X Build/MMB29P) AppleWebKit/537.36 (KHTML, like Gecko) Chrome/150.0.7871.186 Mobile Safari/537.36 (compatible; Googlebot/2.1; +http://www.google.com/bot.html)"
20.15.133.191 - - [17/Aug/2026:15:02:32 +0000] "GET /?sale/search/detail/?ITMCODE=b0u2r6d4e2n8o3u3s002 HTTP/2.0" 200 30982 "-" "Mozilla/5.0 AppleWebKit/537.36 (KHTML, like Gecko; compatible; bingbot/2.0; +http://www.bing.com/bingbot.htm) Chrome/116.0.1938.76 Safari/537.36"
20.15.133.191 - - [17/Aug/2026:15:02:35 +0000] "GET /?sale/search/detail/?ITMCODE=s6t2e7r9c6o5r4a8r0i8u2s HTTP/2.0" 200 30038 "-" "Mozilla/5.0 AppleWebKit/537.36 (KHTML, like Gecko; compatible; bingbot/2.0; +http://www.bing.com/bingbot.htm) Chrome/116.0.1938.76 Safari/537.36"
20.15.133.191 - - [17/Aug/2026:15:02:38 +0000] "GET /?sale/search/detail/?ITMCODE=n7o8n7t7r6a9n8s9m8i9ssible HTTP/2.0" 200 33936 "-" "Mozilla/5.0 AppleWebKit/537.36 (KHTML, like Gecko; compatible; bingbot/2.0; +http://www.bing.com/bingbot.htm) Chrome/116.0.1938.76 Safari/537.36"
20.15.133.191 - - [17/Aug/2026:15:02:41 +0000] "GET /?sale/search/detail/?ITMCODE=o7o3e7c0i2a005930 HTTP/2.0" 200 29710 "-" "Mozilla/5.0 AppleWebKit/537.36 (KHTML, like Gecko; compatible; bingbot/2.0; +http://www.bing.com/bingbot.htm) Chrome/116.0.1938.76 Safari/537.36"
66.249.79.36 - - [17/Aug/2026:15:02:42 +0000] "GET /?sale/search/detail/?ITMCODE=g7a4l1l9o5f7t5h9e1e3a8rth HTTP/1.1" 200 31641 "-" "Mozilla/5.0 (Linux; Android 6.0.1; Nexus 5X Build/MMB29P) AppleWebKit/537.36 (KHTML, like Gecko) Chrome/150.0.7871.186 Mobile Safari/537.36 (compatible; Googlebot/2.1; +http://www.google.com/bot.html)"
20.15.133.191 - - [17/Aug/2026:15:02:44 +0000] "GET /?sale/search/detail/?ITMCODE=e7x3t3e6n0d6i6b1l0e02 HTTP/2.0" 200 29966 "-" "Mozilla/5.0 AppleWebKit/537.36 (KHTML, like Gecko; compatible; bingbot/2.0; +http://www.bing.com/bingbot.htm) Chrome/116.0.1938.76 Safari/537.36"
20.15.133.191 - - [17/Aug/2026:15:02:47 +0000] "GET /?sale/search/detail/?ITMCODE=p6a1r0c8e9l6e1d7413 HTTP/2.0" 200 31922 "-" "Mozilla/5.0 AppleWebKit/537.36 (KHTML, like Gecko; compatible; bingbot/2.0; +http://www.bing.com/bingbot.htm) Chrome/116.0.1938.76 Safari/537.36"
20.15.133.191 - - [17/Aug/2026:15:02:50 +0000] "GET /?sale/search/detail/?ITMCODE=b8e6a4u5f3o4r8t6s09 HTTP/2.0" 200 29632 "-" "Mozilla/5.0 AppleWebKit/537.36 (KHTML, like Gecko; compatible; bingbot/2.0; +http://www.bing.com/bingbot.htm) Chrome/116.0.1938.76 Safari/537.36"
20.15.133.191 - - [17/Aug/2026:15:02:53 +0000] "GET /?sale/search/detail/?ITMCODE=t1u4b8e1r6o6s6u6m99 HTTP/2.0" 200 34663 "-" "Mozilla/5.0 AppleWebKit/537.36 (KHTML, like Gecko; compatible; bingbot/2.0; +http://www.bing.com/bingbot.htm) Chrome/116.0.1938.76 Safari/537.36"
66.249.79.37 - - [17/Aug/2026:15:02:53 +0000] "GET /?sale/search/detail/?ITMCODE=h7a2n4d2l6e2b9a2r007 HTTP/1.1" 200 30187 "-" "Mozilla/5.0 (Linux; Android 6.0.1; Nexus 5X Build/MMB29P) AppleWebKit/537.36 (KHTML, like Gecko) Chrome/150.0.7871.186 Mobile Safari/537.36 (compatible; Googlebot/2.1; +http://www.google.com/bot.html)"
20.15.133.191 - - [17/Aug/2026:15:02:56 +0000] "GET /?sale/search/detail/?ITMCODE=a5c1c3u3s7t0o8m1183 HTTP/2.0" 200 29539 "-" "Mozilla/5.0 AppleWebKit/537.36 (KHTML, like Gecko; compatible; bingbot/2.0; +http://www.bing.com/bingbot.htm) Chrome/116.0.1938.76 Safari/537.36"
66.249.79.37 - - [17/Aug/2026:15:02:56 +0000] "GET /?sale/search/detail/?ITMCODE=s7u1b0p1o0e5n4a4e8d64 HTTP/1.1" 200 30168 "-" "Mozilla/5.0 (Linux; Android 6.0.1; Nexus 5X Build/MMB29P) AppleWebKit/537.36 (KHTML, like Gecko) Chrome/150.0.7871.186 Mobile Safari/537.36 (compatible; Googlebot/2.1; +http://www.google.com/bot.html)"
20.15.133.191 - - [17/Aug/2026:15:02:59 +0000] "GET /?sale/search/detail/?ITMCODE=a6r4a1c9h6n4o1i4d2e9a HTTP/2.0" 200 29891 "-" "Mozilla/5.0 AppleWebKit/537.36 (KHTML, like Gecko; compatible; bingbot/2.0; +http://www.bing.com/bingbot.htm) Chrome/116.0.1938.76 Safari/537.36"
20.15.133.191 - - [17/Aug/2026:15:03:02 +0000] "GET /?sale/search/detail/?ITMCODE=a5u3t9a6r4c6h3y2064 HTTP/2.0" 200 30784 "-" "Mozilla/5.0 AppleWebKit/537.36 (KHTML, like Gecko; compatible; bingbot/2.0; +http://www.bing.com/bingbot.htm) Chrome/116.0.1938.76 Safari/537.36"
94.207.75.175 - - [17/Aug/2026:15:03:04 +0000] "GET / HTTP/2.0" 200 56807 "-" "Mozilla/5.0 (Macintosh; Intel Mac OS X 10_15_7) AppleWebKit/537.36 (KHTML, like Gecko) Chrome/151.0.0.0 Safari/537.36"
94.207.75.175 - - [17/Aug/2026:15:03:05 +0000] "GET /wp-content/themes/astra/assets/css/minified/main.min.css?ver=4.12.7 HTTP/2.0" 200 8683 "https://reviverenovation.ae/" "Mozilla/5.0 (Macintosh; Intel Mac OS X 10_15_7) AppleWebKit/537.36 (KHTML, like Gecko) Chrome/151.0.0.0 Safari/537.36"
94.207.75.175 - - [17/Aug/2026:15:03:05 +0000] "GET /wp-content/cache/speedycache/reviverenovation.ae/assets/5003722985a75bf5-style.css HTTP/2.0" 200 621 "https://reviverenovation.ae/" "Mozilla/5.0 (Macintosh; Intel Mac OS X 10_15_7) AppleWebKit/537.36 (KHTML, like Gecko) Chrome/151.0.0.0 Safari/537.36"
94.207.75.175 - - [17/Aug/2026:15:03:05 +0000] "GET /wp-content/plugins/elementor/assets/css/widget-image.min.css?ver=4.0.2 HTTP/2.0" 200 135 "https://reviverenovation.ae/" "Mozilla/5.0 (Macintosh; Intel Mac OS X 10_15_7) AppleWebKit/537.36 (KHTML, like Gecko) Chrome/151.0.0.0 Safari/537.36"
94.207.75.175 - - [17/Aug/2026:15:03:05 +0000] "GET /wp-content/plugins/elementor/assets/css/widget-heading.min.css?ver=4.0.2 HTTP/2.0" 200 160 "https://reviverenovation.ae/" "Mozilla/5.0 (Macintosh; Intel Mac OS X 10_15_7) AppleWebKit/537.36 (KHTML, like Gecko) Chrome/151.0.0.0 Safari/537.36"
94.207.75.175 - - [17/Aug/2026:15:03:05 +0000] "GET /wp-content/plugins/elementor/assets/css/widget-icon-list.min.css?ver=4.0.2 HTTP/2.0" 200 1023 "https://reviverenovation.ae/" "Mozilla/5.0 (Macintosh; Intel Mac OS X 10_15_7) AppleWebKit/537.36 (KHTML, like Gecko) Chrome/151.0.0.0 Safari/537.36"
94.207.75.175 - - [17/Aug/2026:15:03:05 +0000] "GET /wp-content/cache/speedycache/reviverenovation.ae/assets/c8aca11ebb99ff97-astra-addon-69ddef01d16cf9-75818811.css HTTP/2.0" 200 5877 "https://reviverenovation.ae/" "Mozilla/5.0 (Macintosh; Intel Mac OS X 10_15_7) AppleWebKit/537.36 (KHTML, like Gecko) Chrome/151.0.0.0 Safari/537.36"
94.207.75.175 - - [17/Aug/2026:15:03:05 +0000] "GET /wp-content/plugins/elementor/assets/css/frontend.min.css?ver=4.0.2 HTTP/2.0" 200 7271 "https://reviverenovation.ae/" "Mozilla/5.0 (Macintosh; Intel Mac OS X 10_15_7) AppleWebKit/537.36 (KHTML, like Gecko) Chrome/151.0.0.0 Safari/537.36"
94.207.75.175 - - [17/Aug/2026:15:03:05 +0000] "GET /wp-content/plugins/elementor/assets/css/widget-social-icons.min.css?ver=4.0.2 HTTP/2.0" 200 1142 "https://reviverenovation.ae/" "Mozilla/5.0 (Macintosh; Intel Mac OS X 10_15_7) AppleWebKit/537.36 (KHTML, like Gecko) Chrome/151.0.0.0 Safari/537.36"
94.207.75.175 - - [17/Aug/2026:15:03:05 +0000] "GET /wp-content/cache/speedycache/reviverenovation.ae/assets/33ab4a92927038b4-post-5.css HTTP/2.0" 200 441 "https://reviverenovation.ae/" "Mozilla/5.0 (Macintosh; Intel Mac OS X 10_15_7) AppleWebKit/537.36 (KHTML, like Gecko) Chrome/151.0.0.0 Safari/537.36"
94.207.75.175 - - [17/Aug/2026:15:03:05 +0000] "GET /wp-content/plugins/elementor/assets/lib/swiper/v8/css/swiper.min.css?ver=8.4.5 HTTP/2.0" 200 4583 "https://reviverenovation.ae/" "Mozilla/5.0 (Macintosh; Intel Mac OS X 10_15_7) AppleWebKit/537.36 (KHTML, like Gecko) Chrome/151.0.0.0 Safari/537.36"
94.207.75.175 - - [17/Aug/2026:15:03:05 +0000] "GET /wp-content/plugins/elementor/assets/css/conditionals/apple-webkit.min.css?ver=4.0.2 HTTP/2.0" 200 547 "https://reviverenovation.ae/" "Mozilla/5.0 (Macintosh; Intel Mac OS X 10_15_7) AppleWebKit/537.36 (KHTML, like Gecko) Chrome/151.0.0.0 Safari/537.36"
94.207.75.175 - - [17/Aug/2026:15:03:05 +0000] "GET /wp-content/plugins/elementor/assets/lib/animations/styles/fadeInUp.min.css?ver=4.0.2 HTTP/2.0" 200 117 "https://reviverenovation.ae/" "Mozilla/5.0 (Macintosh; Intel Mac OS X 10_15_7) AppleWebKit/537.36 (KHTML, like Gecko) Chrome/151.0.0.0 Safari/537.36"
94.207.75.175 - - [17/Aug/2026:15:03:05 +0000] "GET /wp-content/plugins/elementor/assets/css/conditionals/e-swiper.min.css?ver=4.0.2 HTTP/2.0" 200 799 "https://reviverenovation.ae/" "Mozilla/5.0 (Macintosh; Intel Mac OS X 10_15_7) AppleWebKit/537.36 (KHTML, like Gecko) Chrome/151.0.0.0 Safari/537.36"
94.207.75.175 - - [17/Aug/2026:15:03:05 +0000] "GET /wp-content/plugins/pro-elements/assets/css/widget-price-list.min.css?ver=3.35.0 HTTP/2.0" 200 462 "https://reviverenovation.ae/" "Mozilla/5.0 (Macintosh; Intel Mac OS X 10_15_7) AppleWebKit/537.36 (KHTML, like Gecko) Chrome/151.0.0.0 Safari/537.36"
94.207.75.175 - - [17/Aug/2026:15:03:05 +0000] "GET /wp-content/plugins/pro-elements/assets/css/widget-call-to-action.min.css?ver=3.35.0 HTTP/2.0" 200 1338 "https://reviverenovation.ae/" "Mozilla/5.0 (Macintosh; Intel Mac OS X 10_15_7) AppleWebKit/537.36 (KHTML, like Gecko) Chrome/151.0.0.0 Safari/537.36"
94.207.75.175 - - [17/Aug/2026:15:03:05 +0000] "GET /wp-content/plugins/pro-elements/assets/css/widget-loop-common.min.css?ver=3.35.0 HTTP/2.0" 200 158 "https://reviverenovation.ae/" "Mozilla/5.0 (Macintosh; Intel Mac OS X 10_15_7) AppleWebKit/537.36 (KHTML, like Gecko) Chrome/151.0.0.0 Safari/537.36"
94.207.75.175 - - [17/Aug/2026:15:03:05 +0000] "GET /wp-content/plugins/pro-elements/assets/css/conditionals/transitions.min.css?ver=3.35.0 HTTP/2.0" 200 621 "https://reviverenovation.ae/" "Mozilla/5.0 (Macintosh; Intel Mac OS X 10_15_7) AppleWebKit/537.36 (KHTML, like Gecko) Chrome/151.0.0.0 Safari/537.36"
94.207.75.175 - - [17/Aug/2026:15:03:05 +0000] "GET /wp-content/plugins/elementor/assets/lib/animations/styles/fadeInRight.min.css?ver=4.0.2 HTTP/2.0" 200 120 "https://reviverenovation.ae/" "Mozilla/5.0 (Macintosh; Intel Mac OS X 10_15_7) AppleWebKit/537.36 (KHTML, like Gecko) Chrome/151.0.0.0 Safari/537.36"
94.207.75.175 - - [17/Aug/2026:15:03:05 +0000] "GET /wp-content/plugins/elementor/assets/css/widget-icon-box.min.css?ver=4.0.2 HTTP/2.0" 200 435 "https://reviverenovation.ae/" "Mozilla/5.0 (Macintosh; Intel Mac OS X 10_15_7) AppleWebKit/537.36 (KHTML, like Gecko) Chrome/151.0.0.0 Safari/537.36"
94.207.75.175 - - [17/Aug/2026:15:03:05 +0000] "GET /wp-content/plugins/elementor/assets/lib/animations/styles/slideInLeft.min.css?ver=4.0.2 HTTP/2.0" 200 123 "https://reviverenovation.ae/" "Mozilla/5.0 (Macintosh; Intel Mac OS X 10_15_7) AppleWebKit/537.36 (KHTML, like Gecko) Chrome/151.0.0.0 Safari/537.36"
94.207.75.175 - - [17/Aug/2026:15:03:05 +0000] "GET /wp-content/plugins/elementor/assets/css/widget-rating.min.css?ver=4.0.2 HTTP/2.0" 200 399 "https://reviverenovation.ae/" "Mozilla/5.0 (Macintosh; Intel Mac OS X 10_15_7) AppleWebKit/537.36 (KHTML, like Gecko) Chrome/151.0.0.0 Safari/537.36"
94.207.75.175 - - [17/Aug/2026:15:03:05 +0000] "GET /wp-content/plugins/pro-elements/assets/css/widget-loop-grid.min.css?ver=3.35.0 HTTP/2.0" 200 1290 "https://reviverenovation.ae/" "Mozilla/5.0 (Macintosh; Intel Mac OS X 10_15_7) AppleWebKit/537.36 (KHTML, like Gecko) Chrome/151.0.0.0 Safari/537.36"
94.207.75.175 - - [17/Aug/2026:15:03:05 +0000] "GET /wp-content/plugins/elementor/assets/css/widget-image-carousel.min.css?ver=4.0.2 HTTP/2.0" 200 183 "https://reviverenovation.ae/" "Mozilla/5.0 (Macintosh; Intel Mac OS X 10_15_7) AppleWebKit/537.36 (KHTML, like Gecko) Chrome/151.0.0.0 Safari/537.36"
94.207.75.175 - - [17/Aug/2026:15:03:05 +0000] "GET /wp-content/plugins/elementor/assets/lib/animations/styles/fadeInLeft.min.css?ver=4.0.2 HTTP/2.0" 200 120 "https://reviverenovation.ae/" "Mozilla/5.0 (Macintosh; Intel Mac OS X 10_15_7) AppleWebKit/537.36 (KHTML, like Gecko) Chrome/151.0.0.0 Safari/537.36"
94.207.75.175 - - [17/Aug/2026:15:03:05 +0000] "GET /wp-content/plugins/elementor/assets/css/widget-divider.min.css?ver=4.0.2 HTTP/2.0" 200 741 "https://reviverenovation.ae/" "Mozilla/5.0 (Macintosh; Intel Mac OS X 10_15_7) AppleWebKit/537.36 (KHTML, like Gecko) Chrome/151.0.0.0 Safari/537.36"
94.207.75.175 - - [17/Aug/2026:15:03:05 +0000] "GET /wp-content/cache/speedycache/reviverenovation.ae/assets/95077f496437d32b-wws.css HTTP/2.0" 200 691 "https://reviverenovation.ae/" "Mozilla/5.0 (Macintosh; Intel Mac OS X 10_15_7) AppleWebKit/537.36 (KHTML, like Gecko) Chrome/151.0.0.0 Safari/537.36"
94.207.75.175 - - [17/Aug/2026:15:03:05 +0000] "GET /wp-content/cache/speedycache/reviverenovation.ae/assets/fbe48911448154e2-post-480.css HTTP/2.0" 200 1984 "https://reviverenovation.ae/" "Mozilla/5.0 (Macintosh; Intel Mac OS X 10_15_7) AppleWebKit/537.36 (KHTML, like Gecko) Chrome/151.0.0.0 Safari/537.36"
94.207.75.175 - - [17/Aug/2026:15:03:05 +0000] "GET /wp-content/cache/speedycache/reviverenovation.ae/assets/b1725672c5852da8-wws-layout-4.css HTTP/2.0" 200 101 "https://reviverenovation.ae/" "Mozilla/5.0 (Macintosh; Intel Mac OS X 10_15_7) AppleWebKit/537.36 (KHTML, like Gecko) Chrome/151.0.0.0 Safari/537.36"
94.207.75.175 - - [17/Aug/2026:15:03:05 +0000] "GET /wp-content/cache/speedycache/reviverenovation.ae/assets/8cadd957ced5bb6b-post-18.css HTTP/2.0" 200 6208 "https://reviverenovation.ae/" "Mozilla/5.0 (Macintosh; Intel Mac OS X 10_15_7) AppleWebKit/537.36 (KHTML, like Gecko) Chrome/151.0.0.0 Safari/537.36"
66.249.79.36 - - [17/Aug/2026:15:03:04 +0000] "GET /?sale/search/detail/?ITMCODE=d7o3r6y7o0p0h3o5r5a30 HTTP/1.1" 200 29983 "-" "Mozilla/5.0 (Linux; Android 6.0.1; Nexus 5X Build/MMB29P) AppleWebKit/537.36 (KHTML, like Gecko) Chrome/150.0.7871.186 Mobile Safari/537.36 (compatible; Googlebot/2.1; +http://www.google.com/bot.html)"
94.207.75.175 - - [17/Aug/2026:15:03:06 +0000] "GET /wp-content/plugins/unlimited-elements-for-elementor/assets_libraries/font-awesome6/fontawesome-v4-shims.min.css HTTP/2.0" 200 4028 "https://reviverenovation.ae/" "Mozilla/5.0 (Macintosh; Intel Mac OS X 10_15_7) AppleWebKit/537.36 (KHTML, like Gecko) Chrome/151.0.0.0 Safari/537.36"
94.207.75.175 - - [17/Aug/2026:15:03:06 +0000] "GET /wp-content/plugins/unlimited-elements-for-elementor/assets_libraries/font-awesome6/fontawesome-all.min.css HTTP/2.0" 200 22761 "https://reviverenovation.ae/" "Mozilla/5.0 (Macintosh; Intel Mac OS X 10_15_7) AppleWebKit/537.36 (KHTML, like Gecko) Chrome/151.0.0.0 Safari/537.36"
94.207.75.175 - - [17/Aug/2026:15:03:06 +0000] "GET /wp-content/plugins/speedycache-pro/assets/images/image-palceholder.png HTTP/2.0" 200 145 "https://reviverenovation.ae/" "Mozilla/5.0 (Macintosh; Intel Mac OS X 10_15_7) AppleWebKit/537.36 (KHTML, like Gecko) Chrome/151.0.0.0 Safari/537.36"
94.207.75.175 - - [17/Aug/2026:15:03:06 +0000] "GET /wp-content/plugins/unlimited-elements-for-elementor/assets_libraries/lity/lity.min.css HTTP/2.0" 200 1016 "https://reviverenovation.ae/" "Mozilla/5.0 (Macintosh; Intel Mac OS X 10_15_7) AppleWebKit/537.36 (KHTML, like Gecko) Chrome/151.0.0.0 Safari/537.36"
94.207.75.175 - - [17/Aug/2026:15:03:06 +0000] "GET /wp-content/plugins/astra-addon/addons/nav-menu/assets/css/minified/magamenu-frontend.min.css?ver=4.12.5 HTTP/2.0" 200 - "https://reviverenovation.ae/" "Mozilla/5.0 (Macintosh; Intel Mac OS X 10_15_7) AppleWebKit/537.36 (KHTML, like Gecko) Chrome/151.0.0.0 Safari/537.36"
94.207.75.175 - - [17/Aug/2026:15:03:06 +0000] "GET /wp-includes/js/jquery/jquery.min.js?ver=3.7.1 HTTP/2.0" 200 30368 "https://reviverenovation.ae/" "Mozilla/5.0 (Macintosh; Intel Mac OS X 10_15_7) AppleWebKit/537.36 (KHTML, like Gecko) Chrome/151.0.0.0 Safari/537.36"
94.207.75.175 - - [17/Aug/2026:15:03:06 +0000] "GET /wp-includes/js/jquery/jquery-migrate.min.js?ver=3.4.1 HTTP/2.0" 200 4872 "https://reviverenovation.ae/" "Mozilla/5.0 (Macintosh; Intel Mac OS X 10_15_7) AppleWebKit/537.36 (KHTML, like Gecko) Chrome/151.0.0.0 Safari/537.36"
94.207.75.175 - - [17/Aug/2026:15:03:06 +0000] "GET /wp-content/themes/astra/assets/js/minified/frontend.min.js?ver=4.12.7 HTTP/2.0" 200 5952 "https://reviverenovation.ae/" "Mozilla/5.0 (Macintosh; Intel Mac OS X 10_15_7) AppleWebKit/537.36 (KHTML, like Gecko) Chrome/151.0.0.0 Safari/537.36"
94.207.75.175 - - [17/Aug/2026:15:03:06 +0000] "GET /wp-content/cache/speedycache/reviverenovation.ae/assets/57c950ff2ac8ff7e-animations.js HTTP/2.0" 200 1244 "https://reviverenovation.ae/" "Mozilla/5.0 (Macintosh; Intel Mac OS X 10_15_7) AppleWebKit/537.36 (KHTML, like Gecko) Chrome/151.0.0.0 Safari/537.36"
94.207.75.175 - - [17/Aug/2026:15:03:06 +0000] "GET /wp-content/cache/speedycache/reviverenovation.ae/assets/7278ec8f1975e6ee-smooth-scroll.js HTTP/2.0" 200 738 "https://reviverenovation.ae/" "Mozilla/5.0 (Macintosh; Intel Mac OS X 10_15_7) AppleWebKit/537.36 (KHTML, like Gecko) Chrome/151.0.0.0 Safari/537.36"
94.207.75.175 - - [17/Aug/2026:15:03:06 +0000] "GET /wp-content/uploads/2026/03/Logo-new-07-scaled-768x174.png HTTP/2.0" 200 19916 "https://reviverenovation.ae/" "Mozilla/5.0 (Macintosh; Intel Mac OS X 10_15_7) AppleWebKit/537.36 (KHTML, like Gecko) Chrome/151.0.0.0 Safari/537.36"
94.207.75.175 - - [17/Aug/2026:15:03:06 +0000] "GET /wp-content/plugins/unlimited-elements-for-elementor/assets_libraries/font-awesome6/fa-solid-900.woff2 HTTP/2.0" 200 156539 "https://reviverenovation.ae/wp-content/plugins/unlimited-elements-for-elementor/assets_libraries/font-awesome6/fontawesome-all.min.css" "Mozilla/5.0 (Macintosh; Intel Mac OS X 10_15_7) AppleWebKit/537.36 (KHTML, like Gecko) Chrome/151.0.0.0 Safari/537.36"
94.207.75.175 - - [17/Aug/2026:15:03:06 +0000] "GET /wp-content/plugins/elementor/assets/js/webpack.runtime.min.js?ver=4.0.2 HTTP/2.0" 200 2496 "https://reviverenovation.ae/" "Mozilla/5.0 (Macintosh; Intel Mac OS X 10_15_7) AppleWebKit/537.36 (KHTML, like Gecko) Chrome/151.0.0.0 Safari/537.36"
94.207.75.175 - - [17/Aug/2026:15:03:06 +0000] "GET /wp-includes/js/jquery/ui/core.min.js?ver=1.13.3 HTTP/2.0" 200 7106 "https://reviverenovation.ae/" "Mozilla/5.0 (Macintosh; Intel Mac OS X 10_15_7) AppleWebKit/537.36 (KHTML, like Gecko) Chrome/151.0.0.0 Safari/537.36"
94.207.75.175 - - [17/Aug/2026:15:03:06 +0000] "GET /wp-content/plugins/astra-addon/assets/js/minified/purify.min.js?ver=4.12.5 HTTP/2.0" 200 8744 "https://reviverenovation.ae/" "Mozilla/5.0 (Macintosh; Intel Mac OS X 10_15_7) AppleWebKit/537.36 (KHTML, like Gecko) Chrome/151.0.0.0 Safari/537.36"
94.207.75.175 - - [17/Aug/2026:15:03:06 +0000] "GET /wp-content/plugins/elementor/assets/js/frontend.min.js?ver=4.0.2 HTTP/2.0" 200 10339 "https://reviverenovation.ae/" "Mozilla/5.0 (Macintosh; Intel Mac OS X 10_15_7) AppleWebKit/537.36 (KHTML, like Gecko) Chrome/151.0.0.0 Safari/537.36"
94.207.75.175 - - [17/Aug/2026:15:03:06 +0000] "GET /wp-content/cache/speedycache/reviverenovation.ae/assets/b90a6b6986dcecf7-astra-addon-69ddef01d1ba53-08965612.js HTTP/2.0" 200 9109 "https://reviverenovation.ae/" "Mozilla/5.0 (Macintosh; Intel Mac OS X 10_15_7) AppleWebKit/537.36 (KHTML, like Gecko) Chrome/151.0.0.0 Safari/537.36"
94.207.75.175 - - [17/Aug/2026:15:03:06 +0000] "GET /wp-content/plugins/elementor/assets/js/frontend-modules.min.js?ver=4.0.2 HTTP/2.0" 200 15970 "https://reviverenovation.ae/" "Mozilla/5.0 (Macintosh; Intel Mac OS X 10_15_7) AppleWebKit/537.36 (KHTML, like Gecko) Chrome/151.0.0.0 Safari/537.36"
94.207.75.175 - - [17/Aug/2026:15:03:06 +0000] "GET /wp-includes/js/imagesloaded.min.js?ver=5.0.0 HTTP/2.0" 200 1803 "https://reviverenovation.ae/" "Mozilla/5.0 (Macintosh; Intel Mac OS X 10_15_7) AppleWebKit/537.36 (KHTML, like Gecko) Chrome/151.0.0.0 Safari/537.36"
94.207.75.175 - - [17/Aug/2026:15:03:06 +0000] "GET /wp-content/plugins/wordpress-whatsapp-support/assets/libraries/inputmask/jquery.inputmask.min.js?ver=5.0.6 HTTP/2.0" 200 27792 "https://reviverenovation.ae/" "Mozilla/5.0 (Macintosh; Intel Mac OS X 10_15_7) AppleWebKit/537.36 (KHTML, like Gecko) Chrome/151.0.0.0 Safari/537.36"
94.207.75.175 - - [17/Aug/2026:15:03:06 +0000] "GET /wp-content/plugins/elementor/assets/lib/swiper/v8/swiper.min.js?ver=8.4.5 HTTP/2.0" 200 39695 "https://reviverenovation.ae/" "Mozilla/5.0 (Macintosh; Intel Mac OS X 10_15_7) AppleWebKit/537.36 (KHTML, like Gecko) Chrome/151.0.0.0 Safari/537.36"
20.15.133.191 - - [17/Aug/2026:15:03:05 +0000] "GET /?sale/search/detail/?ITMCODE=d7i1a5h5e7l2i5o7t4r7o0pism HTTP/2.0" 200 32370 "-" "Mozilla/5.0 AppleWebKit/537.36 (KHTML, like Gecko; compatible; bingbot/2.0; +http://www.bing.com/bingbot.htm) Chrome/116.0.1938.76 Safari/537.36"
94.207.75.175 - - [17/Aug/2026:15:03:06 +0000] "GET /wp-content/cache/speedycache/reviverenovation.ae/assets/3e3350c88b93ffda-wws.js HTTP/2.0" 200 2350 "https://reviverenovation.ae/" "Mozilla/5.0 (Macintosh; Intel Mac OS X 10_15_7) AppleWebKit/537.36 (KHTML, like Gecko) Chrome/151.0.0.0 Safari/537.36"
94.207.75.175 - - [17/Aug/2026:15:03:06 +0000] "GET /wp-content/uploads/ac_assets/uc-splitting-text/splitting.min.js?ver=2.0.7 HTTP/2.0" 200 1683 "https://reviverenovation.ae/" "Mozilla/5.0 (Macintosh; Intel Mac OS X 10_15_7) AppleWebKit/537.36 (KHTML, like Gecko) Chrome/151.0.0.0 Safari/537.36"
94.207.75.175 - - [17/Aug/2026:15:03:06 +0000] "GET /wp-content/plugins/unlimited-elements-for-elementor/assets_libraries/lity/lity.min.js?ver=2.0.7 HTTP/2.0" 200 2932 "https://reviverenovation.ae/" "Mozilla/5.0 (Macintosh; Intel Mac OS X 10_15_7) AppleWebKit/537.36 (KHTML, like Gecko) Chrome/151.0.0.0 Safari/537.36"
94.207.75.175 - - [17/Aug/2026:15:03:06 +0000] "GET /wp-content/plugins/pro-elements/assets/js/webpack-pro.runtime.min.js?ver=3.35.0 HTTP/2.0" 200 2857 "https://reviverenovation.ae/" "Mozilla/5.0 (Macintosh; Intel Mac OS X 10_15_7) AppleWebKit/537.36 (KHTML, like Gecko) Chrome/151.0.0.0 Safari/537.36"
94.207.75.175 - - [17/Aug/2026:15:03:06 +0000] "GET /wp-includes/js/dist/hooks.min.js?ver=7496969728ca0f95732d HTTP/2.0" 200 1829 "https://reviverenovation.ae/" "Mozilla/5.0 (Macintosh; Intel Mac OS X 10_15_7) AppleWebKit/537.36 (KHTML, like Gecko) Chrome/151.0.0.0 Safari/537.36"
94.207.75.175 - - [17/Aug/2026:15:03:06 +0000] "GET /wp-includes/js/dist/i18n.min.js?ver=781d11515ad3d91786ec HTTP/2.0" 200 2465 "https://reviverenovation.ae/" "Mozilla/5.0 (Macintosh; Intel Mac OS X 10_15_7) AppleWebKit/537.36 (KHTML, like Gecko) Chrome/151.0.0.0 Safari/537.36"
94.207.75.175 - - [17/Aug/2026:15:03:06 +0000] "GET /wp-content/plugins/pro-elements/assets/js/frontend.min.js?ver=3.35.0 HTTP/2.0" 200 6435 "https://reviverenovation.ae/" "Mozilla/5.0 (Macintosh; Intel Mac OS X 10_15_7) AppleWebKit/537.36 (KHTML, like Gecko) Chrome/151.0.0.0 Safari/537.36"
94.207.75.175 - - [17/Aug/2026:15:03:06 +0000] "GET /wp-content/plugins/pro-elements/assets/js/elements-handlers.min.js?ver=3.35.0 HTTP/2.0" 200 10563 "https://reviverenovation.ae/" "Mozilla/5.0 (Macintosh; Intel Mac OS X 10_15_7) AppleWebKit/537.36 (KHTML, like Gecko) Chrome/151.0.0.0 Safari/537.36"
94.207.75.175 - - [17/Aug/2026:15:03:06 +0000] "GET /wp-content/uploads/2026/03/path-douiri.org-6.svg HTTP/2.0" 200 222 "https://reviverenovation.ae/" "Mozilla/5.0 (Macintosh; Intel Mac OS X 10_15_7) AppleWebKit/537.36 (KHTML, like Gecko) Chrome/151.0.0.0 Safari/537.36"
94.207.75.175 - - [17/Aug/2026:15:03:06 +0000] "GET /wp-content/uploads/2026/03/path-douiri.org-10.svg HTTP/2.0" 200 198 "https://reviverenovation.ae/wp-content/cache/speedycache/reviverenovation.ae/assets/8cadd957ced5bb6b-post-18.css" "Mozilla/5.0 (Macintosh; Intel Mac OS X 10_15_7) AppleWebKit/537.36 (KHTML, like Gecko) Chrome/151.0.0.0 Safari/537.36"
94.207.75.175 - - [17/Aug/2026:15:03:06 +0000] "GET /wp-content/uploads/2026/03/51d20d_5c5f31fbb02f48159455b983d6dd53a0mv2.jpg HTTP/2.0" 200 48680 "https://reviverenovation.ae/wp-content/cache/speedycache/reviverenovation.ae/assets/8cadd957ced5bb6b-post-18.css" "Mozilla/5.0 (Macintosh; Intel Mac OS X 10_15_7) AppleWebKit/537.36 (KHTML, like Gecko) Chrome/151.0.0.0 Safari/537.36"
94.207.75.175 - - [17/Aug/2026:15:03:06 +0000] "GET /wp-content/uploads/2026/03/Mansory-Bold.ttf HTTP/2.0" 200 35928 "https://reviverenovation.ae/wp-content/cache/speedycache/reviverenovation.ae/assets/8cadd957ced5bb6b-post-18.css" "Mozilla/5.0 (Macintosh; Intel Mac OS X 10_15_7) AppleWebKit/537.36 (KHTML, like Gecko) Chrome/151.0.0.0 Safari/537.36"
94.207.75.175 - - [17/Aug/2026:15:03:06 +0000] "GET /wp-content/uploads/2026/03/Mansory-Medium.ttf HTTP/2.0" 200 33899 "https://reviverenovation.ae/wp-content/cache/speedycache/reviverenovation.ae/assets/8cadd957ced5bb6b-post-18.css" "Mozilla/5.0 (Macintosh; Intel Mac OS X 10_15_7) AppleWebKit/537.36 (KHTML, like Gecko) Chrome/151.0.0.0 Safari/537.36"
94.207.75.175 - - [17/Aug/2026:15:03:06 +0000] "GET /wp-content/uploads/2026/03/matt-briney-DBzq28q5Y2A-unsplash.webp HTTP/2.0" 200 190503 "https://reviverenovation.ae/wp-content/cache/speedycache/reviverenovation.ae/assets/fbe48911448154e2-post-480.css" "Mozilla/5.0 (Macintosh; Intel Mac OS X 10_15_7) AppleWebKit/537.36 (KHTML, like Gecko) Chrome/151.0.0.0 Safari/537.36"
94.207.75.175 - - [17/Aug/2026:15:03:07 +0000] "GET /wp-content/plugins/elementor/assets/js/text-editor.45609661e409413f1cef.bundle.min.js HTTP/2.0" 200 648 "https://reviverenovation.ae/" "Mozilla/5.0 (Macintosh; Intel Mac OS X 10_15_7) AppleWebKit/537.36 (KHTML, like Gecko) Chrome/151.0.0.0 Safari/537.36"
94.207.75.175 - - [17/Aug/2026:15:03:07 +0000] "GET /wp-content/plugins/elementor/assets/js/image-carousel.6167d20b95b33386757b.bundle.min.js HTTP/2.0" 200 272 "https://reviverenovation.ae/" "Mozilla/5.0 (Macintosh; Intel Mac OS X 10_15_7) AppleWebKit/537.36 (KHTML, like Gecko) Chrome/151.0.0.0 Safari/537.36"
94.207.75.175 - - [17/Aug/2026:15:03:07 +0000] "GET /wp-content/plugins/elementor/assets/js/shared-frontend-handlers.03caa53373b56d3bab67.bundle.min.js HTTP/2.0" 200 2644 "https://reviverenovation.ae/" "Mozilla/5.0 (Macintosh; Intel Mac OS X 10_15_7) AppleWebKit/537.36 (KHTML, like Gecko) Chrome/151.0.0.0 Safari/537.36"
94.207.75.175 - - [17/Aug/2026:15:03:07 +0000] "GET /wp-content/plugins/pro-elements/assets/js/load-more.8b46f464e573feab5dd7.bundle.min.js HTTP/2.0" 200 1590 "https://reviverenovation.ae/" "Mozilla/5.0 (Macintosh; Intel Mac OS X 10_15_7) AppleWebKit/537.36 (KHTML, like Gecko) Chrome/151.0.0.0 Safari/537.36"
94.207.75.175 - - [17/Aug/2026:15:03:07 +0000] "GET /wp-content/plugins/pro-elements/assets/js/loop.89cc81d2188312a17a17.bundle.min.js HTTP/2.0" 200 3220 "https://reviverenovation.ae/" "Mozilla/5.0 (Macintosh; Intel Mac OS X 10_15_7) AppleWebKit/537.36 (KHTML, like Gecko) Chrome/151.0.0.0 Safari/537.36"
94.207.75.175 - - [17/Aug/2026:15:03:07 +0000] "GET /wp-content/plugins/pro-elements/assets/js/ajax-pagination.2090b5f4906bcda1dcc2.bundle.min.js HTTP/2.0" 200 1197 "https://reviverenovation.ae/" "Mozilla/5.0 (Macintosh; Intel Mac OS X 10_15_7) AppleWebKit/537.36 (KHTML, like Gecko) Chrome/151.0.0.0 Safari/537.36"
94.207.75.175 - - [17/Aug/2026:15:03:07 +0000] "GET /wp-includes/js/wp-emoji-release.min.js?ver=7.0.4 HTTP/2.0" 200 5386 "https://reviverenovation.ae/" "Mozilla/5.0 (Macintosh; Intel Mac OS X 10_15_7) AppleWebKit/537.36 (KHTML, like Gecko) Chrome/151.0.0.0 Safari/537.36"
94.207.75.175 - - [17/Aug/2026:15:03:07 +0000] "GET /wp-content/uploads/2026/03/258-Al-Murooj-new-HD-1-25.jpg HTTP/2.0" 200 1625223 "https://reviverenovation.ae/" "Mozilla/5.0 (Macintosh; Intel Mac OS X 10_15_7) AppleWebKit/537.36 (KHTML, like Gecko) Chrome/151.0.0.0 Safari/537.36"
94.207.75.175 - - [17/Aug/2026:15:03:07 +0000] "GET /wp-content/uploads/2026/03/slide-image.jpg HTTP/2.0" 200 462480 "https://reviverenovation.ae/" "Mozilla/5.0 (Macintosh; Intel Mac OS X 10_15_7) AppleWebKit/537.36 (KHTML, like Gecko) Chrome/151.0.0.0 Safari/537.36"
94.207.75.175 - - [17/Aug/2026:15:03:07 +0000] "GET /wp-content/uploads/2026/03/flavicon-150x150.png HTTP/2.0" 200 4922 "https://reviverenovation.ae/" "Mozilla/5.0 (Macintosh; Intel Mac OS X 10_15_7) AppleWebKit/537.36 (KHTML, like Gecko) Chrome/151.0.0.0 Safari/537.36"
66.249.79.32 - - [17/Aug/2026:15:03:07 +0000] "GET /?sale/search/detail/?ITMCODE=a7r9c9h7i2l2o2c1h2i6an HTTP/1.1" 200 30187 "-" "Mozilla/5.0 (Linux; Android 6.0.1; Nexus 5X Build/MMB29P) AppleWebKit/537.36 (KHTML, like Gecko) Chrome/150.0.7871.186 Mobile Safari/537.36 (compatible; Googlebot/2.1; +http://www.google.com/bot.html)"
20.15.133.191 - - [17/Aug/2026:15:03:08 +0000] "GET /?sale/search/detail/?ITMCODE=o7c3t7o1b5e2r65259 HTTP/2.0" 200 29473 "-" "Mozilla/5.0 AppleWebKit/537.36 (KHTML, like Gecko; compatible; bingbot/2.0; +http://www.bing.com/bingbot.htm) Chrome/116.0.1938.76 Safari/537.36"
185.191.171.13 - - [17/Aug/2026:15:03:12 +0000] "GET /robots.txt HTTP/1.1" 200 99 "-" "Mozilla/5.0 (compatible; SemrushBot/7~bl; +http://www.semrush.com/bot.html)"
20.15.133.191 - - [17/Aug/2026:15:03:11 +0000] "GET /?sale/search/detail/?ITMCODE=h7o1o3f2l3i6k5e0150 HTTP/2.0" 200 30115 "-" "Mozilla/5.0 AppleWebKit/537.36 (KHTML, like Gecko; compatible; bingbot/2.0; +http://www.bing.com/bingbot.htm) Chrome/116.0.1938.76 Safari/537.36"
40.80.82.167 - - [17/Aug/2026:15:03:12 +0000] "GET /wp-content/plugins/hellopress/wp_filemanager.php HTTP/1.1" 404 5750 "-" "-"
40.80.82.167 - - [17/Aug/2026:15:03:13 +0000] "GET /this_is_a_new_hello_world.php HTTP/1.1" 404 5750 "-" "-"
40.80.82.167 - - [17/Aug/2026:15:03:13 +0000] "GET /aa.php HTTP/1.1" 404 5750 "-" "-"
40.80.82.167 - - [17/Aug/2026:15:03:13 +0000] "GET /av.php HTTP/1.1" 404 5750 "-" "-"
40.80.82.167 - - [17/Aug/2026:15:03:13 +0000] "GET /media.php HTTP/1.1" 404 5750 "-" "-"
40.80.82.167 - - [17/Aug/2026:15:03:14 +0000] "GET /images.php HTTP/1.1" 404 5750 "-" "-"
40.80.82.167 - - [17/Aug/2026:15:03:14 +0000] "GET /admin.php HTTP/1.1" 404 5750 "-" "-"
185.191.171.11 - - [17/Aug/2026:15:03:14 +0000] "GET /2026/06/26/mindset-shift-good-enough-built-to-last-dubai-home-renovation/ HTTP/1.1" 200 46416 "-" "Mozilla/5.0 (compatible; SemrushBot/7~bl; +http://www.semrush.com/bot.html)"
40.80.82.167 - - [17/Aug/2026:15:03:14 +0000] "GET /222.php HTTP/1.1" 404 5750 "-" "-"
40.80.82.167 - - [17/Aug/2026:15:03:14 +0000] "GET /mac.php HTTP/1.1" 404 5750 "-" "-"
40.80.82.167 - - [17/Aug/2026:15:03:15 +0000] "GET /ops.php HTTP/1.1" 404 5750 "-" "-"
40.80.82.167 - - [17/Aug/2026:15:03:15 +0000] "GET /8.php HTTP/1.1" 404 5750 "-" "-"
40.80.82.167 - - [17/Aug/2026:15:03:15 +0000] "GET /biufile.php HTTP/1.1" 404 5750 "-" "-"
40.80.82.167 - - [17/Aug/2026:15:03:15 +0000] "GET /coffexium.php HTTP/1.1" 404 5750 "-" "-"
40.80.82.167 - - [17/Aug/2026:15:03:15 +0000] "GET /1.php HTTP/1.1" 404 5750 "-" "-"
40.80.82.167 - - [17/Aug/2026:15:03:16 +0000] "GET /coffee.php HTTP/1.1" 404 5750 "-" "-"
20.15.133.174 - - [17/Aug/2026:15:03:14 +0000] "GET /?sale/search/detail/?ITMCODE=h7o1m9e8f7i9e7l9d915 HTTP/2.0" 200 29669 "-" "Mozilla/5.0 AppleWebKit/537.36 (KHTML, like Gecko; compatible; bingbot/2.0; +http://www.bing.com/bingbot.htm) Chrome/116.0.1938.76 Safari/537.36"
40.80.82.167 - - [17/Aug/2026:15:03:16 +0000] "GET /classwithtostring.php?p= HTTP/1.1" 404 5750 "-" "-"
40.80.82.167 - - [17/Aug/2026:15:03:16 +0000] "GET /wp-ws68.php?p= HTTP/1.1" 404 5750 "-" "-"
40.80.82.167 - - [17/Aug/2026:15:03:16 +0000] "GET /yj09.php HTTP/1.1" 404 5750 "-" "-"
40.80.82.167 - - [17/Aug/2026:15:03:17 +0000] "GET /scxy.php HTTP/1.1" 404 5750 "-" "-"
40.80.82.167 - - [17/Aug/2026:15:03:17 +0000] "GET /3PJcpMFsD8B.php HTTP/1.1" 404 5750 "-" "-"
40.80.82.167 - - [17/Aug/2026:15:03:17 +0000] "GET /BDKR28WP.php HTTP/1.1" 404 5750 "-" "-"
40.80.82.167 - - [17/Aug/2026:15:03:17 +0000] "GET /4PJcpMFsD8B.php HTTP/1.1" 404 5750 "-" "-"
40.80.82.167 - - [17/Aug/2026:15:03:18 +0000] "GET /1xmomo.php HTTP/1.1" 404 5750 "-" "-"
40.80.82.167 - - [17/Aug/2026:15:03:18 +0000] "GET /blurbs.php HTTP/1.1" 404 5750 "-" "-"
40.80.82.167 - - [17/Aug/2026:15:03:18 +0000] "GET /bajah.php HTTP/1.1" 404 5750 "-" "-"
