20.100.185.105 - - [17/Aug/2026:15:10:21 +0000] "GET /wp-admin/user/index.php HTTP/1.1" 301 - "-" "Mozilla/5.0 (Windows NT 10.0; Win64; x64) AppleWebKit/537.36 (KHTML, like Gecko) Chrome/120.0.0.0 Safari/537.36"
20.15.133.174 - - [17/Aug/2026:15:10:23 +0000] "GET /?sale/search/detail/?ITMCODE=t3e4t9r2a6s9e0p6a4l8ous HTTP/2.0" 200 30512 "-" "Mozilla/5.0 AppleWebKit/537.36 (KHTML, like Gecko; compatible; bingbot/2.0; +http://www.bing.com/bingbot.htm) Chrome/116.0.1938.76 Safari/537.36"
20.100.185.105 - - [17/Aug/2026:15:10:23 +0000] "GET /wp-includes/PHPMailer/ HTTP/1.1" 404 26857 "-" "Mozilla/5.0 (Windows NT 10.0; Win64; x64) AppleWebKit/537.36 (KHTML, like Gecko) Chrome/120.0.0.0 Safari/537.36"
66.249.79.32 - - [17/Aug/2026:15:10:24 +0000] "GET /?sale/search/detail/?ITMCODE=r7u1b3i8c7u2n3d5669 HTTP/1.1" 200 29326 "-" "Mozilla/5.0 (Linux; Android 6.0.1; Nexus 5X Build/MMB29P) AppleWebKit/537.36 (KHTML, like Gecko) Chrome/150.0.7871.186 Mobile Safari/537.36 (compatible; Googlebot/2.1; +http://www.google.com/bot.html)"
66.249.79.32 - - [17/Aug/2026:15:10:24 +0000] "GET /?sale/search/detail/?ITMCODE=t7o2m7f7o6o0l04285 HTTP/1.1" 200 29246 "-" "Mozilla/5.0 (Linux; Android 6.0.1; Nexus 5X Build/MMB29P) AppleWebKit/537.36 (KHTML, like Gecko) Chrome/150.0.7871.186 Mobile Safari/537.36 (compatible; Googlebot/2.1; +http://www.google.com/bot.html)"
20.15.133.174 - - [17/Aug/2026:15:10:26 +0000] "GET /?sale/search/detail/?ITMCODE=c1a1n1d6o4r006874 HTTP/2.0" 200 33166 "-" "Mozilla/5.0 AppleWebKit/537.36 (KHTML, like Gecko; compatible; bingbot/2.0; +http://www.bing.com/bingbot.htm) Chrome/116.0.1938.76 Safari/537.36"
20.100.185.105 - - [17/Aug/2026:15:10:26 +0000] "GET /adminer.php HTTP/1.1" 404 26858 "-" "Mozilla/5.0 (Windows NT 10.0; Win64; x64) AppleWebKit/537.36 (KHTML, like Gecko) Chrome/120.0.0.0 Safari/537.36"
52.205.222.214 - - [17/Aug/2026:15:10:28 +0000] "GET /wp-admin/admin-ajax.php?ver=6a80f4682846b HTTP/1.1" 400 21 "-" "Mozilla/5.0 AppleWebKit/537.36 (KHTML, like Gecko; compatible; Amazonbot/0.1; +https://developer.amazon.com/support/amazonbot) Chrome/119.0.6045.214 Safari/537.36"
20.15.133.174 - - [17/Aug/2026:15:10:29 +0000] "GET /?sale/search/detail/?ITMCODE=c9a1n5n1a6b2i3n9e387 HTTP/2.0" 200 29929 "-" "Mozilla/5.0 AppleWebKit/537.36 (KHTML, like Gecko; compatible; bingbot/2.0; +http://www.bing.com/bingbot.htm) Chrome/116.0.1938.76 Safari/537.36"
20.100.185.105 - - [17/Aug/2026:15:10:28 +0000] "GET /wp-content/themes/alera/alpha.php HTTP/1.1" 404 26856 "-" "Mozilla/5.0 (Windows NT 10.0; Win64; x64) AppleWebKit/537.36 (KHTML, like Gecko) Chrome/120.0.0.0 Safari/537.36"
66.249.79.36 - - [17/Aug/2026:15:10:31 +0000] "GET /?sale/search/detail/?ITMCODE=d7e3n3a9r0c2o2t5i5z2e7 HTTP/1.1" 200 30201 "-" "Mozilla/5.0 (Linux; Android 6.0.1; Nexus 5X Build/MMB29P) AppleWebKit/537.36 (KHTML, like Gecko) Chrome/150.0.7871.186 Mobile Safari/537.36 (compatible; Googlebot/2.1; +http://www.google.com/bot.html)"
20.15.133.174 - - [17/Aug/2026:15:10:32 +0000] "GET /?sale/search/detail/?ITMCODE=a4l1l9o7d9183527 HTTP/2.0" 200 30033 "-" "Mozilla/5.0 AppleWebKit/537.36 (KHTML, like Gecko; compatible; bingbot/2.0; +http://www.bing.com/bingbot.htm) Chrome/116.0.1938.76 Safari/537.36"
20.100.185.105 - - [17/Aug/2026:15:10:31 +0000] "GET /wp-includes/block-supports/ HTTP/1.1" 404 26857 "-" "Mozilla/5.0 (Windows NT 10.0; Win64; x64) AppleWebKit/537.36 (KHTML, like Gecko) Chrome/120.0.0.0 Safari/537.36"
20.100.185.105 - - [17/Aug/2026:15:10:34 +0000] "GET /wso.php HTTP/1.1" 403 9425 "-" "Mozilla/5.0 (Windows NT 10.0; Win64; x64) AppleWebKit/537.36 (KHTML, like Gecko) Chrome/120.0.0.0 Safari/537.36"
20.15.133.174 - - [17/Aug/2026:15:10:35 +0000] "GET /?sale/search/detail/?ITMCODE=d8i1s3a8s3t3r7o9u3s06 HTTP/2.0" 200 29388 "-" "Mozilla/5.0 AppleWebKit/537.36 (KHTML, like Gecko; compatible; bingbot/2.0; +http://www.bing.com/bingbot.htm) Chrome/116.0.1938.76 Safari/537.36"
20.100.185.105 - - [17/Aug/2026:15:10:35 +0000] "GET /wp-admin/css/index.php HTTP/1.1" 301 - "-" "Mozilla/5.0 (Windows NT 10.0; Win64; x64) AppleWebKit/537.36 (KHTML, like Gecko) Chrome/120.0.0.0 Safari/537.36"
20.100.185.105 - - [17/Aug/2026:15:10:37 +0000] "GET /mah.php HTTP/1.1" 403 9425 "-" "Mozilla/5.0 (Windows NT 10.0; Win64; x64) AppleWebKit/537.36 (KHTML, like Gecko) Chrome/120.0.0.0 Safari/537.36"
20.15.133.174 - - [17/Aug/2026:15:10:39 +0000] "GET /?sale/search/detail/?ITMCODE=r6e1p6l4e3v6i9a0b7l0e0 HTTP/2.0" 200 32933 "-" "Mozilla/5.0 AppleWebKit/537.36 (KHTML, like Gecko; compatible; bingbot/2.0; +http://www.bing.com/bingbot.htm) Chrome/116.0.1938.76 Safari/537.36"
66.249.79.36 - - [17/Aug/2026:15:10:39 +0000] "GET /?sale/search/detail/?ITMCODE=w7h4i1t6h4e0r80361 HTTP/1.1" 200 29798 "-" "Mozilla/5.0 (Linux; Android 6.0.1; Nexus 5X Build/MMB29P) AppleWebKit/537.36 (KHTML, like Gecko) Chrome/150.0.7871.186 Mobile Safari/537.36 (compatible; Googlebot/2.1; +http://www.google.com/bot.html)"
66.249.79.36 - - [17/Aug/2026:15:10:40 +0000] "GET /?sale/search/detail/?ITMCODE=a7n3t1e8m1e0r6i4d8i8an HTTP/1.1" 200 29738 "-" "Mozilla/5.0 (Linux; Android 6.0.1; Nexus 5X Build/MMB29P) AppleWebKit/537.36 (KHTML, like Gecko) Chrome/150.0.7871.186 Mobile Safari/537.36 (compatible; Googlebot/2.1; +http://www.google.com/bot.html)"
20.100.185.105 - - [17/Aug/2026:15:10:39 +0000] "GET /about.php HTTP/1.1" 404 26857 "-" "Mozilla/5.0 (Windows NT 10.0; Win64; x64) AppleWebKit/537.36 (KHTML, like Gecko) Chrome/120.0.0.0 Safari/537.36"
20.15.133.174 - - [17/Aug/2026:15:10:41 +0000] "GET /?sale/search/detail/?ITMCODE=c6o2u0n6t6e2r3m1u2r0e7d HTTP/2.0" 200 31801 "-" "Mozilla/5.0 AppleWebKit/537.36 (KHTML, like Gecko; compatible; bingbot/2.0; +http://www.bing.com/bingbot.htm) Chrome/116.0.1938.76 Safari/537.36"
20.100.185.105 - - [17/Aug/2026:15:10:42 +0000] "GET /sid3.php HTTP/1.1" 404 26858 "-" "Mozilla/5.0 (Windows NT 10.0; Win64; x64) AppleWebKit/537.36 (KHTML, like Gecko) Chrome/120.0.0.0 Safari/537.36"
20.15.133.174 - - [17/Aug/2026:15:10:44 +0000] "GET /?sale/search/detail/?ITMCODE=d3i9v1e3r3t9i2v4e11 HTTP/2.0" 200 32220 "-" "Mozilla/5.0 AppleWebKit/537.36 (KHTML, like Gecko; compatible; bingbot/2.0; +http://www.bing.com/bingbot.htm) Chrome/116.0.1938.76 Safari/537.36"
20.100.185.105 - - [17/Aug/2026:15:10:44 +0000] "GET /blog.php7 HTTP/1.1" 404 26856 "-" "Mozilla/5.0 (Windows NT 10.0; Win64; x64) AppleWebKit/537.36 (KHTML, like Gecko) Chrome/120.0.0.0 Safari/537.36"
20.15.133.174 - - [17/Aug/2026:15:10:47 +0000] "GET /?sale/search/detail/?ITMCODE=t1u3r9g5e0s4c2e7n6t35 HTTP/2.0" 200 29945 "-" "Mozilla/5.0 AppleWebKit/537.36 (KHTML, like Gecko; compatible; bingbot/2.0; +http://www.bing.com/bingbot.htm) Chrome/116.0.1938.76 Safari/537.36"
66.249.79.36 - - [17/Aug/2026:15:10:47 +0000] "GET /?sale/search/detail/?ITMCODE=c7h1a1e0t8i6f3e7r7o6u5s HTTP/1.1" 200 29080 "-" "Mozilla/5.0 (Linux; Android 6.0.1; Nexus 5X Build/MMB29P) AppleWebKit/537.36 (KHTML, like Gecko) Chrome/150.0.7871.186 Mobile Safari/537.36 (compatible; Googlebot/2.1; +http://www.google.com/bot.html)"
20.100.185.105 - - [17/Aug/2026:15:10:47 +0000] "GET /GOD.php HTTP/1.1" 404 26857 "-" "Mozilla/5.0 (Windows NT 10.0; Win64; x64) AppleWebKit/537.36 (KHTML, like Gecko) Chrome/120.0.0.0 Safari/537.36"
20.15.133.174 - - [17/Aug/2026:15:10:50 +0000] "GET /?sale/search/detail/?ITMCODE=a3s2p8r2o8821749 HTTP/2.0" 200 35529 "-" "Mozilla/5.0 AppleWebKit/537.36 (KHTML, like Gecko; compatible; bingbot/2.0; +http://www.bing.com/bingbot.htm) Chrome/116.0.1938.76 Safari/537.36"
20.100.185.105 - - [17/Aug/2026:15:10:50 +0000] "GET /alumni_reg.php HTTP/1.1" 404 26856 "-" "Mozilla/5.0 (Windows NT 10.0; Win64; x64) AppleWebKit/537.36 (KHTML, like Gecko) Chrome/120.0.0.0 Safari/537.36"
66.249.79.36 - - [17/Aug/2026:15:10:51 +0000] "GET /?sale/search/detail/?ITMCODE=d7i4e0h5a7r7d86982 HTTP/1.1" 200 32191 "-" "Mozilla/5.0 (Linux; Android 6.0.1; Nexus 5X Build/MMB29P) AppleWebKit/537.36 (KHTML, like Gecko) Chrome/150.0.7871.186 Mobile Safari/537.36 (compatible; Googlebot/2.1; +http://www.google.com/bot.html)"
39.34.143.217 - - [17/Aug/2026:15:10:53 +0000] "GET /wp-content/cache/speedycache/reviverenovation.ae/assets/7278ec8f1975e6ee-smooth-scroll.js HTTP/2.0" 304 - "-" "Mozilla/5.0 (Windows NT 10.0; Win64; x64) AppleWebKit/537.36 (KHTML, like Gecko) Chrome/151.0.0.0 Safari/537.36"
39.34.143.217 - - [17/Aug/2026:15:10:53 +0000] "GET /wp-content/cache/speedycache/reviverenovation.ae/assets/b90a6b6986dcecf7-astra-addon-69ddef01d1ba53-08965612.js HTTP/2.0" 304 - "-" "Mozilla/5.0 (Windows NT 10.0; Win64; x64) AppleWebKit/537.36 (KHTML, like Gecko) Chrome/151.0.0.0 Safari/537.36"
39.34.143.217 - - [17/Aug/2026:15:10:53 +0000] "GET /wp-content/cache/speedycache/reviverenovation.ae/assets/57c950ff2ac8ff7e-animations.js HTTP/2.0" 304 - "-" "Mozilla/5.0 (Windows NT 10.0; Win64; x64) AppleWebKit/537.36 (KHTML, like Gecko) Chrome/151.0.0.0 Safari/537.36"
39.34.143.217 - - [17/Aug/2026:15:10:53 +0000] "GET /wp-content/cache/speedycache/reviverenovation.ae/assets/3e3350c88b93ffda-wws.js HTTP/2.0" 304 - "-" "Mozilla/5.0 (Windows NT 10.0; Win64; x64) AppleWebKit/537.36 (KHTML, like Gecko) Chrome/151.0.0.0 Safari/537.36"
20.15.133.174 - - [17/Aug/2026:15:10:53 +0000] "GET /?sale/search/detail/?ITMCODE=u5r3c7e4o1l8a6t4e949 HTTP/2.0" 200 30164 "-" "Mozilla/5.0 AppleWebKit/537.36 (KHTML, like Gecko; compatible; bingbot/2.0; +http://www.bing.com/bingbot.htm) Chrome/116.0.1938.76 Safari/537.36"
20.100.185.105 - - [17/Aug/2026:15:10:52 +0000] "GET /depotcv.php HTTP/1.1" 404 26856 "-" "Mozilla/5.0 (Windows NT 10.0; Win64; x64) AppleWebKit/537.36 (KHTML, like Gecko) Chrome/120.0.0.0 Safari/537.36"
20.100.185.105 - - [17/Aug/2026:15:10:55 +0000] "GET /admin.php7 HTTP/1.1" 404 26857 "-" "Mozilla/5.0 (Windows NT 10.0; Win64; x64) AppleWebKit/537.36 (KHTML, like Gecko) Chrome/120.0.0.0 Safari/537.36"
20.15.133.174 - - [17/Aug/2026:15:10:56 +0000] "GET /?sale/search/detail/?ITMCODE=f3a8s4t9n3e3s0s350 HTTP/2.0" 200 33398 "-" "Mozilla/5.0 AppleWebKit/537.36 (KHTML, like Gecko; compatible; bingbot/2.0; +http://www.bing.com/bingbot.htm) Chrome/116.0.1938.76 Safari/537.36"
20.100.185.105 - - [17/Aug/2026:15:10:58 +0000] "GET /f.php HTTP/1.1" 404 26857 "-" "Mozilla/5.0 (Windows NT 10.0; Win64; x64) AppleWebKit/537.36 (KHTML, like Gecko) Chrome/120.0.0.0 Safari/537.36"
20.15.133.174 - - [17/Aug/2026:15:10:59 +0000] "GET /?sale/search/detail/?ITMCODE=i5n4c7o4m4m1o4d1i3o1usly HTTP/2.0" 200 29982 "-" "Mozilla/5.0 AppleWebKit/537.36 (KHTML, like Gecko; compatible; bingbot/2.0; +http://www.bing.com/bingbot.htm) Chrome/116.0.1938.76 Safari/537.36"
66.249.79.36 - - [17/Aug/2026:15:11:00 +0000] "GET /?sale/search/detail/?ITMCODE=d7o1s9s5e3r583118 HTTP/1.1" 200 29895 "-" "Mozilla/5.0 (Linux; Android 6.0.1; Nexus 5X Build/MMB29P) AppleWebKit/537.36 (KHTML, like Gecko) Chrome/150.0.7871.186 Mobile Safari/537.36 (compatible; Googlebot/2.1; +http://www.google.com/bot.html)"
20.100.185.105 - - [17/Aug/2026:15:11:00 +0000] "GET /c.php HTTP/1.1" 404 26856 "-" "Mozilla/5.0 (Windows NT 10.0; Win64; x64) AppleWebKit/537.36 (KHTML, like Gecko) Chrome/120.0.0.0 Safari/537.36"
20.15.133.174 - - [17/Aug/2026:15:11:02 +0000] "GET /?sale/search/detail/?ITMCODE=c8a7n5i2n8u7m2383 HTTP/2.0" 200 29740 "-" "Mozilla/5.0 AppleWebKit/537.36 (KHTML, like Gecko; compatible; bingbot/2.0; +http://www.bing.com/bingbot.htm) Chrome/116.0.1938.76 Safari/537.36"
94.207.75.175 - - [17/Aug/2026:15:11:04 +0000] "GET /wp-content/uploads/2026/03/room-images-02.jpg HTTP/2.0" 200 250190 "https://reviverenovation.ae/" "Mozilla/5.0 (Macintosh; Intel Mac OS X 10_15_7) AppleWebKit/537.36 (KHTML, like Gecko) Chrome/151.0.0.0 Safari/537.36"
94.207.75.175 - - [17/Aug/2026:15:11:04 +0000] "GET /wp-content/uploads/2026/03/room-images-01.jpg HTTP/2.0" 200 218471 "https://reviverenovation.ae/" "Mozilla/5.0 (Macintosh; Intel Mac OS X 10_15_7) AppleWebKit/537.36 (KHTML, like Gecko) Chrome/151.0.0.0 Safari/537.36"
20.100.185.105 - - [17/Aug/2026:15:11:03 +0000] "GET /ini.php HTTP/1.1" 404 26857 "-" "Mozilla/5.0 (Windows NT 10.0; Win64; x64) AppleWebKit/537.36 (KHTML, like Gecko) Chrome/120.0.0.0 Safari/537.36"
94.207.75.175 - - [17/Aug/2026:15:11:06 +0000] "GET /wp-content/uploads/2026/03/7101-D1-Tower-Large-Format-1-23.jpg HTTP/2.0" 200 1038919 "https://reviverenovation.ae/wp-content/cache/speedycache/reviverenovation.ae/assets/8cadd957ced5bb6b-post-18.css" "Mozilla/5.0 (Macintosh; Intel Mac OS X 10_15_7) AppleWebKit/537.36 (KHTML, like Gecko) Chrome/151.0.0.0 Safari/537.36"
94.207.75.175 - - [17/Aug/2026:15:11:06 +0000] "GET /wp-content/uploads/2026/03/image-for-our-mission-section.png HTTP/2.0" 200 2241984 "https://reviverenovation.ae/" "Mozilla/5.0 (Macintosh; Intel Mac OS X 10_15_7) AppleWebKit/537.36 (KHTML, like Gecko) Chrome/151.0.0.0 Safari/537.36"
20.15.133.174 - - [17/Aug/2026:15:11:05 +0000] "GET /?sale/search/detail/?ITMCODE=p5e1n9t6a9m1e7t1e4r92 HTTP/2.0" 200 29090 "-" "Mozilla/5.0 AppleWebKit/537.36 (KHTML, like Gecko; compatible; bingbot/2.0; +http://www.bing.com/bingbot.htm) Chrome/116.0.1938.76 Safari/537.36"
20.100.185.105 - - [17/Aug/2026:15:11:05 +0000] "GET /nf.php HTTP/1.1" 404 26857 "-" "Mozilla/5.0 (Windows NT 10.0; Win64; x64) AppleWebKit/537.36 (KHTML, like Gecko) Chrome/120.0.0.0 Safari/537.36"
94.207.75.175 - - [17/Aug/2026:15:11:08 +0000] "GET /wp-content/uploads/2026/03/406-Building-6B-City-Walk-Large-Format-15.jpg HTTP/2.0" 200 947958 "https://reviverenovation.ae/wp-content/cache/speedycache/reviverenovation.ae/assets/8cadd957ced5bb6b-post-18.css" "Mozilla/5.0 (Macintosh; Intel Mac OS X 10_15_7) AppleWebKit/537.36 (KHTML, like Gecko) Chrome/151.0.0.0 Safari/537.36"
66.249.79.36 - - [17/Aug/2026:15:11:07 +0000] "GET /?sale/search/detail/?ITMCODE=b7l1o9o3d7r8e3d6166 HTTP/1.1" 200 30862 "-" "Mozilla/5.0 (Linux; Android 6.0.1; Nexus 5X Build/MMB29P) AppleWebKit/537.36 (KHTML, like Gecko) Chrome/150.0.7871.186 Mobile Safari/537.36 (compatible; Googlebot/2.1; +http://www.google.com/bot.html)"
20.15.133.174 - - [17/Aug/2026:15:11:08 +0000] "GET /?sale/search/detail/?ITMCODE=s1a3c8r6u9m53538 HTTP/2.0" 200 34602 "-" "Mozilla/5.0 AppleWebKit/537.36 (KHTML, like Gecko; compatible; bingbot/2.0; +http://www.bing.com/bingbot.htm) Chrome/116.0.1938.76 Safari/537.36"
20.100.185.105 - - [17/Aug/2026:15:11:08 +0000] "GET /room.php HTTP/1.1" 404 26858 "-" "Mozilla/5.0 (Windows NT 10.0; Win64; x64) AppleWebKit/537.36 (KHTML, like Gecko) Chrome/120.0.0.0 Safari/537.36"
66.249.79.36 - - [17/Aug/2026:15:11:09 +0000] "GET /?sale/search/detail/?ITMCODE=e7i2r3a7n9n257060 HTTP/1.1" 200 29832 "-" "Mozilla/5.0 (Linux; Android 6.0.1; Nexus 5X Build/MMB29P) AppleWebKit/537.36 (KHTML, like Gecko) Chrome/150.0.7871.186 Mobile Safari/537.36 (compatible; Googlebot/2.1; +http://www.google.com/bot.html)"
94.207.75.175 - - [17/Aug/2026:15:11:11 +0000] "GET /wp-content/uploads/2026/03/Nakheel_Brandmark_Dual_RGB_DeepNavy.jpg HTTP/2.0" 200 45280 "https://reviverenovation.ae/" "Mozilla/5.0 (Macintosh; Intel Mac OS X 10_15_7) AppleWebKit/537.36 (KHTML, like Gecko) Chrome/151.0.0.0 Safari/537.36"
94.207.75.175 - - [17/Aug/2026:15:11:11 +0000] "GET /wp-content/uploads/2026/03/dubai-civil-defence-logo-png_seeklogo-318935.png HTTP/2.0" 200 64985 "https://reviverenovation.ae/" "Mozilla/5.0 (Macintosh; Intel Mac OS X 10_15_7) AppleWebKit/537.36 (KHTML, like Gecko) Chrome/151.0.0.0 Safari/537.36"
94.207.75.175 - - [17/Aug/2026:15:11:11 +0000] "GET /wp-content/uploads/2026/03/dewa.png HTTP/2.0" 200 49042 "https://reviverenovation.ae/" "Mozilla/5.0 (Macintosh; Intel Mac OS X 10_15_7) AppleWebKit/537.36 (KHTML, like Gecko) Chrome/151.0.0.0 Safari/537.36"
94.207.75.175 - - [17/Aug/2026:15:11:11 +0000] "GET /wp-content/uploads/2026/03/emaar-logo-scaled.png HTTP/2.0" 200 33040 "https://reviverenovation.ae/" "Mozilla/5.0 (Macintosh; Intel Mac OS X 10_15_7) AppleWebKit/537.36 (KHTML, like Gecko) Chrome/151.0.0.0 Safari/537.36"
94.207.75.175 - - [17/Aug/2026:15:11:11 +0000] "GET /wp-content/uploads/2026/03/Concordia.png HTTP/2.0" 200 11510 "https://reviverenovation.ae/" "Mozilla/5.0 (Macintosh; Intel Mac OS X 10_15_7) AppleWebKit/537.36 (KHTML, like Gecko) Chrome/151.0.0.0 Safari/537.36"
94.207.75.175 - - [17/Aug/2026:15:11:11 +0000] "GET /wp-content/uploads/2026/03/DDA-Approval.jpg HTTP/2.0" 200 17763 "https://reviverenovation.ae/" "Mozilla/5.0 (Macintosh; Intel Mac OS X 10_15_7) AppleWebKit/537.36 (KHTML, like Gecko) Chrome/151.0.0.0 Safari/537.36"
94.207.75.175 - - [17/Aug/2026:15:11:11 +0000] "GET /wp-content/uploads/2026/03/8864e4a63c17.jpg HTTP/2.0" 200 26001 "https://reviverenovation.ae/" "Mozilla/5.0 (Macintosh; Intel Mac OS X 10_15_7) AppleWebKit/537.36 (KHTML, like Gecko) Chrome/151.0.0.0 Safari/537.36"
94.207.75.175 - - [17/Aug/2026:15:11:11 +0000] "GET /wp-content/uploads/2026/03/DMCC_Logo.jpg HTTP/2.0" 200 44603 "https://reviverenovation.ae/" "Mozilla/5.0 (Macintosh; Intel Mac OS X 10_15_7) AppleWebKit/537.36 (KHTML, like Gecko) Chrome/151.0.0.0 Safari/537.36"
94.207.75.175 - - [17/Aug/2026:15:11:11 +0000] "GET /wp-content/uploads/2026/03/Dubai_Department_of_Economic_Development.webp HTTP/2.0" 200 4895 "https://reviverenovation.ae/" "Mozilla/5.0 (Macintosh; Intel Mac OS X 10_15_7) AppleWebKit/537.36 (KHTML, like Gecko) Chrome/151.0.0.0 Safari/537.36"
94.207.75.175 - - [17/Aug/2026:15:11:11 +0000] "GET /wp-content/uploads/2026/03/images.png HTTP/2.0" 200 7801 "https://reviverenovation.ae/" "Mozilla/5.0 (Macintosh; Intel Mac OS X 10_15_7) AppleWebKit/537.36 (KHTML, like Gecko) Chrome/151.0.0.0 Safari/537.36"
20.100.185.105 - - [17/Aug/2026:15:11:10 +0000] "GET /wp-contentt.php HTTP/1.1" 404 26858 "-" "Mozilla/5.0 (Windows NT 10.0; Win64; x64) AppleWebKit/537.36 (KHTML, like Gecko) Chrome/120.0.0.0 Safari/537.36"
20.15.133.174 - - [17/Aug/2026:15:11:11 +0000] "GET /?sale/search/detail/?ITMCODE=a2g3i6t8a9t8e7d6517 HTTP/2.0" 200 31978 "-" "Mozilla/5.0 AppleWebKit/537.36 (KHTML, like Gecko; compatible; bingbot/2.0; +http://www.bing.com/bingbot.htm) Chrome/116.0.1938.76 Safari/537.36"
198.38.94.13 - - [17/Aug/2026:15:11:15 +0000] "POST /wp-cron.php?doing_wp_cron=1786979475.3226170539855957031250 HTTP/1.1" 200 - "-" "WordPress/7.0.4; https://reviverenovation.ae"
20.100.185.105 - - [17/Aug/2026:15:11:13 +0000] "GET /input.php HTTP/1.1" 404 26858 "-" "Mozilla/5.0 (Windows NT 10.0; Win64; x64) AppleWebKit/537.36 (KHTML, like Gecko) Chrome/120.0.0.0 Safari/537.36"
20.15.133.174 - - [17/Aug/2026:15:11:14 +0000] "GET /?sale/search/detail/?ITMCODE=l0y4n2c8e8a1n09869 HTTP/2.0" 200 29520 "-" "Mozilla/5.0 AppleWebKit/537.36 (KHTML, like Gecko; compatible; bingbot/2.0; +http://www.bing.com/bingbot.htm) Chrome/116.0.1938.76 Safari/537.36"
66.249.79.36 - - [17/Aug/2026:15:11:16 +0000] "GET /?sale/search/detail/?ITMCODE=s7o3d8a2l0i2t0e498 HTTP/1.1" 200 31764 "-" "Mozilla/5.0 (Linux; Android 6.0.1; Nexus 5X Build/MMB29P) AppleWebKit/537.36 (KHTML, like Gecko) Chrome/150.0.7871.186 Mobile Safari/537.36 (compatible; Googlebot/2.1; +http://www.google.com/bot.html)"
20.100.185.105 - - [17/Aug/2026:15:11:15 +0000] "GET /disagreed.php HTTP/1.1" 404 26858 "-" "Mozilla/5.0 (Windows NT 10.0; Win64; x64) AppleWebKit/537.36 (KHTML, like Gecko) Chrome/120.0.0.0 Safari/537.36"
20.15.133.174 - - [17/Aug/2026:15:11:17 +0000] "GET /?sale/search/detail/?ITMCODE=c7o3u2l8t9e5r8n3e2b63 HTTP/2.0" 200 29610 "-" "Mozilla/5.0 AppleWebKit/537.36 (KHTML, like Gecko; compatible; bingbot/2.0; +http://www.bing.com/bingbot.htm) Chrome/116.0.1938.76 Safari/537.36"
20.100.185.105 - - [17/Aug/2026:15:11:18 +0000] "GET /defaults.php HTTP/1.1" 404 26857 "-" "Mozilla/5.0 (Windows NT 10.0; Win64; x64) AppleWebKit/537.36 (KHTML, like Gecko) Chrome/120.0.0.0 Safari/537.36"
20.15.133.174 - - [17/Aug/2026:15:11:20 +0000] "GET /?sale/search/detail/?ITMCODE=w6h3i5m1p5e6r3i2n8g40 HTTP/2.0" 200 29898 "-" "Mozilla/5.0 AppleWebKit/537.36 (KHTML, like Gecko; compatible; bingbot/2.0; +http://www.bing.com/bingbot.htm) Chrome/116.0.1938.76 Safari/537.36"
20.100.185.105 - - [17/Aug/2026:15:11:21 +0000] "GET /kyami.php HTTP/1.1" 404 26858 "-" "Mozilla/5.0 (Windows NT 10.0; Win64; x64) AppleWebKit/537.36 (KHTML, like Gecko) Chrome/120.0.0.0 Safari/537.36"
66.249.79.36 - - [17/Aug/2026:15:11:22 +0000] "GET /?sale/search/detail/?ITMCODE=s7e7s3t5u9o3r0798 HTTP/1.1" 200 30301 "-" "Mozilla/5.0 (Linux; Android 6.0.1; Nexus 5X Build/MMB29P) AppleWebKit/537.36 (KHTML, like Gecko) Chrome/150.0.7871.186 Mobile Safari/537.36 (compatible; Googlebot/2.1; +http://www.google.com/bot.html)"
20.15.133.174 - - [17/Aug/2026:15:11:23 +0000] "GET /?sale/search/detail/?ITMCODE=c7o5u8r4t1l8y8670 HTTP/2.0" 200 31691 "-" "Mozilla/5.0 AppleWebKit/537.36 (KHTML, like Gecko; compatible; bingbot/2.0; +http://www.bing.com/bingbot.htm) Chrome/116.0.1938.76 Safari/537.36"
20.100.185.105 - - [17/Aug/2026:15:11:23 +0000] "GET /DxHhVcy2bmJ.php HTTP/1.1" 404 26856 "-" "Mozilla/5.0 (Windows NT 10.0; Win64; x64) AppleWebKit/537.36 (KHTML, like Gecko) Chrome/120.0.0.0 Safari/537.36"
20.15.133.174 - - [17/Aug/2026:15:11:26 +0000] "GET /?sale/search/detail/?ITMCODE=a2c1q6u4i5s7i1t4i5v5e6ly HTTP/2.0" 200 32911 "-" "Mozilla/5.0 AppleWebKit/537.36 (KHTML, like Gecko; compatible; bingbot/2.0; +http://www.bing.com/bingbot.htm) Chrome/116.0.1938.76 Safari/537.36"
20.100.185.105 - - [17/Aug/2026:15:11:26 +0000] "GET /amaxx.php HTTP/1.1" 404 26857 "-" "Mozilla/5.0 (Windows NT 10.0; Win64; x64) AppleWebKit/537.36 (KHTML, like Gecko) Chrome/120.0.0.0 Safari/537.36"
20.100.185.105 - - [17/Aug/2026:15:11:29 +0000] "GET /BIBIL0DAY.php HTTP/1.1" 404 26856 "-" "Mozilla/5.0 (Windows NT 10.0; Win64; x64) AppleWebKit/537.36 (KHTML, like Gecko) Chrome/120.0.0.0 Safari/537.36"
20.15.133.174 - - [17/Aug/2026:15:11:30 +0000] "GET /?sale/search/detail/?ITMCODE=t7r2a6n6q8u9i8l8i8z3e6d HTTP/2.0" 200 32815 "-" "Mozilla/5.0 AppleWebKit/537.36 (KHTML, like Gecko; compatible; bingbot/2.0; +http://www.bing.com/bingbot.htm) Chrome/116.0.1938.76 Safari/537.36"
20.15.133.174 - - [17/Aug/2026:15:11:32 +0000] "GET /?sale/search/detail/?ITMCODE=i2l3l7u5m6e6d62699 HTTP/2.0" 200 32133 "-" "Mozilla/5.0 AppleWebKit/537.36 (KHTML, like Gecko; compatible; bingbot/2.0; +http://www.bing.com/bingbot.htm) Chrome/116.0.1938.76 Safari/537.36"
66.249.79.36 - - [17/Aug/2026:15:11:32 +0000] "GET /?sale/search/detail/?ITMCODE=s7p3i4d9e8r961400 HTTP/1.1" 200 31416 "-" "Mozilla/5.0 (Linux; Android 6.0.1; Nexus 5X Build/MMB29P) AppleWebKit/537.36 (KHTML, like Gecko) Chrome/150.0.7871.186 Mobile Safari/537.36 (compatible; Googlebot/2.1; +http://www.google.com/bot.html)"
20.100.185.105 - - [17/Aug/2026:15:11:31 +0000] "GET /functions.php HTTP/1.1" 404 26857 "-" "Mozilla/5.0 (Windows NT 10.0; Win64; x64) AppleWebKit/537.36 (KHTML, like Gecko) Chrome/120.0.0.0 Safari/537.36"
20.100.185.105 - - [17/Aug/2026:15:11:34 +0000] "GET /wp-comments-post.php HTTP/1.1" 405 - "-" "Mozilla/5.0 (Windows NT 10.0; Win64; x64) AppleWebKit/537.36 (KHTML, like Gecko) Chrome/120.0.0.0 Safari/537.36"
20.100.185.105 - - [17/Aug/2026:15:11:34 +0000] "GET /conf_upload.php HTTP/1.1" 404 26856 "-" "Mozilla/5.0 (Windows NT 10.0; Win64; x64) AppleWebKit/537.36 (KHTML, like Gecko) Chrome/120.0.0.0 Safari/537.36"
20.15.133.174 - - [17/Aug/2026:15:11:35 +0000] "GET /?sale/search/detail/?ITMCODE=p2r3e1a6p5p8o7i9n0t20 HTTP/2.0" 200 32452 "-" "Mozilla/5.0 AppleWebKit/537.36 (KHTML, like Gecko; compatible; bingbot/2.0; +http://www.bing.com/bingbot.htm) Chrome/116.0.1938.76 Safari/537.36"
66.249.79.36 - - [17/Aug/2026:15:11:36 +0000] "GET /?sale/search/detail/?ITMCODE=r7e2a5d4a4b3l6y6796 HTTP/1.1" 200 29934 "-" "Mozilla/5.0 (Linux; Android 6.0.1; Nexus 5X Build/MMB29P) AppleWebKit/537.36 (KHTML, like Gecko) Chrome/150.0.7871.186 Mobile Safari/537.36 (compatible; Googlebot/2.1; +http://www.google.com/bot.html)"
20.100.185.105 - - [17/Aug/2026:15:11:37 +0000] "GET /content.php888 HTTP/1.1" 404 26857 "-" "Mozilla/5.0 (Windows NT 10.0; Win64; x64) AppleWebKit/537.36 (KHTML, like Gecko) Chrome/120.0.0.0 Safari/537.36"
20.15.133.174 - - [17/Aug/2026:15:11:38 +0000] "GET /?sale/search/detail/?ITMCODE=s8p1e2r9m6o4p3l9a8s0m5a HTTP/2.0" 200 30296 "-" "Mozilla/5.0 AppleWebKit/537.36 (KHTML, like Gecko; compatible; bingbot/2.0; +http://www.bing.com/bingbot.htm) Chrome/116.0.1938.76 Safari/537.36"
20.100.185.105 - - [17/Aug/2026:15:11:40 +0000] "GET /gecko-new.php.1 HTTP/1.1" 403 9425 "-" "Mozilla/5.0 (Windows NT 10.0; Win64; x64) AppleWebKit/537.36 (KHTML, like Gecko) Chrome/120.0.0.0 Safari/537.36"
20.15.133.174 - - [17/Aug/2026:15:11:41 +0000] "GET /?sale/search/detail/?ITMCODE=b5r1a3n9c5h7i7o0p3o6d6a HTTP/2.0" 200 29371 "-" "Mozilla/5.0 AppleWebKit/537.36 (KHTML, like Gecko; compatible; bingbot/2.0; +http://www.bing.com/bingbot.htm) Chrome/116.0.1938.76 Safari/537.36"
20.100.185.105 - - [17/Aug/2026:15:11:41 +0000] "GET /OthioNDwMEK.php HTTP/1.1" 404 26858 "-" "Mozilla/5.0 (Windows NT 10.0; Win64; x64) AppleWebKit/537.36 (KHTML, like Gecko) Chrome/120.0.0.0 Safari/537.36"
20.15.133.174 - - [17/Aug/2026:15:11:44 +0000] "GET /?sale/search/detail/?ITMCODE=i7n2c8i0p5i9e2n3t775 HTTP/2.0" 200 29921 "-" "Mozilla/5.0 AppleWebKit/537.36 (KHTML, like Gecko; compatible; bingbot/2.0; +http://www.bing.com/bingbot.htm) Chrome/116.0.1938.76 Safari/537.36"
20.100.185.105 - - [17/Aug/2026:15:11:44 +0000] "GET /sim.php HTTP/1.1" 404 26855 "-" "Mozilla/5.0 (Windows NT 10.0; Win64; x64) AppleWebKit/537.36 (KHTML, like Gecko) Chrome/120.0.0.0 Safari/537.36"
20.15.133.174 - - [17/Aug/2026:15:11:47 +0000] "GET /?sale/search/detail/?ITMCODE=r5u8l0a8b3l4e4646 HTTP/2.0" 200 34382 "-" "Mozilla/5.0 AppleWebKit/537.36 (KHTML, like Gecko; compatible; bingbot/2.0; +http://www.bing.com/bingbot.htm) Chrome/116.0.1938.76 Safari/537.36"
20.100.185.105 - - [17/Aug/2026:15:11:46 +0000] "GET /y.php HTTP/1.1" 404 26857 "-" "Mozilla/5.0 (Windows NT 10.0; Win64; x64) AppleWebKit/537.36 (KHTML, like Gecko) Chrome/120.0.0.0 Safari/537.36"
66.249.79.36 - - [17/Aug/2026:15:11:47 +0000] "GET /?sale/search/detail/?ITMCODE=d7o1r2s5a7d604546 HTTP/1.1" 200 30332 "-" "Mozilla/5.0 (Linux; Android 6.0.1; Nexus 5X Build/MMB29P) AppleWebKit/537.36 (KHTML, like Gecko) Chrome/150.0.7871.186 Mobile Safari/537.36 (compatible; Googlebot/2.1; +http://www.google.com/bot.html)"
20.15.133.174 - - [17/Aug/2026:15:11:50 +0000] "GET /?sale/search/detail/?ITMCODE=t2r1i1a4c9l0e98943 HTTP/2.0" 200 32275 "-" "Mozilla/5.0 AppleWebKit/537.36 (KHTML, like Gecko; compatible; bingbot/2.0; +http://www.bing.com/bingbot.htm) Chrome/116.0.1938.76 Safari/537.36"
20.100.185.105 - - [17/Aug/2026:15:11:49 +0000] "GET /xleet.php HTTP/1.1" 404 26857 "-" "Mozilla/5.0 (Windows NT 10.0; Win64; x64) AppleWebKit/537.36 (KHTML, like Gecko) Chrome/120.0.0.0 Safari/537.36"
39.34.143.217 - - [17/Aug/2026:15:11:54 +0000] "GET /wp-content/cache/speedycache/reviverenovation.ae/assets/7278ec8f1975e6ee-smooth-scroll.js HTTP/2.0" 304 - "-" "Mozilla/5.0 (Windows NT 10.0; Win64; x64) AppleWebKit/537.36 (KHTML, like Gecko) Chrome/151.0.0.0 Safari/537.36"
39.34.143.217 - - [17/Aug/2026:15:11:54 +0000] "GET /wp-content/cache/speedycache/reviverenovation.ae/assets/b90a6b6986dcecf7-astra-addon-69ddef01d1ba53-08965612.js HTTP/2.0" 304 - "-" "Mozilla/5.0 (Windows NT 10.0; Win64; x64) AppleWebKit/537.36 (KHTML, like Gecko) Chrome/151.0.0.0 Safari/537.36"
39.34.143.217 - - [17/Aug/2026:15:11:54 +0000] "GET /wp-content/cache/speedycache/reviverenovation.ae/assets/3e3350c88b93ffda-wws.js HTTP/2.0" 304 - "-" "Mozilla/5.0 (Windows NT 10.0; Win64; x64) AppleWebKit/537.36 (KHTML, like Gecko) Chrome/151.0.0.0 Safari/537.36"
39.34.143.217 - - [17/Aug/2026:15:11:54 +0000] "GET /wp-content/cache/speedycache/reviverenovation.ae/assets/57c950ff2ac8ff7e-animations.js HTTP/2.0" 304 - "-" "Mozilla/5.0 (Windows NT 10.0; Win64; x64) AppleWebKit/537.36 (KHTML, like Gecko) Chrome/151.0.0.0 Safari/537.36"
20.15.133.174 - - [17/Aug/2026:15:11:52 +0000] "GET /?sale/search/detail/?ITMCODE=w5i3l7l5o7w0e1d4212 HTTP/2.0" 200 30056 "-" "Mozilla/5.0 AppleWebKit/537.36 (KHTML, like Gecko; compatible; bingbot/2.0; +http://www.bing.com/bingbot.htm) Chrome/116.0.1938.76 Safari/537.36"
20.100.185.105 - - [17/Aug/2026:15:11:52 +0000] "GET /1index.php HTTP/1.1" 404 26857 "-" "Mozilla/5.0 (Windows NT 10.0; Win64; x64) AppleWebKit/537.36 (KHTML, like Gecko) Chrome/120.0.0.0 Safari/537.36"
20.100.185.105 - - [17/Aug/2026:15:11:54 +0000] "GET /admin.php1 HTTP/1.1" 404 26855 "-" "Mozilla/5.0 (Windows NT 10.0; Win64; x64) AppleWebKit/537.36 (KHTML, like Gecko) Chrome/120.0.0.0 Safari/537.36"
20.15.133.174 - - [17/Aug/2026:15:11:55 +0000] "GET /?sale/search/detail/?ITMCODE=b6l2u1f8f6e7d81300 HTTP/2.0" 200 30105 "-" "Mozilla/5.0 AppleWebKit/537.36 (KHTML, like Gecko; compatible; bingbot/2.0; +http://www.bing.com/bingbot.htm) Chrome/116.0.1938.76 Safari/537.36"
20.100.185.105 - - [17/Aug/2026:15:11:57 +0000] "GET /M1.php HTTP/1.1" 404 26856 "-" "Mozilla/5.0 (Windows NT 10.0; Win64; x64) AppleWebKit/537.36 (KHTML, like Gecko) Chrome/120.0.0.0 Safari/537.36"
20.15.133.174 - - [17/Aug/2026:15:11:58 +0000] "GET /?sale/search/detail/?ITMCODE=p7a4r0t9i9c9i8p0a6t3i4on HTTP/2.0" 200 30055 "-" "Mozilla/5.0 AppleWebKit/537.36 (KHTML, like Gecko; compatible; bingbot/2.0; +http://www.bing.com/bingbot.htm) Chrome/116.0.1938.76 Safari/537.36"
66.249.79.36 - - [17/Aug/2026:15:11:59 +0000] "GET /?sale/search/detail/?ITMCODE=w7e8l3l0s9p0r0i2n9g1 HTTP/1.1" 200 31361 "-" "Mozilla/5.0 (Linux; Android 6.0.1; Nexus 5X Build/MMB29P) AppleWebKit/537.36 (KHTML, like Gecko) Chrome/150.0.7871.186 Mobile Safari/537.36 (compatible; Googlebot/2.1; +http://www.google.com/bot.html)"
20.100.185.105 - - [17/Aug/2026:15:12:00 +0000] "GET /ds.php HTTP/1.1" 404 26856 "-" "Mozilla/5.0 (Windows NT 10.0; Win64; x64) AppleWebKit/537.36 (KHTML, like Gecko) Chrome/120.0.0.0 Safari/537.36"
4.232.94.23 - - [17/Aug/2026:15:12:03 +0000] "GET /wp-content/plugins/hellopress/wp_filemanager.php HTTP/1.1" 401 36 "-" "-"
20.15.133.174 - - [17/Aug/2026:15:12:02 +0000] "GET /?sale/search/detail/?ITMCODE=c2a2r7n8i5v9o6r7a5c6i7ty HTTP/2.0" 200 29760 "-" "Mozilla/5.0 AppleWebKit/537.36 (KHTML, like Gecko; compatible; bingbot/2.0; +http://www.bing.com/bingbot.htm) Chrome/116.0.1938.76 Safari/537.36"
4.232.94.23 - - [17/Aug/2026:15:12:03 +0000] "GET /this_is_a_new_hello_world.php HTTP/1.1" 401 36 "-" "-"
4.232.94.23 - - [17/Aug/2026:15:12:04 +0000] "GET /aa.php HTTP/1.1" 401 36 "-" "-"
4.232.94.23 - - [17/Aug/2026:15:12:04 +0000] "GET /av.php HTTP/1.1" 401 36 "-" "-"
4.232.94.23 - - [17/Aug/2026:15:12:04 +0000] "GET /media.php HTTP/1.1" 401 36 "-" "-"
4.232.94.23 - - [17/Aug/2026:15:12:04 +0000] "GET /images.php HTTP/1.1" 401 36 "-" "-"
4.232.94.23 - - [17/Aug/2026:15:12:05 +0000] "GET /admin.php HTTP/1.1" 401 36 "-" "-"
4.232.94.23 - - [17/Aug/2026:15:12:05 +0000] "GET /222.php HTTP/1.1" 401 36 "-" "-"
4.232.94.23 - - [17/Aug/2026:15:12:05 +0000] "GET /mac.php HTTP/1.1" 401 36 "-" "-"
4.232.94.23 - - [17/Aug/2026:15:12:06 +0000] "GET /ops.php HTTP/1.1" 401 36 "-" "-"
4.232.94.23 - - [17/Aug/2026:15:12:06 +0000] "GET /8.php HTTP/1.1" 401 36 "-" "-"
20.15.133.174 - - [17/Aug/2026:15:12:05 +0000] "GET /?sale/search/detail/?ITMCODE=d5e3a6c6t1i9v2a2t7e86 HTTP/2.0" 200 35165 "-" "Mozilla/5.0 AppleWebKit/537.36 (KHTML, like Gecko; compatible; bingbot/2.0; +http://www.bing.com/bingbot.htm) Chrome/116.0.1938.76 Safari/537.36"
4.232.94.23 - - [17/Aug/2026:15:12:06 +0000] "GET /biufile.php HTTP/1.1" 401 36 "-" "-"
4.232.94.23 - - [17/Aug/2026:15:12:06 +0000] "GET /coffexium.php HTTP/1.1" 401 36 "-" "-"
4.232.94.23 - - [17/Aug/2026:15:12:07 +0000] "GET /1.php HTTP/1.1" 401 36 "-" "-"
4.232.94.23 - - [17/Aug/2026:15:12:07 +0000] "GET /coffee.php HTTP/1.1" 401 36 "-" "-"
66.249.79.36 - - [17/Aug/2026:15:12:05 +0000] "GET /?sale/search/detail/?ITMCODE=c7h1u6m0p6080838 HTTP/1.1" 200 29434 "-" "Mozilla/5.0 (Linux; Android 6.0.1; Nexus 5X Build/MMB29P) AppleWebKit/537.36 (KHTML, like Gecko) Chrome/150.0.7871.186 Mobile Safari/537.36 (compatible; Googlebot/2.1; +http://www.google.com/bot.html)"
4.232.94.23 - - [17/Aug/2026:15:12:07 +0000] "GET /classwithtostring.php HTTP/1.1" 401 36 "-" "-"
4.232.94.23 - - [17/Aug/2026:15:12:07 +0000] "GET /wp-ws68.php HTTP/1.1" 401 36 "-" "-"
4.232.94.23 - - [17/Aug/2026:15:12:08 +0000] "GET /yj09.php HTTP/1.1" 401 36 "-" "-"
4.232.94.23 - - [17/Aug/2026:15:12:08 +0000] "GET /scxy.php HTTP/1.1" 401 36 "-" "-"
4.232.94.23 - - [17/Aug/2026:15:12:08 +0000] "GET /3PJcpMFsD8B.php HTTP/1.1" 401 36 "-" "-"
4.232.94.23 - - [17/Aug/2026:15:12:09 +0000] "GET /BDKR28WP.php HTTP/1.1" 401 36 "-" "-"
4.232.94.23 - - [17/Aug/2026:15:12:09 +0000] "GET /4PJcpMFsD8B.php HTTP/1.1" 401 36 "-" "-"
66.249.79.36 - - [17/Aug/2026:15:12:08 +0000] "GET /?sale/search/detail/?ITMCODE=i7n2v3e5i5g5l9e2m2e7n0t HTTP/1.1" 200 29816 "-" "Mozilla/5.0 (Linux; Android 6.0.1; Nexus 5X Build/MMB29P) AppleWebKit/537.36 (KHTML, like Gecko) Chrome/150.0.7871.186 Mobile Safari/537.36 (compatible; Googlebot/2.1; +http://www.google.com/bot.html)"
20.15.133.174 - - [17/Aug/2026:15:12:08 +0000] "GET /?sale/search/detail/?ITMCODE=i5m2p9i5n8g9e2m5e6n6t3 HTTP/2.0" 200 31502 "-" "Mozilla/5.0 AppleWebKit/537.36 (KHTML, like Gecko; compatible; bingbot/2.0; +http://www.bing.com/bingbot.htm) Chrome/116.0.1938.76 Safari/537.36"
4.232.94.23 - - [17/Aug/2026:15:12:09 +0000] "GET /1xmomo.php HTTP/1.1" 401 36 "-" "-"
4.232.94.23 - - [17/Aug/2026:15:12:09 +0000] "GET /blurbs.php HTTP/1.1" 401 36 "-" "-"
4.232.94.23 - - [17/Aug/2026:15:12:10 +0000] "GET /bajah.php HTTP/1.1" 401 36 "-" "-"
4.232.94.23 - - [17/Aug/2026:15:12:10 +0000] "GET /domvf.php HTTP/1.1" 401 36 "-" "-"
4.232.94.23 - - [17/Aug/2026:15:12:10 +0000] "GET /fpwch.php HTTP/1.1" 401 36 "-" "-"
4.232.94.23 - - [17/Aug/2026:15:12:10 +0000] "GET /sf.php HTTP/1.1" 401 36 "-" "-"
4.232.94.23 - - [17/Aug/2026:15:12:11 +0000] "GET /xx.php HTTP/1.1" 401 36 "-" "-"
4.232.94.23 - - [17/Aug/2026:15:12:11 +0000] "GET /adminner.php HTTP/1.1" 401 36 "-" "-"
4.232.94.23 - - [17/Aug/2026:15:12:11 +0000] "GET /wp-content/uploads/ HTTP/1.1" 401 36 "-" "-"
4.232.94.23 - - [17/Aug/2026:15:12:11 +0000] "GET /abcd.php HTTP/1.1" 401 36 "-" "-"
4.232.94.23 - - [17/Aug/2026:15:12:12 +0000] "GET /wpxml.php HTTP/1.1" 401 36 "-" "-"
20.15.133.174 - - [17/Aug/2026:15:12:11 +0000] "GET /?sale/search/detail/?ITMCODE=i8n3o1f4f4i9c6i9a2l2l9y HTTP/2.0" 200 29239 "-" "Mozilla/5.0 AppleWebKit/537.36 (KHTML, like Gecko; compatible; bingbot/2.0; +http://www.bing.com/bingbot.htm) Chrome/116.0.1938.76 Safari/537.36"
20.15.133.174 - - [17/Aug/2026:15:12:14 +0000] "GET /?sale/search/detail/?ITMCODE=j6a3c9a9r5a6n4d3a975 HTTP/2.0" 200 30332 "-" "Mozilla/5.0 AppleWebKit/537.36 (KHTML, like Gecko; compatible; bingbot/2.0; +http://www.bing.com/bingbot.htm) Chrome/116.0.1938.76 Safari/537.36"
20.15.133.174 - - [17/Aug/2026:15:12:17 +0000] "GET /?sale/search/detail/?ITMCODE=t0a4b2l3i4n1g13443 HTTP/2.0" 200 33014 "-" "Mozilla/5.0 AppleWebKit/537.36 (KHTML, like Gecko; compatible; bingbot/2.0; +http://www.bing.com/bingbot.htm) Chrome/116.0.1938.76 Safari/537.36"
20.15.133.174 - - [17/Aug/2026:15:12:20 +0000] "GET /?sale/search/detail/?ITMCODE=c3h4a1i5r0l4i9f4t961 HTTP/2.0" 200 31644 "-" "Mozilla/5.0 AppleWebKit/537.36 (KHTML, like Gecko; compatible; bingbot/2.0; +http://www.bing.com/bingbot.htm) Chrome/116.0.1938.76 Safari/537.36"
66.249.79.36 - - [17/Aug/2026:15:12:21 +0000] "GET /?sale/search/detail/?ITMCODE=g7o4n7o4b7l4a0s7t7id HTTP/1.1" 200 30350 "-" "Mozilla/5.0 (Linux; Android 6.0.1; Nexus 5X Build/MMB29P) AppleWebKit/537.36 (KHTML, like Gecko) Chrome/150.0.7871.186 Mobile Safari/537.36 (compatible; Googlebot/2.1; +http://www.google.com/bot.html)"
66.249.79.36 - - [17/Aug/2026:15:12:21 +0000] "GET /?sale/search/detail/?ITMCODE=m7i1s5f4a0l4l5e3n60 HTTP/1.1" 200 31347 "-" "Mozilla/5.0 (Linux; Android 6.0.1; Nexus 5X Build/MMB29P) AppleWebKit/537.36 (KHTML, like Gecko) Chrome/150.0.7871.186 Mobile Safari/537.36 (compatible; Googlebot/2.1; +http://www.google.com/bot.html)"
20.15.133.174 - - [17/Aug/2026:15:12:23 +0000] "GET /?sale/search/detail/?ITMCODE=p0h2o7t8o1c9h5e1m2i4c5al HTTP/2.0" 200 29984 "-" "Mozilla/5.0 AppleWebKit/537.36 (KHTML, like Gecko; compatible; bingbot/2.0; +http://www.bing.com/bingbot.htm) Chrome/116.0.1938.76 Safari/537.36"
66.249.79.36 - - [17/Aug/2026:15:12:24 +0000] "GET /?sale/search/detail/?ITMCODE=p7i2c1k9l1o7c1k453 HTTP/1.1" 200 29823 "-" "Mozilla/5.0 (Linux; Android 6.0.1; Nexus 5X Build/MMB29P) AppleWebKit/537.36 (KHTML, like Gecko) Chrome/150.0.7871.186 Mobile Safari/537.36 (compatible; Googlebot/2.1; +http://www.google.com/bot.html)"
57.141.20.28 - - [17/Aug/2026:15:12:26 +0000] "GET /revive-joinery/custom-bathroom-vanity-dubai/ HTTP/2.0" 200 44525 "-" "Mozilla/5.0 (Windows NT 10.0; Win64; x64) AppleWebKit/537.36 (KHTML, like Gecko) Chrome/145.0.0.0 Safari/537.36 (compatible; meta-externalagent/1.1 (+https://developers.facebook.com/docs/sharing/webmasters/crawler))"
20.15.133.174 - - [17/Aug/2026:15:12:26 +0000] "GET /?sale/search/detail/?ITMCODE=m0a3j9a7g5u6a8149 HTTP/2.0" 200 29461 "-" "Mozilla/5.0 AppleWebKit/537.36 (KHTML, like Gecko; compatible; bingbot/2.0; +http://www.bing.com/bingbot.htm) Chrome/116.0.1938.76 Safari/537.36"
20.15.133.174 - - [17/Aug/2026:15:12:29 +0000] "GET /?sale/search/detail/?ITMCODE=b8i1o8m1e1d4i3c0i0n5e4 HTTP/2.0" 200 29979 "-" "Mozilla/5.0 AppleWebKit/537.36 (KHTML, like Gecko; compatible; bingbot/2.0; +http://www.bing.com/bingbot.htm) Chrome/116.0.1938.76 Safari/537.36"
20.15.133.174 - - [17/Aug/2026:15:12:32 +0000] "GET /?sale/search/detail/?ITMCODE=s1t4o1r8e8k0e8e9p4e3r5 HTTP/2.0" 200 33969 "-" "Mozilla/5.0 AppleWebKit/537.36 (KHTML, like Gecko; compatible; bingbot/2.0; +http://www.bing.com/bingbot.htm) Chrome/116.0.1938.76 Safari/537.36"
66.249.79.36 - - [17/Aug/2026:15:12:34 +0000] "GET /?sale/search/detail/?ITMCODE=v7o3l7b7o7r5t8h3i1t5e9 HTTP/1.1" 200 29409 "-" "Mozilla/5.0 (Linux; Android 6.0.1; Nexus 5X Build/MMB29P) AppleWebKit/537.36 (KHTML, like Gecko) Chrome/150.0.7871.186 Mobile Safari/537.36 (compatible; Googlebot/2.1; +http://www.google.com/bot.html)"
20.15.133.174 - - [17/Aug/2026:15:12:35 +0000] "GET /?sale/search/detail/?ITMCODE=p6o1l7l7s2153223 HTTP/2.0" 200 29551 "-" "Mozilla/5.0 AppleWebKit/537.36 (KHTML, like Gecko; compatible; bingbot/2.0; +http://www.bing.com/bingbot.htm) Chrome/116.0.1938.76 Safari/537.36"
20.15.133.174 - - [17/Aug/2026:15:12:38 +0000] "GET /?sale/search/detail/?ITMCODE=b7a3n9d1e3r2i9l1l8a77 HTTP/2.0" 200 29617 "-" "Mozilla/5.0 AppleWebKit/537.36 (KHTML, like Gecko; compatible; bingbot/2.0; +http://www.bing.com/bingbot.htm) Chrome/116.0.1938.76 Safari/537.36"
20.15.133.174 - - [17/Aug/2026:15:12:41 +0000] "GET /?sale/search/detail/?ITMCODE=m3u3m6c8h7a9n7c7e196 HTTP/2.0" 200 32441 "-" "Mozilla/5.0 AppleWebKit/537.36 (KHTML, like Gecko; compatible; bingbot/2.0; +http://www.bing.com/bingbot.htm) Chrome/116.0.1938.76 Safari/537.36"
20.15.133.174 - - [17/Aug/2026:15:12:44 +0000] "GET /?sale/search/detail/?ITMCODE=c1a2l0i7p7e6p2l6a259 HTTP/2.0" 200 30133 "-" "Mozilla/5.0 AppleWebKit/537.36 (KHTML, like Gecko; compatible; bingbot/2.0; +http://www.bing.com/bingbot.htm) Chrome/116.0.1938.76 Safari/537.36"
66.249.79.36 - - [17/Aug/2026:15:12:45 +0000] "GET /?sale/search/detail/?ITMCODE=d7e2x3t5e8r9i6c8a9l59 HTTP/1.1" 200 30621 "-" "Mozilla/5.0 (Linux; Android 6.0.1; Nexus 5X Build/MMB29P) AppleWebKit/537.36 (KHTML, like Gecko) Chrome/150.0.7871.186 Mobile Safari/537.36 (compatible; Googlebot/2.1; +http://www.google.com/bot.html)"
20.15.133.174 - - [17/Aug/2026:15:12:47 +0000] "GET /?sale/search/detail/?ITMCODE=s5e3q5u2e7s2t7r5a3t3e3d HTTP/2.0" 200 30078 "-" "Mozilla/5.0 AppleWebKit/537.36 (KHTML, like Gecko; compatible; bingbot/2.0; +http://www.bing.com/bingbot.htm) Chrome/116.0.1938.76 Safari/537.36"
20.15.133.174 - - [17/Aug/2026:15:12:50 +0000] "GET /?sale/search/detail/?ITMCODE=h2e2l9p4f8u6l4l3y49 HTTP/2.0" 200 30208 "-" "Mozilla/5.0 AppleWebKit/537.36 (KHTML, like Gecko; compatible; bingbot/2.0; +http://www.bing.com/bingbot.htm) Chrome/116.0.1938.76 Safari/537.36"
20.15.133.174 - - [17/Aug/2026:15:12:53 +0000] "GET /?sale/search/detail/?ITMCODE=e9c3c8e6n0t1r4i3c2a5l9 HTTP/2.0" 200 29825 "-" "Mozilla/5.0 AppleWebKit/537.36 (KHTML, like Gecko; compatible; bingbot/2.0; +http://www.bing.com/bingbot.htm) Chrome/116.0.1938.76 Safari/537.36"
66.249.79.36 - - [17/Aug/2026:15:12:56 +0000] "GET /?sale/search/detail/?ITMCODE=b7r4o2k2e4n0b1e2l7l3i2ed HTTP/1.1" 200 30696 "-" "Mozilla/5.0 (Linux; Android 6.0.1; Nexus 5X Build/MMB29P) AppleWebKit/537.36 (KHTML, like Gecko) Chrome/150.0.7871.186 Mobile Safari/537.36 (compatible; Googlebot/2.1; +http://www.google.com/bot.html)"
20.15.133.174 - - [17/Aug/2026:15:12:57 +0000] "GET /?sale/search/detail/?ITMCODE=m1o1i4s3t0u0r3e4l3e4s7s HTTP/2.0" 200 29470 "-" "Mozilla/5.0 AppleWebKit/537.36 (KHTML, like Gecko; compatible; bingbot/2.0; +http://www.bing.com/bingbot.htm) Chrome/116.0.1938.76 Safari/537.36"
20.15.133.174 - - [17/Aug/2026:15:12:59 +0000] "GET /?sale/search/detail/?ITMCODE=h7u1r6r4i0e5d5n1e5s8s5 HTTP/2.0" 200 29699 "-" "Mozilla/5.0 AppleWebKit/537.36 (KHTML, like Gecko; compatible; bingbot/2.0; +http://www.bing.com/bingbot.htm) Chrome/116.0.1938.76 Safari/537.36"
66.249.79.32 - - [17/Aug/2026:15:13:01 +0000] "GET /?sale/search/detail/?ITMCODE=s7e2t2e4w0a8l4e3493 HTTP/1.1" 200 29658 "-" "Mozilla/5.0 (Linux; Android 6.0.1; Nexus 5X Build/MMB29P) AppleWebKit/537.36 (KHTML, like Gecko) Chrome/150.0.7871.186 Mobile Safari/537.36 (compatible; Googlebot/2.1; +http://www.google.com/bot.html)"
20.15.133.174 - - [17/Aug/2026:15:13:02 +0000] "GET /?sale/search/detail/?ITMCODE=l1a4t2h2e6r110170 HTTP/2.0" 200 29661 "-" "Mozilla/5.0 AppleWebKit/537.36 (KHTML, like Gecko; compatible; bingbot/2.0; +http://www.bing.com/bingbot.htm) Chrome/116.0.1938.76 Safari/537.36"
20.15.133.174 - - [17/Aug/2026:15:13:05 +0000] "GET /?sale/search/detail/?ITMCODE=e0l2a3s7m1o9g6n3a4t3h9us HTTP/2.0" 200 29303 "-" "Mozilla/5.0 AppleWebKit/537.36 (KHTML, like Gecko; compatible; bingbot/2.0; +http://www.bing.com/bingbot.htm) Chrome/116.0.1938.76 Safari/537.36"
66.249.79.36 - - [17/Aug/2026:15:13:09 +0000] "GET /?sale/search/detail/?ITMCODE=w7a1f5e5r2i0n8g3598 HTTP/1.1" 200 31419 "-" "Mozilla/5.0 (Linux; Android 6.0.1; Nexus 5X Build/MMB29P) AppleWebKit/537.36 (KHTML, like Gecko) Chrome/150.0.7871.186 Mobile Safari/537.36 (compatible; Googlebot/2.1; +http://www.google.com/bot.html)"
20.15.133.174 - - [17/Aug/2026:15:13:08 +0000] "GET /?sale/search/detail/?ITMCODE=i1n3t2e7r6d0o2m7e738 HTTP/2.0" 200 29610 "-" "Mozilla/5.0 AppleWebKit/537.36 (KHTML, like Gecko; compatible; bingbot/2.0; +http://www.bing.com/bingbot.htm) Chrome/116.0.1938.76 Safari/537.36"
66.249.79.37 - - [17/Aug/2026:15:13:09 +0000] "GET /?sale/search/detail/?ITMCODE=i7n3v5o4l0u1c4r4a7t9e9 HTTP/1.1" 200 32065 "-" "Mozilla/5.0 (Linux; Android 6.0.1; Nexus 5X Build/MMB29P) AppleWebKit/537.36 (KHTML, like Gecko) Chrome/150.0.7871.186 Mobile Safari/537.36 (compatible; Googlebot/2.1; +http://www.google.com/bot.html)"
20.15.133.174 - - [17/Aug/2026:15:13:11 +0000] "GET /?sale/search/detail/?ITMCODE=p0a5r5a8l4l5a2c1t9ic HTTP/2.0" 200 29922 "-" "Mozilla/5.0 AppleWebKit/537.36 (KHTML, like Gecko; compatible; bingbot/2.0; +http://www.bing.com/bingbot.htm) Chrome/116.0.1938.76 Safari/537.36"
66.249.79.37 - - [17/Aug/2026:15:13:11 +0000] "GET /?sale/search/detail/?ITMCODE=s7p2h4e0r1o3s6i4d4e2r5ite HTTP/1.1" 200 29571 "-" "Mozilla/5.0 (Linux; Android 6.0.1; Nexus 5X Build/MMB29P) AppleWebKit/537.36 (KHTML, like Gecko) Chrome/150.0.7871.186 Mobile Safari/537.36 (compatible; Googlebot/2.1; +http://www.google.com/bot.html)"
20.15.133.174 - - [17/Aug/2026:15:13:14 +0000] "GET /?sale/search/detail/?ITMCODE=g5r4a6z3e6d44114 HTTP/2.0" 200 30071 "-" "Mozilla/5.0 AppleWebKit/537.36 (KHTML, like Gecko; compatible; bingbot/2.0; +http://www.bing.com/bingbot.htm) Chrome/116.0.1938.76 Safari/537.36"
20.15.133.174 - - [17/Aug/2026:15:13:17 +0000] "GET /?sale/search/detail/?ITMCODE=a5p3i7a7c1e9a8e9414 HTTP/2.0" 200 31926 "-" "Mozilla/5.0 AppleWebKit/537.36 (KHTML, like Gecko; compatible; bingbot/2.0; +http://www.bing.com/bingbot.htm) Chrome/116.0.1938.76 Safari/537.36"
20.15.133.174 - - [17/Aug/2026:15:13:20 +0000] "GET /?sale/search/detail/?ITMCODE=b9a5s6s5a1r1i7s1c2i0dae HTTP/2.0" 200 33791 "-" "Mozilla/5.0 AppleWebKit/537.36 (KHTML, like Gecko; compatible; bingbot/2.0; +http://www.bing.com/bingbot.htm) Chrome/116.0.1938.76 Safari/537.36"
20.15.133.174 - - [17/Aug/2026:15:13:23 +0000] "GET /?sale/search/detail/?ITMCODE=d5i4s1k4j2o7c5k2e9y28 HTTP/2.0" 200 32958 "-" "Mozilla/5.0 AppleWebKit/537.36 (KHTML, like Gecko; compatible; bingbot/2.0; +http://www.bing.com/bingbot.htm) Chrome/116.0.1938.76 Safari/537.36"
66.249.79.36 - - [17/Aug/2026:15:13:25 +0000] "GET /?sale/search/detail/?ITMCODE=r7e4a2m2e9d206454 HTTP/1.1" 200 30569 "-" "Mozilla/5.0 (Linux; Android 6.0.1; Nexus 5X Build/MMB29P) AppleWebKit/537.36 (KHTML, like Gecko) Chrome/150.0.7871.186 Mobile Safari/537.36 (compatible; Googlebot/2.1; +http://www.google.com/bot.html)"
20.15.133.174 - - [17/Aug/2026:15:13:26 +0000] "GET /?sale/search/detail/?ITMCODE=m5e3t9a8m8e4r5i3s5m24 HTTP/2.0" 200 30684 "-" "Mozilla/5.0 AppleWebKit/537.36 (KHTML, like Gecko; compatible; bingbot/2.0; +http://www.bing.com/bingbot.htm) Chrome/116.0.1938.76 Safari/537.36"
66.249.79.36 - - [17/Aug/2026:15:13:27 +0000] "GET /?sale/search/detail/?ITMCODE=e7x3e9c4u1t4o8r0796 HTTP/1.1" 200 29742 "-" "Mozilla/5.0 (Linux; Android 6.0.1; Nexus 5X Build/MMB29P) AppleWebKit/537.36 (KHTML, like Gecko) Chrome/150.0.7871.186 Mobile Safari/537.36 (compatible; Googlebot/2.1; +http://www.google.com/bot.html)"
20.15.133.174 - - [17/Aug/2026:15:13:29 +0000] "GET /?sale/search/detail/?ITMCODE=h7a7l8l1a5g1e7365 HTTP/2.0" 200 35658 "-" "Mozilla/5.0 AppleWebKit/537.36 (KHTML, like Gecko; compatible; bingbot/2.0; +http://www.bing.com/bingbot.htm) Chrome/116.0.1938.76 Safari/537.36"
20.15.133.174 - - [17/Aug/2026:15:13:32 +0000] "GET /?sale/search/detail/?ITMCODE=e0l1l2e5b3o9r8e7869 HTTP/2.0" 200 29998 "-" "Mozilla/5.0 AppleWebKit/537.36 (KHTML, like Gecko; compatible; bingbot/2.0; +http://www.bing.com/bingbot.htm) Chrome/116.0.1938.76 Safari/537.36"
20.15.133.174 - - [17/Aug/2026:15:13:35 +0000] "GET /?sale/search/detail/?ITMCODE=f0l3u1r1r0i9e9d5l3y03 HTTP/2.0" 200 29244 "-" "Mozilla/5.0 AppleWebKit/537.36 (KHTML, like Gecko; compatible; bingbot/2.0; +http://www.bing.com/bingbot.htm) Chrome/116.0.1938.76 Safari/537.36"
20.15.133.174 - - [17/Aug/2026:15:13:38 +0000] "GET /?sale/search/detail/?ITMCODE=m8e1t2a6m4o7r6p3h5i8c9 HTTP/2.0" 200 30084 "-" "Mozilla/5.0 AppleWebKit/537.36 (KHTML, like Gecko; compatible; bingbot/2.0; +http://www.bing.com/bingbot.htm) Chrome/116.0.1938.76 Safari/537.36"
66.249.79.36 - - [17/Aug/2026:15:13:40 +0000] "GET /?sale/search/detail/?ITMCODE=b7e1r1g4e0r5e2t7656 HTTP/1.1" 200 30384 "-" "Mozilla/5.0 (Linux; Android 6.0.1; Nexus 5X Build/MMB29P) AppleWebKit/537.36 (KHTML, like Gecko) Chrome/150.0.7871.186 Mobile Safari/537.36 (compatible; Googlebot/2.1; +http://www.google.com/bot.html)"
20.15.133.174 - - [17/Aug/2026:15:13:42 +0000] "GET /?sale/search/detail/?ITMCODE=o2p7p3i3d9a2n0810 HTTP/2.0" 200 31726 "-" "Mozilla/5.0 AppleWebKit/537.36 (KHTML, like Gecko; compatible; bingbot/2.0; +http://www.bing.com/bingbot.htm) Chrome/116.0.1938.76 Safari/537.36"
20.15.133.174 - - [17/Aug/2026:15:13:44 +0000] "GET /?sale/search/detail/?ITMCODE=b4a3w1b3e0e222753 HTTP/2.0" 200 29154 "-" "Mozilla/5.0 AppleWebKit/537.36 (KHTML, like Gecko; compatible; bingbot/2.0; +http://www.bing.com/bingbot.htm) Chrome/116.0.1938.76 Safari/537.36"
20.15.133.174 - - [17/Aug/2026:15:13:47 +0000] "GET /?sale/search/detail/?ITMCODE=g4r3a7e2c0u8m58202 HTTP/2.0" 200 29260 "-" "Mozilla/5.0 AppleWebKit/537.36 (KHTML, like Gecko; compatible; bingbot/2.0; +http://www.bing.com/bingbot.htm) Chrome/116.0.1938.76 Safari/537.36"
20.15.133.174 - - [17/Aug/2026:15:13:50 +0000] "GET /?sale/search/detail/?ITMCODE=a3b2a8c4t2i5o0n9916 HTTP/2.0" 200 30271 "-" "Mozilla/5.0 AppleWebKit/537.36 (KHTML, like Gecko; compatible; bingbot/2.0; +http://www.bing.com/bingbot.htm) Chrome/116.0.1938.76 Safari/537.36"
39.34.143.217 - - [17/Aug/2026:15:13:53 +0000] "GET /wp-content/cache/speedycache/reviverenovation.ae/assets/57c950ff2ac8ff7e-animations.js HTTP/2.0" 304 - "-" "Mozilla/5.0 (Windows NT 10.0; Win64; x64) AppleWebKit/537.36 (KHTML, like Gecko) Chrome/151.0.0.0 Safari/537.36"
39.34.143.217 - - [17/Aug/2026:15:13:53 +0000] "GET /wp-content/cache/speedycache/reviverenovation.ae/assets/7278ec8f1975e6ee-smooth-scroll.js HTTP/2.0" 304 - "-" "Mozilla/5.0 (Windows NT 10.0; Win64; x64) AppleWebKit/537.36 (KHTML, like Gecko) Chrome/151.0.0.0 Safari/537.36"
39.34.143.217 - - [17/Aug/2026:15:13:53 +0000] "GET /wp-content/cache/speedycache/reviverenovation.ae/assets/3e3350c88b93ffda-wws.js HTTP/2.0" 304 - "-" "Mozilla/5.0 (Windows NT 10.0; Win64; x64) AppleWebKit/537.36 (KHTML, like Gecko) Chrome/151.0.0.0 Safari/537.36"
39.34.143.217 - - [17/Aug/2026:15:13:53 +0000] "GET /wp-content/cache/speedycache/reviverenovation.ae/assets/b90a6b6986dcecf7-astra-addon-69ddef01d1ba53-08965612.js HTTP/2.0" 304 - "-" "Mozilla/5.0 (Windows NT 10.0; Win64; x64) AppleWebKit/537.36 (KHTML, like Gecko) Chrome/151.0.0.0 Safari/537.36"
66.249.79.36 - - [17/Aug/2026:15:13:53 +0000] "GET /?sale/search/detail/?ITMCODE=b7e2r4c1h4e4m2i3a25 HTTP/1.1" 200 30912 "-" "Mozilla/5.0 (Linux; Android 6.0.1; Nexus 5X Build/MMB29P) AppleWebKit/537.36 (KHTML, like Gecko) Chrome/150.0.7871.186 Mobile Safari/537.36 (compatible; Googlebot/2.1; +http://www.google.com/bot.html)"
20.15.133.174 - - [17/Aug/2026:15:13:53 +0000] "GET /?sale/search/detail/?ITMCODE=e8l1e6c0t2r2o4m8o0t5i4on HTTP/2.0" 200 30502 "-" "Mozilla/5.0 AppleWebKit/537.36 (KHTML, like Gecko; compatible; bingbot/2.0; +http://www.bing.com/bingbot.htm) Chrome/116.0.1938.76 Safari/537.36"
