66.249.79.37 - - [17/Aug/2026:12:28:59 +0000] "GET /?sale/search/detail/?ITMCODE=t7r1o2c4h0i0s8k5969 HTTP/1.1" 200 30518 "-" "Mozilla/5.0 (Linux; Android 6.0.1; Nexus 5X Build/MMB29P) AppleWebKit/537.36 (KHTML, like Gecko) Chrome/150.0.7871.186 Mobile Safari/537.36 (compatible; Googlebot/2.1; +http://www.google.com/bot.html)"
54.38.147.237 - - [17/Aug/2026:12:29:00 +0000] "GET /sitemap-subitems-2873.xml HTTP/2.0" 200 28338 "-" "Mozilla/5.0 (compatible; AhrefsBot/7.0; +http://ahrefs.com/robot/)"
66.249.79.37 - - [17/Aug/2026:12:29:01 +0000] "GET /?sale/search/detail/?ITMCODE=d7o3m2i7n3i1c4k8669 HTTP/1.1" 200 30270 "-" "Mozilla/5.0 (Linux; Android 6.0.1; Nexus 5X Build/MMB29P) AppleWebKit/537.36 (KHTML, like Gecko) Chrome/150.0.7871.186 Mobile Safari/537.36 (compatible; Googlebot/2.1; +http://www.google.com/bot.html)"
66.249.79.36 - - [17/Aug/2026:12:29:06 +0000] "GET /?sale/search/detail/?ITMCODE=l7o2n2g5s3i6g0h9t775 HTTP/1.1" 200 29927 "-" "Mozilla/5.0 (Linux; Android 6.0.1; Nexus 5X Build/MMB29P) AppleWebKit/537.36 (KHTML, like Gecko) Chrome/150.0.7871.186 Mobile Safari/537.36 (compatible; Googlebot/2.1; +http://www.google.com/bot.html)"
54.38.147.141 - - [17/Aug/2026:12:29:06 +0000] "GET /sitemap-subitems-2957.xml HTTP/2.0" 200 28406 "-" "Mozilla/5.0 (compatible; AhrefsBot/7.0; +http://ahrefs.com/robot/)"
66.249.79.36 - - [17/Aug/2026:12:29:10 +0000] "GET /?sale/search/detail/?ITMCODE=d7e2s5i5g1n4e9r7881 HTTP/1.1" 200 29380 "-" "Mozilla/5.0 (Linux; Android 6.0.1; Nexus 5X Build/MMB29P) AppleWebKit/537.36 (KHTML, like Gecko) Chrome/150.0.7871.186 Mobile Safari/537.36 (compatible; Googlebot/2.1; +http://www.google.com/bot.html)"
198.244.242.50 - - [17/Aug/2026:12:29:11 +0000] "GET /sitemap-subitems-3001.xml HTTP/2.0" 200 28414 "-" "Mozilla/5.0 (compatible; AhrefsBot/7.0; +http://ahrefs.com/robot/)"
51.195.215.232 - - [17/Aug/2026:12:29:17 +0000] "GET /sitemap-subitems-3006.xml HTTP/2.0" 200 28337 "-" "Mozilla/5.0 (compatible; AhrefsBot/7.0; +http://ahrefs.com/robot/)"
66.249.79.36 - - [17/Aug/2026:12:29:19 +0000] "GET /?sale/search/detail/?ITMCODE=p7o1l5y6h0a3l0i8t6e83 HTTP/1.1" 200 29554 "-" "Mozilla/5.0 (Linux; Android 6.0.1; Nexus 5X Build/MMB29P) AppleWebKit/537.36 (KHTML, like Gecko) Chrome/150.0.7871.186 Mobile Safari/537.36 (compatible; Googlebot/2.1; +http://www.google.com/bot.html)"
51.195.183.226 - - [17/Aug/2026:12:29:22 +0000] "GET /sitemap-subitems-3039.xml HTTP/2.0" 200 28359 "-" "Mozilla/5.0 (compatible; AhrefsBot/7.0; +http://ahrefs.com/robot/)"
66.249.79.36 - - [17/Aug/2026:12:29:26 +0000] "GET /?sale/search/detail/?ITMCODE=g7r3a0s3p8l2e4s8s088 HTTP/1.1" 200 31239 "-" "Mozilla/5.0 (Linux; Android 6.0.1; Nexus 5X Build/MMB29P) AppleWebKit/537.36 (KHTML, like Gecko) Chrome/150.0.7871.186 Mobile Safari/537.36 (compatible; Googlebot/2.1; +http://www.google.com/bot.html)"
54.38.147.86 - - [17/Aug/2026:12:29:28 +0000] "GET /sitemap-subitems-3090.xml HTTP/2.0" 200 28423 "-" "Mozilla/5.0 (compatible; AhrefsBot/7.0; +http://ahrefs.com/robot/)"
14.177.227.190 - - [17/Aug/2026:12:29:30 +0000] "GET /about HTTP/1.1" 200 44306 "https://reviverenovation.ae/" "Mozilla/5.0 (Macintosh; Intel Mac OS X 10_15_7) AppleWebKit/605.1.15 (KHTML, like Gecko) Version/17.2 Safari/605.1.15"
66.249.79.36 - - [17/Aug/2026:12:29:33 +0000] "GET /?sale/search/detail/?ITMCODE=a7c1c0i4d1e0n1t1s510 HTTP/1.1" 200 30156 "-" "Mozilla/5.0 (Linux; Android 6.0.1; Nexus 5X Build/MMB29P) AppleWebKit/537.36 (KHTML, like Gecko) Chrome/150.0.7871.186 Mobile Safari/537.36 (compatible; Googlebot/2.1; +http://www.google.com/bot.html)"
66.249.79.36 - - [17/Aug/2026:12:29:36 +0000] "GET /?sale/search/detail/?ITMCODE=t7r3i3g0o9n0o2c0e1p8h3alus HTTP/1.1" 200 30897 "-" "Mozilla/5.0 (Linux; Android 6.0.1; Nexus 5X Build/MMB29P) AppleWebKit/537.36 (KHTML, like Gecko) Chrome/150.0.7871.186 Mobile Safari/537.36 (compatible; Googlebot/2.1; +http://www.google.com/bot.html)"
66.249.79.36 - - [17/Aug/2026:12:29:36 +0000] "GET /?sale/search/detail/?ITMCODE=g7r2e1g8a1r3i0n7a1e57 HTTP/1.1" 200 30503 "-" "Mozilla/5.0 (Linux; Android 6.0.1; Nexus 5X Build/MMB29P) AppleWebKit/537.36 (KHTML, like Gecko) Chrome/150.0.7871.186 Mobile Safari/537.36 (compatible; Googlebot/2.1; +http://www.google.com/bot.html)"
66.249.79.36 - - [17/Aug/2026:12:29:39 +0000] "GET /?sale/search/detail/?ITMCODE=l7o2c9a0l2i2t5y8735 HTTP/1.1" 200 30375 "-" "Mozilla/5.0 (Linux; Android 6.0.1; Nexus 5X Build/MMB29P) AppleWebKit/537.36 (KHTML, like Gecko) Chrome/150.0.7871.186 Mobile Safari/537.36 (compatible; Googlebot/2.1; +http://www.google.com/bot.html)"
66.249.79.37 - - [17/Aug/2026:12:29:43 +0000] "GET /?sale/search/detail/?ITMCODE=v7a3l5v7u3l5a9r2115 HTTP/1.1" 200 29107 "-" "Mozilla/5.0 (Linux; Android 6.0.1; Nexus 5X Build/MMB29P) AppleWebKit/537.36 (KHTML, like Gecko) Chrome/150.0.7871.186 Mobile Safari/537.36 (compatible; Googlebot/2.1; +http://www.google.com/bot.html)"
66.249.79.37 - - [17/Aug/2026:12:29:49 +0000] "GET /?sale/search/detail/?ITMCODE=f7r2o7n4d5o9s3u3s626 HTTP/1.1" 200 30111 "-" "Mozilla/5.0 (Linux; Android 6.0.1; Nexus 5X Build/MMB29P) AppleWebKit/537.36 (KHTML, like Gecko) Chrome/150.0.7871.186 Mobile Safari/537.36 (compatible; Googlebot/2.1; +http://www.google.com/bot.html)"
66.249.79.32 - - [17/Aug/2026:12:30:01 +0000] "GET /?sale/search/detail/?ITMCODE=s7t3o0u6t2l5y20059 HTTP/1.1" 200 31547 "-" "Mozilla/5.0 (Linux; Android 6.0.1; Nexus 5X Build/MMB29P) AppleWebKit/537.36 (KHTML, like Gecko) Chrome/150.0.7871.186 Mobile Safari/537.36 (compatible; Googlebot/2.1; +http://www.google.com/bot.html)"
66.249.79.37 - - [17/Aug/2026:12:30:09 +0000] "GET /?sale/search/detail/?ITMCODE=m7u5c0o8r2a7l4e9s32 HTTP/1.1" 200 30462 "-" "Mozilla/5.0 (Linux; Android 6.0.1; Nexus 5X Build/MMB29P) AppleWebKit/537.36 (KHTML, like Gecko) Chrome/150.0.7871.186 Mobile Safari/537.36 (compatible; Googlebot/2.1; +http://www.google.com/bot.html)"
198.38.94.13 - - [17/Aug/2026:12:30:13 +0000] "POST /wp-cron.php?doing_wp_cron=1786969813.6808390617370605468750 HTTP/1.1" 200 - "-" "WordPress/7.0.4; https://reviverenovation.ae"
114.119.132.12 - - [17/Aug/2026:12:30:10 +0000] "GET /2026/08/03/blog-uae-social-season-home-renovation/ HTTP/1.1" 200 45987 "https://reviverenovation.ae/blog/" "Mozilla/5.0 (Linux; Android 7.0;) AppleWebKit/537.36 (HTML, like Gecko) Mobile Safari/537.36 (compatible; PetalBot;+https://webmaster.petalsearch.com/site/petalbot)"
66.249.79.36 - - [17/Aug/2026:12:30:17 +0000] "GET /?sale/search/detail/?ITMCODE=h7a3l3l4o5w451255 HTTP/1.1" 200 29122 "-" "Mozilla/5.0 (Linux; Android 6.0.1; Nexus 5X Build/MMB29P) AppleWebKit/537.36 (KHTML, like Gecko) Chrome/150.0.7871.186 Mobile Safari/537.36 (compatible; Googlebot/2.1; +http://www.google.com/bot.html)"
66.249.79.36 - - [17/Aug/2026:12:30:22 +0000] "GET /?sale/search/detail/?ITMCODE=a7d4v1o1c6a7t1e8s3h8i4p HTTP/1.1" 200 31046 "-" "Mozilla/5.0 (Linux; Android 6.0.1; Nexus 5X Build/MMB29P) AppleWebKit/537.36 (KHTML, like Gecko) Chrome/150.0.7871.186 Mobile Safari/537.36 (compatible; Googlebot/2.1; +http://www.google.com/bot.html)"
66.249.79.36 - - [17/Aug/2026:12:30:29 +0000] "GET /?sale/search/detail/?ITMCODE=d7i3s1i6n3c2l9i0n4a3t9ion HTTP/1.1" 200 30658 "-" "Mozilla/5.0 (Linux; Android 6.0.1; Nexus 5X Build/MMB29P) AppleWebKit/537.36 (KHTML, like Gecko) Chrome/150.0.7871.186 Mobile Safari/537.36 (compatible; Googlebot/2.1; +http://www.google.com/bot.html)"
66.249.79.36 - - [17/Aug/2026:12:30:34 +0000] "GET /?sale/search/detail/?ITMCODE=o7p1p1o3n8e1n0c3y474 HTTP/1.1" 200 30105 "-" "Mozilla/5.0 (Linux; Android 6.0.1; Nexus 5X Build/MMB29P) AppleWebKit/537.36 (KHTML, like Gecko) Chrome/150.0.7871.186 Mobile Safari/537.36 (compatible; Googlebot/2.1; +http://www.google.com/bot.html)"
66.249.79.36 - - [17/Aug/2026:12:30:43 +0000] "GET /?sale/search/detail/?ITMCODE=r7e3s5i4n8i3f6e9r8o8u4s HTTP/1.1" 200 30164 "-" "Mozilla/5.0 (Linux; Android 6.0.1; Nexus 5X Build/MMB29P) AppleWebKit/537.36 (KHTML, like Gecko) Chrome/150.0.7871.186 Mobile Safari/537.36 (compatible; Googlebot/2.1; +http://www.google.com/bot.html)"
66.249.79.36 - - [17/Aug/2026:12:30:47 +0000] "GET /?sale/search/detail/?ITMCODE=s7h4a2p2e6d436930 HTTP/1.1" 200 29475 "-" "Mozilla/5.0 (Linux; Android 6.0.1; Nexus 5X Build/MMB29P) AppleWebKit/537.36 (KHTML, like Gecko) Chrome/150.0.7871.186 Mobile Safari/537.36 (compatible; Googlebot/2.1; +http://www.google.com/bot.html)"
66.249.79.36 - - [17/Aug/2026:12:30:52 +0000] "GET /?sale/search/detail/?ITMCODE=d7e2s4s0e4r7t4s1p1o1o4nful HTTP/1.1" 200 29603 "-" "Mozilla/5.0 (Linux; Android 6.0.1; Nexus 5X Build/MMB29P) AppleWebKit/537.36 (KHTML, like Gecko) Chrome/150.0.7871.186 Mobile Safari/537.36 (compatible; Googlebot/2.1; +http://www.google.com/bot.html)"
157.49.121.94 - - [17/Aug/2026:12:30:56 +0000] "GET /wp-content/cache/speedycache/reviverenovation.ae/assets/5003722985a75bf5-style.css HTTP/2.0" 200 621 "-" "Mozilla/5.0 (Linux; Android 10; K) AppleWebKit/537.36 (KHTML, like Gecko) Chrome/151.0.0.0 Mobile Safari/537.36"
157.49.121.94 - - [17/Aug/2026:12:30:56 +0000] "GET /wp-content/cache/speedycache/reviverenovation.ae/assets/c8aca11ebb99ff97-astra-addon-69ddef01d16cf9-75818811.css HTTP/2.0" 200 5877 "-" "Mozilla/5.0 (Linux; Android 10; K) AppleWebKit/537.36 (KHTML, like Gecko) Chrome/151.0.0.0 Mobile Safari/537.36"
157.49.121.94 - - [17/Aug/2026:12:30:56 +0000] "GET /wp-content/themes/astra/assets/css/minified/main.min.css?ver=4.12.7 HTTP/2.0" 200 8683 "-" "Mozilla/5.0 (Linux; Android 10; K) AppleWebKit/537.36 (KHTML, like Gecko) Chrome/151.0.0.0 Mobile Safari/537.36"
66.249.79.36 - - [17/Aug/2026:12:30:55 +0000] "GET /?sale/search/detail/?ITMCODE=r7e5v6e5n1g1i6n2g60 HTTP/1.1" 200 29627 "-" "Mozilla/5.0 (Linux; Android 6.0.1; Nexus 5X Build/MMB29P) AppleWebKit/537.36 (KHTML, like Gecko) Chrome/150.0.7871.186 Mobile Safari/537.36 (compatible; Googlebot/2.1; +http://www.google.com/bot.html)"
157.49.121.94 - - [17/Aug/2026:12:30:57 +0000] "GET /wp-content/plugins/elementor/assets/css/widget-image.min.css?ver=4.0.2 HTTP/2.0" 200 135 "-" "Mozilla/5.0 (Linux; Android 10; K) AppleWebKit/537.36 (KHTML, like Gecko) Chrome/151.0.0.0 Mobile Safari/537.36"
157.49.121.94 - - [17/Aug/2026:12:30:57 +0000] "GET /wp-content/plugins/elementor/assets/css/frontend.min.css?ver=4.0.2 HTTP/2.0" 200 7271 "-" "Mozilla/5.0 (Linux; Android 10; K) AppleWebKit/537.36 (KHTML, like Gecko) Chrome/151.0.0.0 Mobile Safari/537.36"
157.49.121.94 - - [17/Aug/2026:12:30:57 +0000] "GET /wp-content/plugins/elementor/assets/css/widget-heading.min.css?ver=4.0.2 HTTP/2.0" 200 160 "-" "Mozilla/5.0 (Linux; Android 10; K) AppleWebKit/537.36 (KHTML, like Gecko) Chrome/151.0.0.0 Mobile Safari/537.36"
157.49.121.94 - - [17/Aug/2026:12:30:57 +0000] "GET /wp-content/plugins/elementor/assets/css/widget-icon-list.min.css?ver=4.0.2 HTTP/2.0" 200 1023 "-" "Mozilla/5.0 (Linux; Android 10; K) AppleWebKit/537.36 (KHTML, like Gecko) Chrome/151.0.0.0 Mobile Safari/537.36"
157.49.121.94 - - [17/Aug/2026:12:30:57 +0000] "GET /wp-content/plugins/elementor/assets/css/widget-social-icons.min.css?ver=4.0.2 HTTP/2.0" 200 1142 "-" "Mozilla/5.0 (Linux; Android 10; K) AppleWebKit/537.36 (KHTML, like Gecko) Chrome/151.0.0.0 Mobile Safari/537.36"
157.49.121.94 - - [17/Aug/2026:12:30:57 +0000] "GET /wp-content/plugins/elementor/assets/css/conditionals/apple-webkit.min.css?ver=4.0.2 HTTP/2.0" 200 547 "-" "Mozilla/5.0 (Linux; Android 10; K) AppleWebKit/537.36 (KHTML, like Gecko) Chrome/151.0.0.0 Mobile Safari/537.36"
157.49.121.94 - - [17/Aug/2026:12:30:56 +0000] "GET / HTTP/2.0" 200 56754 "-" "Mozilla/5.0 (Linux; Android 10; K) AppleWebKit/537.36 (KHTML, like Gecko) Chrome/151.0.0.0 Mobile Safari/537.36"
157.49.121.94 - - [17/Aug/2026:12:30:58 +0000] "GET /wp-content/cache/speedycache/reviverenovation.ae/assets/33ab4a92927038b4-post-5.css HTTP/2.0" 200 441 "https://reviverenovation.ae/" "Mozilla/5.0 (Linux; Android 10; K) AppleWebKit/537.36 (KHTML, like Gecko) Chrome/151.0.0.0 Mobile Safari/537.36"
157.49.121.94 - - [17/Aug/2026:12:30:58 +0000] "GET /wp-content/plugins/elementor/assets/lib/animations/styles/fadeInUp.min.css?ver=4.0.2 HTTP/2.0" 200 117 "https://reviverenovation.ae/" "Mozilla/5.0 (Linux; Android 10; K) AppleWebKit/537.36 (KHTML, like Gecko) Chrome/151.0.0.0 Mobile Safari/537.36"
157.49.121.94 - - [17/Aug/2026:12:30:58 +0000] "GET /wp-content/plugins/pro-elements/assets/css/widget-price-list.min.css?ver=3.35.0 HTTP/2.0" 200 462 "https://reviverenovation.ae/" "Mozilla/5.0 (Linux; Android 10; K) AppleWebKit/537.36 (KHTML, like Gecko) Chrome/151.0.0.0 Mobile Safari/537.36"
157.49.121.94 - - [17/Aug/2026:12:30:58 +0000] "GET /wp-content/plugins/elementor/assets/lib/swiper/v8/css/swiper.min.css?ver=8.4.5 HTTP/2.0" 200 4583 "https://reviverenovation.ae/" "Mozilla/5.0 (Linux; Android 10; K) AppleWebKit/537.36 (KHTML, like Gecko) Chrome/151.0.0.0 Mobile Safari/537.36"
157.49.121.94 - - [17/Aug/2026:12:30:58 +0000] "GET /wp-content/plugins/elementor/assets/css/widget-divider.min.css?ver=4.0.2 HTTP/2.0" 200 741 "https://reviverenovation.ae/" "Mozilla/5.0 (Linux; Android 10; K) AppleWebKit/537.36 (KHTML, like Gecko) Chrome/151.0.0.0 Mobile Safari/537.36"
157.49.121.94 - - [17/Aug/2026:12:30:58 +0000] "GET /wp-content/plugins/pro-elements/assets/css/widget-call-to-action.min.css?ver=3.35.0 HTTP/2.0" 200 1338 "https://reviverenovation.ae/" "Mozilla/5.0 (Linux; Android 10; K) AppleWebKit/537.36 (KHTML, like Gecko) Chrome/151.0.0.0 Mobile Safari/537.36"
157.49.121.94 - - [17/Aug/2026:12:30:58 +0000] "GET /wp-content/plugins/pro-elements/assets/css/widget-loop-grid.min.css?ver=3.35.0 HTTP/2.0" 200 1290 "https://reviverenovation.ae/" "Mozilla/5.0 (Linux; Android 10; K) AppleWebKit/537.36 (KHTML, like Gecko) Chrome/151.0.0.0 Mobile Safari/537.36"
157.49.121.94 - - [17/Aug/2026:12:30:58 +0000] "GET /wp-content/plugins/elementor/assets/css/conditionals/e-swiper.min.css?ver=4.0.2 HTTP/2.0" 200 799 "https://reviverenovation.ae/" "Mozilla/5.0 (Linux; Android 10; K) AppleWebKit/537.36 (KHTML, like Gecko) Chrome/151.0.0.0 Mobile Safari/537.36"
157.49.121.94 - - [17/Aug/2026:12:30:58 +0000] "GET /wp-content/plugins/pro-elements/assets/css/conditionals/transitions.min.css?ver=3.35.0 HTTP/2.0" 200 621 "https://reviverenovation.ae/" "Mozilla/5.0 (Linux; Android 10; K) AppleWebKit/537.36 (KHTML, like Gecko) Chrome/151.0.0.0 Mobile Safari/537.36"
157.49.121.94 - - [17/Aug/2026:12:30:58 +0000] "GET /wp-content/plugins/pro-elements/assets/css/widget-loop-common.min.css?ver=3.35.0 HTTP/2.0" 200 158 "https://reviverenovation.ae/" "Mozilla/5.0 (Linux; Android 10; K) AppleWebKit/537.36 (KHTML, like Gecko) Chrome/151.0.0.0 Mobile Safari/537.36"
157.49.121.94 - - [17/Aug/2026:12:30:58 +0000] "GET /wp-content/plugins/elementor/assets/lib/animations/styles/slideInLeft.min.css?ver=4.0.2 HTTP/2.0" 200 123 "https://reviverenovation.ae/" "Mozilla/5.0 (Linux; Android 10; K) AppleWebKit/537.36 (KHTML, like Gecko) Chrome/151.0.0.0 Mobile Safari/537.36"
157.49.121.94 - - [17/Aug/2026:12:30:58 +0000] "GET /wp-content/plugins/elementor/assets/lib/animations/styles/fadeInLeft.min.css?ver=4.0.2 HTTP/2.0" 200 120 "https://reviverenovation.ae/" "Mozilla/5.0 (Linux; Android 10; K) AppleWebKit/537.36 (KHTML, like Gecko) Chrome/151.0.0.0 Mobile Safari/537.36"
157.49.121.94 - - [17/Aug/2026:12:30:58 +0000] "GET /wp-content/plugins/elementor/assets/lib/animations/styles/fadeInRight.min.css?ver=4.0.2 HTTP/2.0" 200 120 "https://reviverenovation.ae/" "Mozilla/5.0 (Linux; Android 10; K) AppleWebKit/537.36 (KHTML, like Gecko) Chrome/151.0.0.0 Mobile Safari/537.36"
157.49.121.94 - - [17/Aug/2026:12:30:58 +0000] "GET /wp-content/plugins/elementor/assets/css/widget-icon-box.min.css?ver=4.0.2 HTTP/2.0" 200 435 "https://reviverenovation.ae/" "Mozilla/5.0 (Linux; Android 10; K) AppleWebKit/537.36 (KHTML, like Gecko) Chrome/151.0.0.0 Mobile Safari/537.36"
157.49.121.94 - - [17/Aug/2026:12:30:58 +0000] "GET /wp-content/plugins/elementor/assets/css/widget-image-carousel.min.css?ver=4.0.2 HTTP/2.0" 200 183 "https://reviverenovation.ae/" "Mozilla/5.0 (Linux; Android 10; K) AppleWebKit/537.36 (KHTML, like Gecko) Chrome/151.0.0.0 Mobile Safari/537.36"
157.49.121.94 - - [17/Aug/2026:12:30:58 +0000] "GET /wp-content/plugins/elementor/assets/css/widget-rating.min.css?ver=4.0.2 HTTP/2.0" 200 399 "https://reviverenovation.ae/" "Mozilla/5.0 (Linux; Android 10; K) AppleWebKit/537.36 (KHTML, like Gecko) Chrome/151.0.0.0 Mobile Safari/537.36"
157.49.121.94 - - [17/Aug/2026:12:30:58 +0000] "GET /wp-content/cache/speedycache/reviverenovation.ae/assets/fbe48911448154e2-post-480.css HTTP/2.0" 200 1984 "https://reviverenovation.ae/" "Mozilla/5.0 (Linux; Android 10; K) AppleWebKit/537.36 (KHTML, like Gecko) Chrome/151.0.0.0 Mobile Safari/537.36"
157.49.121.94 - - [17/Aug/2026:12:30:58 +0000] "GET /wp-content/cache/speedycache/reviverenovation.ae/assets/95077f496437d32b-wws.css HTTP/2.0" 200 691 "https://reviverenovation.ae/" "Mozilla/5.0 (Linux; Android 10; K) AppleWebKit/537.36 (KHTML, like Gecko) Chrome/151.0.0.0 Mobile Safari/537.36"
157.49.121.94 - - [17/Aug/2026:12:30:58 +0000] "GET /wp-content/cache/speedycache/reviverenovation.ae/assets/b1725672c5852da8-wws-layout-4.css HTTP/2.0" 200 101 "https://reviverenovation.ae/" "Mozilla/5.0 (Linux; Android 10; K) AppleWebKit/537.36 (KHTML, like Gecko) Chrome/151.0.0.0 Mobile Safari/537.36"
157.49.121.94 - - [17/Aug/2026:12:30:58 +0000] "GET /wp-content/plugins/speedycache-pro/assets/images/image-palceholder.png HTTP/2.0" 200 145 "https://reviverenovation.ae/" "Mozilla/5.0 (Linux; Android 10; K) AppleWebKit/537.36 (KHTML, like Gecko) Chrome/151.0.0.0 Mobile Safari/537.36"
157.49.121.94 - - [17/Aug/2026:12:30:58 +0000] "GET /wp-content/plugins/unlimited-elements-for-elementor/assets_libraries/font-awesome6/fontawesome-v4-shims.min.css HTTP/2.0" 200 4028 "https://reviverenovation.ae/" "Mozilla/5.0 (Linux; Android 10; K) AppleWebKit/537.36 (KHTML, like Gecko) Chrome/151.0.0.0 Mobile Safari/537.36"
157.49.121.94 - - [17/Aug/2026:12:30:58 +0000] "GET /wp-content/cache/speedycache/reviverenovation.ae/assets/8cadd957ced5bb6b-post-18.css HTTP/2.0" 200 6208 "https://reviverenovation.ae/" "Mozilla/5.0 (Linux; Android 10; K) AppleWebKit/537.36 (KHTML, like Gecko) Chrome/151.0.0.0 Mobile Safari/537.36"
157.49.121.94 - - [17/Aug/2026:12:30:58 +0000] "GET /wp-content/plugins/unlimited-elements-for-elementor/assets_libraries/font-awesome6/fontawesome-all.min.css HTTP/2.0" 200 22761 "https://reviverenovation.ae/" "Mozilla/5.0 (Linux; Android 10; K) AppleWebKit/537.36 (KHTML, like Gecko) Chrome/151.0.0.0 Mobile Safari/537.36"
157.49.121.94 - - [17/Aug/2026:12:30:58 +0000] "GET /wp-content/plugins/astra-addon/addons/nav-menu/assets/css/minified/magamenu-frontend.min.css?ver=4.12.5 HTTP/2.0" 200 - "https://reviverenovation.ae/" "Mozilla/5.0 (Linux; Android 10; K) AppleWebKit/537.36 (KHTML, like Gecko) Chrome/151.0.0.0 Mobile Safari/537.36"
157.49.121.94 - - [17/Aug/2026:12:30:58 +0000] "GET /wp-content/plugins/unlimited-elements-for-elementor/assets_libraries/lity/lity.min.css HTTP/2.0" 200 1016 "https://reviverenovation.ae/" "Mozilla/5.0 (Linux; Android 10; K) AppleWebKit/537.36 (KHTML, like Gecko) Chrome/151.0.0.0 Mobile Safari/537.36"
157.49.121.94 - - [17/Aug/2026:12:30:58 +0000] "GET /wp-includes/js/jquery/jquery-migrate.min.js?ver=3.4.1 HTTP/2.0" 200 4872 "https://reviverenovation.ae/" "Mozilla/5.0 (Linux; Android 10; K) AppleWebKit/537.36 (KHTML, like Gecko) Chrome/151.0.0.0 Mobile Safari/537.36"
157.49.121.94 - - [17/Aug/2026:12:30:58 +0000] "GET /wp-content/cache/speedycache/reviverenovation.ae/assets/57c950ff2ac8ff7e-animations.js HTTP/2.0" 200 1244 "https://reviverenovation.ae/" "Mozilla/5.0 (Linux; Android 10; K) AppleWebKit/537.36 (KHTML, like Gecko) Chrome/151.0.0.0 Mobile Safari/537.36"
157.49.121.94 - - [17/Aug/2026:12:30:58 +0000] "GET /wp-content/themes/astra/assets/js/minified/frontend.min.js?ver=4.12.7 HTTP/2.0" 200 5952 "https://reviverenovation.ae/" "Mozilla/5.0 (Linux; Android 10; K) AppleWebKit/537.36 (KHTML, like Gecko) Chrome/151.0.0.0 Mobile Safari/537.36"
157.49.121.94 - - [17/Aug/2026:12:30:58 +0000] "GET /wp-content/cache/speedycache/reviverenovation.ae/assets/7278ec8f1975e6ee-smooth-scroll.js HTTP/2.0" 200 738 "https://reviverenovation.ae/" "Mozilla/5.0 (Linux; Android 10; K) AppleWebKit/537.36 (KHTML, like Gecko) Chrome/151.0.0.0 Mobile Safari/537.36"
157.49.121.94 - - [17/Aug/2026:12:30:58 +0000] "GET /wp-content/plugins/astra-addon/assets/js/minified/purify.min.js?ver=4.12.5 HTTP/2.0" 200 8744 "https://reviverenovation.ae/" "Mozilla/5.0 (Linux; Android 10; K) AppleWebKit/537.36 (KHTML, like Gecko) Chrome/151.0.0.0 Mobile Safari/537.36"
157.49.121.94 - - [17/Aug/2026:12:30:58 +0000] "GET /wp-content/plugins/elementor/assets/js/webpack.runtime.min.js?ver=4.0.2 HTTP/2.0" 200 2496 "https://reviverenovation.ae/" "Mozilla/5.0 (Linux; Android 10; K) AppleWebKit/537.36 (KHTML, like Gecko) Chrome/151.0.0.0 Mobile Safari/537.36"
157.49.121.94 - - [17/Aug/2026:12:30:58 +0000] "GET /wp-content/cache/speedycache/reviverenovation.ae/assets/b90a6b6986dcecf7-astra-addon-69ddef01d1ba53-08965612.js HTTP/2.0" 200 9109 "https://reviverenovation.ae/" "Mozilla/5.0 (Linux; Android 10; K) AppleWebKit/537.36 (KHTML, like Gecko) Chrome/151.0.0.0 Mobile Safari/537.36"
157.49.121.94 - - [17/Aug/2026:12:30:58 +0000] "GET /wp-includes/js/jquery/ui/core.min.js?ver=1.13.3 HTTP/2.0" 200 7106 "https://reviverenovation.ae/" "Mozilla/5.0 (Linux; Android 10; K) AppleWebKit/537.36 (KHTML, like Gecko) Chrome/151.0.0.0 Mobile Safari/537.36"
157.49.121.94 - - [17/Aug/2026:12:30:58 +0000] "GET /wp-includes/js/imagesloaded.min.js?ver=5.0.0 HTTP/2.0" 200 1803 "https://reviverenovation.ae/" "Mozilla/5.0 (Linux; Android 10; K) AppleWebKit/537.36 (KHTML, like Gecko) Chrome/151.0.0.0 Mobile Safari/537.36"
157.49.121.94 - - [17/Aug/2026:12:30:58 +0000] "GET /wp-content/plugins/elementor/assets/js/frontend.min.js?ver=4.0.2 HTTP/2.0" 200 10339 "https://reviverenovation.ae/" "Mozilla/5.0 (Linux; Android 10; K) AppleWebKit/537.36 (KHTML, like Gecko) Chrome/151.0.0.0 Mobile Safari/537.36"
157.49.121.94 - - [17/Aug/2026:12:30:58 +0000] "GET /wp-content/cache/speedycache/reviverenovation.ae/assets/3e3350c88b93ffda-wws.js HTTP/2.0" 200 2350 "https://reviverenovation.ae/" "Mozilla/5.0 (Linux; Android 10; K) AppleWebKit/537.36 (KHTML, like Gecko) Chrome/151.0.0.0 Mobile Safari/537.36"
157.49.121.94 - - [17/Aug/2026:12:30:58 +0000] "GET /wp-content/uploads/ac_assets/uc-splitting-text/splitting.min.js?ver=2.0.7 HTTP/2.0" 200 1683 "https://reviverenovation.ae/" "Mozilla/5.0 (Linux; Android 10; K) AppleWebKit/537.36 (KHTML, like Gecko) Chrome/151.0.0.0 Mobile Safari/537.36"
157.49.121.94 - - [17/Aug/2026:12:30:58 +0000] "GET /wp-content/plugins/unlimited-elements-for-elementor/assets_libraries/lity/lity.min.js?ver=2.0.7 HTTP/2.0" 200 2932 "https://reviverenovation.ae/" "Mozilla/5.0 (Linux; Android 10; K) AppleWebKit/537.36 (KHTML, like Gecko) Chrome/151.0.0.0 Mobile Safari/537.36"
157.49.121.94 - - [17/Aug/2026:12:30:58 +0000] "GET /wp-content/plugins/pro-elements/assets/js/webpack-pro.runtime.min.js?ver=3.35.0 HTTP/2.0" 200 2857 "https://reviverenovation.ae/" "Mozilla/5.0 (Linux; Android 10; K) AppleWebKit/537.36 (KHTML, like Gecko) Chrome/151.0.0.0 Mobile Safari/537.36"
157.49.121.94 - - [17/Aug/2026:12:30:58 +0000] "GET /wp-includes/js/dist/hooks.min.js?ver=7496969728ca0f95732d HTTP/2.0" 200 1829 "https://reviverenovation.ae/" "Mozilla/5.0 (Linux; Android 10; K) AppleWebKit/537.36 (KHTML, like Gecko) Chrome/151.0.0.0 Mobile Safari/537.36"
157.49.121.94 - - [17/Aug/2026:12:30:58 +0000] "GET /wp-includes/js/jquery/jquery.min.js?ver=3.7.1 HTTP/2.0" 200 30368 "https://reviverenovation.ae/" "Mozilla/5.0 (Linux; Android 10; K) AppleWebKit/537.36 (KHTML, like Gecko) Chrome/151.0.0.0 Mobile Safari/537.36"
157.49.121.94 - - [17/Aug/2026:12:30:58 +0000] "GET /wp-content/plugins/elementor/assets/js/frontend-modules.min.js?ver=4.0.2 HTTP/2.0" 200 15970 "https://reviverenovation.ae/" "Mozilla/5.0 (Linux; Android 10; K) AppleWebKit/537.36 (KHTML, like Gecko) Chrome/151.0.0.0 Mobile Safari/537.36"
157.49.121.94 - - [17/Aug/2026:12:30:58 +0000] "GET /wp-content/plugins/wordpress-whatsapp-support/assets/libraries/inputmask/jquery.inputmask.min.js?ver=5.0.6 HTTP/2.0" 200 27792 "https://reviverenovation.ae/" "Mozilla/5.0 (Linux; Android 10; K) AppleWebKit/537.36 (KHTML, like Gecko) Chrome/151.0.0.0 Mobile Safari/537.36"
157.49.121.94 - - [17/Aug/2026:12:30:58 +0000] "GET /wp-content/plugins/elementor/assets/lib/swiper/v8/swiper.min.js?ver=8.4.5 HTTP/2.0" 200 39695 "https://reviverenovation.ae/" "Mozilla/5.0 (Linux; Android 10; K) AppleWebKit/537.36 (KHTML, like Gecko) Chrome/151.0.0.0 Mobile Safari/537.36"
157.49.121.94 - - [17/Aug/2026:12:30:58 +0000] "GET /wp-content/uploads/2026/03/51d20d_5c5f31fbb02f48159455b983d6dd53a0mv2.jpg HTTP/2.0" 200 48680 "https://reviverenovation.ae/wp-content/cache/speedycache/reviverenovation.ae/assets/8cadd957ced5bb6b-post-18.css" "Mozilla/5.0 (Linux; Android 10; K) AppleWebKit/537.36 (KHTML, like Gecko) Chrome/151.0.0.0 Mobile Safari/537.36"
157.49.121.94 - - [17/Aug/2026:12:30:58 +0000] "GET /wp-includes/js/dist/i18n.min.js?ver=781d11515ad3d91786ec HTTP/2.0" 200 2465 "https://reviverenovation.ae/" "Mozilla/5.0 (Linux; Android 10; K) AppleWebKit/537.36 (KHTML, like Gecko) Chrome/151.0.0.0 Mobile Safari/537.36"
157.49.121.94 - - [17/Aug/2026:12:30:58 +0000] "GET /wp-content/uploads/2026/03/path-douiri.org-10.svg HTTP/2.0" 200 198 "https://reviverenovation.ae/wp-content/cache/speedycache/reviverenovation.ae/assets/8cadd957ced5bb6b-post-18.css" "Mozilla/5.0 (Linux; Android 10; K) AppleWebKit/537.36 (KHTML, like Gecko) Chrome/151.0.0.0 Mobile Safari/537.36"
157.49.121.94 - - [17/Aug/2026:12:30:58 +0000] "GET /wp-content/uploads/2026/03/Logo-new-07-scaled-768x174.png HTTP/2.0" 200 19916 "https://reviverenovation.ae/" "Mozilla/5.0 (Linux; Android 10; K) AppleWebKit/537.36 (KHTML, like Gecko) Chrome/151.0.0.0 Mobile Safari/537.36"
157.49.121.94 - - [17/Aug/2026:12:30:58 +0000] "GET /wp-content/plugins/pro-elements/assets/js/frontend.min.js?ver=3.35.0 HTTP/2.0" 200 6435 "https://reviverenovation.ae/" "Mozilla/5.0 (Linux; Android 10; K) AppleWebKit/537.36 (KHTML, like Gecko) Chrome/151.0.0.0 Mobile Safari/537.36"
157.49.121.94 - - [17/Aug/2026:12:30:58 +0000] "GET /wp-content/uploads/2026/03/path-douiri.org-6.svg HTTP/2.0" 200 222 "https://reviverenovation.ae/" "Mozilla/5.0 (Linux; Android 10; K) AppleWebKit/537.36 (KHTML, like Gecko) Chrome/151.0.0.0 Mobile Safari/537.36"
157.49.121.94 - - [17/Aug/2026:12:30:58 +0000] "GET /wp-content/plugins/pro-elements/assets/js/elements-handlers.min.js?ver=3.35.0 HTTP/2.0" 200 10563 "https://reviverenovation.ae/" "Mozilla/5.0 (Linux; Android 10; K) AppleWebKit/537.36 (KHTML, like Gecko) Chrome/151.0.0.0 Mobile Safari/537.36"
157.49.121.94 - - [17/Aug/2026:12:30:58 +0000] "GET /wp-content/uploads/2026/03/Mansory-Bold.ttf HTTP/2.0" 200 35928 "https://reviverenovation.ae/wp-content/cache/speedycache/reviverenovation.ae/assets/8cadd957ced5bb6b-post-18.css" "Mozilla/5.0 (Linux; Android 10; K) AppleWebKit/537.36 (KHTML, like Gecko) Chrome/151.0.0.0 Mobile Safari/537.36"
157.49.121.94 - - [17/Aug/2026:12:30:58 +0000] "GET /wp-content/uploads/2026/03/Mansory-Medium.ttf HTTP/2.0" 200 33899 "https://reviverenovation.ae/wp-content/cache/speedycache/reviverenovation.ae/assets/8cadd957ced5bb6b-post-18.css" "Mozilla/5.0 (Linux; Android 10; K) AppleWebKit/537.36 (KHTML, like Gecko) Chrome/151.0.0.0 Mobile Safari/537.36"
157.49.121.94 - - [17/Aug/2026:12:30:58 +0000] "GET /wp-content/plugins/unlimited-elements-for-elementor/assets_libraries/font-awesome6/fa-solid-900.woff2 HTTP/2.0" 200 156539 "https://reviverenovation.ae/wp-content/plugins/unlimited-elements-for-elementor/assets_libraries/font-awesome6/fontawesome-all.min.css" "Mozilla/5.0 (Linux; Android 10; K) AppleWebKit/537.36 (KHTML, like Gecko) Chrome/151.0.0.0 Mobile Safari/537.36"
157.49.121.94 - - [17/Aug/2026:12:30:58 +0000] "GET /wp-content/uploads/2026/03/matt-briney-DBzq28q5Y2A-unsplash.webp HTTP/2.0" 200 190503 "https://reviverenovation.ae/wp-content/cache/speedycache/reviverenovation.ae/assets/fbe48911448154e2-post-480.css" "Mozilla/5.0 (Linux; Android 10; K) AppleWebKit/537.36 (KHTML, like Gecko) Chrome/151.0.0.0 Mobile Safari/537.36"
157.49.121.94 - - [17/Aug/2026:12:30:59 +0000] "GET /wp-content/plugins/elementor/assets/js/shared-frontend-handlers.03caa53373b56d3bab67.bundle.min.js HTTP/2.0" 200 2644 "https://reviverenovation.ae/" "Mozilla/5.0 (Linux; Android 10; K) AppleWebKit/537.36 (KHTML, like Gecko) Chrome/151.0.0.0 Mobile Safari/537.36"
157.49.121.94 - - [17/Aug/2026:12:30:59 +0000] "GET /wp-content/plugins/pro-elements/assets/js/load-more.8b46f464e573feab5dd7.bundle.min.js HTTP/2.0" 200 1590 "https://reviverenovation.ae/" "Mozilla/5.0 (Linux; Android 10; K) AppleWebKit/537.36 (KHTML, like Gecko) Chrome/151.0.0.0 Mobile Safari/537.36"
157.49.121.94 - - [17/Aug/2026:12:30:59 +0000] "GET /wp-content/plugins/elementor/assets/js/image-carousel.6167d20b95b33386757b.bundle.min.js HTTP/2.0" 200 272 "https://reviverenovation.ae/" "Mozilla/5.0 (Linux; Android 10; K) AppleWebKit/537.36 (KHTML, like Gecko) Chrome/151.0.0.0 Mobile Safari/537.36"
157.49.121.94 - - [17/Aug/2026:12:30:59 +0000] "GET /wp-content/plugins/elementor/assets/js/text-editor.45609661e409413f1cef.bundle.min.js HTTP/2.0" 200 648 "https://reviverenovation.ae/" "Mozilla/5.0 (Linux; Android 10; K) AppleWebKit/537.36 (KHTML, like Gecko) Chrome/151.0.0.0 Mobile Safari/537.36"
157.49.121.94 - - [17/Aug/2026:12:30:59 +0000] "GET /wp-content/plugins/pro-elements/assets/js/loop.89cc81d2188312a17a17.bundle.min.js HTTP/2.0" 200 3220 "https://reviverenovation.ae/" "Mozilla/5.0 (Linux; Android 10; K) AppleWebKit/537.36 (KHTML, like Gecko) Chrome/151.0.0.0 Mobile Safari/537.36"
157.49.121.94 - - [17/Aug/2026:12:30:59 +0000] "GET /wp-content/plugins/pro-elements/assets/js/ajax-pagination.2090b5f4906bcda1dcc2.bundle.min.js HTTP/2.0" 200 1197 "https://reviverenovation.ae/" "Mozilla/5.0 (Linux; Android 10; K) AppleWebKit/537.36 (KHTML, like Gecko) Chrome/151.0.0.0 Mobile Safari/537.36"
157.49.121.94 - - [17/Aug/2026:12:30:59 +0000] "GET /wp-includes/js/wp-emoji-release.min.js?ver=7.0.4 HTTP/2.0" 200 5386 "https://reviverenovation.ae/" "Mozilla/5.0 (Linux; Android 10; K) AppleWebKit/537.36 (KHTML, like Gecko) Chrome/151.0.0.0 Mobile Safari/537.36"
157.49.121.94 - - [17/Aug/2026:12:30:59 +0000] "GET /wp-content/uploads/2026/03/slide-image.jpg HTTP/2.0" 200 462480 "https://reviverenovation.ae/" "Mozilla/5.0 (Linux; Android 10; K) AppleWebKit/537.36 (KHTML, like Gecko) Chrome/151.0.0.0 Mobile Safari/537.36"
157.49.121.94 - - [17/Aug/2026:12:30:59 +0000] "GET /wp-content/uploads/2026/03/258-Al-Murooj-new-HD-1-25.jpg HTTP/2.0" 200 1625223 "https://reviverenovation.ae/" "Mozilla/5.0 (Linux; Android 10; K) AppleWebKit/537.36 (KHTML, like Gecko) Chrome/151.0.0.0 Mobile Safari/537.36"
157.49.121.94 - - [17/Aug/2026:12:31:00 +0000] "GET /wp-content/uploads/2026/03/Construction-services.jpg HTTP/2.0" 200 1020135 "https://reviverenovation.ae/" "Mozilla/5.0 (Linux; Android 10; K) AppleWebKit/537.36 (KHTML, like Gecko) Chrome/151.0.0.0 Mobile Safari/537.36"
157.49.121.94 - - [17/Aug/2026:12:31:00 +0000] "GET /wp-content/uploads/2026/03/flavicon-300x300.png HTTP/2.0" 200 11704 "https://reviverenovation.ae/" "Mozilla/5.0 (Linux; Android 10; K) AppleWebKit/537.36 (KHTML, like Gecko) Chrome/151.0.0.0 Mobile Safari/537.36"
66.249.79.37 - - [17/Aug/2026:12:30:59 +0000] "GET /?sale/search/detail/?ITMCODE=p7r2e4c5i3p1i5t1a6n8t3ness HTTP/1.1" 200 30473 "-" "Mozilla/5.0 (Linux; Android 6.0.1; Nexus 5X Build/MMB29P) AppleWebKit/537.36 (KHTML, like Gecko) Chrome/150.0.7871.186 Mobile Safari/537.36 (compatible; Googlebot/2.1; +http://www.google.com/bot.html)"
43.153.26.165 - - [17/Aug/2026:12:31:04 +0000] "GET / HTTP/1.1" 200 56754 "http://www.reviverenovation.ae" "Mozilla/5.0 (iPhone; CPU iPhone OS 13_2_3 like Mac OS X) AppleWebKit/605.1.15 (KHTML, like Gecko) Version/13.0.3 Mobile/15E148 Safari/604.1"
66.249.79.36 - - [17/Aug/2026:12:31:07 +0000] "GET /?sale/search/detail/?ITMCODE=w7a2s9h8h9o2u6s4e950 HTTP/1.1" 200 31203 "-" "Mozilla/5.0 (Linux; Android 6.0.1; Nexus 5X Build/MMB29P) AppleWebKit/537.36 (KHTML, like Gecko) Chrome/150.0.7871.186 Mobile Safari/537.36 (compatible; Googlebot/2.1; +http://www.google.com/bot.html)"
66.249.79.36 - - [17/Aug/2026:12:31:14 +0000] "GET /?sale/search/detail/?ITMCODE=s7k4i2d0d1a5w60009 HTTP/1.1" 200 29479 "-" "Mozilla/5.0 (Linux; Android 6.0.1; Nexus 5X Build/MMB29P) AppleWebKit/537.36 (KHTML, like Gecko) Chrome/150.0.7871.186 Mobile Safari/537.36 (compatible; Googlebot/2.1; +http://www.google.com/bot.html)"
66.249.79.36 - - [17/Aug/2026:12:31:17 +0000] "GET /?sale/search/detail/?ITMCODE=h7i2e5r2o8g8l3y0p9h9i0st HTTP/1.1" 200 30014 "-" "Mozilla/5.0 (Linux; Android 6.0.1; Nexus 5X Build/MMB29P) AppleWebKit/537.36 (KHTML, like Gecko) Chrome/150.0.7871.186 Mobile Safari/537.36 (compatible; Googlebot/2.1; +http://www.google.com/bot.html)"
66.249.79.36 - - [17/Aug/2026:12:31:24 +0000] "GET /?sale/search/detail/?ITMCODE=o7v2o2t8e5s7t1t3i8s50 HTTP/1.1" 200 29555 "-" "Mozilla/5.0 (Linux; Android 6.0.1; Nexus 5X Build/MMB29P) AppleWebKit/537.36 (KHTML, like Gecko) Chrome/150.0.7871.186 Mobile Safari/537.36 (compatible; Googlebot/2.1; +http://www.google.com/bot.html)"
66.249.79.36 - - [17/Aug/2026:12:31:27 +0000] "GET /?sale/search/detail/?ITMCODE=p7i4m1p8i8l7l6o884 HTTP/1.1" 200 30177 "-" "Mozilla/5.0 (Linux; Android 6.0.1; Nexus 5X Build/MMB29P) AppleWebKit/537.36 (KHTML, like Gecko) Chrome/150.0.7871.186 Mobile Safari/537.36 (compatible; Googlebot/2.1; +http://www.google.com/bot.html)"
66.249.79.36 - - [17/Aug/2026:12:31:29 +0000] "GET /?sale/search/detail/?ITMCODE=g7a2r3b5a3g1e68056 HTTP/1.1" 200 29695 "-" "Mozilla/5.0 (Linux; Android 6.0.1; Nexus 5X Build/MMB29P) AppleWebKit/537.36 (KHTML, like Gecko) Chrome/150.0.7871.186 Mobile Safari/537.36 (compatible; Googlebot/2.1; +http://www.google.com/bot.html)"
198.38.94.13 - - [17/Aug/2026:12:31:36 +0000] "POST /wp-cron.php?doing_wp_cron=1786969896.0808970928192138671875 HTTP/1.1" 200 - "-" "WordPress/7.0.4; https://reviverenovation.ae"
114.119.151.208 - - [17/Aug/2026:12:31:33 +0000] "GET /2026/06/17/luxury-lighting-design-dubai-homes/ HTTP/1.1" 200 47905 "https://reviverenovation.ae/blog/" "Mozilla/5.0 (Linux; Android 7.0;) AppleWebKit/537.36 (HTML, like Gecko) Mobile Safari/537.36 (compatible; PetalBot;+https://webmaster.petalsearch.com/site/petalbot)"
177.129.184.11 - - [17/Aug/2026:12:31:36 +0000] "GET /our-process HTTP/1.1" 200 42800 "https://reviverenovation.ae/" "Mozilla/5.0 (Macintosh; Intel Mac OS X 10_15_7) AppleWebKit/537.36 (KHTML, like Gecko) Chrome/121.0.0.0 Safari/537.36 Edg/121.0.0.0"
66.249.79.36 - - [17/Aug/2026:12:31:36 +0000] "GET /?sale/search/detail/?ITMCODE=m7u3l1t6i5l8o7q8u1e7n6t HTTP/1.1" 200 30657 "-" "Mozilla/5.0 (Linux; Android 6.0.1; Nexus 5X Build/MMB29P) AppleWebKit/537.36 (KHTML, like Gecko) Chrome/150.0.7871.186 Mobile Safari/537.36 (compatible; Googlebot/2.1; +http://www.google.com/bot.html)"
66.249.79.36 - - [17/Aug/2026:12:31:45 +0000] "GET /?sale/search/detail/?ITMCODE=u7t5i0l6i1t1y0342 HTTP/1.1" 200 30009 "-" "Mozilla/5.0 (Linux; Android 6.0.1; Nexus 5X Build/MMB29P) AppleWebKit/537.36 (KHTML, like Gecko) Chrome/150.0.7871.186 Mobile Safari/537.36 (compatible; Googlebot/2.1; +http://www.google.com/bot.html)"
66.249.79.36 - - [17/Aug/2026:12:31:50 +0000] "GET /?sale/search/detail/?ITMCODE=v7i2r2i0l9e820359 HTTP/1.1" 200 30063 "-" "Mozilla/5.0 (Linux; Android 6.0.1; Nexus 5X Build/MMB29P) AppleWebKit/537.36 (KHTML, like Gecko) Chrome/150.0.7871.186 Mobile Safari/537.36 (compatible; Googlebot/2.1; +http://www.google.com/bot.html)"
66.249.79.36 - - [17/Aug/2026:12:31:51 +0000] "GET /?sale/search/detail/?ITMCODE=r7e1t2i6n0i9t8i1s219 HTTP/1.1" 200 30078 "-" "Mozilla/5.0 (Linux; Android 6.0.1; Nexus 5X Build/MMB29P) AppleWebKit/537.36 (KHTML, like Gecko) Chrome/150.0.7871.186 Mobile Safari/537.36 (compatible; Googlebot/2.1; +http://www.google.com/bot.html)"
66.249.79.37 - - [17/Aug/2026:12:31:57 +0000] "GET /?sale/search/detail/?ITMCODE=a7f3f1e0c8t9e4d7n8e5s7s HTTP/1.1" 200 30059 "-" "Mozilla/5.0 (Linux; Android 6.0.1; Nexus 5X Build/MMB29P) AppleWebKit/537.36 (KHTML, like Gecko) Chrome/150.0.7871.186 Mobile Safari/537.36 (compatible; Googlebot/2.1; +http://www.google.com/bot.html)"
66.249.79.36 - - [17/Aug/2026:12:32:05 +0000] "GET /?sale/search/detail/?ITMCODE=a7d1m1i7n0i3s3t8e6r91 HTTP/1.1" 200 31055 "-" "Mozilla/5.0 (Linux; Android 6.0.1; Nexus 5X Build/MMB29P) AppleWebKit/537.36 (KHTML, like Gecko) Chrome/150.0.7871.186 Mobile Safari/537.36 (compatible; Googlebot/2.1; +http://www.google.com/bot.html)"
66.249.79.36 - - [17/Aug/2026:12:32:07 +0000] "GET /?sale/search/detail/?ITMCODE=s7u4m2m2e0r6i3n6g043 HTTP/1.1" 200 29764 "-" "Mozilla/5.0 (Linux; Android 6.0.1; Nexus 5X Build/MMB29P) AppleWebKit/537.36 (KHTML, like Gecko) Chrome/150.0.7871.186 Mobile Safari/537.36 (compatible; Googlebot/2.1; +http://www.google.com/bot.html)"
66.249.79.36 - - [17/Aug/2026:12:32:07 +0000] "GET /?sale/search/detail/?ITMCODE=j7a1c9k4p6o0t61251 HTTP/1.1" 200 30114 "-" "Mozilla/5.0 (Linux; Android 6.0.1; Nexus 5X Build/MMB29P) AppleWebKit/537.36 (KHTML, like Gecko) Chrome/150.0.7871.186 Mobile Safari/537.36 (compatible; Googlebot/2.1; +http://www.google.com/bot.html)"
66.249.79.36 - - [17/Aug/2026:12:32:11 +0000] "GET /?sale/search/detail/?ITMCODE=h7o2s4t3e4s4s2s1h0i2p3 HTTP/1.1" 200 29157 "-" "Mozilla/5.0 (Linux; Android 6.0.1; Nexus 5X Build/MMB29P) AppleWebKit/537.36 (KHTML, like Gecko) Chrome/150.0.7871.186 Mobile Safari/537.36 (compatible; Googlebot/2.1; +http://www.google.com/bot.html)"
66.249.79.36 - - [17/Aug/2026:12:32:19 +0000] "GET /?sale/search/detail/?ITMCODE=s7k1u4n8k3w4e1e7d293 HTTP/1.1" 200 31419 "-" "Mozilla/5.0 (Linux; Android 6.0.1; Nexus 5X Build/MMB29P) AppleWebKit/537.36 (KHTML, like Gecko) Chrome/150.0.7871.186 Mobile Safari/537.36 (compatible; Googlebot/2.1; +http://www.google.com/bot.html)"
66.249.79.36 - - [17/Aug/2026:12:32:27 +0000] "GET /?sale/search/detail/?ITMCODE=h7o1o4k0e1d5n5e9s3s92 HTTP/1.1" 200 29772 "-" "Mozilla/5.0 (Linux; Android 6.0.1; Nexus 5X Build/MMB29P) AppleWebKit/537.36 (KHTML, like Gecko) Chrome/150.0.7871.186 Mobile Safari/537.36 (compatible; Googlebot/2.1; +http://www.google.com/bot.html)"
66.249.79.36 - - [17/Aug/2026:12:32:30 +0000] "GET /?sale/search/detail/?ITMCODE=s7t1y7r9o7l094486 HTTP/1.1" 200 29984 "-" "Mozilla/5.0 (Linux; Android 6.0.1; Nexus 5X Build/MMB29P) AppleWebKit/537.36 (KHTML, like Gecko) Chrome/150.0.7871.186 Mobile Safari/537.36 (compatible; Googlebot/2.1; +http://www.google.com/bot.html)"
66.249.79.36 - - [17/Aug/2026:12:32:33 +0000] "GET /?sale/search/detail/?ITMCODE=g7o4d2d3a0m418553 HTTP/1.1" 200 29879 "-" "Mozilla/5.0 (Linux; Android 6.0.1; Nexus 5X Build/MMB29P) AppleWebKit/537.36 (KHTML, like Gecko) Chrome/150.0.7871.186 Mobile Safari/537.36 (compatible; Googlebot/2.1; +http://www.google.com/bot.html)"
66.249.79.36 - - [17/Aug/2026:12:32:36 +0000] "GET /?sale/search/detail/?ITMCODE=s7c2o5t9l8a4n8d2151 HTTP/1.1" 200 30310 "-" "Mozilla/5.0 (Linux; Android 6.0.1; Nexus 5X Build/MMB29P) AppleWebKit/537.36 (KHTML, like Gecko) Chrome/150.0.7871.186 Mobile Safari/537.36 (compatible; Googlebot/2.1; +http://www.google.com/bot.html)"
66.249.79.37 - - [17/Aug/2026:12:32:39 +0000] "GET /?sale/search/detail/?ITMCODE=c7r4o0p3t5a2i3l8e2d06 HTTP/1.1" 200 32324 "-" "Mozilla/5.0 (Linux; Android 6.0.1; Nexus 5X Build/MMB29P) AppleWebKit/537.36 (KHTML, like Gecko) Chrome/150.0.7871.186 Mobile Safari/537.36 (compatible; Googlebot/2.1; +http://www.google.com/bot.html)"
162.120.188.95 - - [17/Aug/2026:12:32:45 +0000] "GET /revive-contracting/shell-core-construction-dubai/ HTTP/2.0" 200 44135 "https://www.google.com/" "Mozilla/5.0 (Windows NT 10.0; Win64; x64) AppleWebKit/537.36 (KHTML, like Gecko) Chrome/151.0.0.0 Safari/537.36"
66.249.79.36 - - [17/Aug/2026:12:32:47 +0000] "GET /?sale/search/detail/?ITMCODE=c7a2r7o5l4u6s6e7s576 HTTP/1.1" 200 30378 "-" "Mozilla/5.0 (Linux; Android 6.0.1; Nexus 5X Build/MMB29P) AppleWebKit/537.36 (KHTML, like Gecko) Chrome/150.0.7871.186 Mobile Safari/537.36 (compatible; Googlebot/2.1; +http://www.google.com/bot.html)"
66.249.79.37 - - [17/Aug/2026:12:32:54 +0000] "GET /?sale/search/detail/?ITMCODE=c7a9b5l8e3t66840 HTTP/1.1" 200 30474 "-" "Mozilla/5.0 (Linux; Android 6.0.1; Nexus 5X Build/MMB29P) AppleWebKit/537.36 (KHTML, like Gecko) Chrome/150.0.7871.186 Mobile Safari/537.36 (compatible; Googlebot/2.1; +http://www.google.com/bot.html)"
66.249.79.36 - - [17/Aug/2026:12:32:54 +0000] "GET /?sale/search/detail/?ITMCODE=r7u3e8l8l4i9a41227 HTTP/1.1" 200 30545 "-" "Mozilla/5.0 (Linux; Android 6.0.1; Nexus 5X Build/MMB29P) AppleWebKit/537.36 (KHTML, like Gecko) Chrome/150.0.7871.186 Mobile Safari/537.36 (compatible; Googlebot/2.1; +http://www.google.com/bot.html)"
66.249.79.37 - - [17/Aug/2026:12:32:56 +0000] "GET /?sale/search/detail/?ITMCODE=c7o3i4n1e6r314531 HTTP/1.1" 200 30156 "-" "Mozilla/5.0 (Linux; Android 6.0.1; Nexus 5X Build/MMB29P) AppleWebKit/537.36 (KHTML, like Gecko) Chrome/150.0.7871.186 Mobile Safari/537.36 (compatible; Googlebot/2.1; +http://www.google.com/bot.html)"
66.249.79.36 - - [17/Aug/2026:12:32:57 +0000] "GET /?sale/search/detail/?ITMCODE=e7n3t6o4s3t3e3r9n3a93 HTTP/1.1" 200 30008 "-" "Mozilla/5.0 (Linux; Android 6.0.1; Nexus 5X Build/MMB29P) AppleWebKit/537.36 (KHTML, like Gecko) Chrome/150.0.7871.186 Mobile Safari/537.36 (compatible; Googlebot/2.1; +http://www.google.com/bot.html)"
66.249.79.37 - - [17/Aug/2026:12:32:58 +0000] "GET /?sale/search/detail/?ITMCODE=p7l3e5u6r7i8t8e7329 HTTP/1.1" 200 29411 "-" "Mozilla/5.0 (Linux; Android 6.0.1; Nexus 5X Build/MMB29P) AppleWebKit/537.36 (KHTML, like Gecko) Chrome/150.0.7871.186 Mobile Safari/537.36 (compatible; Googlebot/2.1; +http://www.google.com/bot.html)"
66.249.79.36 - - [17/Aug/2026:12:33:05 +0000] "GET /?sale/search/detail/?ITMCODE=s7t2a0p9h8y7l5o0m0a63 HTTP/1.1" 200 30461 "-" "Mozilla/5.0 (Linux; Android 6.0.1; Nexus 5X Build/MMB29P) AppleWebKit/537.36 (KHTML, like Gecko) Chrome/150.0.7871.186 Mobile Safari/537.36 (compatible; Googlebot/2.1; +http://www.google.com/bot.html)"
66.249.79.36 - - [17/Aug/2026:12:33:12 +0000] "GET /?sale/search/detail/?ITMCODE=s7l2a7v1i9s8h4l4y638 HTTP/1.1" 200 29475 "-" "Mozilla/5.0 (Linux; Android 6.0.1; Nexus 5X Build/MMB29P) AppleWebKit/537.36 (KHTML, like Gecko) Chrome/150.0.7871.186 Mobile Safari/537.36 (compatible; Googlebot/2.1; +http://www.google.com/bot.html)"
66.249.79.36 - - [17/Aug/2026:12:33:19 +0000] "GET /?sale/search/detail/?ITMCODE=i7n4s0t3a8n8t7a4n4e8o7usly HTTP/1.1" 200 30013 "-" "Mozilla/5.0 (Linux; Android 6.0.1; Nexus 5X Build/MMB29P) AppleWebKit/537.36 (KHTML, like Gecko) Chrome/150.0.7871.186 Mobile Safari/537.36 (compatible; Googlebot/2.1; +http://www.google.com/bot.html)"
66.249.79.36 - - [17/Aug/2026:12:33:27 +0000] "GET /?sale/search/detail/?ITMCODE=d7i2s9r5u9d9d9e1r23 HTTP/1.1" 200 30385 "-" "Mozilla/5.0 (Linux; Android 6.0.1; Nexus 5X Build/MMB29P) AppleWebKit/537.36 (KHTML, like Gecko) Chrome/150.0.7871.186 Mobile Safari/537.36 (compatible; Googlebot/2.1; +http://www.google.com/bot.html)"
66.249.79.36 - - [17/Aug/2026:12:33:34 +0000] "GET /?sale/search/detail/?ITMCODE=t7r2a2g7u8s323141 HTTP/1.1" 200 30089 "-" "Mozilla/5.0 (Linux; Android 6.0.1; Nexus 5X Build/MMB29P) AppleWebKit/537.36 (KHTML, like Gecko) Chrome/150.0.7871.186 Mobile Safari/537.36 (compatible; Googlebot/2.1; +http://www.google.com/bot.html)"
66.249.79.32 - - [17/Aug/2026:12:33:43 +0000] "GET /?sale/search/detail/?ITMCODE=a7d2a5p0t5a5b1i1l5i1t0y HTTP/1.1" 200 31478 "-" "Mozilla/5.0 (Linux; Android 6.0.1; Nexus 5X Build/MMB29P) AppleWebKit/537.36 (KHTML, like Gecko) Chrome/150.0.7871.186 Mobile Safari/537.36 (compatible; Googlebot/2.1; +http://www.google.com/bot.html)"
66.249.79.36 - - [17/Aug/2026:12:33:51 +0000] "GET /?sale/search/detail/?ITMCODE=m7y3x1o3b4a5c9t5e4r1i8a HTTP/1.1" 200 30797 "-" "Mozilla/5.0 (Linux; Android 6.0.1; Nexus 5X Build/MMB29P) AppleWebKit/537.36 (KHTML, like Gecko) Chrome/150.0.7871.186 Mobile Safari/537.36 (compatible; Googlebot/2.1; +http://www.google.com/bot.html)"
106.222.250.8 - - [17/Aug/2026:12:33:53 +0000] "GET /robots.txt HTTP/2.0" 200 99 "-" "Mozilla/5.0 (Macintosh; Intel Mac OS X 10_15_7) AppleWebKit/537.36 (KHTML, like Gecko) Chrome/133.0.0.0 Safari/537.36"
66.249.79.36 - - [17/Aug/2026:12:33:52 +0000] "GET /?sale/search/detail/?ITMCODE=c7r5i8e7s223625 HTTP/1.1" 200 30467 "-" "Mozilla/5.0 (Linux; Android 6.0.1; Nexus 5X Build/MMB29P) AppleWebKit/537.36 (KHTML, like Gecko) Chrome/150.0.7871.186 Mobile Safari/537.36 (compatible; Googlebot/2.1; +http://www.google.com/bot.html)"
66.249.79.36 - - [17/Aug/2026:12:33:54 +0000] "GET /?sale/search/detail/?ITMCODE=e7p1i6s9p3a5d0i3a8s89 HTTP/1.1" 200 31206 "-" "Mozilla/5.0 (Linux; Android 6.0.1; Nexus 5X Build/MMB29P) AppleWebKit/537.36 (KHTML, like Gecko) Chrome/150.0.7871.186 Mobile Safari/537.36 (compatible; Googlebot/2.1; +http://www.google.com/bot.html)"
191.189.16.90 - - [17/Aug/2026:12:33:55 +0000] "GET /blog/ HTTP/2.0" 200 47704 "-" "Mozilla/5.0 (Macintosh; Intel Mac OS X 10_15_7) AppleWebKit/537.36 (KHTML, like Gecko) Chrome/133.0.0.0 Safari/537.36"
66.249.79.36 - - [17/Aug/2026:12:33:57 +0000] "GET /?sale/search/detail/?ITMCODE=m7a6y3o7r9a2l9926 HTTP/1.1" 200 30014 "-" "Mozilla/5.0 (Linux; Android 6.0.1; Nexus 5X Build/MMB29P) AppleWebKit/537.36 (KHTML, like Gecko) Chrome/150.0.7871.186 Mobile Safari/537.36 (compatible; Googlebot/2.1; +http://www.google.com/bot.html)"
66.249.79.36 - - [17/Aug/2026:12:34:01 +0000] "GET /?sale/search/detail/?ITMCODE=k7r2a6a6l7244557 HTTP/1.1" 200 31270 "-" "Mozilla/5.0 (Linux; Android 6.0.1; Nexus 5X Build/MMB29P) AppleWebKit/537.36 (KHTML, like Gecko) Chrome/150.0.7871.186 Mobile Safari/537.36 (compatible; Googlebot/2.1; +http://www.google.com/bot.html)"
66.249.79.36 - - [17/Aug/2026:12:34:07 +0000] "GET /?sale/search/detail/?ITMCODE=p7y1r5o0x5y8l7i0c000 HTTP/1.1" 200 29539 "-" "Mozilla/5.0 (Linux; Android 6.0.1; Nexus 5X Build/MMB29P) AppleWebKit/537.36 (KHTML, like Gecko) Chrome/150.0.7871.186 Mobile Safari/537.36 (compatible; Googlebot/2.1; +http://www.google.com/bot.html)"
66.249.79.36 - - [17/Aug/2026:12:34:10 +0000] "GET /?sale/search/detail/?ITMCODE=e7n2c7a4m7p145741 HTTP/1.1" 200 30586 "-" "Mozilla/5.0 (Linux; Android 6.0.1; Nexus 5X Build/MMB29P) AppleWebKit/537.36 (KHTML, like Gecko) Chrome/150.0.7871.186 Mobile Safari/537.36 (compatible; Googlebot/2.1; +http://www.google.com/bot.html)"
66.249.79.36 - - [17/Aug/2026:12:34:16 +0000] "GET /?sale/search/detail/?ITMCODE=l7e1d2g3y7661771 HTTP/1.1" 200 30162 "-" "Mozilla/5.0 (Linux; Android 6.0.1; Nexus 5X Build/MMB29P) AppleWebKit/537.36 (KHTML, like Gecko) Chrome/150.0.7871.186 Mobile Safari/537.36 (compatible; Googlebot/2.1; +http://www.google.com/bot.html)"
66.249.79.36 - - [17/Aug/2026:12:34:19 +0000] "GET /?sale/search/detail/?ITMCODE=l7o1n2e8l9i6e7s6t256 HTTP/1.1" 200 30543 "-" "Mozilla/5.0 (Linux; Android 6.0.1; Nexus 5X Build/MMB29P) AppleWebKit/537.36 (KHTML, like Gecko) Chrome/150.0.7871.186 Mobile Safari/537.36 (compatible; Googlebot/2.1; +http://www.google.com/bot.html)"
66.249.79.36 - - [17/Aug/2026:12:34:23 +0000] "GET /?sale/search/detail/?ITMCODE=s7e2n3d2e0r932823 HTTP/1.1" 200 30024 "-" "Mozilla/5.0 (Linux; Android 6.0.1; Nexus 5X Build/MMB29P) AppleWebKit/537.36 (KHTML, like Gecko) Chrome/150.0.7871.186 Mobile Safari/537.36 (compatible; Googlebot/2.1; +http://www.google.com/bot.html)"
157.49.121.94 - - [17/Aug/2026:12:34:28 +0000] "GET / HTTP/1.1" 200 56807 "-" "WhatsApp/2.23.20.0"
157.49.121.94 - - [17/Aug/2026:12:34:30 +0000] "GET / HTTP/1.1" 200 56807 "-" "WhatsApp/2.23.20.0"
66.249.79.36 - - [17/Aug/2026:12:34:29 +0000] "GET /?sale/search/detail/?ITMCODE=d7e2r3m0a6t9i5c4458 HTTP/1.1" 200 29605 "-" "Mozilla/5.0 (Linux; Android 6.0.1; Nexus 5X Build/MMB29P) AppleWebKit/537.36 (KHTML, like Gecko) Chrome/150.0.7871.186 Mobile Safari/537.36 (compatible; Googlebot/2.1; +http://www.google.com/bot.html)"
157.49.121.94 - - [17/Aug/2026:12:34:31 +0000] "GET /wp-content/uploads/2026/03/room-images-01.jpg HTTP/1.1" 200 218471 "-" "WhatsApp/2.23.20.0"
157.49.121.94 - - [17/Aug/2026:12:34:33 +0000] "GET /wp-content/uploads/2026/03/flavicon-300x300.png HTTP/1.1" 200 11704 "-" "WhatsApp/2.23.20.0"
66.249.79.36 - - [17/Aug/2026:12:34:35 +0000] "GET /?sale/search/detail/?ITMCODE=s7t3e3a0t4o4r3n1i3t9h5idae HTTP/1.1" 200 30194 "-" "Mozilla/5.0 (Linux; Android 6.0.1; Nexus 5X Build/MMB29P) AppleWebKit/537.36 (KHTML, like Gecko) Chrome/150.0.7871.186 Mobile Safari/537.36 (compatible; Googlebot/2.1; +http://www.google.com/bot.html)"
104.210.140.140 - - [17/Aug/2026:12:34:39 +0000] "GET /robots.txt HTTP/2.0" 200 99 "-" "Mozilla/5.0 (Macintosh; Intel Mac OS X 10_15_7) AppleWebKit/537.36 (KHTML, like Gecko) Chrome/131.0.0.0 Safari/537.36; compatible; OAI-SearchBot/1.0; +https://openai.com/searchbot"
66.249.79.36 - - [17/Aug/2026:12:34:41 +0000] "GET /?sale/search/detail/?ITMCODE=l7l3a5n7d7e2i2l8o428 HTTP/1.1" 200 31496 "-" "Mozilla/5.0 (Linux; Android 6.0.1; Nexus 5X Build/MMB29P) AppleWebKit/537.36 (KHTML, like Gecko) Chrome/150.0.7871.186 Mobile Safari/537.36 (compatible; Googlebot/2.1; +http://www.google.com/bot.html)"
66.249.79.36 - - [17/Aug/2026:12:34:43 +0000] "GET /?sale/search/detail/?ITMCODE=t7i7t6u4l7e8d9342 HTTP/1.1" 200 29358 "-" "Mozilla/5.0 (Linux; Android 6.0.1; Nexus 5X Build/MMB29P) AppleWebKit/537.36 (KHTML, like Gecko) Chrome/150.0.7871.186 Mobile Safari/537.36 (compatible; Googlebot/2.1; +http://www.google.com/bot.html)"
