66.249.79.37 - - [17/Aug/2026:13:03:58 +0000] "GET /?sale/search/detail/?ITMCODE=l7i1t8u4u6s848296 HTTP/1.1" 200 30274 "-" "Mozilla/5.0 (Linux; Android 6.0.1; Nexus 5X Build/MMB29P) AppleWebKit/537.36 (KHTML, like Gecko) Chrome/150.0.7871.186 Mobile Safari/537.36 (compatible; Googlebot/2.1; +http://www.google.com/bot.html)"
195.178.110.223 - - [17/Aug/2026:13:03:52 +0000] "GET /config/default.json HTTP/1.1" 404 26861 "-" "Mozilla/5.0 (Windows NT 10.0; Win64; x64) AppleWebKit/537.36 (KHTML, like Gecko) Chrome/131.0.0.0 Safari/537.36"
195.178.110.223 - - [17/Aug/2026:13:03:52 +0000] "GET /config.yaml HTTP/1.1" 404 26860 "-" "Mozilla/5.0 (Windows NT 10.0; Win64; x64) AppleWebKit/537.36 (KHTML, like Gecko) Chrome/131.0.0.0 Safari/537.36"
195.178.110.223 - - [17/Aug/2026:13:03:52 +0000] "GET /config/staging.json HTTP/1.1" 404 26860 "-" "Mozilla/5.0 (Windows NT 10.0; Win64; x64) AppleWebKit/537.36 (KHTML, like Gecko) Chrome/131.0.0.0 Safari/537.36"
195.178.110.223 - - [17/Aug/2026:13:03:52 +0000] "GET /config.yml HTTP/1.1" 404 26859 "-" "Mozilla/5.0 (Windows NT 10.0; Win64; x64) AppleWebKit/537.36 (KHTML, like Gecko) Chrome/131.0.0.0 Safari/537.36"
195.178.110.223 - - [17/Aug/2026:13:03:52 +0000] "GET /secrets.yml HTTP/1.1" 404 26861 "-" "Mozilla/5.0 (Windows NT 10.0; Win64; x64) AppleWebKit/537.36 (KHTML, like Gecko) Chrome/131.0.0.0 Safari/537.36"
195.178.110.223 - - [17/Aug/2026:13:03:52 +0000] "GET /.travis.yml HTTP/1.1" 404 26861 "-" "Mozilla/5.0 (Windows NT 10.0; Win64; x64) AppleWebKit/537.36 (KHTML, like Gecko) Chrome/131.0.0.0 Safari/537.36"
195.178.110.223 - - [17/Aug/2026:13:03:52 +0000] "GET /docker-compose.prod.yml HTTP/1.1" 404 26860 "-" "Mozilla/5.0 (Windows NT 10.0; Win64; x64) AppleWebKit/537.36 (KHTML, like Gecko) Chrome/131.0.0.0 Safari/537.36"
195.178.110.223 - - [17/Aug/2026:13:03:52 +0000] "GET /config/local.json HTTP/1.1" 404 26860 "-" "Mozilla/5.0 (Windows NT 10.0; Win64; x64) AppleWebKit/537.36 (KHTML, like Gecko) Chrome/131.0.0.0 Safari/537.36"
195.178.110.223 - - [17/Aug/2026:13:03:53 +0000] "GET /Jenkinsfile HTTP/1.1" 404 26861 "-" "Mozilla/5.0 (Windows NT 10.0; Win64; x64) AppleWebKit/537.36 (KHTML, like Gecko) Chrome/131.0.0.0 Safari/537.36"
195.178.110.223 - - [17/Aug/2026:13:03:52 +0000] "GET /config/development.json HTTP/1.1" 404 26861 "-" "Mozilla/5.0 (Windows NT 10.0; Win64; x64) AppleWebKit/537.36 (KHTML, like Gecko) Chrome/131.0.0.0 Safari/537.36"
195.178.110.223 - - [17/Aug/2026:13:03:52 +0000] "GET /credentials.json HTTP/1.1" 404 26859 "-" "Mozilla/5.0 (Windows NT 10.0; Win64; x64) AppleWebKit/537.36 (KHTML, like Gecko) Chrome/131.0.0.0 Safari/537.36"
195.178.110.223 - - [17/Aug/2026:13:03:52 +0000] "GET /secrets.yaml HTTP/1.1" 404 26860 "-" "Mozilla/5.0 (Windows NT 10.0; Win64; x64) AppleWebKit/537.36 (KHTML, like Gecko) Chrome/131.0.0.0 Safari/537.36"
195.178.110.223 - - [17/Aug/2026:13:03:52 +0000] "GET /docker-compose.yaml HTTP/1.1" 404 26860 "-" "Mozilla/5.0 (Windows NT 10.0; Win64; x64) AppleWebKit/537.36 (KHTML, like Gecko) Chrome/131.0.0.0 Safari/537.36"
195.178.110.223 - - [17/Aug/2026:13:03:52 +0000] "GET /Dockerfile HTTP/1.1" 404 26860 "-" "Mozilla/5.0 (Windows NT 10.0; Win64; x64) AppleWebKit/537.36 (KHTML, like Gecko) Chrome/131.0.0.0 Safari/537.36"
195.178.110.223 - - [17/Aug/2026:13:03:52 +0000] "GET /.circleci/config.yml HTTP/1.1" 404 26860 "-" "Mozilla/5.0 (Windows NT 10.0; Win64; x64) AppleWebKit/537.36 (KHTML, like Gecko) Chrome/131.0.0.0 Safari/537.36"
195.178.110.223 - - [17/Aug/2026:13:03:53 +0000] "GET /package.json HTTP/1.1" 404 26860 "-" "Mozilla/5.0 (Windows NT 10.0; Win64; x64) AppleWebKit/537.36 (KHTML, like Gecko) Chrome/131.0.0.0 Safari/537.36"
195.178.110.223 - - [17/Aug/2026:13:03:52 +0000] "GET /.github/workflows/ci.yml HTTP/1.1" 404 26859 "-" "Mozilla/5.0 (Windows NT 10.0; Win64; x64) AppleWebKit/537.36 (KHTML, like Gecko) Chrome/131.0.0.0 Safari/537.36"
195.178.110.223 - - [17/Aug/2026:13:03:52 +0000] "GET /.github/workflows/deploy.yml HTTP/1.1" 404 26860 "-" "Mozilla/5.0 (Windows NT 10.0; Win64; x64) AppleWebKit/537.36 (KHTML, like Gecko) Chrome/131.0.0.0 Safari/537.36"
195.178.110.223 - - [17/Aug/2026:13:03:52 +0000] "GET /secrets.json HTTP/1.1" 404 26859 "-" "Mozilla/5.0 (Windows NT 10.0; Win64; x64) AppleWebKit/537.36 (KHTML, like Gecko) Chrome/131.0.0.0 Safari/537.36"
195.178.110.223 - - [17/Aug/2026:13:03:52 +0000] "GET /docker-compose.production.yml HTTP/1.1" 404 26860 "-" "Mozilla/5.0 (Windows NT 10.0; Win64; x64) AppleWebKit/537.36 (KHTML, like Gecko) Chrome/131.0.0.0 Safari/537.36"
66.249.79.36 - - [17/Aug/2026:13:04:05 +0000] "GET /?sale/search/detail/?ITMCODE=l7o1n6e7n6e8s0s4462 HTTP/1.1" 200 30545 "-" "Mozilla/5.0 (Linux; Android 6.0.1; Nexus 5X Build/MMB29P) AppleWebKit/537.36 (KHTML, like Gecko) Chrome/150.0.7871.186 Mobile Safari/537.36 (compatible; Googlebot/2.1; +http://www.google.com/bot.html)"
66.249.79.36 - - [17/Aug/2026:13:04:11 +0000] "GET /?sale/search/detail/?ITMCODE=b7e3l0a2b7o4r6e4d609 HTTP/1.1" 200 29473 "-" "Mozilla/5.0 (Linux; Android 6.0.1; Nexus 5X Build/MMB29P) AppleWebKit/537.36 (KHTML, like Gecko) Chrome/150.0.7871.186 Mobile Safari/537.36 (compatible; Googlebot/2.1; +http://www.google.com/bot.html)"
66.249.79.36 - - [17/Aug/2026:13:04:19 +0000] "GET /?sale/search/detail/?ITMCODE=t7a1u4t1o6l0o9g4o2u1s3 HTTP/1.1" 200 30156 "-" "Mozilla/5.0 (Linux; Android 6.0.1; Nexus 5X Build/MMB29P) AppleWebKit/537.36 (KHTML, like Gecko) Chrome/150.0.7871.186 Mobile Safari/537.36 (compatible; Googlebot/2.1; +http://www.google.com/bot.html)"
66.249.79.36 - - [17/Aug/2026:13:04:26 +0000] "GET /?sale/search/detail/?ITMCODE=c7a4c2i7q4u8e15118 HTTP/1.1" 200 30059 "-" "Mozilla/5.0 (Linux; Android 6.0.1; Nexus 5X Build/MMB29P) AppleWebKit/537.36 (KHTML, like Gecko) Chrome/150.0.7871.186 Mobile Safari/537.36 (compatible; Googlebot/2.1; +http://www.google.com/bot.html)"
66.249.79.36 - - [17/Aug/2026:13:04:29 +0000] "GET /?sale/search/detail/?ITMCODE=o7r1a1t6o2r2i0a9l707 HTTP/1.1" 200 29844 "-" "Mozilla/5.0 (Linux; Android 6.0.1; Nexus 5X Build/MMB29P) AppleWebKit/537.36 (KHTML, like Gecko) Chrome/150.0.7871.186 Mobile Safari/537.36 (compatible; Googlebot/2.1; +http://www.google.com/bot.html)"
66.249.79.36 - - [17/Aug/2026:13:04:32 +0000] "GET /?sale/search/detail/?ITMCODE=a7r1m5e2n9i1a89448 HTTP/1.1" 200 30030 "-" "Mozilla/5.0 (Linux; Android 6.0.1; Nexus 5X Build/MMB29P) AppleWebKit/537.36 (KHTML, like Gecko) Chrome/150.0.7871.186 Mobile Safari/537.36 (compatible; Googlebot/2.1; +http://www.google.com/bot.html)"
66.249.79.36 - - [17/Aug/2026:13:04:35 +0000] "GET /?sale/search/detail/?ITMCODE=r7u1p9i4c6o4l0a6609 HTTP/1.1" 200 30236 "-" "Mozilla/5.0 (Linux; Android 6.0.1; Nexus 5X Build/MMB29P) AppleWebKit/537.36 (KHTML, like Gecko) Chrome/150.0.7871.186 Mobile Safari/537.36 (compatible; Googlebot/2.1; +http://www.google.com/bot.html)"
66.249.79.36 - - [17/Aug/2026:13:04:40 +0000] "GET /?sale/search/detail/?ITMCODE=i7l5l3i0b9e8r7a2l6i3ty HTTP/1.1" 200 29785 "-" "Mozilla/5.0 (Linux; Android 6.0.1; Nexus 5X Build/MMB29P) AppleWebKit/537.36 (KHTML, like Gecko) Chrome/150.0.7871.186 Mobile Safari/537.36 (compatible; Googlebot/2.1; +http://www.google.com/bot.html)"
66.249.79.32 - - [17/Aug/2026:13:04:46 +0000] "GET /?sale/search/detail/?ITMCODE=d7i3s7g1o7r8g0e6569 HTTP/1.1" 200 30140 "-" "Mozilla/5.0 (Linux; Android 6.0.1; Nexus 5X Build/MMB29P) AppleWebKit/537.36 (KHTML, like Gecko) Chrome/150.0.7871.186 Mobile Safari/537.36 (compatible; Googlebot/2.1; +http://www.google.com/bot.html)"
66.249.79.36 - - [17/Aug/2026:13:04:52 +0000] "GET /?sale/search/detail/?ITMCODE=r7e2f2e1l4754489 HTTP/1.1" 200 29957 "-" "Mozilla/5.0 (Linux; Android 6.0.1; Nexus 5X Build/MMB29P) AppleWebKit/537.36 (KHTML, like Gecko) Chrome/150.0.7871.186 Mobile Safari/537.36 (compatible; Googlebot/2.1; +http://www.google.com/bot.html)"
66.249.79.36 - - [17/Aug/2026:13:04:58 +0000] "GET /?sale/search/detail/?ITMCODE=s7p1o5l0i9a5t0i6v2e81 HTTP/1.1" 200 31103 "-" "Mozilla/5.0 (Linux; Android 6.0.1; Nexus 5X Build/MMB29P) AppleWebKit/537.36 (KHTML, like Gecko) Chrome/150.0.7871.186 Mobile Safari/537.36 (compatible; Googlebot/2.1; +http://www.google.com/bot.html)"
66.249.79.36 - - [17/Aug/2026:13:05:10 +0000] "GET /?sale/search/detail/?ITMCODE=d7i2f4f2u8s6i2b0i1l2i0ty HTTP/1.1" 200 30491 "-" "Mozilla/5.0 (Linux; Android 6.0.1; Nexus 5X Build/MMB29P) AppleWebKit/537.36 (KHTML, like Gecko) Chrome/150.0.7871.186 Mobile Safari/537.36 (compatible; Googlebot/2.1; +http://www.google.com/bot.html)"
66.249.79.36 - - [17/Aug/2026:13:05:18 +0000] "GET /?sale/search/detail/?ITMCODE=t7e8s1t6i5e7r6584 HTTP/1.1" 200 29899 "-" "Mozilla/5.0 (Linux; Android 6.0.1; Nexus 5X Build/MMB29P) AppleWebKit/537.36 (KHTML, like Gecko) Chrome/150.0.7871.186 Mobile Safari/537.36 (compatible; Googlebot/2.1; +http://www.google.com/bot.html)"
66.249.79.37 - - [17/Aug/2026:13:05:24 +0000] "GET /?sale/search/detail/?ITMCODE=s7t1a5t0u6t6a8b6l7y1 HTTP/1.1" 200 30147 "-" "Mozilla/5.0 (Linux; Android 6.0.1; Nexus 5X Build/MMB29P) AppleWebKit/537.36 (KHTML, like Gecko) Chrome/150.0.7871.186 Mobile Safari/537.36 (compatible; Googlebot/2.1; +http://www.google.com/bot.html)"
66.249.79.36 - - [17/Aug/2026:13:05:32 +0000] "GET /?sale/search/detail/?ITMCODE=v7i1l1l4a3i2n97212 HTTP/1.1" 200 29988 "-" "Mozilla/5.0 (Linux; Android 6.0.1; Nexus 5X Build/MMB29P) AppleWebKit/537.36 (KHTML, like Gecko) Chrome/150.0.7871.186 Mobile Safari/537.36 (compatible; Googlebot/2.1; +http://www.google.com/bot.html)"
66.249.79.36 - - [17/Aug/2026:13:05:40 +0000] "GET /?sale/search/detail/?ITMCODE=s7c1h1o1o7l9b7o8y880 HTTP/1.1" 200 30686 "-" "Mozilla/5.0 (Linux; Android 6.0.1; Nexus 5X Build/MMB29P) AppleWebKit/537.36 (KHTML, like Gecko) Chrome/150.0.7871.186 Mobile Safari/537.36 (compatible; Googlebot/2.1; +http://www.google.com/bot.html)"
66.249.79.36 - - [17/Aug/2026:13:05:50 +0000] "GET /?sale/search/detail/?ITMCODE=p7i2a5n9i0s3s5i3m1o67 HTTP/1.1" 200 29876 "-" "Mozilla/5.0 (Linux; Android 6.0.1; Nexus 5X Build/MMB29P) AppleWebKit/537.36 (KHTML, like Gecko) Chrome/150.0.7871.186 Mobile Safari/537.36 (compatible; Googlebot/2.1; +http://www.google.com/bot.html)"
66.249.79.36 - - [17/Aug/2026:13:05:55 +0000] "GET /?sale/search/detail/?ITMCODE=s7c2a1p6h2o8c3e6r0i8t9e HTTP/1.1" 200 29907 "-" "Mozilla/5.0 (Linux; Android 6.0.1; Nexus 5X Build/MMB29P) AppleWebKit/537.36 (KHTML, like Gecko) Chrome/150.0.7871.186 Mobile Safari/537.36 (compatible; Googlebot/2.1; +http://www.google.com/bot.html)"
66.249.79.36 - - [17/Aug/2026:13:05:58 +0000] "GET /?sale/search/detail/?ITMCODE=g7a3l8a3g9o3s32563 HTTP/1.1" 200 30829 "-" "Mozilla/5.0 (Linux; Android 6.0.1; Nexus 5X Build/MMB29P) AppleWebKit/537.36 (KHTML, like Gecko) Chrome/150.0.7871.186 Mobile Safari/537.36 (compatible; Googlebot/2.1; +http://www.google.com/bot.html)"
66.249.79.36 - - [17/Aug/2026:13:06:07 +0000] "GET /?sale/search/detail/?ITMCODE=p7r2o4o8f5l3e8s6s916 HTTP/1.1" 200 29866 "-" "Mozilla/5.0 (Linux; Android 6.0.1; Nexus 5X Build/MMB29P) AppleWebKit/537.36 (KHTML, like Gecko) Chrome/150.0.7871.186 Mobile Safari/537.36 (compatible; Googlebot/2.1; +http://www.google.com/bot.html)"
66.249.79.36 - - [17/Aug/2026:13:06:10 +0000] "GET /?sale/search/detail/?ITMCODE=i7r3i9s7h0339340 HTTP/1.1" 200 30349 "-" "Mozilla/5.0 (Linux; Android 6.0.1; Nexus 5X Build/MMB29P) AppleWebKit/537.36 (KHTML, like Gecko) Chrome/150.0.7871.186 Mobile Safari/537.36 (compatible; Googlebot/2.1; +http://www.google.com/bot.html)"
66.249.79.36 - - [17/Aug/2026:13:06:13 +0000] "GET /?sale/search/detail/?ITMCODE=c7u1r4i4o8l9o8g5i0c89 HTTP/1.1" 200 29863 "-" "Mozilla/5.0 (Linux; Android 6.0.1; Nexus 5X Build/MMB29P) AppleWebKit/537.36 (KHTML, like Gecko) Chrome/150.0.7871.186 Mobile Safari/537.36 (compatible; Googlebot/2.1; +http://www.google.com/bot.html)"
66.249.79.36 - - [17/Aug/2026:13:06:16 +0000] "GET /?sale/search/detail/?ITMCODE=o7v2e4r2h9a8s3t2i2n3e5ss HTTP/1.1" 200 29719 "-" "Mozilla/5.0 (Linux; Android 6.0.1; Nexus 5X Build/MMB29P) AppleWebKit/537.36 (KHTML, like Gecko) Chrome/150.0.7871.186 Mobile Safari/537.36 (compatible; Googlebot/2.1; +http://www.google.com/bot.html)"
66.249.79.36 - - [17/Aug/2026:13:06:19 +0000] "GET /?sale/search/detail/?ITMCODE=s7o1u2n2s3t338064 HTTP/1.1" 200 29449 "-" "Mozilla/5.0 (Linux; Android 6.0.1; Nexus 5X Build/MMB29P) AppleWebKit/537.36 (KHTML, like Gecko) Chrome/150.0.7871.186 Mobile Safari/537.36 (compatible; Googlebot/2.1; +http://www.google.com/bot.html)"
66.249.79.36 - - [17/Aug/2026:13:06:29 +0000] "GET /?sale/search/detail/?ITMCODE=i7l2l4u0s2t3r0a2t4i2vely HTTP/1.1" 200 29799 "-" "Mozilla/5.0 (Linux; Android 6.0.1; Nexus 5X Build/MMB29P) AppleWebKit/537.36 (KHTML, like Gecko) Chrome/150.0.7871.186 Mobile Safari/537.36 (compatible; Googlebot/2.1; +http://www.google.com/bot.html)"
66.249.79.36 - - [17/Aug/2026:13:06:38 +0000] "GET /?sale/search/detail/?ITMCODE=m7a2e6n2a7d177172 HTTP/1.1" 200 30805 "-" "Mozilla/5.0 (Linux; Android 6.0.1; Nexus 5X Build/MMB29P) AppleWebKit/537.36 (KHTML, like Gecko) Chrome/150.0.7871.186 Mobile Safari/537.36 (compatible; Googlebot/2.1; +http://www.google.com/bot.html)"
66.249.79.36 - - [17/Aug/2026:13:06:38 +0000] "GET /?sale/search/detail/?ITMCODE=s7h4e0a7t4h0e9r3460 HTTP/1.1" 200 30140 "-" "Mozilla/5.0 (Linux; Android 6.0.1; Nexus 5X Build/MMB29P) AppleWebKit/537.36 (KHTML, like Gecko) Chrome/150.0.7871.186 Mobile Safari/537.36 (compatible; Googlebot/2.1; +http://www.google.com/bot.html)"
66.249.79.37 - - [17/Aug/2026:13:06:45 +0000] "GET /?sale/search/detail/?ITMCODE=s7h6o8t6t7e8d1938 HTTP/1.1" 200 29416 "-" "Mozilla/5.0 (Linux; Android 6.0.1; Nexus 5X Build/MMB29P) AppleWebKit/537.36 (KHTML, like Gecko) Chrome/150.0.7871.186 Mobile Safari/537.36 (compatible; Googlebot/2.1; +http://www.google.com/bot.html)"
66.249.79.36 - - [17/Aug/2026:13:06:52 +0000] "GET /?sale/search/detail/?ITMCODE=c7a3r2r5i4o6n77601 HTTP/1.1" 200 30639 "-" "Mozilla/5.0 (Linux; Android 6.0.1; Nexus 5X Build/MMB29P) AppleWebKit/537.36 (KHTML, like Gecko) Chrome/150.0.7871.186 Mobile Safari/537.36 (compatible; Googlebot/2.1; +http://www.google.com/bot.html)"
198.38.94.13 - - [17/Aug/2026:13:06:59 +0000] "POST /wp-cron.php?doing_wp_cron=1786972018.8546888828277587890625 HTTP/1.1" 200 - "-" "WordPress/7.0.4; https://reviverenovation.ae"
198.38.94.13 - - [17/Aug/2026:13:06:59 +0000] "POST /wp-cron.php?doing_wp_cron=1786972019.1188569068908691406250 HTTP/1.1" 200 - "-" "WordPress/7.0.4; https://reviverenovation.ae"
198.38.94.13 - - [17/Aug/2026:13:06:59 +0000] "POST /wp-cron.php?doing_wp_cron=1786972019.3849360942840576171875 HTTP/1.1" 200 - "-" "WordPress/7.0.4; https://reviverenovation.ae"
207.175.232.38 - - [17/Aug/2026:13:06:57 +0000] "GET / HTTP/1.1" 301 - "-" "Mozilla/5.0 (Windows NT 10.0; Win64; x64) AppleWebKit/537.36 (KHTML, like Gecko) Chrome/131.0.0.0 Safari/537.36"
66.249.79.36 - - [17/Aug/2026:13:06:59 +0000] "GET /?sale/search/detail/?ITMCODE=e7r3u4d2i3t6e7n2e8s7s5 HTTP/1.1" 200 30061 "-" "Mozilla/5.0 (Linux; Android 6.0.1; Nexus 5X Build/MMB29P) AppleWebKit/537.36 (KHTML, like Gecko) Chrome/150.0.7871.186 Mobile Safari/537.36 (compatible; Googlebot/2.1; +http://www.google.com/bot.html)"
207.175.232.38 - - [17/Aug/2026:13:07:00 +0000] "GET / HTTP/1.1" 301 - "-" "Mozilla/5.0 (Windows NT 10.0; Win64; x64) AppleWebKit/537.36 (KHTML, like Gecko) Chrome/131.0.0.0 Safari/537.36"
207.175.232.38 - - [17/Aug/2026:13:07:02 +0000] "GET / HTTP/1.1" 301 - "-" "Mozilla/5.0 (Windows NT 10.0; Win64; x64) AppleWebKit/537.36 (KHTML, like Gecko) Chrome/131.0.0.0 Safari/537.36"
207.175.232.38 - - [17/Aug/2026:13:07:06 +0000] "GET / HTTP/1.1" 301 - "-" "Mozilla/5.0 (Windows NT 10.0; Win64; x64) AppleWebKit/537.36 (KHTML, like Gecko) Chrome/131.0.0.0 Safari/537.36"
66.249.79.36 - - [17/Aug/2026:13:07:07 +0000] "GET /?sale/search/detail/?ITMCODE=c7o3l6l7e8c5t5e8d3l6y6 HTTP/1.1" 200 30260 "-" "Mozilla/5.0 (Linux; Android 6.0.1; Nexus 5X Build/MMB29P) AppleWebKit/537.36 (KHTML, like Gecko) Chrome/150.0.7871.186 Mobile Safari/537.36 (compatible; Googlebot/2.1; +http://www.google.com/bot.html)"
207.175.232.38 - - [17/Aug/2026:13:07:08 +0000] "GET / HTTP/1.1" 301 - "-" "Mozilla/5.0 (Windows NT 10.0; Win64; x64) AppleWebKit/537.36 (KHTML, like Gecko) Chrome/131.0.0.0 Safari/537.36"
207.175.232.38 - - [17/Aug/2026:13:07:11 +0000] "GET / HTTP/1.1" 301 - "-" "Mozilla/5.0 (Windows NT 10.0; Win64; x64) AppleWebKit/537.36 (KHTML, like Gecko) Chrome/131.0.0.0 Safari/537.36"
207.175.232.38 - - [17/Aug/2026:13:07:16 +0000] "GET / HTTP/1.1" 301 - "-" "Mozilla/5.0 (Windows NT 10.0; Win64; x64) AppleWebKit/537.36 (KHTML, like Gecko) Chrome/131.0.0.0 Safari/537.36"
66.249.79.36 - - [17/Aug/2026:13:07:18 +0000] "GET /?sale/search/detail/?ITMCODE=e7p1i8p6o9d3i9a7104 HTTP/1.1" 200 30277 "-" "Mozilla/5.0 (Linux; Android 6.0.1; Nexus 5X Build/MMB29P) AppleWebKit/537.36 (KHTML, like Gecko) Chrome/150.0.7871.186 Mobile Safari/537.36 (compatible; Googlebot/2.1; +http://www.google.com/bot.html)"
207.175.232.38 - - [17/Aug/2026:13:07:19 +0000] "GET / HTTP/1.1" 301 - "-" "Mozilla/5.0 (Windows NT 10.0; Win64; x64) AppleWebKit/537.36 (KHTML, like Gecko) Chrome/131.0.0.0 Safari/537.36"
207.175.232.38 - - [17/Aug/2026:13:07:25 +0000] "GET / HTTP/1.1" 301 - "-" "Mozilla/5.0 (Windows NT 10.0; Win64; x64) AppleWebKit/537.36 (KHTML, like Gecko) Chrome/131.0.0.0 Safari/537.36"
66.249.79.36 - - [17/Aug/2026:13:07:26 +0000] "GET /?sale/search/detail/?ITMCODE=c7e1r2e9b3r2a16452 HTTP/1.1" 200 30381 "-" "Mozilla/5.0 (Linux; Android 6.0.1; Nexus 5X Build/MMB29P) AppleWebKit/537.36 (KHTML, like Gecko) Chrome/150.0.7871.186 Mobile Safari/537.36 (compatible; Googlebot/2.1; +http://www.google.com/bot.html)"
66.249.79.36 - - [17/Aug/2026:13:07:26 +0000] "GET /?sale/search/detail/?ITMCODE=a7d2e2s0s2e6n4a3r8i5a0n HTTP/1.1" 200 30088 "-" "Mozilla/5.0 (Linux; Android 6.0.1; Nexus 5X Build/MMB29P) AppleWebKit/537.36 (KHTML, like Gecko) Chrome/150.0.7871.186 Mobile Safari/537.36 (compatible; Googlebot/2.1; +http://www.google.com/bot.html)"
66.249.79.36 - - [17/Aug/2026:13:07:27 +0000] "GET /?sale/search/detail/?ITMCODE=s7o1u6t0h0e1a1s6t4w4a4rd HTTP/1.1" 200 29632 "-" "Mozilla/5.0 (Linux; Android 6.0.1; Nexus 5X Build/MMB29P) AppleWebKit/537.36 (KHTML, like Gecko) Chrome/150.0.7871.186 Mobile Safari/537.36 (compatible; Googlebot/2.1; +http://www.google.com/bot.html)"
207.175.232.38 - - [17/Aug/2026:13:07:27 +0000] "GET / HTTP/1.1" 301 - "-" "Mozilla/5.0 (Windows NT 10.0; Win64; x64) AppleWebKit/537.36 (KHTML, like Gecko) Chrome/131.0.0.0 Safari/537.36"
207.175.232.38 - - [17/Aug/2026:13:07:30 +0000] "GET /robots.txt HTTP/1.1" 200 99 "-" "Mozilla/5.0 (Windows NT 10.0; Win64; x64) AppleWebKit/537.36 (KHTML, like Gecko) Chrome/131.0.0.0 Safari/537.36"
66.249.79.36 - - [17/Aug/2026:13:07:29 +0000] "GET /?sale/search/detail/?ITMCODE=u7n1b4r3e1a6t3h0e0d19 HTTP/1.1" 200 29981 "-" "Mozilla/5.0 (Linux; Android 6.0.1; Nexus 5X Build/MMB29P) AppleWebKit/537.36 (KHTML, like Gecko) Chrome/150.0.7871.186 Mobile Safari/537.36 (compatible; Googlebot/2.1; +http://www.google.com/bot.html)"
207.175.232.38 - - [17/Aug/2026:13:07:29 +0000] "GET / HTTP/1.1" 301 - "-" "Mozilla/5.0 (Windows NT 10.0; Win64; x64) AppleWebKit/537.36 (KHTML, like Gecko) Chrome/131.0.0.0 Safari/537.36"
207.175.232.38 - - [17/Aug/2026:13:07:31 +0000] "GET /robots.txt HTTP/1.1" 200 99 "-" "Mozilla/5.0 (Windows NT 10.0; Win64; x64) AppleWebKit/537.36 (KHTML, like Gecko) Chrome/131.0.0.0 Safari/537.36"
207.175.232.38 - - [17/Aug/2026:13:07:31 +0000] "GET /.git/HEAD HTTP/1.1" 403 9425 "-" "Mozilla/5.0 (Windows NT 10.0; Win64; x64) AppleWebKit/537.36 (KHTML, like Gecko) Chrome/131.0.0.0 Safari/537.36"
66.249.79.36 - - [17/Aug/2026:13:07:32 +0000] "GET /?sale/search/detail/?ITMCODE=q7u2i3n4i5b8l0e9744 HTTP/1.1" 200 32320 "-" "Mozilla/5.0 (Linux; Android 6.0.1; Nexus 5X Build/MMB29P) AppleWebKit/537.36 (KHTML, like Gecko) Chrome/150.0.7871.186 Mobile Safari/537.36 (compatible; Googlebot/2.1; +http://www.google.com/bot.html)"
207.175.232.38 - - [17/Aug/2026:13:07:34 +0000] "GET /_next/static/chunks/pages/_app.js HTTP/1.1" 404 144984 "-" "Mozilla/5.0 (Windows NT 10.0; Win64; x64) AppleWebKit/537.36 (KHTML, like Gecko) Chrome/131.0.0.0 Safari/537.36"
207.175.232.38 - - [17/Aug/2026:13:07:34 +0000] "GET /_next/static/chunks/webpack.js HTTP/1.1" 404 144984 "-" "Mozilla/5.0 (Windows NT 10.0; Win64; x64) AppleWebKit/537.36 (KHTML, like Gecko) Chrome/131.0.0.0 Safari/537.36"
207.175.232.38 - - [17/Aug/2026:13:07:34 +0000] "GET /static/js/main.js HTTP/1.1" 404 144984 "-" "Mozilla/5.0 (Windows NT 10.0; Win64; x64) AppleWebKit/537.36 (KHTML, like Gecko) Chrome/131.0.0.0 Safari/537.36"
207.175.232.38 - - [17/Aug/2026:13:07:34 +0000] "GET /_next/static/chunks/main.js HTTP/1.1" 404 144984 "-" "Mozilla/5.0 (Windows NT 10.0; Win64; x64) AppleWebKit/537.36 (KHTML, like Gecko) Chrome/131.0.0.0 Safari/537.36"
207.175.232.38 - - [17/Aug/2026:13:07:34 +0000] "GET /_nuxt/entry.js HTTP/1.1" 404 144984 "-" "Mozilla/5.0 (Windows NT 10.0; Win64; x64) AppleWebKit/537.36 (KHTML, like Gecko) Chrome/131.0.0.0 Safari/537.36"
207.175.232.38 - - [17/Aug/2026:13:07:34 +0000] "GET /manifest.json HTTP/1.1" 404 144984 "-" "Mozilla/5.0 (Windows NT 10.0; Win64; x64) AppleWebKit/537.36 (KHTML, like Gecko) Chrome/131.0.0.0 Safari/537.36"
207.175.232.38 - - [17/Aug/2026:13:07:34 +0000] "GET /stats.json HTTP/1.1" 404 144984 "-" "Mozilla/5.0 (Windows NT 10.0; Win64; x64) AppleWebKit/537.36 (KHTML, like Gecko) Chrome/131.0.0.0 Safari/537.36"
207.175.232.38 - - [17/Aug/2026:13:07:34 +0000] "GET /webpack.json HTTP/1.1" 404 144984 "-" "Mozilla/5.0 (Windows NT 10.0; Win64; x64) AppleWebKit/537.36 (KHTML, like Gecko) Chrome/131.0.0.0 Safari/537.36"
207.175.232.38 - - [17/Aug/2026:13:07:34 +0000] "GET /.vite/manifest.json HTTP/1.1" 404 144984 "-" "Mozilla/5.0 (Windows NT 10.0; Win64; x64) AppleWebKit/537.36 (KHTML, like Gecko) Chrome/131.0.0.0 Safari/537.36"
207.175.232.38 - - [17/Aug/2026:13:07:34 +0000] "GET /asset-manifest.json HTTP/1.1" 404 144984 "-" "Mozilla/5.0 (Windows NT 10.0; Win64; x64) AppleWebKit/537.36 (KHTML, like Gecko) Chrome/131.0.0.0 Safari/537.36"
198.38.94.13 - - [17/Aug/2026:13:07:40 +0000] "POST /wp-cron.php?doing_wp_cron=1786972060.5395030975341796875000 HTTP/1.1" 200 - "-" "WordPress/7.0.4; https://reviverenovation.ae"
207.175.232.38 - - [17/Aug/2026:13:07:38 +0000] "GET /_next/static/chunks/webpack.js HTTP/1.1" 404 26860 "-" "Mozilla/5.0 (Windows NT 10.0; Win64; x64) AppleWebKit/537.36 (KHTML, like Gecko) Chrome/131.0.0.0 Safari/537.36"
207.175.232.38 - - [17/Aug/2026:13:07:38 +0000] "GET /_next/static/chunks/pages/_app.js HTTP/1.1" 404 26859 "-" "Mozilla/5.0 (Windows NT 10.0; Win64; x64) AppleWebKit/537.36 (KHTML, like Gecko) Chrome/131.0.0.0 Safari/537.36"
207.175.232.38 - - [17/Aug/2026:13:07:38 +0000] "GET /static/js/main.js HTTP/1.1" 404 26860 "-" "Mozilla/5.0 (Windows NT 10.0; Win64; x64) AppleWebKit/537.36 (KHTML, like Gecko) Chrome/131.0.0.0 Safari/537.36"
207.175.232.38 - - [17/Aug/2026:13:07:38 +0000] "GET /_next/static/chunks/main.js HTTP/1.1" 404 26859 "-" "Mozilla/5.0 (Windows NT 10.0; Win64; x64) AppleWebKit/537.36 (KHTML, like Gecko) Chrome/131.0.0.0 Safari/537.36"
207.175.232.38 - - [17/Aug/2026:13:07:38 +0000] "GET /_nuxt/entry.js HTTP/1.1" 404 26861 "-" "Mozilla/5.0 (Windows NT 10.0; Win64; x64) AppleWebKit/537.36 (KHTML, like Gecko) Chrome/131.0.0.0 Safari/537.36"
66.249.79.36 - - [17/Aug/2026:13:07:40 +0000] "GET /?sale/search/detail/?ITMCODE=a7d2s6c2i9t6i0t1i3o7u0sly HTTP/1.1" 200 30120 "-" "Mozilla/5.0 (Linux; Android 6.0.1; Nexus 5X Build/MMB29P) AppleWebKit/537.36 (KHTML, like Gecko) Chrome/150.0.7871.186 Mobile Safari/537.36 (compatible; Googlebot/2.1; +http://www.google.com/bot.html)"
198.38.94.13 - - [17/Aug/2026:13:07:42 +0000] "POST /wp-cron.php?doing_wp_cron=1786972062.2001340389251708984375 HTTP/1.1" 200 - "-" "WordPress/7.0.4; https://reviverenovation.ae"
207.175.232.38 - - [17/Aug/2026:13:07:38 +0000] "GET /stats.json HTTP/1.1" 404 26860 "-" "Mozilla/5.0 (Windows NT 10.0; Win64; x64) AppleWebKit/537.36 (KHTML, like Gecko) Chrome/131.0.0.0 Safari/537.36"
207.175.232.38 - - [17/Aug/2026:13:07:39 +0000] "GET /.vite/manifest.json HTTP/1.1" 404 26860 "-" "Mozilla/5.0 (Windows NT 10.0; Win64; x64) AppleWebKit/537.36 (KHTML, like Gecko) Chrome/131.0.0.0 Safari/537.36"
207.175.232.38 - - [17/Aug/2026:13:07:39 +0000] "GET /asset-manifest.json HTTP/1.1" 404 26860 "-" "Mozilla/5.0 (Windows NT 10.0; Win64; x64) AppleWebKit/537.36 (KHTML, like Gecko) Chrome/131.0.0.0 Safari/537.36"
207.175.232.38 - - [17/Aug/2026:13:07:39 +0000] "GET /webpack.json HTTP/1.1" 404 26861 "-" "Mozilla/5.0 (Windows NT 10.0; Win64; x64) AppleWebKit/537.36 (KHTML, like Gecko) Chrome/131.0.0.0 Safari/537.36"
207.175.232.38 - - [17/Aug/2026:13:07:38 +0000] "GET /manifest.json HTTP/1.1" 404 26861 "-" "Mozilla/5.0 (Windows NT 10.0; Win64; x64) AppleWebKit/537.36 (KHTML, like Gecko) Chrome/131.0.0.0 Safari/537.36"
66.249.79.36 - - [17/Aug/2026:13:07:48 +0000] "GET /?sale/search/detail/?ITMCODE=t7y3t8h5i9n0g15746 HTTP/1.1" 200 30056 "-" "Mozilla/5.0 (Linux; Android 6.0.1; Nexus 5X Build/MMB29P) AppleWebKit/537.36 (KHTML, like Gecko) Chrome/150.0.7871.186 Mobile Safari/537.36 (compatible; Googlebot/2.1; +http://www.google.com/bot.html)"
66.249.79.36 - - [17/Aug/2026:13:07:48 +0000] "GET /?sale/search/detail/?ITMCODE=c7a2n5o7n4046689 HTTP/1.1" 200 30394 "-" "Mozilla/5.0 (Linux; Android 6.0.1; Nexus 5X Build/MMB29P) AppleWebKit/537.36 (KHTML, like Gecko) Chrome/150.0.7871.186 Mobile Safari/537.36 (compatible; Googlebot/2.1; +http://www.google.com/bot.html)"
66.249.79.36 - - [17/Aug/2026:13:07:55 +0000] "GET /?sale/search/detail/?ITMCODE=g7a4l1l5e4r5i2a5062 HTTP/1.1" 200 30574 "-" "Mozilla/5.0 (Linux; Android 6.0.1; Nexus 5X Build/MMB29P) AppleWebKit/537.36 (KHTML, like Gecko) Chrome/150.0.7871.186 Mobile Safari/537.36 (compatible; Googlebot/2.1; +http://www.google.com/bot.html)"
66.249.79.32 - - [17/Aug/2026:13:08:03 +0000] "GET /?sale/search/detail/?ITMCODE=h7y1m6n0e4d868739 HTTP/1.1" 200 29405 "-" "Mozilla/5.0 (Linux; Android 6.0.1; Nexus 5X Build/MMB29P) AppleWebKit/537.36 (KHTML, like Gecko) Chrome/150.0.7871.186 Mobile Safari/537.36 (compatible; Googlebot/2.1; +http://www.google.com/bot.html)"
103.186.20.248 - - [17/Aug/2026:13:08:06 +0000] "GET / HTTP/2.0" 200 56807 "-" "Mozilla/5.0 (X11; Linux x86_64) AppleWebKit/537.36 (KHTML, like Gecko) Chrome/148.0.0.0 Safari/537.36"
66.249.79.37 - - [17/Aug/2026:13:08:09 +0000] "GET /?sale/search/detail/?ITMCODE=p7a2r0a6n9y8m9p1h519 HTTP/1.1" 200 32010 "-" "Mozilla/5.0 (Linux; Android 6.0.1; Nexus 5X Build/MMB29P) AppleWebKit/537.36 (KHTML, like Gecko) Chrome/150.0.7871.186 Mobile Safari/537.36 (compatible; Googlebot/2.1; +http://www.google.com/bot.html)"
66.249.79.36 - - [17/Aug/2026:13:08:16 +0000] "GET /?sale/search/detail/?ITMCODE=i7n2g5e2m4i2n4a2t1e86 HTTP/1.1" 200 29744 "-" "Mozilla/5.0 (Linux; Android 6.0.1; Nexus 5X Build/MMB29P) AppleWebKit/537.36 (KHTML, like Gecko) Chrome/150.0.7871.186 Mobile Safari/537.36 (compatible; Googlebot/2.1; +http://www.google.com/bot.html)"
103.186.20.248 - - [17/Aug/2026:13:08:18 +0000] "GET /wp-content/cache/speedycache/reviverenovation.ae/assets/57c950ff2ac8ff7e-animations.js HTTP/2.0" 200 1244 "https://reviverenovation.ae/" "Mozilla/5.0 (X11; Linux x86_64) AppleWebKit/537.36 (KHTML, like Gecko) Chrome/148.0.0.0 Safari/537.36"
103.186.20.248 - - [17/Aug/2026:13:08:18 +0000] "GET /wp-content/cache/speedycache/reviverenovation.ae/assets/7278ec8f1975e6ee-smooth-scroll.js HTTP/2.0" 200 738 "https://reviverenovation.ae/" "Mozilla/5.0 (X11; Linux x86_64) AppleWebKit/537.36 (KHTML, like Gecko) Chrome/148.0.0.0 Safari/537.36"
103.186.20.248 - - [17/Aug/2026:13:08:18 +0000] "GET /wp-content/cache/speedycache/reviverenovation.ae/assets/b90a6b6986dcecf7-astra-addon-69ddef01d1ba53-08965612.js HTTP/2.0" 200 9109 "https://reviverenovation.ae/" "Mozilla/5.0 (X11; Linux x86_64) AppleWebKit/537.36 (KHTML, like Gecko) Chrome/148.0.0.0 Safari/537.36"
103.186.20.248 - - [17/Aug/2026:13:08:20 +0000] "GET /wp-content/cache/speedycache/reviverenovation.ae/assets/3e3350c88b93ffda-wws.js HTTP/2.0" 200 2350 "https://reviverenovation.ae/" "Mozilla/5.0 (X11; Linux x86_64) AppleWebKit/537.36 (KHTML, like Gecko) Chrome/148.0.0.0 Safari/537.36"
103.186.20.248 - - [17/Aug/2026:13:08:21 +0000] "GET /wp-content/uploads/2026/03/258-Al-Murooj-new-HD-1-25.jpg HTTP/2.0" 200 1625223 "https://reviverenovation.ae/" "Mozilla/5.0 (X11; Linux x86_64) AppleWebKit/537.36 (KHTML, like Gecko) Chrome/148.0.0.0 Safari/537.36"
66.249.79.36 - - [17/Aug/2026:13:08:22 +0000] "GET /?sale/search/detail/?ITMCODE=f7r1o0s4t9140526 HTTP/1.1" 200 30132 "-" "Mozilla/5.0 (Linux; Android 6.0.1; Nexus 5X Build/MMB29P) AppleWebKit/537.36 (KHTML, like Gecko) Chrome/150.0.7871.186 Mobile Safari/537.36 (compatible; Googlebot/2.1; +http://www.google.com/bot.html)"
66.249.79.36 - - [17/Aug/2026:13:08:30 +0000] "GET /?sale/search/detail/?ITMCODE=p7e4t2i5o5l2a9r5474 HTTP/1.1" 200 29921 "-" "Mozilla/5.0 (Linux; Android 6.0.1; Nexus 5X Build/MMB29P) AppleWebKit/537.36 (KHTML, like Gecko) Chrome/150.0.7871.186 Mobile Safari/537.36 (compatible; Googlebot/2.1; +http://www.google.com/bot.html)"
103.186.20.248 - - [17/Aug/2026:13:08:31 +0000] "GET /wp-content/uploads/2026/03/image-for-Revive-Renovation.png HTTP/2.0" 200 1545441 "https://reviverenovation.ae/" "Mozilla/5.0 (X11; Linux x86_64) AppleWebKit/537.36 (KHTML, like Gecko) Chrome/148.0.0.0 Safari/537.36"
103.186.20.248 - - [17/Aug/2026:13:08:31 +0000] "GET /wp-content/uploads/2026/03/image-for-Revive-Joinery.png HTTP/2.0" 200 2137387 "https://reviverenovation.ae/" "Mozilla/5.0 (X11; Linux x86_64) AppleWebKit/537.36 (KHTML, like Gecko) Chrome/148.0.0.0 Safari/537.36"
66.249.79.36 - - [17/Aug/2026:13:08:35 +0000] "GET /?sale/search/detail/?ITMCODE=p7r1o4f3i2t8l4e2s1s18 HTTP/1.1" 200 29569 "-" "Mozilla/5.0 (Linux; Android 6.0.1; Nexus 5X Build/MMB29P) AppleWebKit/537.36 (KHTML, like Gecko) Chrome/150.0.7871.186 Mobile Safari/537.36 (compatible; Googlebot/2.1; +http://www.google.com/bot.html)"
66.249.79.36 - - [17/Aug/2026:13:08:42 +0000] "GET /?sale/search/detail/?ITMCODE=r7o1p4e0s6311687 HTTP/1.1" 200 31121 "-" "Mozilla/5.0 (Linux; Android 6.0.1; Nexus 5X Build/MMB29P) AppleWebKit/537.36 (KHTML, like Gecko) Chrome/150.0.7871.186 Mobile Safari/537.36 (compatible; Googlebot/2.1; +http://www.google.com/bot.html)"
66.249.79.36 - - [17/Aug/2026:13:08:45 +0000] "GET /?sale/search/detail/?ITMCODE=y7o4d2l5e5d131951 HTTP/1.1" 200 29760 "-" "Mozilla/5.0 (Linux; Android 6.0.1; Nexus 5X Build/MMB29P) AppleWebKit/537.36 (KHTML, like Gecko) Chrome/150.0.7871.186 Mobile Safari/537.36 (compatible; Googlebot/2.1; +http://www.google.com/bot.html)"
66.249.79.36 - - [17/Aug/2026:13:08:53 +0000] "GET /?sale/search/detail/?ITMCODE=o7m2a7s7u9m380974 HTTP/1.1" 200 30906 "-" "Mozilla/5.0 (Linux; Android 6.0.1; Nexus 5X Build/MMB29P) AppleWebKit/537.36 (KHTML, like Gecko) Chrome/150.0.7871.186 Mobile Safari/537.36 (compatible; Googlebot/2.1; +http://www.google.com/bot.html)"
66.249.79.36 - - [17/Aug/2026:13:08:55 +0000] "GET /?sale/search/detail/?ITMCODE=m7u2s6k6a0l0l6o8n0g4e8 HTTP/1.1" 200 30988 "-" "Mozilla/5.0 (Linux; Android 6.0.1; Nexus 5X Build/MMB29P) AppleWebKit/537.36 (KHTML, like Gecko) Chrome/150.0.7871.186 Mobile Safari/537.36 (compatible; Googlebot/2.1; +http://www.google.com/bot.html)"
66.249.79.36 - - [17/Aug/2026:13:08:55 +0000] "GET /?sale/search/detail/?ITMCODE=s7l2i7m3e0s397836 HTTP/1.1" 200 31255 "-" "Mozilla/5.0 (Linux; Android 6.0.1; Nexus 5X Build/MMB29P) AppleWebKit/537.36 (KHTML, like Gecko) Chrome/150.0.7871.186 Mobile Safari/537.36 (compatible; Googlebot/2.1; +http://www.google.com/bot.html)"
66.249.79.36 - - [17/Aug/2026:13:08:56 +0000] "GET /?sale/search/detail/?ITMCODE=b7o2w0g2e6447445 HTTP/1.1" 200 31048 "-" "Mozilla/5.0 (Linux; Android 6.0.1; Nexus 5X Build/MMB29P) AppleWebKit/537.36 (KHTML, like Gecko) Chrome/150.0.7871.186 Mobile Safari/537.36 (compatible; Googlebot/2.1; +http://www.google.com/bot.html)"
66.249.79.37 - - [17/Aug/2026:13:09:00 +0000] "GET /?sale/search/detail/?ITMCODE=m7i3n6i9a0t3e2d3663 HTTP/1.1" 200 30272 "-" "Mozilla/5.0 (Linux; Android 6.0.1; Nexus 5X Build/MMB29P) AppleWebKit/537.36 (KHTML, like Gecko) Chrome/150.0.7871.186 Mobile Safari/537.36 (compatible; Googlebot/2.1; +http://www.google.com/bot.html)"
66.249.79.37 - - [17/Aug/2026:13:09:02 +0000] "GET /?sale/search/detail/?ITMCODE=p7o2n6d4e7r3a0b1l7e66 HTTP/1.1" 200 29546 "-" "Mozilla/5.0 (Linux; Android 6.0.1; Nexus 5X Build/MMB29P) AppleWebKit/537.36 (KHTML, like Gecko) Chrome/150.0.7871.186 Mobile Safari/537.36 (compatible; Googlebot/2.1; +http://www.google.com/bot.html)"
66.249.79.36 - - [17/Aug/2026:13:09:06 +0000] "GET /?sale/search/detail/?ITMCODE=p7r1o9c7e3s7s0i7o7n1a2list HTTP/1.1" 200 31109 "-" "Mozilla/5.0 (Linux; Android 6.0.1; Nexus 5X Build/MMB29P) AppleWebKit/537.36 (KHTML, like Gecko) Chrome/150.0.7871.186 Mobile Safari/537.36 (compatible; Googlebot/2.1; +http://www.google.com/bot.html)"
66.249.79.36 - - [17/Aug/2026:13:09:09 +0000] "GET /?sale/search/detail/?ITMCODE=f7o1r1e3t6h8o9u1g3h7t5 HTTP/1.1" 200 28907 "-" "Mozilla/5.0 (Linux; Android 6.0.1; Nexus 5X Build/MMB29P) AppleWebKit/537.36 (KHTML, like Gecko) Chrome/150.0.7871.186 Mobile Safari/537.36 (compatible; Googlebot/2.1; +http://www.google.com/bot.html)"
66.249.79.36 - - [17/Aug/2026:13:09:16 +0000] "GET /?sale/search/detail/?ITMCODE=c7r2o8s9s0w4e9e3k438 HTTP/1.1" 200 30247 "-" "Mozilla/5.0 (Linux; Android 6.0.1; Nexus 5X Build/MMB29P) AppleWebKit/537.36 (KHTML, like Gecko) Chrome/150.0.7871.186 Mobile Safari/537.36 (compatible; Googlebot/2.1; +http://www.google.com/bot.html)"
66.249.79.36 - - [17/Aug/2026:13:09:29 +0000] "GET /?sale/search/detail/?ITMCODE=p7a9n2n6i5k2i2n357 HTTP/1.1" 200 30909 "-" "Mozilla/5.0 (Linux; Android 6.0.1; Nexus 5X Build/MMB29P) AppleWebKit/537.36 (KHTML, like Gecko) Chrome/150.0.7871.186 Mobile Safari/537.36 (compatible; Googlebot/2.1; +http://www.google.com/bot.html)"
66.249.79.36 - - [17/Aug/2026:13:09:31 +0000] "GET /?sale/search/detail/?ITMCODE=a7c5c3o9m1p9a0n7i9e5d HTTP/1.1" 200 31076 "-" "Mozilla/5.0 (Linux; Android 6.0.1; Nexus 5X Build/MMB29P) AppleWebKit/537.36 (KHTML, like Gecko) Chrome/150.0.7871.186 Mobile Safari/537.36 (compatible; Googlebot/2.1; +http://www.google.com/bot.html)"
66.249.79.36 - - [17/Aug/2026:13:09:33 +0000] "GET /?sale/search/detail/?ITMCODE=b7r3a6m4a5503983 HTTP/1.1" 200 30956 "-" "Mozilla/5.0 (Linux; Android 6.0.1; Nexus 5X Build/MMB29P) AppleWebKit/537.36 (KHTML, like Gecko) Chrome/150.0.7871.186 Mobile Safari/537.36 (compatible; Googlebot/2.1; +http://www.google.com/bot.html)"
66.249.79.37 - - [17/Aug/2026:13:09:45 +0000] "GET /?sale/search/detail/?ITMCODE=p7a1n5s0l2a3v2i9s7m88 HTTP/1.1" 200 29964 "-" "Mozilla/5.0 (Linux; Android 6.0.1; Nexus 5X Build/MMB29P) AppleWebKit/537.36 (KHTML, like Gecko) Chrome/150.0.7871.186 Mobile Safari/537.36 (compatible; Googlebot/2.1; +http://www.google.com/bot.html)"
66.249.79.37 - - [17/Aug/2026:13:09:54 +0000] "GET /?sale/search/detail/?ITMCODE=m7u2c9k0e0r34713 HTTP/1.1" 200 30308 "-" "Mozilla/5.0 (Linux; Android 6.0.1; Nexus 5X Build/MMB29P) AppleWebKit/537.36 (KHTML, like Gecko) Chrome/150.0.7871.186 Mobile Safari/537.36 (compatible; Googlebot/2.1; +http://www.google.com/bot.html)"
66.249.79.36 - - [17/Aug/2026:13:10:01 +0000] "GET /?sale/search/detail/?ITMCODE=i7n3t0e5r3v3e9n0i0n7g4 HTTP/1.1" 200 29841 "-" "Mozilla/5.0 (Linux; Android 6.0.1; Nexus 5X Build/MMB29P) AppleWebKit/537.36 (KHTML, like Gecko) Chrome/150.0.7871.186 Mobile Safari/537.36 (compatible; Googlebot/2.1; +http://www.google.com/bot.html)"
66.249.79.36 - - [17/Aug/2026:13:10:08 +0000] "GET /?sale/search/detail/?ITMCODE=c7h2i5m8e3r387788 HTTP/1.1" 200 29812 "-" "Mozilla/5.0 (Linux; Android 6.0.1; Nexus 5X Build/MMB29P) AppleWebKit/537.36 (KHTML, like Gecko) Chrome/150.0.7871.186 Mobile Safari/537.36 (compatible; Googlebot/2.1; +http://www.google.com/bot.html)"
66.249.79.37 - - [17/Aug/2026:13:10:18 +0000] "GET /?sale/search/detail/?ITMCODE=p7u1n5g1e6n2c1y146 HTTP/1.1" 200 29531 "-" "Mozilla/5.0 (Linux; Android 6.0.1; Nexus 5X Build/MMB29P) AppleWebKit/537.36 (KHTML, like Gecko) Chrome/150.0.7871.186 Mobile Safari/537.36 (compatible; Googlebot/2.1; +http://www.google.com/bot.html)"
66.249.79.37 - - [17/Aug/2026:13:10:25 +0000] "GET /?sale/search/detail/?ITMCODE=o7p1a2l3o4t1y2p1e543 HTTP/1.1" 200 30071 "-" "Mozilla/5.0 (Linux; Android 6.0.1; Nexus 5X Build/MMB29P) AppleWebKit/537.36 (KHTML, like Gecko) Chrome/150.0.7871.186 Mobile Safari/537.36 (compatible; Googlebot/2.1; +http://www.google.com/bot.html)"
66.249.79.36 - - [17/Aug/2026:13:10:27 +0000] "GET /?sale/search/detail/?ITMCODE=p7l1a0n9e3543386 HTTP/1.1" 200 30040 "-" "Mozilla/5.0 (Linux; Android 6.0.1; Nexus 5X Build/MMB29P) AppleWebKit/537.36 (KHTML, like Gecko) Chrome/150.0.7871.186 Mobile Safari/537.36 (compatible; Googlebot/2.1; +http://www.google.com/bot.html)"
66.249.79.37 - - [17/Aug/2026:13:10:28 +0000] "GET /?sale/search/detail/?ITMCODE=m7y2c0o2b5a8c7t0e7r1ia HTTP/1.1" 200 30105 "-" "Mozilla/5.0 (Linux; Android 6.0.1; Nexus 5X Build/MMB29P) AppleWebKit/537.36 (KHTML, like Gecko) Chrome/150.0.7871.186 Mobile Safari/537.36 (compatible; Googlebot/2.1; +http://www.google.com/bot.html)"
66.249.79.36 - - [17/Aug/2026:13:10:31 +0000] "GET /?sale/search/detail/?ITMCODE=s7u1b7t2i3l9i7z0a5t3i5on HTTP/1.1" 200 30179 "-" "Mozilla/5.0 (Linux; Android 6.0.1; Nexus 5X Build/MMB29P) AppleWebKit/537.36 (KHTML, like Gecko) Chrome/150.0.7871.186 Mobile Safari/537.36 (compatible; Googlebot/2.1; +http://www.google.com/bot.html)"
66.249.79.36 - - [17/Aug/2026:13:10:34 +0000] "GET /?sale/search/detail/?ITMCODE=s7u1r0g9i7n0g83614 HTTP/1.1" 200 31456 "-" "Mozilla/5.0 (Linux; Android 6.0.1; Nexus 5X Build/MMB29P) AppleWebKit/537.36 (KHTML, like Gecko) Chrome/150.0.7871.186 Mobile Safari/537.36 (compatible; Googlebot/2.1; +http://www.google.com/bot.html)"
66.249.79.36 - - [17/Aug/2026:13:10:37 +0000] "GET /?sale/search/detail/?ITMCODE=d7e1n8o4t5a6t3e6197 HTTP/1.1" 200 29506 "-" "Mozilla/5.0 (Linux; Android 6.0.1; Nexus 5X Build/MMB29P) AppleWebKit/537.36 (KHTML, like Gecko) Chrome/150.0.7871.186 Mobile Safari/537.36 (compatible; Googlebot/2.1; +http://www.google.com/bot.html)"
66.249.79.36 - - [17/Aug/2026:13:10:40 +0000] "GET /?sale/search/detail/?ITMCODE=p7o2l3y6t1o3m9o3u1s41 HTTP/1.1" 200 31357 "-" "Mozilla/5.0 (Linux; Android 6.0.1; Nexus 5X Build/MMB29P) AppleWebKit/537.36 (KHTML, like Gecko) Chrome/150.0.7871.186 Mobile Safari/537.36 (compatible; Googlebot/2.1; +http://www.google.com/bot.html)"
66.249.79.36 - - [17/Aug/2026:13:10:43 +0000] "GET /?sale/search/detail/?ITMCODE=a7p6h5e8t3i1z4e144 HTTP/1.1" 200 30367 "-" "Mozilla/5.0 (Linux; Android 6.0.1; Nexus 5X Build/MMB29P) AppleWebKit/537.36 (KHTML, like Gecko) Chrome/150.0.7871.186 Mobile Safari/537.36 (compatible; Googlebot/2.1; +http://www.google.com/bot.html)"
66.249.79.36 - - [17/Aug/2026:13:10:50 +0000] "GET /?sale/search/detail/?ITMCODE=a7r2c7h4e3n5t0e9r4i2c8 HTTP/1.1" 200 29989 "-" "Mozilla/5.0 (Linux; Android 6.0.1; Nexus 5X Build/MMB29P) AppleWebKit/537.36 (KHTML, like Gecko) Chrome/150.0.7871.186 Mobile Safari/537.36 (compatible; Googlebot/2.1; +http://www.google.com/bot.html)"
66.249.79.36 - - [17/Aug/2026:13:10:55 +0000] "GET /?sale/search/detail/?ITMCODE=f7r2i1n6g4e0p4o8d204 HTTP/1.1" 200 29609 "-" "Mozilla/5.0 (Linux; Android 6.0.1; Nexus 5X Build/MMB29P) AppleWebKit/537.36 (KHTML, like Gecko) Chrome/150.0.7871.186 Mobile Safari/537.36 (compatible; Googlebot/2.1; +http://www.google.com/bot.html)"
66.249.79.36 - - [17/Aug/2026:13:11:02 +0000] "GET /?sale/search/detail/?ITMCODE=a7n2t0h2o8t8a7x1y659 HTTP/1.1" 200 29950 "-" "Mozilla/5.0 (Linux; Android 6.0.1; Nexus 5X Build/MMB29P) AppleWebKit/537.36 (KHTML, like Gecko) Chrome/150.0.7871.186 Mobile Safari/537.36 (compatible; Googlebot/2.1; +http://www.google.com/bot.html)"
66.249.79.36 - - [17/Aug/2026:13:11:17 +0000] "GET /?sale/search/detail/?ITMCODE=b7u3t7t2e2r3f9i5n3g7e3rs HTTP/1.1" 200 29776 "-" "Mozilla/5.0 (Linux; Android 6.0.1; Nexus 5X Build/MMB29P) AppleWebKit/537.36 (KHTML, like Gecko) Chrome/150.0.7871.186 Mobile Safari/537.36 (compatible; Googlebot/2.1; +http://www.google.com/bot.html)"
66.249.79.36 - - [17/Aug/2026:13:11:29 +0000] "GET /?sale/search/detail/?ITMCODE=i7n3s7t7a4l2l0m6e4n7t0 HTTP/1.1" 200 30428 "-" "Mozilla/5.0 (Linux; Android 6.0.1; Nexus 5X Build/MMB29P) AppleWebKit/537.36 (KHTML, like Gecko) Chrome/150.0.7871.186 Mobile Safari/537.36 (compatible; Googlebot/2.1; +http://www.google.com/bot.html)"
66.249.79.36 - - [17/Aug/2026:13:11:32 +0000] "GET /?sale/search/detail/?ITMCODE=k7l2e4e5n7e7x40471 HTTP/1.1" 200 29297 "-" "Mozilla/5.0 (Linux; Android 6.0.1; Nexus 5X Build/MMB29P) AppleWebKit/537.36 (KHTML, like Gecko) Chrome/150.0.7871.186 Mobile Safari/537.36 (compatible; Googlebot/2.1; +http://www.google.com/bot.html)"
66.249.79.36 - - [17/Aug/2026:13:11:34 +0000] "GET /?sale/search/detail/?ITMCODE=d7y3s2o5d1i0l4e1288 HTTP/1.1" 200 31786 "-" "Mozilla/5.0 (Linux; Android 6.0.1; Nexus 5X Build/MMB29P) AppleWebKit/537.36 (KHTML, like Gecko) Chrome/150.0.7871.186 Mobile Safari/537.36 (compatible; Googlebot/2.1; +http://www.google.com/bot.html)"
66.249.79.36 - - [17/Aug/2026:13:11:40 +0000] "GET /?sale/search/detail/?ITMCODE=p7r2o6p1r5i6e6t9y19 HTTP/1.1" 200 30043 "-" "Mozilla/5.0 (Linux; Android 6.0.1; Nexus 5X Build/MMB29P) AppleWebKit/537.36 (KHTML, like Gecko) Chrome/150.0.7871.186 Mobile Safari/537.36 (compatible; Googlebot/2.1; +http://www.google.com/bot.html)"
66.249.79.36 - - [17/Aug/2026:13:11:49 +0000] "GET /?sale/search/detail/?ITMCODE=t7u1r7i5o0n2i7f3e7r5o5us HTTP/1.1" 200 30966 "-" "Mozilla/5.0 (Linux; Android 6.0.1; Nexus 5X Build/MMB29P) AppleWebKit/537.36 (KHTML, like Gecko) Chrome/150.0.7871.186 Mobile Safari/537.36 (compatible; Googlebot/2.1; +http://www.google.com/bot.html)"
66.249.79.32 - - [17/Aug/2026:13:11:56 +0000] "GET /?sale/search/detail/?ITMCODE=g7o4t0h7s2881377 HTTP/1.1" 200 29960 "-" "Mozilla/5.0 (Linux; Android 6.0.1; Nexus 5X Build/MMB29P) AppleWebKit/537.36 (KHTML, like Gecko) Chrome/150.0.7871.186 Mobile Safari/537.36 (compatible; Googlebot/2.1; +http://www.google.com/bot.html)"
66.249.79.37 - - [17/Aug/2026:13:12:04 +0000] "GET /?sale/search/detail/?ITMCODE=g7u2z7z3l2i8n6g808 HTTP/1.1" 200 29784 "-" "Mozilla/5.0 (Linux; Android 6.0.1; Nexus 5X Build/MMB29P) AppleWebKit/537.36 (KHTML, like Gecko) Chrome/150.0.7871.186 Mobile Safari/537.36 (compatible; Googlebot/2.1; +http://www.google.com/bot.html)"
66.249.79.36 - - [17/Aug/2026:13:12:07 +0000] "GET /?sale/search/detail/?ITMCODE=m7u3h9l7e1n5b5e1r4g3i9a HTTP/1.1" 200 29936 "-" "Mozilla/5.0 (Linux; Android 6.0.1; Nexus 5X Build/MMB29P) AppleWebKit/537.36 (KHTML, like Gecko) Chrome/150.0.7871.186 Mobile Safari/537.36 (compatible; Googlebot/2.1; +http://www.google.com/bot.html)"
66.249.79.37 - - [17/Aug/2026:13:12:10 +0000] "GET /?sale/search/detail/?ITMCODE=p7o2t7a0m5o8g6a6l2e73 HTTP/1.1" 200 30021 "-" "Mozilla/5.0 (Linux; Android 6.0.1; Nexus 5X Build/MMB29P) AppleWebKit/537.36 (KHTML, like Gecko) Chrome/150.0.7871.186 Mobile Safari/537.36 (compatible; Googlebot/2.1; +http://www.google.com/bot.html)"
66.249.79.36 - - [17/Aug/2026:13:12:16 +0000] "GET /?sale/search/detail/?ITMCODE=s7u6b3i3t7a8n2e5o6u5sness HTTP/1.1" 200 30228 "-" "Mozilla/5.0 (Linux; Android 6.0.1; Nexus 5X Build/MMB29P) AppleWebKit/537.36 (KHTML, like Gecko) Chrome/150.0.7871.186 Mobile Safari/537.36 (compatible; Googlebot/2.1; +http://www.google.com/bot.html)"
66.249.79.36 - - [17/Aug/2026:13:12:20 +0000] "GET /?sale/search/detail/?ITMCODE=r7e2c3a5r4r7y7931 HTTP/1.1" 200 30103 "-" "Mozilla/5.0 (Linux; Android 6.0.1; Nexus 5X Build/MMB29P) AppleWebKit/537.36 (KHTML, like Gecko) Chrome/150.0.7871.186 Mobile Safari/537.36 (compatible; Googlebot/2.1; +http://www.google.com/bot.html)"
66.249.79.36 - - [17/Aug/2026:13:12:28 +0000] "GET /?sale/search/detail/?ITMCODE=g7u3a1r1d3f7u0l0l1y52 HTTP/1.1" 200 31638 "-" "Mozilla/5.0 (Linux; Android 6.0.1; Nexus 5X Build/MMB29P) AppleWebKit/537.36 (KHTML, like Gecko) Chrome/150.0.7871.186 Mobile Safari/537.36 (compatible; Googlebot/2.1; +http://www.google.com/bot.html)"
66.249.79.36 - - [17/Aug/2026:13:12:34 +0000] "GET /?sale/search/detail/?ITMCODE=f7a2i8l9a6n4c5e7832 HTTP/1.1" 200 30940 "-" "Mozilla/5.0 (Linux; Android 6.0.1; Nexus 5X Build/MMB29P) AppleWebKit/537.36 (KHTML, like Gecko) Chrome/150.0.7871.186 Mobile Safari/537.36 (compatible; Googlebot/2.1; +http://www.google.com/bot.html)"
66.249.79.36 - - [17/Aug/2026:13:12:40 +0000] "GET /?sale/search/detail/?ITMCODE=u7r1i1t4e6673901 HTTP/1.1" 200 30204 "-" "Mozilla/5.0 (Linux; Android 6.0.1; Nexus 5X Build/MMB29P) AppleWebKit/537.36 (KHTML, like Gecko) Chrome/150.0.7871.186 Mobile Safari/537.36 (compatible; Googlebot/2.1; +http://www.google.com/bot.html)"
66.249.79.36 - - [17/Aug/2026:13:12:50 +0000] "GET /?sale/search/detail/?ITMCODE=h7y2p3o1c3h9o6n7d4r4y4 HTTP/1.1" 200 30394 "-" "Mozilla/5.0 (Linux; Android 6.0.1; Nexus 5X Build/MMB29P) AppleWebKit/537.36 (KHTML, like Gecko) Chrome/150.0.7871.186 Mobile Safari/537.36 (compatible; Googlebot/2.1; +http://www.google.com/bot.html)"
66.249.79.36 - - [17/Aug/2026:13:12:55 +0000] "GET /?sale/search/detail/?ITMCODE=u7n1e6q4u9a5l0n3e3s5s9 HTTP/1.1" 200 30358 "-" "Mozilla/5.0 (Linux; Android 6.0.1; Nexus 5X Build/MMB29P) AppleWebKit/537.36 (KHTML, like Gecko) Chrome/150.0.7871.186 Mobile Safari/537.36 (compatible; Googlebot/2.1; +http://www.google.com/bot.html)"
66.249.79.36 - - [17/Aug/2026:13:13:00 +0000] "GET /?sale/search/detail/?ITMCODE=e7x4c8h9a8n0g7eable HTTP/1.1" 200 31376 "-" "Mozilla/5.0 (Linux; Android 6.0.1; Nexus 5X Build/MMB29P) AppleWebKit/537.36 (KHTML, like Gecko) Chrome/150.0.7871.186 Mobile Safari/537.36 (compatible; Googlebot/2.1; +http://www.google.com/bot.html)"
66.249.79.37 - - [17/Aug/2026:13:13:10 +0000] "GET /?sale/search/detail/?ITMCODE=a7n1a1e9m0i2c81466 HTTP/1.1" 200 31310 "-" "Mozilla/5.0 (Linux; Android 6.0.1; Nexus 5X Build/MMB29P) AppleWebKit/537.36 (KHTML, like Gecko) Chrome/150.0.7871.186 Mobile Safari/537.36 (compatible; Googlebot/2.1; +http://www.google.com/bot.html)"
66.249.79.36 - - [17/Aug/2026:13:13:18 +0000] "GET /?sale/search/detail/?ITMCODE=i7n1t2e5r8m5u5r7i0n3g7 HTTP/1.1" 200 30960 "-" "Mozilla/5.0 (Linux; Android 6.0.1; Nexus 5X Build/MMB29P) AppleWebKit/537.36 (KHTML, like Gecko) Chrome/150.0.7871.186 Mobile Safari/537.36 (compatible; Googlebot/2.1; +http://www.google.com/bot.html)"
66.249.79.36 - - [17/Aug/2026:13:13:23 +0000] "GET /?sale/search/detail/?ITMCODE=r7e3m5o3u9n1t92292 HTTP/1.1" 200 31022 "-" "Mozilla/5.0 (Linux; Android 6.0.1; Nexus 5X Build/MMB29P) AppleWebKit/537.36 (KHTML, like Gecko) Chrome/150.0.7871.186 Mobile Safari/537.36 (compatible; Googlebot/2.1; +http://www.google.com/bot.html)"
66.249.79.36 - - [17/Aug/2026:13:13:32 +0000] "GET /?sale/search/detail/?ITMCODE=p7l3a9s3t4i4n67810 HTTP/1.1" 200 29970 "-" "Mozilla/5.0 (Linux; Android 6.0.1; Nexus 5X Build/MMB29P) AppleWebKit/537.36 (KHTML, like Gecko) Chrome/150.0.7871.186 Mobile Safari/537.36 (compatible; Googlebot/2.1; +http://www.google.com/bot.html)"
66.249.79.36 - - [17/Aug/2026:13:13:35 +0000] "GET /?sale/search/detail/?ITMCODE=o7v6e1r6s0e8e2r169 HTTP/1.1" 200 29897 "-" "Mozilla/5.0 (Linux; Android 6.0.1; Nexus 5X Build/MMB29P) AppleWebKit/537.36 (KHTML, like Gecko) Chrome/150.0.7871.186 Mobile Safari/537.36 (compatible; Googlebot/2.1; +http://www.google.com/bot.html)"
66.249.79.36 - - [17/Aug/2026:13:13:44 +0000] "GET /?sale/search/detail/?ITMCODE=p7u8b8l1i7c0a2t6i7o7n HTTP/1.1" 200 30828 "-" "Mozilla/5.0 (Linux; Android 6.0.1; Nexus 5X Build/MMB29P) AppleWebKit/537.36 (KHTML, like Gecko) Chrome/150.0.7871.186 Mobile Safari/537.36 (compatible; Googlebot/2.1; +http://www.google.com/bot.html)"
66.249.79.36 - - [17/Aug/2026:13:13:52 +0000] "GET /?sale/search/detail/?ITMCODE=c7o8p1p0e7r7n5o7s1e3 HTTP/1.1" 200 29295 "-" "Mozilla/5.0 (Linux; Android 6.0.1; Nexus 5X Build/MMB29P) AppleWebKit/537.36 (KHTML, like Gecko) Chrome/150.0.7871.186 Mobile Safari/537.36 (compatible; Googlebot/2.1; +http://www.google.com/bot.html)"
66.249.79.36 - - [17/Aug/2026:13:13:55 +0000] "GET /?sale/search/detail/?ITMCODE=p7l3a4n2t2a1t2i7o3n7 HTTP/1.1" 200 31090 "-" "Mozilla/5.0 (Linux; Android 6.0.1; Nexus 5X Build/MMB29P) AppleWebKit/537.36 (KHTML, like Gecko) Chrome/150.0.7871.186 Mobile Safari/537.36 (compatible; Googlebot/2.1; +http://www.google.com/bot.html)"
66.249.79.37 - - [17/Aug/2026:13:13:58 +0000] "GET /?sale/search/detail/?ITMCODE=h7y2p7e7r4s7p9a2c1e70 HTTP/1.1" 200 30061 "-" "Mozilla/5.0 (Linux; Android 6.0.1; Nexus 5X Build/MMB29P) AppleWebKit/537.36 (KHTML, like Gecko) Chrome/150.0.7871.186 Mobile Safari/537.36 (compatible; Googlebot/2.1; +http://www.google.com/bot.html)"
66.249.79.37 - - [17/Aug/2026:13:14:00 +0000] "GET /?sale/search/detail/?ITMCODE=i7n5a4d8a5p3t1a8t7i8on HTTP/1.1" 200 30315 "-" "Mozilla/5.0 (Linux; Android 6.0.1; Nexus 5X Build/MMB29P) AppleWebKit/537.36 (KHTML, like Gecko) Chrome/150.0.7871.186 Mobile Safari/537.36 (compatible; Googlebot/2.1; +http://www.google.com/bot.html)"
66.249.79.36 - - [17/Aug/2026:13:14:07 +0000] "GET /?sale/search/detail/?ITMCODE=d7i1l1a6t8e010594 HTTP/1.1" 200 30571 "-" "Mozilla/5.0 (Linux; Android 6.0.1; Nexus 5X Build/MMB29P) AppleWebKit/537.36 (KHTML, like Gecko) Chrome/150.0.7871.186 Mobile Safari/537.36 (compatible; Googlebot/2.1; +http://www.google.com/bot.html)"
66.249.79.36 - - [17/Aug/2026:13:14:13 +0000] "GET /?sale/search/detail/?ITMCODE=s7a3n2d1n2e6c9k8e9r23 HTTP/1.1" 200 30484 "-" "Mozilla/5.0 (Linux; Android 6.0.1; Nexus 5X Build/MMB29P) AppleWebKit/537.36 (KHTML, like Gecko) Chrome/150.0.7871.186 Mobile Safari/537.36 (compatible; Googlebot/2.1; +http://www.google.com/bot.html)"
