403Webshell
Server IP : 198.38.94.13  /  Your IP : 216.73.216.51
Web Server : Apache
System : Linux d4744.dxb1.stableserver.net 5.14.0-611.49.1.el9_7.x86_64 #1 SMP PREEMPT_DYNAMIC Tue Apr 21 16:39:08 EDT 2026 x86_64
User : revivere ( 1140)
PHP Version : 8.2.33
Disable Function : NONE
MySQL : OFF  |  cURL : ON  |  WGET : ON  |  Perl : ON  |  Python : OFF  |  Sudo : OFF  |  Pkexec : OFF
Directory :  /home/revivere/access-logs/

Upload File :
current_dir [ Writeable ] document_root [ Writeable ]

 

Command :


[ Back ]     

Current File : /home/revivere/access-logs/reviverenovation.ae-ssl_log
20.100.185.105 - - [17/Aug/2026:12:13:48 +0000] "GET /randkeyword.PhP7 HTTP/1.1" 404 26857 "-" "Mozilla/5.0 (Windows NT 10.0; Win64; x64) AppleWebKit/537.36 (KHTML, like Gecko) Chrome/120.0.0.0 Safari/537.36"
20.100.185.105 - - [17/Aug/2026:12:13:51 +0000] "GET /vendor/ HTTP/1.1" 404 26857 "-" "Mozilla/5.0 (Windows NT 10.0; Win64; x64) AppleWebKit/537.36 (KHTML, like Gecko) Chrome/120.0.0.0 Safari/537.36"
20.100.185.105 - - [17/Aug/2026:12:13:54 +0000] "GET /tool.php HTTP/1.1" 404 26856 "-" "Mozilla/5.0 (Windows NT 10.0; Win64; x64) AppleWebKit/537.36 (KHTML, like Gecko) Chrome/120.0.0.0 Safari/537.36"
20.100.185.105 - - [17/Aug/2026:12:13:56 +0000] "GET /wp-content.php HTTP/1.1" 404 26857 "-" "Mozilla/5.0 (Windows NT 10.0; Win64; x64) AppleWebKit/537.36 (KHTML, like Gecko) Chrome/120.0.0.0 Safari/537.36"
20.100.185.105 - - [17/Aug/2026:12:14:00 +0000] "GET /k.php HTTP/1.1" 404 26857 "-" "Mozilla/5.0 (Windows NT 10.0; Win64; x64) AppleWebKit/537.36 (KHTML, like Gecko) Chrome/120.0.0.0 Safari/537.36"
20.100.185.105 - - [17/Aug/2026:12:14:02 +0000] "GET /root.php HTTP/1.1" 404 26858 "-" "Mozilla/5.0 (Windows NT 10.0; Win64; x64) AppleWebKit/537.36 (KHTML, like Gecko) Chrome/120.0.0.0 Safari/537.36"
20.100.185.105 - - [17/Aug/2026:12:14:05 +0000] "GET /ws.php HTTP/1.1" 404 26858 "-" "Mozilla/5.0 (Windows NT 10.0; Win64; x64) AppleWebKit/537.36 (KHTML, like Gecko) Chrome/120.0.0.0 Safari/537.36"
20.100.185.105 - - [17/Aug/2026:12:14:08 +0000] "GET /p.php HTTP/1.1" 404 26858 "-" "Mozilla/5.0 (Windows NT 10.0; Win64; x64) AppleWebKit/537.36 (KHTML, like Gecko) Chrome/120.0.0.0 Safari/537.36"
198.38.94.13 - - [17/Aug/2026:12:14:13 +0000] "POST /wp-cron.php?doing_wp_cron=1786968853.4884970188140869140625 HTTP/1.1" 200 - "-" "WordPress/7.0.4; https://reviverenovation.ae"
20.100.185.105 - - [17/Aug/2026:12:14:10 +0000] "GET /elp.php HTTP/1.1" 404 26856 "-" "Mozilla/5.0 (Windows NT 10.0; Win64; x64) AppleWebKit/537.36 (KHTML, like Gecko) Chrome/120.0.0.0 Safari/537.36"
20.100.185.105 - - [17/Aug/2026:12:14:13 +0000] "GET /a1.php HTTP/1.1" 404 26858 "-" "Mozilla/5.0 (Windows NT 10.0; Win64; x64) AppleWebKit/537.36 (KHTML, like Gecko) Chrome/120.0.0.0 Safari/537.36"
20.100.185.105 - - [17/Aug/2026:12:14:16 +0000] "GET /wp-includes/Text/index.php HTTP/1.1" 301 - "-" "Mozilla/5.0 (Windows NT 10.0; Win64; x64) AppleWebKit/537.36 (KHTML, like Gecko) Chrome/120.0.0.0 Safari/537.36"
20.100.185.105 - - [17/Aug/2026:12:14:18 +0000] "GET /alfa-rex.php7 HTTP/1.1" 403 9425 "-" "Mozilla/5.0 (Windows NT 10.0; Win64; x64) AppleWebKit/537.36 (KHTML, like Gecko) Chrome/120.0.0.0 Safari/537.36"
20.100.185.105 - - [17/Aug/2026:12:14:18 +0000] "GET /wp-admin/css/admin.php HTTP/1.1" 404 26857 "-" "Mozilla/5.0 (Windows NT 10.0; Win64; x64) AppleWebKit/537.36 (KHTML, like Gecko) Chrome/120.0.0.0 Safari/537.36"
20.100.185.105 - - [17/Aug/2026:12:14:21 +0000] "GET /install.php HTTP/1.1" 404 26857 "-" "Mozilla/5.0 (Windows NT 10.0; Win64; x64) AppleWebKit/537.36 (KHTML, like Gecko) Chrome/120.0.0.0 Safari/537.36"
20.100.185.105 - - [17/Aug/2026:12:14:24 +0000] "GET /wp-includes/fonts/index.php HTTP/1.1" 301 - "-" "Mozilla/5.0 (Windows NT 10.0; Win64; x64) AppleWebKit/537.36 (KHTML, like Gecko) Chrome/120.0.0.0 Safari/537.36"
20.100.185.105 - - [17/Aug/2026:12:14:25 +0000] "GET /upload.php HTTP/1.1" 404 26858 "-" "Mozilla/5.0 (Windows NT 10.0; Win64; x64) AppleWebKit/537.36 (KHTML, like Gecko) Chrome/120.0.0.0 Safari/537.36"
66.249.79.36 - - [17/Aug/2026:12:14:29 +0000] "GET /?sale/search/detail/?ITMCODE=s7o1u6t0h0e1a1s6t4w4a4rd HTTP/1.1" 301 - "-" "Mozilla/5.0 (Linux; Android 6.0.1; Nexus 5X Build/MMB29P) AppleWebKit/537.36 (KHTML, like Gecko) Chrome/150.0.7871.186 Mobile Safari/537.36 (compatible; GoogleOther)"
20.100.185.105 - - [17/Aug/2026:12:14:28 +0000] "GET /wp-includes/ID3/ HTTP/1.1" 404 26858 "-" "Mozilla/5.0 (Windows NT 10.0; Win64; x64) AppleWebKit/537.36 (KHTML, like Gecko) Chrome/120.0.0.0 Safari/537.36"
20.100.185.105 - - [17/Aug/2026:12:14:31 +0000] "GET /wp-includes/Text/Diff/ HTTP/1.1" 404 26857 "-" "Mozilla/5.0 (Windows NT 10.0; Win64; x64) AppleWebKit/537.36 (KHTML, like Gecko) Chrome/120.0.0.0 Safari/537.36"
66.249.79.36 - - [17/Aug/2026:12:14:32 +0000] "GET /?sale%2Fsearch%2Fdetail%2F%3FITMCODE=s7o1u6t0h0e1a1s6t4w4a4rd HTTP/1.1" 200 58128 "-" "Mozilla/5.0 (Linux; Android 6.0.1; Nexus 5X Build/MMB29P) AppleWebKit/537.36 (KHTML, like Gecko) Chrome/150.0.7871.186 Mobile Safari/537.36 (compatible; GoogleOther)"
20.100.185.105 - - [17/Aug/2026:12:14:33 +0000] "GET /wp-content/file.php HTTP/1.1" 404 26858 "-" "Mozilla/5.0 (Windows NT 10.0; Win64; x64) AppleWebKit/537.36 (KHTML, like Gecko) Chrome/120.0.0.0 Safari/537.36"
20.100.185.105 - - [17/Aug/2026:12:14:36 +0000] "GET /files.php HTTP/1.1" 404 26857 "-" "Mozilla/5.0 (Windows NT 10.0; Win64; x64) AppleWebKit/537.36 (KHTML, like Gecko) Chrome/120.0.0.0 Safari/537.36"
20.100.185.105 - - [17/Aug/2026:12:14:39 +0000] "GET /o.php HTTP/1.1" 404 26857 "-" "Mozilla/5.0 (Windows NT 10.0; Win64; x64) AppleWebKit/537.36 (KHTML, like Gecko) Chrome/120.0.0.0 Safari/537.36"
20.100.185.105 - - [17/Aug/2026:12:14:42 +0000] "GET /file2.php HTTP/1.1" 404 26857 "-" "Mozilla/5.0 (Windows NT 10.0; Win64; x64) AppleWebKit/537.36 (KHTML, like Gecko) Chrome/120.0.0.0 Safari/537.36"
20.100.185.105 - - [17/Aug/2026:12:14:45 +0000] "GET /.well-known/gecko-litespeed.php HTTP/1.1" 403 9425 "-" "Mozilla/5.0 (Windows NT 10.0; Win64; x64) AppleWebKit/537.36 (KHTML, like Gecko) Chrome/120.0.0.0 Safari/537.36"
20.100.185.105 - - [17/Aug/2026:12:14:45 +0000] "GET /xda.php HTTP/1.1" 404 26857 "-" "Mozilla/5.0 (Windows NT 10.0; Win64; x64) AppleWebKit/537.36 (KHTML, like Gecko) Chrome/120.0.0.0 Safari/537.36"
20.100.185.105 - - [17/Aug/2026:12:14:48 +0000] "GET /theme.php HTTP/1.1" 404 26857 "-" "Mozilla/5.0 (Windows NT 10.0; Win64; x64) AppleWebKit/537.36 (KHTML, like Gecko) Chrome/120.0.0.0 Safari/537.36"
20.100.185.105 - - [17/Aug/2026:12:14:51 +0000] "GET //classwithtostring.php HTTP/1.1" 301 - "-" "Mozilla/5.0 (Windows NT 10.0; Win64; x64) AppleWebKit/537.36 (KHTML, like Gecko) Chrome/120.0.0.0 Safari/537.36"
20.100.185.105 - - [17/Aug/2026:12:14:52 +0000] "GET /news.php HTTP/1.1" 404 26858 "-" "Mozilla/5.0 (Windows NT 10.0; Win64; x64) AppleWebKit/537.36 (KHTML, like Gecko) Chrome/120.0.0.0 Safari/537.36"
34.147.166.147 - - [17/Aug/2026:12:14:57 +0000] "GET /robots.txt HTTP/1.1" 200 99 "-" "WarmerlyBot/1.0 (+https://warmerly.com/bot)"
20.100.185.105 - - [17/Aug/2026:12:14:55 +0000] "GET /about/function.php HTTP/1.1" 404 26857 "-" "Mozilla/5.0 (Windows NT 10.0; Win64; x64) AppleWebKit/537.36 (KHTML, like Gecko) Chrome/120.0.0.0 Safari/537.36"
34.147.166.147 - - [17/Aug/2026:12:14:57 +0000] "GET / HTTP/1.1" 200 56807 "-" "WarmerlyBot/1.0 (+https://warmerly.com/bot)"
20.100.185.105 - - [17/Aug/2026:12:14:57 +0000] "GET /wp-admin/user/ HTTP/1.1" 404 26857 "-" "Mozilla/5.0 (Windows NT 10.0; Win64; x64) AppleWebKit/537.36 (KHTML, like Gecko) Chrome/120.0.0.0 Safari/537.36"
20.100.185.105 - - [17/Aug/2026:12:15:00 +0000] "GET /wp-includes/admin.php HTTP/1.1" 404 26857 "-" "Mozilla/5.0 (Windows NT 10.0; Win64; x64) AppleWebKit/537.36 (KHTML, like Gecko) Chrome/120.0.0.0 Safari/537.36"
20.100.185.105 - - [17/Aug/2026:12:15:03 +0000] "GET /wp-includes/images/media/ HTTP/1.1" 404 26857 "-" "Mozilla/5.0 (Windows NT 10.0; Win64; x64) AppleWebKit/537.36 (KHTML, like Gecko) Chrome/120.0.0.0 Safari/537.36"
20.100.185.105 - - [17/Aug/2026:12:15:05 +0000] "GET /lock360.php HTTP/1.1" 403 9425 "-" "Mozilla/5.0 (Windows NT 10.0; Win64; x64) AppleWebKit/537.36 (KHTML, like Gecko) Chrome/120.0.0.0 Safari/537.36"
20.100.185.105 - - [17/Aug/2026:12:15:06 +0000] "GET /wp-conflg.php HTTP/1.1" 404 26857 "-" "Mozilla/5.0 (Windows NT 10.0; Win64; x64) AppleWebKit/537.36 (KHTML, like Gecko) Chrome/120.0.0.0 Safari/537.36"
20.100.185.105 - - [17/Aug/2026:12:15:08 +0000] "GET /123.php HTTP/1.1" 404 26858 "-" "Mozilla/5.0 (Windows NT 10.0; Win64; x64) AppleWebKit/537.36 (KHTML, like Gecko) Chrome/120.0.0.0 Safari/537.36"
198.38.94.13 - - [17/Aug/2026:12:15:14 +0000] "POST /wp-cron.php?doing_wp_cron=1786968914.0622570514678955078125 HTTP/1.1" 200 - "-" "WordPress/7.0.4; https://reviverenovation.ae"
20.100.185.105 - - [17/Aug/2026:12:15:11 +0000] "GET /yanz.php HTTP/1.1" 404 26857 "-" "Mozilla/5.0 (Windows NT 10.0; Win64; x64) AppleWebKit/537.36 (KHTML, like Gecko) Chrome/120.0.0.0 Safari/537.36"
20.100.185.105 - - [17/Aug/2026:12:15:14 +0000] "GET /autoload_classmap.php HTTP/1.1" 403 9425 "-" "Mozilla/5.0 (Windows NT 10.0; Win64; x64) AppleWebKit/537.36 (KHTML, like Gecko) Chrome/120.0.0.0 Safari/537.36"
20.100.185.105 - - [17/Aug/2026:12:15:14 +0000] "GET /bi.php HTTP/1.1" 404 26858 "-" "Mozilla/5.0 (Windows NT 10.0; Win64; x64) AppleWebKit/537.36 (KHTML, like Gecko) Chrome/120.0.0.0 Safari/537.36"
20.100.185.105 - - [17/Aug/2026:12:15:17 +0000] "GET /cc.php HTTP/1.1" 404 26858 "-" "Mozilla/5.0 (Windows NT 10.0; Win64; x64) AppleWebKit/537.36 (KHTML, like Gecko) Chrome/120.0.0.0 Safari/537.36"
20.100.185.105 - - [17/Aug/2026:12:15:20 +0000] "GET /files/index.php HTTP/1.1" 301 - "-" "Mozilla/5.0 (Windows NT 10.0; Win64; x64) AppleWebKit/537.36 (KHTML, like Gecko) Chrome/120.0.0.0 Safari/537.36"
20.100.185.105 - - [17/Aug/2026:12:15:21 +0000] "GET /1.php7 HTTP/1.1" 404 26856 "-" "Mozilla/5.0 (Windows NT 10.0; Win64; x64) AppleWebKit/537.36 (KHTML, like Gecko) Chrome/120.0.0.0 Safari/537.36"
20.100.185.105 - - [17/Aug/2026:12:15:24 +0000] "GET /disagraeosc.php HTTP/1.1" 404 26858 "-" "Mozilla/5.0 (Windows NT 10.0; Win64; x64) AppleWebKit/537.36 (KHTML, like Gecko) Chrome/120.0.0.0 Safari/537.36"
20.100.185.105 - - [17/Aug/2026:12:15:27 +0000] "GET /wp-logs.php HTTP/1.1" 404 26857 "-" "Mozilla/5.0 (Windows NT 10.0; Win64; x64) AppleWebKit/537.36 (KHTML, like Gecko) Chrome/120.0.0.0 Safari/537.36"
20.100.185.105 - - [17/Aug/2026:12:15:29 +0000] "GET /wp-admin/css/about.php HTTP/1.1" 404 26857 "-" "Mozilla/5.0 (Windows NT 10.0; Win64; x64) AppleWebKit/537.36 (KHTML, like Gecko) Chrome/120.0.0.0 Safari/537.36"
66.249.79.32 - - [17/Aug/2026:12:15:31 +0000] "GET /?sale/search/detail/?ITMCODE=h7o1p3t1h1u9m4b7128 HTTP/1.1" 200 30421 "-" "Mozilla/5.0 (Linux; Android 6.0.1; Nexus 5X Build/MMB29P) AppleWebKit/537.36 (KHTML, like Gecko) Chrome/150.0.7871.186 Mobile Safari/537.36 (compatible; Googlebot/2.1; +http://www.google.com/bot.html)"
20.100.185.105 - - [17/Aug/2026:12:15:32 +0000] "GET /system_log.php HTTP/1.1" 404 26857 "-" "Mozilla/5.0 (Windows NT 10.0; Win64; x64) AppleWebKit/537.36 (KHTML, like Gecko) Chrome/120.0.0.0 Safari/537.36"
66.249.79.32 - - [17/Aug/2026:12:15:34 +0000] "GET /2026/05/08/villa-extension-dubai/ HTTP/1.1" 200 31971 "-" "Mozilla/5.0 (Linux; Android 6.0.1; Nexus 5X Build/MMB29P) AppleWebKit/537.36 (KHTML, like Gecko) Chrome/150.0.7871.186 Mobile Safari/537.36 (compatible; Googlebot/2.1; +http://www.google.com/bot.html)"
20.100.185.105 - - [17/Aug/2026:12:15:35 +0000] "GET /24.php HTTP/1.1" 404 26857 "-" "Mozilla/5.0 (Windows NT 10.0; Win64; x64) AppleWebKit/537.36 (KHTML, like Gecko) Chrome/120.0.0.0 Safari/537.36"
20.100.185.105 - - [17/Aug/2026:12:15:37 +0000] "GET /wp-admin/maint/ HTTP/1.1" 404 26858 "-" "Mozilla/5.0 (Windows NT 10.0; Win64; x64) AppleWebKit/537.36 (KHTML, like Gecko) Chrome/120.0.0.0 Safari/537.36"
20.100.185.105 - - [17/Aug/2026:12:15:40 +0000] "GET /wp-content/plugins/index.php HTTP/1.1" 301 - "-" "Mozilla/5.0 (Windows NT 10.0; Win64; x64) AppleWebKit/537.36 (KHTML, like Gecko) Chrome/120.0.0.0 Safari/537.36"
20.100.185.105 - - [17/Aug/2026:12:15:42 +0000] "GET /admin/controller/extension/extension/ HTTP/1.1" 404 26857 "-" "Mozilla/5.0 (Windows NT 10.0; Win64; x64) AppleWebKit/537.36 (KHTML, like Gecko) Chrome/120.0.0.0 Safari/537.36"
20.100.185.105 - - [17/Aug/2026:12:15:44 +0000] "GET /wp-includes/css/dist/widgets/ HTTP/1.1" 404 26858 "-" "Mozilla/5.0 (Windows NT 10.0; Win64; x64) AppleWebKit/537.36 (KHTML, like Gecko) Chrome/120.0.0.0 Safari/537.36"
20.100.185.105 - - [17/Aug/2026:12:15:47 +0000] "GET /wp-admin/images/index.php HTTP/1.1" 301 - "-" "Mozilla/5.0 (Windows NT 10.0; Win64; x64) AppleWebKit/537.36 (KHTML, like Gecko) Chrome/120.0.0.0 Safari/537.36"
20.100.185.105 - - [17/Aug/2026:12:15:49 +0000] "GET /num.php HTTP/1.1" 404 26857 "-" "Mozilla/5.0 (Windows NT 10.0; Win64; x64) AppleWebKit/537.36 (KHTML, like Gecko) Chrome/120.0.0.0 Safari/537.36"
20.100.185.105 - - [17/Aug/2026:12:15:52 +0000] "GET /wp-admin/css/colors/ocean/ HTTP/1.1" 404 26858 "-" "Mozilla/5.0 (Windows NT 10.0; Win64; x64) AppleWebKit/537.36 (KHTML, like Gecko) Chrome/120.0.0.0 Safari/537.36"
20.100.185.105 - - [17/Aug/2026:12:15:54 +0000] "GET /wp-content/et-cache/ HTTP/1.1" 404 26857 "-" "Mozilla/5.0 (Windows NT 10.0; Win64; x64) AppleWebKit/537.36 (KHTML, like Gecko) Chrome/120.0.0.0 Safari/537.36"
20.100.185.105 - - [17/Aug/2026:12:15:57 +0000] "GET /wp-content/upgrade/index.php HTTP/1.1" 301 - "-" "Mozilla/5.0 (Windows NT 10.0; Win64; x64) AppleWebKit/537.36 (KHTML, like Gecko) Chrome/120.0.0.0 Safari/537.36"
20.100.185.105 - - [17/Aug/2026:12:15:59 +0000] "GET /wp-includes/SimplePie/index.php HTTP/1.1" 301 - "-" "Mozilla/5.0 (Windows NT 10.0; Win64; x64) AppleWebKit/537.36 (KHTML, like Gecko) Chrome/120.0.0.0 Safari/537.36"
20.100.185.105 - - [17/Aug/2026:12:16:01 +0000] "GET /gifclass.php HTTP/1.1" 404 26857 "-" "Mozilla/5.0 (Windows NT 10.0; Win64; x64) AppleWebKit/537.36 (KHTML, like Gecko) Chrome/120.0.0.0 Safari/537.36"
20.100.185.105 - - [17/Aug/2026:12:16:04 +0000] "GET /wp-includes/certificates/ HTTP/1.1" 404 26858 "-" "Mozilla/5.0 (Windows NT 10.0; Win64; x64) AppleWebKit/537.36 (KHTML, like Gecko) Chrome/120.0.0.0 Safari/537.36"
20.100.185.105 - - [17/Aug/2026:12:16:06 +0000] "GET /wp-content/plugins/admin.php HTTP/1.1" 404 26858 "-" "Mozilla/5.0 (Windows NT 10.0; Win64; x64) AppleWebKit/537.36 (KHTML, like Gecko) Chrome/120.0.0.0 Safari/537.36"
20.100.185.105 - - [17/Aug/2026:12:16:09 +0000] "GET /css/index.php HTTP/1.1" 301 - "-" "Mozilla/5.0 (Windows NT 10.0; Win64; x64) AppleWebKit/537.36 (KHTML, like Gecko) Chrome/120.0.0.0 Safari/537.36"
20.100.185.105 - - [17/Aug/2026:12:16:11 +0000] "GET /wp-cron.php HTTP/1.1" 200 - "-" "Mozilla/5.0 (Windows NT 10.0; Win64; x64) AppleWebKit/537.36 (KHTML, like Gecko) Chrome/120.0.0.0 Safari/537.36"
198.38.94.13 - - [17/Aug/2026:12:16:14 +0000] "POST /wp-cron.php?doing_wp_cron=1786968974.0203099250793457031250 HTTP/1.1" 200 - "-" "WordPress/7.0.4; https://reviverenovation.ae"
20.100.185.105 - - [17/Aug/2026:12:16:11 +0000] "GET /wp-block.php HTTP/1.1" 404 26858 "-" "Mozilla/5.0 (Windows NT 10.0; Win64; x64) AppleWebKit/537.36 (KHTML, like Gecko) Chrome/120.0.0.0 Safari/537.36"
20.100.185.105 - - [17/Aug/2026:12:16:14 +0000] "GET /wp-includes/fonts/admin.php HTTP/1.1" 404 26858 "-" "Mozilla/5.0 (Windows NT 10.0; Win64; x64) AppleWebKit/537.36 (KHTML, like Gecko) Chrome/120.0.0.0 Safari/537.36"
20.100.185.105 - - [17/Aug/2026:12:16:17 +0000] "GET /wp-admin/css/colors/modern/ HTTP/1.1" 404 26858 "-" "Mozilla/5.0 (Windows NT 10.0; Win64; x64) AppleWebKit/537.36 (KHTML, like Gecko) Chrome/120.0.0.0 Safari/537.36"
198.244.226.169 - - [17/Aug/2026:12:16:40 +0000] "GET / HTTP/2.0" 304 - "-" "Mozilla/5.0 (compatible; AhrefsBot/7.0; +http://ahrefs.com/robot/)"
198.38.94.13 - - [17/Aug/2026:12:16:47 +0000] "POST /wp-cron.php?doing_wp_cron=1786969007.3524160385131835937500 HTTP/1.1" 200 - "-" "WordPress/7.0.4; https://reviverenovation.ae"
66.249.79.32 - - [17/Aug/2026:12:16:45 +0000] "GET /?sale/search/detail/?ITMCODE=t5h2u2l0i1u6m91375 HTTP/1.1" 301 - "-" "Mozilla/5.0 (Linux; Android 6.0.1; Nexus 5X Build/MMB29P) AppleWebKit/537.36 (KHTML, like Gecko) Chrome/150.0.7871.186 Mobile Safari/537.36 (compatible; GoogleOther)"
66.249.79.36 - - [17/Aug/2026:12:16:50 +0000] "GET /?sale%2Fsearch%2Fdetail%2F%3FITMCODE=t5h2u2l0i1u6m91375 HTTP/1.1" 200 58128 "-" "Mozilla/5.0 (Linux; Android 6.0.1; Nexus 5X Build/MMB29P) AppleWebKit/537.36 (KHTML, like Gecko) Chrome/150.0.7871.186 Mobile Safari/537.36 (compatible; GoogleOther)"
57.141.20.44 - - [17/Aug/2026:12:17:04 +0000] "GET /career-revive-renovation/ HTTP/2.0" 200 40994 "-" "Mozilla/5.0 (Macintosh; Intel Mac OS X 10_15_7) AppleWebKit/537.36 (KHTML, like Gecko) Chrome/145.0.0.0 Safari/537.36 (compatible; meta-externalagent/1.1 (+https://developers.facebook.com/docs/sharing/webmasters/crawler))"
103.186.20.105 - - [17/Aug/2026:12:17:43 +0000] "GET /wp-content/cache/speedycache/reviverenovation.ae/assets/7278ec8f1975e6ee-smooth-scroll.js HTTP/2.0" 304 - "-" "Mozilla/5.0 (Windows NT 10.0; Win64; x64) AppleWebKit/537.36 (KHTML, like Gecko) Chrome/151.0.0.0 Safari/537.36"
103.186.20.105 - - [17/Aug/2026:12:17:43 +0000] "GET /wp-content/cache/speedycache/reviverenovation.ae/assets/3e3350c88b93ffda-wws.js HTTP/2.0" 304 - "-" "Mozilla/5.0 (Windows NT 10.0; Win64; x64) AppleWebKit/537.36 (KHTML, like Gecko) Chrome/151.0.0.0 Safari/537.36"
103.186.20.105 - - [17/Aug/2026:12:17:43 +0000] "GET /wp-content/cache/speedycache/reviverenovation.ae/assets/57c950ff2ac8ff7e-animations.js HTTP/2.0" 304 - "-" "Mozilla/5.0 (Windows NT 10.0; Win64; x64) AppleWebKit/537.36 (KHTML, like Gecko) Chrome/151.0.0.0 Safari/537.36"
103.186.20.105 - - [17/Aug/2026:12:17:43 +0000] "GET /wp-content/cache/speedycache/reviverenovation.ae/assets/b90a6b6986dcecf7-astra-addon-69ddef01d1ba53-08965612.js HTTP/2.0" 304 - "-" "Mozilla/5.0 (Windows NT 10.0; Win64; x64) AppleWebKit/537.36 (KHTML, like Gecko) Chrome/151.0.0.0 Safari/537.36"
66.249.79.36 - - [17/Aug/2026:12:17:50 +0000] "GET /?sale/search/detail/?ITMCODE=p7a4r2a2f7o9r9m4a3l5d5ehyde HTTP/1.1" 200 29596 "-" "Mozilla/5.0 (Linux; Android 6.0.1; Nexus 5X Build/MMB29P) AppleWebKit/537.36 (KHTML, like Gecko) Chrome/150.0.7871.186 Mobile Safari/537.36 (compatible; Googlebot/2.1; +http://www.google.com/bot.html)"
66.249.79.37 - - [17/Aug/2026:12:17:56 +0000] "GET /?sale/search/detail/?ITMCODE=s7t6i3g0o0n9o8m8a3ncy HTTP/1.1" 200 32171 "-" "Mozilla/5.0 (Linux; Android 6.0.1; Nexus 5X Build/MMB29P) AppleWebKit/537.36 (KHTML, like Gecko) Chrome/150.0.7871.186 Mobile Safari/537.36 (compatible; Googlebot/2.1; +http://www.google.com/bot.html)"
66.249.79.36 - - [17/Aug/2026:12:18:01 +0000] "GET /?sale/search/detail/?ITMCODE=g7l3u6t6i9n2a6t1e03 HTTP/1.1" 200 29720 "-" "Mozilla/5.0 (Linux; Android 6.0.1; Nexus 5X Build/MMB29P) AppleWebKit/537.36 (KHTML, like Gecko) Chrome/150.0.7871.186 Mobile Safari/537.36 (compatible; Googlebot/2.1; +http://www.google.com/bot.html)"
66.249.79.36 - - [17/Aug/2026:12:18:07 +0000] "GET /?sale/search/detail/?ITMCODE=h7u1b2b2u5b5104 HTTP/1.1" 200 30387 "-" "Mozilla/5.0 (Linux; Android 6.0.1; Nexus 5X Build/MMB29P) AppleWebKit/537.36 (KHTML, like Gecko) Chrome/150.0.7871.186 Mobile Safari/537.36 (compatible; Googlebot/2.1; +http://www.google.com/bot.html)"
66.249.79.36 - - [17/Aug/2026:12:18:16 +0000] "GET /?sale/search/detail/?ITMCODE=p7r4o2v6i1s0o9r6y345 HTTP/1.1" 200 31775 "-" "Mozilla/5.0 (Linux; Android 6.0.1; Nexus 5X Build/MMB29P) AppleWebKit/537.36 (KHTML, like Gecko) Chrome/150.0.7871.186 Mobile Safari/537.36 (compatible; Googlebot/2.1; +http://www.google.com/bot.html)"
66.249.79.36 - - [17/Aug/2026:12:18:19 +0000] "GET /?sale/search/detail/?ITMCODE=b7i3v8a8l5v1i0a4750 HTTP/1.1" 200 30270 "-" "Mozilla/5.0 (Linux; Android 6.0.1; Nexus 5X Build/MMB29P) AppleWebKit/537.36 (KHTML, like Gecko) Chrome/150.0.7871.186 Mobile Safari/537.36 (compatible; Googlebot/2.1; +http://www.google.com/bot.html)"
66.249.79.36 - - [17/Aug/2026:12:18:29 +0000] "GET /?sale/search/detail/?ITMCODE=o7r6t5h5i8d8a9e930 HTTP/1.1" 200 29848 "-" "Mozilla/5.0 (Linux; Android 6.0.1; Nexus 5X Build/MMB29P) AppleWebKit/537.36 (KHTML, like Gecko) Chrome/150.0.7871.186 Mobile Safari/537.36 (compatible; Googlebot/2.1; +http://www.google.com/bot.html)"
66.249.79.36 - - [17/Aug/2026:12:18:32 +0000] "GET /?sale/search/detail/?ITMCODE=p7e1c8o0p1t8e4r6i8s13 HTTP/1.1" 200 30814 "-" "Mozilla/5.0 (Linux; Android 6.0.1; Nexus 5X Build/MMB29P) AppleWebKit/537.36 (KHTML, like Gecko) Chrome/150.0.7871.186 Mobile Safari/537.36 (compatible; Googlebot/2.1; +http://www.google.com/bot.html)"
66.249.79.36 - - [17/Aug/2026:12:18:36 +0000] "GET /?sale/search/detail/?ITMCODE=s7u3b6b8a4s3a5l9237 HTTP/1.1" 200 29585 "-" "Mozilla/5.0 (Linux; Android 6.0.1; Nexus 5X Build/MMB29P) AppleWebKit/537.36 (KHTML, like Gecko) Chrome/150.0.7871.186 Mobile Safari/537.36 (compatible; Googlebot/2.1; +http://www.google.com/bot.html)"
66.249.79.32 - - [17/Aug/2026:12:18:42 +0000] "GET /?sale/search/detail/?ITMCODE=d7i1s7b5u7r2s8e6725 HTTP/1.1" 200 30132 "-" "Mozilla/5.0 (Linux; Android 6.0.1; Nexus 5X Build/MMB29P) AppleWebKit/537.36 (KHTML, like Gecko) Chrome/150.0.7871.186 Mobile Safari/537.36 (compatible; Googlebot/2.1; +http://www.google.com/bot.html)"
66.249.79.36 - - [17/Aug/2026:12:18:48 +0000] "GET /?sale/search/detail/?ITMCODE=a7l2c5o0h3o3l4m6e9t2e0r HTTP/1.1" 200 30662 "-" "Mozilla/5.0 (Linux; Android 6.0.1; Nexus 5X Build/MMB29P) AppleWebKit/537.36 (KHTML, like Gecko) Chrome/150.0.7871.186 Mobile Safari/537.36 (compatible; Googlebot/2.1; +http://www.google.com/bot.html)"
66.249.79.36 - - [17/Aug/2026:12:18:54 +0000] "GET /?sale/search/detail/?ITMCODE=h7a3r8l9o2t117720 HTTP/1.1" 200 30370 "-" "Mozilla/5.0 (Linux; Android 6.0.1; Nexus 5X Build/MMB29P) AppleWebKit/537.36 (KHTML, like Gecko) Chrome/150.0.7871.186 Mobile Safari/537.36 (compatible; Googlebot/2.1; +http://www.google.com/bot.html)"
209.222.82.232 - - [17/Aug/2026:12:18:57 +0000] "GET / HTTP/1.0" 200 475215 "-" "Mozilla/4.0 (compatible; MSIE 8.0; Windows NT 6.1; WOW64; Trident/4.0; SLCC2; .NET CLR 2.0.50727; .NET CLR 3.5.30729; .NET CLR 3.0.30729)"
66.249.79.36 - - [17/Aug/2026:12:19:01 +0000] "GET /?sale/search/detail/?ITMCODE=p7r6u6n1i8n5g4340 HTTP/1.1" 200 29859 "-" "Mozilla/5.0 (Linux; Android 6.0.1; Nexus 5X Build/MMB29P) AppleWebKit/537.36 (KHTML, like Gecko) Chrome/150.0.7871.186 Mobile Safari/537.36 (compatible; Googlebot/2.1; +http://www.google.com/bot.html)"
162.120.188.225 - - [17/Aug/2026:12:19:06 +0000] "GET /career-revive-renovation/ HTTP/2.0" 200 40994 "https://www.google.com/" "Mozilla/5.0 (Windows NT 10.0; Win64; x64) AppleWebKit/537.36 (KHTML, like Gecko) Chrome/151.0.0.0 Safari/537.36"
66.249.79.37 - - [17/Aug/2026:12:19:07 +0000] "GET /?sale/search/detail/?ITMCODE=s7o4f1f7i8t240561 HTTP/1.1" 200 29937 "-" "Mozilla/5.0 (Linux; Android 6.0.1; Nexus 5X Build/MMB29P) AppleWebKit/537.36 (KHTML, like Gecko) Chrome/150.0.7871.186 Mobile Safari/537.36 (compatible; Googlebot/2.1; +http://www.google.com/bot.html)"
66.249.79.36 - - [17/Aug/2026:12:19:16 +0000] "GET /?sale/search/detail/?ITMCODE=e7q1u3i3s5e4t4a8427 HTTP/1.1" 200 30247 "-" "Mozilla/5.0 (Linux; Android 6.0.1; Nexus 5X Build/MMB29P) AppleWebKit/537.36 (KHTML, like Gecko) Chrome/150.0.7871.186 Mobile Safari/537.36 (compatible; Googlebot/2.1; +http://www.google.com/bot.html)"
66.249.79.36 - - [17/Aug/2026:12:19:20 +0000] "GET /?sale/search/detail/?ITMCODE=k7n1o0w7l3e0d6g4e9a4b0ility HTTP/1.1" 200 30336 "-" "Mozilla/5.0 (Linux; Android 6.0.1; Nexus 5X Build/MMB29P) AppleWebKit/537.36 (KHTML, like Gecko) Chrome/150.0.7871.186 Mobile Safari/537.36 (compatible; Googlebot/2.1; +http://www.google.com/bot.html)"
66.249.79.36 - - [17/Aug/2026:12:19:24 +0000] "GET /?sale/search/detail/?ITMCODE=i7n2t4e4r8c1a9l0a1t4ed HTTP/1.1" 200 30516 "-" "Mozilla/5.0 (Linux; Android 6.0.1; Nexus 5X Build/MMB29P) AppleWebKit/537.36 (KHTML, like Gecko) Chrome/150.0.7871.186 Mobile Safari/537.36 (compatible; Googlebot/2.1; +http://www.google.com/bot.html)"
66.249.79.36 - - [17/Aug/2026:12:19:29 +0000] "GET /?sale/search/detail/?ITMCODE=c7a3r3e0d2f0o0r7213 HTTP/1.1" 200 30534 "-" "Mozilla/5.0 (Linux; Android 6.0.1; Nexus 5X Build/MMB29P) AppleWebKit/537.36 (KHTML, like Gecko) Chrome/150.0.7871.186 Mobile Safari/537.36 (compatible; Googlebot/2.1; +http://www.google.com/bot.html)"
66.249.79.36 - - [17/Aug/2026:12:19:35 +0000] "GET /?sale/search/detail/?ITMCODE=j7o1y5f9u8l904329 HTTP/1.1" 200 30778 "-" "Mozilla/5.0 (Linux; Android 6.0.1; Nexus 5X Build/MMB29P) AppleWebKit/537.36 (KHTML, like Gecko) Chrome/150.0.7871.186 Mobile Safari/537.36 (compatible; Googlebot/2.1; +http://www.google.com/bot.html)"
66.249.79.36 - - [17/Aug/2026:12:19:40 +0000] "GET /?sale/search/detail/?ITMCODE=p7l1u6v8i8o7s5c1o5p6e2 HTTP/1.1" 200 29416 "-" "Mozilla/5.0 (Linux; Android 6.0.1; Nexus 5X Build/MMB29P) AppleWebKit/537.36 (KHTML, like Gecko) Chrome/150.0.7871.186 Mobile Safari/537.36 (compatible; Googlebot/2.1; +http://www.google.com/bot.html)"
66.249.79.36 - - [17/Aug/2026:12:19:46 +0000] "GET /?sale/search/detail/?ITMCODE=a7p3p8l6e6w1o9o2d255 HTTP/1.1" 200 30620 "-" "Mozilla/5.0 (Linux; Android 6.0.1; Nexus 5X Build/MMB29P) AppleWebKit/537.36 (KHTML, like Gecko) Chrome/150.0.7871.186 Mobile Safari/537.36 (compatible; Googlebot/2.1; +http://www.google.com/bot.html)"
66.249.79.37 - - [17/Aug/2026:12:19:56 +0000] "GET /?sale/search/detail/?ITMCODE=k7a2p7u5t4p5r0e4d0i5c3ate HTTP/1.1" 200 29393 "-" "Mozilla/5.0 (Linux; Android 6.0.1; Nexus 5X Build/MMB29P) AppleWebKit/537.36 (KHTML, like Gecko) Chrome/150.0.7871.186 Mobile Safari/537.36 (compatible; Googlebot/2.1; +http://www.google.com/bot.html)"
66.249.79.37 - - [17/Aug/2026:12:19:58 +0000] "GET /?sale/search/detail/?ITMCODE=c7a2c2o7c3h7y3m4i3a69 HTTP/1.1" 200 31626 "-" "Mozilla/5.0 (Linux; Android 6.0.1; Nexus 5X Build/MMB29P) AppleWebKit/537.36 (KHTML, like Gecko) Chrome/150.0.7871.186 Mobile Safari/537.36 (compatible; Googlebot/2.1; +http://www.google.com/bot.html)"
66.249.79.36 - - [17/Aug/2026:12:20:04 +0000] "GET /?sale/search/detail/?ITMCODE=g7e3o6c5e8n2t7r0i2c3a3lly HTTP/1.1" 200 30063 "-" "Mozilla/5.0 (Linux; Android 6.0.1; Nexus 5X Build/MMB29P) AppleWebKit/537.36 (KHTML, like Gecko) Chrome/150.0.7871.186 Mobile Safari/537.36 (compatible; Googlebot/2.1; +http://www.google.com/bot.html)"
66.249.79.36 - - [17/Aug/2026:12:20:10 +0000] "GET /?sale/search/detail/?ITMCODE=a7c1t7l0e3s5s1838 HTTP/1.1" 200 29693 "-" "Mozilla/5.0 (Linux; Android 6.0.1; Nexus 5X Build/MMB29P) AppleWebKit/537.36 (KHTML, like Gecko) Chrome/150.0.7871.186 Mobile Safari/537.36 (compatible; Googlebot/2.1; +http://www.google.com/bot.html)"
66.249.79.36 - - [17/Aug/2026:12:20:19 +0000] "GET /?sale/search/detail/?ITMCODE=c7a3m2e2l6o1p6a4r3d99 HTTP/1.1" 200 29893 "-" "Mozilla/5.0 (Linux; Android 6.0.1; Nexus 5X Build/MMB29P) AppleWebKit/537.36 (KHTML, like Gecko) Chrome/150.0.7871.186 Mobile Safari/537.36 (compatible; Googlebot/2.1; +http://www.google.com/bot.html)"
77.75.79.95 - - [17/Aug/2026:12:20:22 +0000] "GET /revive-joinery/custom-cabinetry-dubai/ HTTP/1.1" 200 44202 "-" "Mozilla/5.0 (compatible; SeznamBot/4.0; +https://o-seznam.cz/napoveda/vyhledavani/en/seznambot-crawler/)"
66.249.79.36 - - [17/Aug/2026:12:20:22 +0000] "GET /?sale/search/detail/?ITMCODE=e7a2r7t8h0l5i9n3e0s7s3 HTTP/1.1" 200 30408 "-" "Mozilla/5.0 (Linux; Android 6.0.1; Nexus 5X Build/MMB29P) AppleWebKit/537.36 (KHTML, like Gecko) Chrome/150.0.7871.186 Mobile Safari/537.36 (compatible; Googlebot/2.1; +http://www.google.com/bot.html)"
66.249.79.36 - - [17/Aug/2026:12:20:34 +0000] "GET /?sale/search/detail/?ITMCODE=b7a1i0l5o0r352625 HTTP/1.1" 200 29810 "-" "Mozilla/5.0 (Linux; Android 6.0.1; Nexus 5X Build/MMB29P) AppleWebKit/537.36 (KHTML, like Gecko) Chrome/150.0.7871.186 Mobile Safari/537.36 (compatible; Googlebot/2.1; +http://www.google.com/bot.html)"
66.249.79.36 - - [17/Aug/2026:12:20:36 +0000] "GET /?sale/search/detail/?ITMCODE=u7n3t9r1a4m7m8e4l6e2d7 HTTP/1.1" 200 30013 "-" "Mozilla/5.0 (Linux; Android 6.0.1; Nexus 5X Build/MMB29P) AppleWebKit/537.36 (KHTML, like Gecko) Chrome/150.0.7871.186 Mobile Safari/537.36 (compatible; Googlebot/2.1; +http://www.google.com/bot.html)"
66.249.79.36 - - [17/Aug/2026:12:20:41 +0000] "GET /?sale/search/detail/?ITMCODE=p7e1d0a0g0o7g6i2c338 HTTP/1.1" 200 31409 "-" "Mozilla/5.0 (Linux; Android 6.0.1; Nexus 5X Build/MMB29P) AppleWebKit/537.36 (KHTML, like Gecko) Chrome/150.0.7871.186 Mobile Safari/537.36 (compatible; Googlebot/2.1; +http://www.google.com/bot.html)"
66.249.79.36 - - [17/Aug/2026:12:20:49 +0000] "GET /?sale/search/detail/?ITMCODE=h7i4g1h0b6l3o2w8n693 HTTP/1.1" 200 30312 "-" "Mozilla/5.0 (Linux; Android 6.0.1; Nexus 5X Build/MMB29P) AppleWebKit/537.36 (KHTML, like Gecko) Chrome/150.0.7871.186 Mobile Safari/537.36 (compatible; Googlebot/2.1; +http://www.google.com/bot.html)"
66.249.79.36 - - [17/Aug/2026:12:20:53 +0000] "GET /?sale/search/detail/?ITMCODE=c7o2n7t0r1a2c7t7e4d85 HTTP/1.1" 200 29928 "-" "Mozilla/5.0 (Linux; Android 6.0.1; Nexus 5X Build/MMB29P) AppleWebKit/537.36 (KHTML, like Gecko) Chrome/150.0.7871.186 Mobile Safari/537.36 (compatible; Googlebot/2.1; +http://www.google.com/bot.html)"
51.195.244.79 - - [17/Aug/2026:12:20:55 +0000] "GET /sitemap_index.xml HTTP/2.0" 200 602 "-" "Mozilla/5.0 (compatible; AhrefsBot/7.0; +http://ahrefs.com/robot/)"
66.249.79.37 - - [17/Aug/2026:12:20:57 +0000] "GET /?sale/search/detail/?ITMCODE=m7u9s7k5y885417 HTTP/1.1" 200 30346 "-" "Mozilla/5.0 (Linux; Android 6.0.1; Nexus 5X Build/MMB29P) AppleWebKit/537.36 (KHTML, like Gecko) Chrome/150.0.7871.186 Mobile Safari/537.36 (compatible; Googlebot/2.1; +http://www.google.com/bot.html)"
51.195.183.70 - - [17/Aug/2026:12:21:00 +0000] "GET /sitemap-subitems-321.xml HTTP/2.0" 200 28331 "-" "Mozilla/5.0 (compatible; AhrefsBot/7.0; +http://ahrefs.com/robot/)"
54.38.147.71 - - [17/Aug/2026:12:21:05 +0000] "GET /sitemap-subitems-325.xml HTTP/2.0" 200 28331 "-" "Mozilla/5.0 (compatible; AhrefsBot/7.0; +http://ahrefs.com/robot/)"
66.249.79.36 - - [17/Aug/2026:12:21:06 +0000] "GET /?sale/search/detail/?ITMCODE=c7a3t3h9o0l0i6c2l0y04 HTTP/1.1" 200 30801 "-" "Mozilla/5.0 (Linux; Android 6.0.1; Nexus 5X Build/MMB29P) AppleWebKit/537.36 (KHTML, like Gecko) Chrome/150.0.7871.186 Mobile Safari/537.36 (compatible; Googlebot/2.1; +http://www.google.com/bot.html)"
66.249.79.36 - - [17/Aug/2026:12:21:09 +0000] "GET /?sale/search/detail/?ITMCODE=h7e5l9m5e3t52641 HTTP/1.1" 200 31843 "-" "Mozilla/5.0 (Linux; Android 6.0.1; Nexus 5X Build/MMB29P) AppleWebKit/537.36 (KHTML, like Gecko) Chrome/150.0.7871.186 Mobile Safari/537.36 (compatible; Googlebot/2.1; +http://www.google.com/bot.html)"
198.244.240.207 - - [17/Aug/2026:12:21:11 +0000] "GET /sitemap-subitems-346.xml HTTP/2.0" 200 28237 "-" "Mozilla/5.0 (compatible; AhrefsBot/7.0; +http://ahrefs.com/robot/)"
66.249.79.36 - - [17/Aug/2026:12:21:14 +0000] "GET /?sale/search/detail/?ITMCODE=f7i3r7e4f1l1i2r6t049 HTTP/1.1" 200 30577 "-" "Mozilla/5.0 (Linux; Android 6.0.1; Nexus 5X Build/MMB29P) AppleWebKit/537.36 (KHTML, like Gecko) Chrome/150.0.7871.186 Mobile Safari/537.36 (compatible; Googlebot/2.1; +http://www.google.com/bot.html)"
198.244.168.246 - - [17/Aug/2026:12:21:17 +0000] "GET /sitemap-subitems-372.xml HTTP/2.0" 200 28473 "-" "Mozilla/5.0 (compatible; AhrefsBot/7.0; +http://ahrefs.com/robot/)"
66.249.79.36 - - [17/Aug/2026:12:21:22 +0000] "GET /?sale/search/detail/?ITMCODE=e7n1c2o5u5r0a1g6i8n0g9ly HTTP/1.1" 200 29625 "-" "Mozilla/5.0 (Linux; Android 6.0.1; Nexus 5X Build/MMB29P) AppleWebKit/537.36 (KHTML, like Gecko) Chrome/150.0.7871.186 Mobile Safari/537.36 (compatible; Googlebot/2.1; +http://www.google.com/bot.html)"
54.38.147.243 - - [17/Aug/2026:12:21:22 +0000] "GET /sitemap-subitems-405.xml HTTP/2.0" 200 28429 "-" "Mozilla/5.0 (compatible; AhrefsBot/7.0; +http://ahrefs.com/robot/)"
51.195.183.91 - - [17/Aug/2026:12:21:28 +0000] "GET /sitemap-subitems-412.xml HTTP/2.0" 200 28444 "-" "Mozilla/5.0 (compatible; AhrefsBot/7.0; +http://ahrefs.com/robot/)"
66.249.79.36 - - [17/Aug/2026:12:21:30 +0000] "GET /?sale/search/detail/?ITMCODE=z7o8n5e5d431870 HTTP/1.1" 200 31380 "-" "Mozilla/5.0 (Linux; Android 6.0.1; Nexus 5X Build/MMB29P) AppleWebKit/537.36 (KHTML, like Gecko) Chrome/150.0.7871.186 Mobile Safari/537.36 (compatible; Googlebot/2.1; +http://www.google.com/bot.html)"
66.249.79.36 - - [17/Aug/2026:12:21:34 +0000] "GET /?sale/search/detail/?ITMCODE=t7e6l1e4o8c7e0p0h7a0li HTTP/1.1" 200 30844 "-" "Mozilla/5.0 (Linux; Android 6.0.1; Nexus 5X Build/MMB29P) AppleWebKit/537.36 (KHTML, like Gecko) Chrome/150.0.7871.186 Mobile Safari/537.36 (compatible; Googlebot/2.1; +http://www.google.com/bot.html)"
51.89.129.120 - - [17/Aug/2026:12:21:34 +0000] "GET /sitemap-subitems-414.xml HTTP/2.0" 200 28391 "-" "Mozilla/5.0 (compatible; AhrefsBot/7.0; +http://ahrefs.com/robot/)"
66.249.79.36 - - [17/Aug/2026:12:21:36 +0000] "GET /?sale/search/detail/?ITMCODE=c7o3r2c6o8r3a9x6342 HTTP/1.1" 200 32339 "-" "Mozilla/5.0 (Linux; Android 6.0.1; Nexus 5X Build/MMB29P) AppleWebKit/537.36 (KHTML, like Gecko) Chrome/150.0.7871.186 Mobile Safari/537.36 (compatible; Googlebot/2.1; +http://www.google.com/bot.html)"
66.249.79.36 - - [17/Aug/2026:12:21:38 +0000] "GET /?sale/search/detail/?ITMCODE=h7e4l0o1d2e5r7m1a283 HTTP/1.1" 200 31010 "-" "Mozilla/5.0 (Linux; Android 6.0.1; Nexus 5X Build/MMB29P) AppleWebKit/537.36 (KHTML, like Gecko) Chrome/150.0.7871.186 Mobile Safari/537.36 (compatible; Googlebot/2.1; +http://www.google.com/bot.html)"
51.195.183.153 - - [17/Aug/2026:12:21:39 +0000] "GET /sitemap-subitems-418.xml HTTP/2.0" 200 28377 "-" "Mozilla/5.0 (compatible; AhrefsBot/7.0; +http://ahrefs.com/robot/)"
198.244.240.179 - - [17/Aug/2026:12:21:45 +0000] "GET /sitemap-subitems-423.xml HTTP/2.0" 200 28188 "-" "Mozilla/5.0 (compatible; AhrefsBot/7.0; +http://ahrefs.com/robot/)"
66.249.79.36 - - [17/Aug/2026:12:21:46 +0000] "GET /?sale/search/detail/?ITMCODE=h7o3t0p6r4e9s4s4e2d57 HTTP/1.1" 200 29668 "-" "Mozilla/5.0 (Linux; Android 6.0.1; Nexus 5X Build/MMB29P) AppleWebKit/537.36 (KHTML, like Gecko) Chrome/150.0.7871.186 Mobile Safari/537.36 (compatible; Googlebot/2.1; +http://www.google.com/bot.html)"
198.244.226.202 - - [17/Aug/2026:12:21:51 +0000] "GET /sitemap-subitems-536.xml HTTP/2.0" 200 28239 "-" "Mozilla/5.0 (compatible; AhrefsBot/7.0; +http://ahrefs.com/robot/)"
66.249.79.36 - - [17/Aug/2026:12:21:53 +0000] "GET /?sale/search/detail/?ITMCODE=s7l1a7t5t9e6r1n4l8y38 HTTP/1.1" 200 29629 "-" "Mozilla/5.0 (Linux; Android 6.0.1; Nexus 5X Build/MMB29P) AppleWebKit/537.36 (KHTML, like Gecko) Chrome/150.0.7871.186 Mobile Safari/537.36 (compatible; Googlebot/2.1; +http://www.google.com/bot.html)"
198.244.168.35 - - [17/Aug/2026:12:21:57 +0000] "GET /sitemap-subitems-540.xml HTTP/2.0" 200 28333 "-" "Mozilla/5.0 (compatible; AhrefsBot/7.0; +http://ahrefs.com/robot/)"
66.249.79.32 - - [17/Aug/2026:12:22:01 +0000] "GET /?sale/search/detail/?ITMCODE=t7y3r0a2n0n2o8u8s0l8y4 HTTP/1.1" 200 29607 "-" "Mozilla/5.0 (Linux; Android 6.0.1; Nexus 5X Build/MMB29P) AppleWebKit/537.36 (KHTML, like Gecko) Chrome/150.0.7871.186 Mobile Safari/537.36 (compatible; Googlebot/2.1; +http://www.google.com/bot.html)"
51.195.215.209 - - [17/Aug/2026:12:22:02 +0000] "GET /sitemap-subitems-567.xml HTTP/2.0" 200 28298 "-" "Mozilla/5.0 (compatible; AhrefsBot/7.0; +http://ahrefs.com/robot/)"
66.249.79.37 - - [17/Aug/2026:12:22:03 +0000] "GET /?sale/search/detail/?ITMCODE=a7n3t9a3p2h1r3o9d6i9t7ic HTTP/1.1" 200 29041 "-" "Mozilla/5.0 (Linux; Android 6.0.1; Nexus 5X Build/MMB29P) AppleWebKit/537.36 (KHTML, like Gecko) Chrome/150.0.7871.186 Mobile Safari/537.36 (compatible; Googlebot/2.1; +http://www.google.com/bot.html)"
66.249.79.36 - - [17/Aug/2026:12:22:07 +0000] "GET /?sale/search/detail/?ITMCODE=s7i3l2i2c7i3t7e6d498 HTTP/1.1" 200 29971 "-" "Mozilla/5.0 (Linux; Android 6.0.1; Nexus 5X Build/MMB29P) AppleWebKit/537.36 (KHTML, like Gecko) Chrome/150.0.7871.186 Mobile Safari/537.36 (compatible; Googlebot/2.1; +http://www.google.com/bot.html)"
198.244.226.209 - - [17/Aug/2026:12:22:08 +0000] "GET /sitemap-subitems-601.xml HTTP/2.0" 200 28242 "-" "Mozilla/5.0 (compatible; AhrefsBot/7.0; +http://ahrefs.com/robot/)"
51.89.129.82 - - [17/Aug/2026:12:22:14 +0000] "GET /sitemap-subitems-644.xml HTTP/2.0" 200 28409 "-" "Mozilla/5.0 (compatible; AhrefsBot/7.0; +http://ahrefs.com/robot/)"
66.249.79.36 - - [17/Aug/2026:12:22:17 +0000] "GET /?sale/search/detail/?ITMCODE=p7o2r9p4u3s278579 HTTP/1.1" 200 29175 "-" "Mozilla/5.0 (Linux; Android 6.0.1; Nexus 5X Build/MMB29P) AppleWebKit/537.36 (KHTML, like Gecko) Chrome/150.0.7871.186 Mobile Safari/537.36 (compatible; Googlebot/2.1; +http://www.google.com/bot.html)"
198.244.183.98 - - [17/Aug/2026:12:22:20 +0000] "GET /sitemap-subitems-693.xml HTTP/2.0" 200 28280 "-" "Mozilla/5.0 (compatible; AhrefsBot/7.0; +http://ahrefs.com/robot/)"
66.249.79.36 - - [17/Aug/2026:12:22:21 +0000] "GET /?sale/search/detail/?ITMCODE=d7e3p2r7a7v9i0n0g964 HTTP/1.1" 200 29703 "-" "Mozilla/5.0 (Linux; Android 6.0.1; Nexus 5X Build/MMB29P) AppleWebKit/537.36 (KHTML, like Gecko) Chrome/150.0.7871.186 Mobile Safari/537.36 (compatible; Googlebot/2.1; +http://www.google.com/bot.html)"
51.195.215.161 - - [17/Aug/2026:12:22:25 +0000] "GET /sitemap-subitems-801.xml HTTP/2.0" 200 28225 "-" "Mozilla/5.0 (compatible; AhrefsBot/7.0; +http://ahrefs.com/robot/)"
66.249.79.36 - - [17/Aug/2026:12:22:29 +0000] "GET /?sale/search/detail/?ITMCODE=g7a3g1g5l6e82306 HTTP/1.1" 200 29824 "-" "Mozilla/5.0 (Linux; Android 6.0.1; Nexus 5X Build/MMB29P) AppleWebKit/537.36 (KHTML, like Gecko) Chrome/150.0.7871.186 Mobile Safari/537.36 (compatible; Googlebot/2.1; +http://www.google.com/bot.html)"
66.249.79.36 - - [17/Aug/2026:12:22:31 +0000] "GET /?sale/search/detail/?ITMCODE=i7m2p8e2r8i7a4l4i0z3e4 HTTP/1.1" 200 32156 "-" "Mozilla/5.0 (Linux; Android 6.0.1; Nexus 5X Build/MMB29P) AppleWebKit/537.36 (KHTML, like Gecko) Chrome/150.0.7871.186 Mobile Safari/537.36 (compatible; Googlebot/2.1; +http://www.google.com/bot.html)"
198.244.168.24 - - [17/Aug/2026:12:22:32 +0000] "GET /sitemap-subitems-817.xml HTTP/2.0" 200 28373 "-" "Mozilla/5.0 (compatible; AhrefsBot/7.0; +http://ahrefs.com/robot/)"
198.244.226.39 - - [17/Aug/2026:12:22:38 +0000] "GET /sitemap-subitems-839.xml HTTP/2.0" 200 28266 "-" "Mozilla/5.0 (compatible; AhrefsBot/7.0; +http://ahrefs.com/robot/)"
66.249.79.36 - - [17/Aug/2026:12:22:40 +0000] "GET /?sale/search/detail/?ITMCODE=q7u2a4l9m6i1s7h0427 HTTP/1.1" 200 29835 "-" "Mozilla/5.0 (Linux; Android 6.0.1; Nexus 5X Build/MMB29P) AppleWebKit/537.36 (KHTML, like Gecko) Chrome/150.0.7871.186 Mobile Safari/537.36 (compatible; Googlebot/2.1; +http://www.google.com/bot.html)"
51.89.129.58 - - [17/Aug/2026:12:22:43 +0000] "GET /sitemap-subitems-840.xml HTTP/2.0" 200 28308 "-" "Mozilla/5.0 (compatible; AhrefsBot/7.0; +http://ahrefs.com/robot/)"
66.249.79.36 - - [17/Aug/2026:12:22:47 +0000] "GET /?sale/search/detail/?ITMCODE=p7r1e6v2a8r4i4c4a5t5o4r HTTP/1.1" 200 30204 "-" "Mozilla/5.0 (Linux; Android 6.0.1; Nexus 5X Build/MMB29P) AppleWebKit/537.36 (KHTML, like Gecko) Chrome/150.0.7871.186 Mobile Safari/537.36 (compatible; Googlebot/2.1; +http://www.google.com/bot.html)"
51.195.215.242 - - [17/Aug/2026:12:22:49 +0000] "GET /sitemap-subitems-857.xml HTTP/2.0" 200 28250 "-" "Mozilla/5.0 (compatible; AhrefsBot/7.0; +http://ahrefs.com/robot/)"
66.249.79.36 - - [17/Aug/2026:12:22:49 +0000] "GET /?sale/search/detail/?ITMCODE=p7r2o8v2o2k9e4m3e1n4t7 HTTP/1.1" 200 29785 "-" "Mozilla/5.0 (Linux; Android 6.0.1; Nexus 5X Build/MMB29P) AppleWebKit/537.36 (KHTML, like Gecko) Chrome/150.0.7871.186 Mobile Safari/537.36 (compatible; Googlebot/2.1; +http://www.google.com/bot.html)"
54.38.147.114 - - [17/Aug/2026:12:22:55 +0000] "GET /sitemap-subitems-888.xml HTTP/2.0" 200 28263 "-" "Mozilla/5.0 (compatible; AhrefsBot/7.0; +http://ahrefs.com/robot/)"
66.249.79.37 - - [17/Aug/2026:12:22:58 +0000] "GET /?sale/search/detail/?ITMCODE=i7r2r3i7t9a0n2s129 HTTP/1.1" 200 29756 "-" "Mozilla/5.0 (Linux; Android 6.0.1; Nexus 5X Build/MMB29P) AppleWebKit/537.36 (KHTML, like Gecko) Chrome/150.0.7871.186 Mobile Safari/537.36 (compatible; Googlebot/2.1; +http://www.google.com/bot.html)"
51.195.215.9 - - [17/Aug/2026:12:23:01 +0000] "GET /sitemap-subitems-901.xml HTTP/2.0" 200 28297 "-" "Mozilla/5.0 (compatible; AhrefsBot/7.0; +http://ahrefs.com/robot/)"
66.249.79.36 - - [17/Aug/2026:12:23:06 +0000] "GET /?sale/search/detail/?ITMCODE=a7n1a3b8a0p2t2i2s6t9i9cal HTTP/1.1" 200 30533 "-" "Mozilla/5.0 (Linux; Android 6.0.1; Nexus 5X Build/MMB29P) AppleWebKit/537.36 (KHTML, like Gecko) Chrome/150.0.7871.186 Mobile Safari/537.36 (compatible; Googlebot/2.1; +http://www.google.com/bot.html)"
51.195.215.116 - - [17/Aug/2026:12:23:06 +0000] "GET /sitemap-subitems-905.xml HTTP/2.0" 200 28188 "-" "Mozilla/5.0 (compatible; AhrefsBot/7.0; +http://ahrefs.com/robot/)"
66.249.79.36 - - [17/Aug/2026:12:23:08 +0000] "GET /?sale/search/detail/?ITMCODE=s7u3b7l1a5t6i4o1n995 HTTP/1.1" 200 31224 "-" "Mozilla/5.0 (Linux; Android 6.0.1; Nexus 5X Build/MMB29P) AppleWebKit/537.36 (KHTML, like Gecko) Chrome/150.0.7871.186 Mobile Safari/537.36 (compatible; Googlebot/2.1; +http://www.google.com/bot.html)"
66.249.79.36 - - [17/Aug/2026:12:23:09 +0000] "GET /?sale/search/detail/?ITMCODE=a7e3n7e3i5d325146 HTTP/1.1" 200 29858 "-" "Mozilla/5.0 (Linux; Android 6.0.1; Nexus 5X Build/MMB29P) AppleWebKit/537.36 (KHTML, like Gecko) Chrome/150.0.7871.186 Mobile Safari/537.36 (compatible; Googlebot/2.1; +http://www.google.com/bot.html)"
66.249.79.36 - - [17/Aug/2026:12:23:11 +0000] "GET /?sale/search/detail/?ITMCODE=r7e3g8a8l6i3s1m6849 HTTP/1.1" 200 29098 "-" "Mozilla/5.0 (Linux; Android 6.0.1; Nexus 5X Build/MMB29P) AppleWebKit/537.36 (KHTML, like Gecko) Chrome/150.0.7871.186 Mobile Safari/537.36 (compatible; Googlebot/2.1; +http://www.google.com/bot.html)"
198.244.183.172 - - [17/Aug/2026:12:23:12 +0000] "GET /sitemap-subitems-941.xml HTTP/2.0" 200 28195 "-" "Mozilla/5.0 (compatible; AhrefsBot/7.0; +http://ahrefs.com/robot/)"
66.249.79.36 - - [17/Aug/2026:12:23:17 +0000] "GET /?sale/search/detail/?ITMCODE=n7o1i6s1e8f8u7l3158 HTTP/1.1" 200 30946 "-" "Mozilla/5.0 (Linux; Android 6.0.1; Nexus 5X Build/MMB29P) AppleWebKit/537.36 (KHTML, like Gecko) Chrome/150.0.7871.186 Mobile Safari/537.36 (compatible; Googlebot/2.1; +http://www.google.com/bot.html)"
51.195.183.174 - - [17/Aug/2026:12:23:18 +0000] "GET /sitemap-subitems-978.xml HTTP/2.0" 200 28321 "-" "Mozilla/5.0 (compatible; AhrefsBot/7.0; +http://ahrefs.com/robot/)"
66.249.79.36 - - [17/Aug/2026:12:23:23 +0000] "GET /?sale/search/detail/?ITMCODE=h7e3a3d9s9t4o0c3k119 HTTP/1.1" 200 30366 "-" "Mozilla/5.0 (Linux; Android 6.0.1; Nexus 5X Build/MMB29P) AppleWebKit/537.36 (KHTML, like Gecko) Chrome/150.0.7871.186 Mobile Safari/537.36 (compatible; Googlebot/2.1; +http://www.google.com/bot.html)"
198.244.242.23 - - [17/Aug/2026:12:23:23 +0000] "GET /sitemap-subitems-1059.xml HTTP/2.0" 200 28262 "-" "Mozilla/5.0 (compatible; AhrefsBot/7.0; +http://ahrefs.com/robot/)"
66.249.79.36 - - [17/Aug/2026:12:23:28 +0000] "GET /?sale/search/detail/?ITMCODE=b7u2t7t7i8n1g68875 HTTP/1.1" 200 31810 "-" "Mozilla/5.0 (Linux; Android 6.0.1; Nexus 5X Build/MMB29P) AppleWebKit/537.36 (KHTML, like Gecko) Chrome/150.0.7871.186 Mobile Safari/537.36 (compatible; Googlebot/2.1; +http://www.google.com/bot.html)"
51.195.183.220 - - [17/Aug/2026:12:23:29 +0000] "GET /sitemap-subitems-1094.xml HTTP/2.0" 200 28368 "-" "Mozilla/5.0 (compatible; AhrefsBot/7.0; +http://ahrefs.com/robot/)"
66.249.79.36 - - [17/Aug/2026:12:23:34 +0000] "GET /?sale/search/detail/?ITMCODE=h7u2g4g0e0r6m6u7g1g9er HTTP/1.1" 200 29272 "-" "Mozilla/5.0 (Linux; Android 6.0.1; Nexus 5X Build/MMB29P) AppleWebKit/537.36 (KHTML, like Gecko) Chrome/150.0.7871.186 Mobile Safari/537.36 (compatible; Googlebot/2.1; +http://www.google.com/bot.html)"
198.244.226.45 - - [17/Aug/2026:12:23:35 +0000] "GET /sitemap-subitems-1189.xml HTTP/2.0" 200 28262 "-" "Mozilla/5.0 (compatible; AhrefsBot/7.0; +http://ahrefs.com/robot/)"
198.244.183.240 - - [17/Aug/2026:12:23:40 +0000] "GET /sitemap-subitems-1191.xml HTTP/2.0" 200 28302 "-" "Mozilla/5.0 (compatible; AhrefsBot/7.0; +http://ahrefs.com/robot/)"
66.249.79.37 - - [17/Aug/2026:12:23:41 +0000] "GET /?sale/search/detail/?ITMCODE=m7u2d2c0a7t396177 HTTP/1.1" 200 30130 "-" "Mozilla/5.0 (Linux; Android 6.0.1; Nexus 5X Build/MMB29P) AppleWebKit/537.36 (KHTML, like Gecko) Chrome/150.0.7871.186 Mobile Safari/537.36 (compatible; Googlebot/2.1; +http://www.google.com/bot.html)"
66.249.79.37 - - [17/Aug/2026:12:23:46 +0000] "GET /?sale/search/detail/?ITMCODE=t7r2e5s9p6a1s5s4038 HTTP/1.1" 200 30111 "-" "Mozilla/5.0 (Linux; Android 6.0.1; Nexus 5X Build/MMB29P) AppleWebKit/537.36 (KHTML, like Gecko) Chrome/150.0.7871.186 Mobile Safari/537.36 (compatible; Googlebot/2.1; +http://www.google.com/bot.html)"
198.244.240.230 - - [17/Aug/2026:12:23:46 +0000] "GET /sitemap-subitems-1227.xml HTTP/2.0" 200 28407 "-" "Mozilla/5.0 (compatible; AhrefsBot/7.0; +http://ahrefs.com/robot/)"
198.244.183.13 - - [17/Aug/2026:12:23:52 +0000] "GET /sitemap-subitems-1263.xml HTTP/2.0" 200 28208 "-" "Mozilla/5.0 (compatible; AhrefsBot/7.0; +http://ahrefs.com/robot/)"
66.249.79.37 - - [17/Aug/2026:12:23:57 +0000] "GET /?sale/search/detail/?ITMCODE=c7a1l1l6a2b3l6e451 HTTP/1.1" 200 30366 "-" "Mozilla/5.0 (Linux; Android 6.0.1; Nexus 5X Build/MMB29P) AppleWebKit/537.36 (KHTML, like Gecko) Chrome/150.0.7871.186 Mobile Safari/537.36 (compatible; Googlebot/2.1; +http://www.google.com/bot.html)"
198.244.240.120 - - [17/Aug/2026:12:23:58 +0000] "GET /sitemap-subitems-1294.xml HTTP/2.0" 200 28000 "-" "Mozilla/5.0 (compatible; AhrefsBot/7.0; +http://ahrefs.com/robot/)"
66.249.79.37 - - [17/Aug/2026:12:24:00 +0000] "GET /?sale/search/detail/?ITMCODE=c7u3r2v5e4d3n2e0s5s HTTP/1.1" 200 29740 "-" "Mozilla/5.0 (Linux; Android 6.0.1; Nexus 5X Build/MMB29P) AppleWebKit/537.36 (KHTML, like Gecko) Chrome/150.0.7871.186 Mobile Safari/537.36 (compatible; Googlebot/2.1; +http://www.google.com/bot.html)"
198.38.94.13 - - [17/Aug/2026:12:24:03 +0000] "POST /wp-cron.php?doing_wp_cron=1786969442.9840219020843505859375 HTTP/1.1" 200 - "-" "WordPress/7.0.4; https://reviverenovation.ae"
44.221.105.234 - - [17/Aug/2026:12:24:01 +0000] "GET /wp-admin/admin-ajax.php?ver=6a8173a39a5b3 HTTP/1.1" 400 21 "-" "Mozilla/5.0 AppleWebKit/537.36 (KHTML, like Gecko; compatible; Amazonbot/0.1; +https://developer.amazon.com/support/amazonbot) Chrome/119.0.6045.214 Safari/537.36"
51.89.129.82 - - [17/Aug/2026:12:24:03 +0000] "GET /sitemap-subitems-1299.xml HTTP/2.0" 200 28368 "-" "Mozilla/5.0 (compatible; AhrefsBot/7.0; +http://ahrefs.com/robot/)"
66.249.79.36 - - [17/Aug/2026:12:24:04 +0000] "GET /?sale/search/detail/?ITMCODE=b7e2a5u4t8i9f5u5l5n8e4ss HTTP/1.1" 200 30394 "-" "Mozilla/5.0 (Linux; Android 6.0.1; Nexus 5X Build/MMB29P) AppleWebKit/537.36 (KHTML, like Gecko) Chrome/150.0.7871.186 Mobile Safari/537.36 (compatible; Googlebot/2.1; +http://www.google.com/bot.html)"
198.244.226.146 - - [17/Aug/2026:12:24:09 +0000] "GET /sitemap-subitems-1367.xml HTTP/2.0" 200 28395 "-" "Mozilla/5.0 (compatible; AhrefsBot/7.0; +http://ahrefs.com/robot/)"
51.195.183.80 - - [17/Aug/2026:12:24:14 +0000] "GET /sitemap-subitems-1405.xml HTTP/2.0" 200 28251 "-" "Mozilla/5.0 (compatible; AhrefsBot/7.0; +http://ahrefs.com/robot/)"
66.249.79.36 - - [17/Aug/2026:12:24:17 +0000] "GET /?sale/search/detail/?ITMCODE=s7n1e2e4r1298052 HTTP/1.1" 200 30831 "-" "Mozilla/5.0 (Linux; Android 6.0.1; Nexus 5X Build/MMB29P) AppleWebKit/537.36 (KHTML, like Gecko) Chrome/150.0.7871.186 Mobile Safari/537.36 (compatible; Googlebot/2.1; +http://www.google.com/bot.html)"
51.195.244.57 - - [17/Aug/2026:12:24:20 +0000] "GET /sitemap-subitems-1407.xml HTTP/2.0" 200 28346 "-" "Mozilla/5.0 (compatible; AhrefsBot/7.0; +http://ahrefs.com/robot/)"
66.249.79.36 - - [17/Aug/2026:12:24:22 +0000] "GET /?sale/search/detail/?ITMCODE=c7o1n5c2e3i2t2e5d0n5e4ss HTTP/1.1" 200 31281 "-" "Mozilla/5.0 (Linux; Android 6.0.1; Nexus 5X Build/MMB29P) AppleWebKit/537.36 (KHTML, like Gecko) Chrome/150.0.7871.186 Mobile Safari/537.36 (compatible; Googlebot/2.1; +http://www.google.com/bot.html)"
66.249.79.36 - - [17/Aug/2026:12:24:27 +0000] "GET /?sale/search/detail/?ITMCODE=p7h3i3l9a7b8e8g539 HTTP/1.1" 200 31258 "-" "Mozilla/5.0 (Linux; Android 6.0.1; Nexus 5X Build/MMB29P) AppleWebKit/537.36 (KHTML, like Gecko) Chrome/150.0.7871.186 Mobile Safari/537.36 (compatible; Googlebot/2.1; +http://www.google.com/bot.html)"
51.195.215.219 - - [17/Aug/2026:12:24:26 +0000] "GET /sitemap-subitems-1414.xml HTTP/2.0" 200 28287 "-" "Mozilla/5.0 (compatible; AhrefsBot/7.0; +http://ahrefs.com/robot/)"
66.249.79.36 - - [17/Aug/2026:12:24:29 +0000] "GET /?sale/search/detail/?ITMCODE=i7n1s4u3s0c4e1p7t9i3v6e HTTP/1.1" 200 30406 "-" "Mozilla/5.0 (Linux; Android 6.0.1; Nexus 5X Build/MMB29P) AppleWebKit/537.36 (KHTML, like Gecko) Chrome/150.0.7871.186 Mobile Safari/537.36 (compatible; Googlebot/2.1; +http://www.google.com/bot.html)"
52.167.144.222 - - [17/Aug/2026:12:24:30 +0000] "GET /2026/ HTTP/2.0" 200 29697 "-" "Mozilla/5.0 AppleWebKit/537.36 (KHTML, like Gecko; compatible; bingbot/2.0; +http://www.bing.com/bingbot.htm) Chrome/116.0.1938.76 Safari/537.36"
198.244.226.41 - - [17/Aug/2026:12:24:32 +0000] "GET /sitemap-subitems-1451.xml HTTP/2.0" 200 28263 "-" "Mozilla/5.0 (compatible; AhrefsBot/7.0; +http://ahrefs.com/robot/)"
66.249.79.36 - - [17/Aug/2026:12:24:33 +0000] "GET /?sale/search/detail/?ITMCODE=a7u4r1e6a289179 HTTP/1.1" 200 30435 "-" "Mozilla/5.0 (Linux; Android 6.0.1; Nexus 5X Build/MMB29P) AppleWebKit/537.36 (KHTML, like Gecko) Chrome/150.0.7871.186 Mobile Safari/537.36 (compatible; Googlebot/2.1; +http://www.google.com/bot.html)"
