20.15.133.174 - - [17/Aug/2026:15:05:08 +0000] "GET /?sale/search/detail/?ITMCODE=n1a3r0w9e6429090 HTTP/2.0" 200 29473 "-" "Mozilla/5.0 AppleWebKit/537.36 (KHTML, like Gecko; compatible; bingbot/2.0; +http://www.bing.com/bingbot.htm) Chrome/116.0.1938.76 Safari/537.36"
20.15.133.174 - - [17/Aug/2026:15:05:11 +0000] "GET /?sale/search/detail/?ITMCODE=f2o3r2s0a9k1e3r9935 HTTP/2.0" 200 29076 "-" "Mozilla/5.0 AppleWebKit/537.36 (KHTML, like Gecko; compatible; bingbot/2.0; +http://www.bing.com/bingbot.htm) Chrome/116.0.1938.76 Safari/537.36"
198.38.94.13 - - [17/Aug/2026:15:05:15 +0000] "POST /wp-cron.php?doing_wp_cron=1786979114.8996729850769042968750 HTTP/1.1" 200 - "-" "WordPress/7.0.4; https://reviverenovation.ae"
66.249.79.36 - - [17/Aug/2026:15:05:12 +0000] "GET /?sale%2Fsearch%2Fdetail%2F%3FITMCODE=p7r1e1m8i5e5r2s9h1i5p5 HTTP/1.1" 200 58128 "-" "Mozilla/5.0 (Linux; Android 6.0.1; Nexus 5X Build/MMB29P) AppleWebKit/537.36 (KHTML, like Gecko) Chrome/150.0.7871.186 Mobile Safari/537.36 (compatible; GoogleOther)"
20.15.133.174 - - [17/Aug/2026:15:05:14 +0000] "GET /?sale/search/detail/?ITMCODE=a2p1h9i7d7e1s61710 HTTP/2.0" 200 30385 "-" "Mozilla/5.0 AppleWebKit/537.36 (KHTML, like Gecko; compatible; bingbot/2.0; +http://www.bing.com/bingbot.htm) Chrome/116.0.1938.76 Safari/537.36"
66.249.79.37 - - [17/Aug/2026:15:05:15 +0000] "GET /?sale/search/detail/?ITMCODE=b7o3b0t6a3i7l32158 HTTP/1.1" 200 29882 "-" "Mozilla/5.0 (Linux; Android 6.0.1; Nexus 5X Build/MMB29P) AppleWebKit/537.36 (KHTML, like Gecko) Chrome/150.0.7871.186 Mobile Safari/537.36 (compatible; Googlebot/2.1; +http://www.google.com/bot.html)"
20.15.133.174 - - [17/Aug/2026:15:05:17 +0000] "GET /?sale/search/detail/?ITMCODE=j2a1n4u0s7f6a0c1e0d95 HTTP/2.0" 200 30179 "-" "Mozilla/5.0 AppleWebKit/537.36 (KHTML, like Gecko; compatible; bingbot/2.0; +http://www.bing.com/bingbot.htm) Chrome/116.0.1938.76 Safari/537.36"
20.15.133.174 - - [17/Aug/2026:15:05:20 +0000] "GET /?sale/search/detail/?ITMCODE=s6t4r9o7b8i7l3a5c0e1ous HTTP/2.0" 200 33480 "-" "Mozilla/5.0 AppleWebKit/537.36 (KHTML, like Gecko; compatible; bingbot/2.0; +http://www.bing.com/bingbot.htm) Chrome/116.0.1938.76 Safari/537.36"
66.249.79.36 - - [17/Aug/2026:15:05:21 +0000] "GET /?sale/search/detail/?ITMCODE=o7r9c2h4i0d9o8l1o7g5ist HTTP/1.1" 200 29374 "-" "Mozilla/5.0 (Linux; Android 6.0.1; Nexus 5X Build/MMB29P) AppleWebKit/537.36 (KHTML, like Gecko) Chrome/150.0.7871.186 Mobile Safari/537.36 (compatible; Googlebot/2.1; +http://www.google.com/bot.html)"
20.15.133.174 - - [17/Aug/2026:15:05:23 +0000] "GET /?sale/search/detail/?ITMCODE=f0u4r1c3a5t3u2s0055 HTTP/2.0" 200 29753 "-" "Mozilla/5.0 AppleWebKit/537.36 (KHTML, like Gecko; compatible; bingbot/2.0; +http://www.bing.com/bingbot.htm) Chrome/116.0.1938.76 Safari/537.36"
20.15.133.174 - - [17/Aug/2026:15:05:26 +0000] "GET /?sale/search/detail/?ITMCODE=d6e6m9o9n7e4t0i5z5a8tion HTTP/2.0" 200 30516 "-" "Mozilla/5.0 AppleWebKit/537.36 (KHTML, like Gecko; compatible; bingbot/2.0; +http://www.bing.com/bingbot.htm) Chrome/116.0.1938.76 Safari/537.36"
20.15.133.174 - - [17/Aug/2026:15:05:29 +0000] "GET /?sale/search/detail/?ITMCODE=a6r4i8s0t5o5c7r9a4t4icalness HTTP/2.0" 200 31747 "-" "Mozilla/5.0 AppleWebKit/537.36 (KHTML, like Gecko; compatible; bingbot/2.0; +http://www.bing.com/bingbot.htm) Chrome/116.0.1938.76 Safari/537.36"
66.249.79.36 - - [17/Aug/2026:15:05:31 +0000] "GET /?sale/search/detail/?ITMCODE=a7v2a9l6a7n1c5h7e601 HTTP/1.1" 301 - "-" "Mozilla/5.0 (Linux; Android 6.0.1; Nexus 5X Build/MMB29P) AppleWebKit/537.36 (KHTML, like Gecko) Chrome/150.0.7871.186 Mobile Safari/537.36 (compatible; GoogleOther)"
66.249.79.36 - - [17/Aug/2026:15:05:32 +0000] "GET /?sale/search/detail/?ITMCODE=t7w3a5y7b6l0a1d6e313 HTTP/1.1" 200 31431 "-" "Mozilla/5.0 (Linux; Android 6.0.1; Nexus 5X Build/MMB29P) AppleWebKit/537.36 (KHTML, like Gecko) Chrome/150.0.7871.186 Mobile Safari/537.36 (compatible; Googlebot/2.1; +http://www.google.com/bot.html)"
20.15.133.174 - - [17/Aug/2026:15:05:32 +0000] "GET /?sale/search/detail/?ITMCODE=e1p3i3z2o7a8n09468 HTTP/2.0" 200 31858 "-" "Mozilla/5.0 AppleWebKit/537.36 (KHTML, like Gecko; compatible; bingbot/2.0; +http://www.bing.com/bingbot.htm) Chrome/116.0.1938.76 Safari/537.36"
20.15.133.174 - - [17/Aug/2026:15:05:35 +0000] "GET /?sale/search/detail/?ITMCODE=z5i2n6c5a8n8e67810 HTTP/2.0" 200 29724 "-" "Mozilla/5.0 AppleWebKit/537.36 (KHTML, like Gecko; compatible; bingbot/2.0; +http://www.bing.com/bingbot.htm) Chrome/116.0.1938.76 Safari/537.36"
66.249.79.36 - - [17/Aug/2026:15:05:36 +0000] "GET /?sale/search/detail/?ITMCODE=o7v2o8p6l5a1s7m5a106 HTTP/1.1" 200 30796 "-" "Mozilla/5.0 (Linux; Android 6.0.1; Nexus 5X Build/MMB29P) AppleWebKit/537.36 (KHTML, like Gecko) Chrome/150.0.7871.186 Mobile Safari/537.36 (compatible; Googlebot/2.1; +http://www.google.com/bot.html)"
66.249.79.36 - - [17/Aug/2026:15:05:36 +0000] "GET /?sale%2Fsearch%2Fdetail%2F%3FITMCODE=a7v2a9l6a7n1c5h7e601 HTTP/1.1" 200 58126 "-" "Mozilla/5.0 (Linux; Android 6.0.1; Nexus 5X Build/MMB29P) AppleWebKit/537.36 (KHTML, like Gecko) Chrome/150.0.7871.186 Mobile Safari/537.36 (compatible; GoogleOther)"
20.15.133.174 - - [17/Aug/2026:15:05:38 +0000] "GET /?sale/search/detail/?ITMCODE=p4l1a2c9e1b7o75382 HTTP/2.0" 200 30138 "-" "Mozilla/5.0 AppleWebKit/537.36 (KHTML, like Gecko; compatible; bingbot/2.0; +http://www.bing.com/bingbot.htm) Chrome/116.0.1938.76 Safari/537.36"
20.15.133.174 - - [17/Aug/2026:15:05:41 +0000] "GET /?sale/search/detail/?ITMCODE=c9h2a9o2m8a0n6c7y827 HTTP/2.0" 200 29195 "-" "Mozilla/5.0 AppleWebKit/537.36 (KHTML, like Gecko; compatible; bingbot/2.0; +http://www.bing.com/bingbot.htm) Chrome/116.0.1938.76 Safari/537.36"
66.249.79.36 - - [17/Aug/2026:15:05:43 +0000] "GET /?sale/search/detail/?ITMCODE=c7o9m3m1u1n1i1c1a4b5leness HTTP/1.1" 200 29702 "-" "Mozilla/5.0 (Linux; Android 6.0.1; Nexus 5X Build/MMB29P) AppleWebKit/537.36 (KHTML, like Gecko) Chrome/150.0.7871.186 Mobile Safari/537.36 (compatible; Googlebot/2.1; +http://www.google.com/bot.html)"
20.15.133.174 - - [17/Aug/2026:15:05:44 +0000] "GET /?sale/search/detail/?ITMCODE=a6c2c5u8r8s6e9d3n9e3s8s HTTP/2.0" 200 34639 "-" "Mozilla/5.0 AppleWebKit/537.36 (KHTML, like Gecko; compatible; bingbot/2.0; +http://www.bing.com/bingbot.htm) Chrome/116.0.1938.76 Safari/537.36"
66.249.79.36 - - [17/Aug/2026:15:05:45 +0000] "GET /?sale/search/detail/?ITMCODE=e7r8y0t8h4r4o7c6h0r0oism HTTP/1.1" 200 30843 "-" "Mozilla/5.0 (Linux; Android 6.0.1; Nexus 5X Build/MMB29P) AppleWebKit/537.36 (KHTML, like Gecko) Chrome/150.0.7871.186 Mobile Safari/537.36 (compatible; Googlebot/2.1; +http://www.google.com/bot.html)"
20.15.133.174 - - [17/Aug/2026:15:05:47 +0000] "GET /?sale/search/detail/?ITMCODE=u0n3d6e2r8l1i5n5e942 HTTP/2.0" 200 29553 "-" "Mozilla/5.0 AppleWebKit/537.36 (KHTML, like Gecko; compatible; bingbot/2.0; +http://www.bing.com/bingbot.htm) Chrome/116.0.1938.76 Safari/537.36"
66.249.79.36 - - [17/Aug/2026:15:05:49 +0000] "GET /?sale/search/detail/?ITMCODE=p7i3g8t6a0i2l27829 HTTP/1.1" 200 30347 "-" "Mozilla/5.0 (Linux; Android 6.0.1; Nexus 5X Build/MMB29P) AppleWebKit/537.36 (KHTML, like Gecko) Chrome/150.0.7871.186 Mobile Safari/537.36 (compatible; Googlebot/2.1; +http://www.google.com/bot.html)"
20.15.133.174 - - [17/Aug/2026:15:05:50 +0000] "GET /?sale/search/detail/?ITMCODE=a6p9p8r0o7p5r0i0a5b3le HTTP/2.0" 200 32303 "-" "Mozilla/5.0 AppleWebKit/537.36 (KHTML, like Gecko; compatible; bingbot/2.0; +http://www.bing.com/bingbot.htm) Chrome/116.0.1938.76 Safari/537.36"
39.34.143.217 - - [17/Aug/2026:15:05:53 +0000] "GET /wp-content/cache/speedycache/reviverenovation.ae/assets/3e3350c88b93ffda-wws.js HTTP/2.0" 200 2350 "-" "Mozilla/5.0 (Windows NT 10.0; Win64; x64) AppleWebKit/537.36 (KHTML, like Gecko) Chrome/151.0.0.0 Safari/537.36"
39.34.143.217 - - [17/Aug/2026:15:05:53 +0000] "GET /wp-content/cache/speedycache/reviverenovation.ae/assets/57c950ff2ac8ff7e-animations.js HTTP/2.0" 200 1244 "-" "Mozilla/5.0 (Windows NT 10.0; Win64; x64) AppleWebKit/537.36 (KHTML, like Gecko) Chrome/151.0.0.0 Safari/537.36"
39.34.143.217 - - [17/Aug/2026:15:05:53 +0000] "GET /wp-content/cache/speedycache/reviverenovation.ae/assets/7278ec8f1975e6ee-smooth-scroll.js HTTP/2.0" 200 738 "-" "Mozilla/5.0 (Windows NT 10.0; Win64; x64) AppleWebKit/537.36 (KHTML, like Gecko) Chrome/151.0.0.0 Safari/537.36"
39.34.143.217 - - [17/Aug/2026:15:05:53 +0000] "GET /wp-content/cache/speedycache/reviverenovation.ae/assets/b90a6b6986dcecf7-astra-addon-69ddef01d1ba53-08965612.js HTTP/2.0" 200 9109 "-" "Mozilla/5.0 (Windows NT 10.0; Win64; x64) AppleWebKit/537.36 (KHTML, like Gecko) Chrome/151.0.0.0 Safari/537.36"
20.15.133.174 - - [17/Aug/2026:15:05:53 +0000] "GET /?sale/search/detail/?ITMCODE=d1i1s5c2o2n5v9e8n0i2e3nt HTTP/2.0" 200 32380 "-" "Mozilla/5.0 AppleWebKit/537.36 (KHTML, like Gecko; compatible; bingbot/2.0; +http://www.bing.com/bingbot.htm) Chrome/116.0.1938.76 Safari/537.36"
20.15.133.174 - - [17/Aug/2026:15:05:56 +0000] "GET /?sale/search/detail/?ITMCODE=c6a2v0a8l5r9y6s3w9o3r1d HTTP/2.0" 200 31923 "-" "Mozilla/5.0 AppleWebKit/537.36 (KHTML, like Gecko; compatible; bingbot/2.0; +http://www.bing.com/bingbot.htm) Chrome/116.0.1938.76 Safari/537.36"
20.15.133.174 - - [17/Aug/2026:15:06:00 +0000] "GET /?sale/search/detail/?ITMCODE=s1l1u5g7w0o2r7m805 HTTP/2.0" 200 30024 "-" "Mozilla/5.0 AppleWebKit/537.36 (KHTML, like Gecko; compatible; bingbot/2.0; +http://www.bing.com/bingbot.htm) Chrome/116.0.1938.76 Safari/537.36"
66.249.79.36 - - [17/Aug/2026:15:06:00 +0000] "GET /?sale/search/detail/?ITMCODE=d7e1l1i7r1i5a5n0t790 HTTP/1.1" 200 32091 "-" "Mozilla/5.0 (Linux; Android 6.0.1; Nexus 5X Build/MMB29P) AppleWebKit/537.36 (KHTML, like Gecko) Chrome/150.0.7871.186 Mobile Safari/537.36 (compatible; Googlebot/2.1; +http://www.google.com/bot.html)"
66.249.79.37 - - [17/Aug/2026:15:06:01 +0000] "GET /?sale/search/detail/?ITMCODE=s7t3u3d6d2i4n8g311 HTTP/1.1" 301 - "-" "Mozilla/5.0 (Linux; Android 6.0.1; Nexus 5X Build/MMB29P) AppleWebKit/537.36 (KHTML, like Gecko) Chrome/150.0.7871.186 Mobile Safari/537.36 (compatible; GoogleOther)"
20.15.133.174 - - [17/Aug/2026:15:06:02 +0000] "GET /?sale/search/detail/?ITMCODE=a5l2l4o0y2e3d27949 HTTP/2.0" 200 31976 "-" "Mozilla/5.0 AppleWebKit/537.36 (KHTML, like Gecko; compatible; bingbot/2.0; +http://www.bing.com/bingbot.htm) Chrome/116.0.1938.76 Safari/537.36"
66.249.79.36 - - [17/Aug/2026:15:06:04 +0000] "GET /?sale/search/detail/?ITMCODE=c7e2n2t0r8o6l0i8n2e6a0d HTTP/1.1" 200 30987 "-" "Mozilla/5.0 (Linux; Android 6.0.1; Nexus 5X Build/MMB29P) AppleWebKit/537.36 (KHTML, like Gecko) Chrome/150.0.7871.186 Mobile Safari/537.36 (compatible; Googlebot/2.1; +http://www.google.com/bot.html)"
66.249.79.36 - - [17/Aug/2026:15:06:03 +0000] "GET /?sale%2Fsearch%2Fdetail%2F%3FITMCODE=s7t3u3d6d2i4n8g311 HTTP/1.1" 200 58127 "-" "Mozilla/5.0 (Linux; Android 6.0.1; Nexus 5X Build/MMB29P) AppleWebKit/537.36 (KHTML, like Gecko) Chrome/150.0.7871.186 Mobile Safari/537.36 (compatible; GoogleOther)"
20.15.133.174 - - [17/Aug/2026:15:06:05 +0000] "GET /?sale/search/detail/?ITMCODE=o5x1y7c8y6m5e1n8e133 HTTP/2.0" 200 29813 "-" "Mozilla/5.0 AppleWebKit/537.36 (KHTML, like Gecko; compatible; bingbot/2.0; +http://www.bing.com/bingbot.htm) Chrome/116.0.1938.76 Safari/537.36"
20.15.133.174 - - [17/Aug/2026:15:06:08 +0000] "GET /?sale/search/detail/?ITMCODE=h4a4l1o6i5n0g5648 HTTP/2.0" 200 29441 "-" "Mozilla/5.0 AppleWebKit/537.36 (KHTML, like Gecko; compatible; bingbot/2.0; +http://www.bing.com/bingbot.htm) Chrome/116.0.1938.76 Safari/537.36"
20.15.133.174 - - [17/Aug/2026:15:06:11 +0000] "GET /?sale/search/detail/?ITMCODE=h6o4m2e4r0979102 HTTP/2.0" 200 32276 "-" "Mozilla/5.0 AppleWebKit/537.36 (KHTML, like Gecko; compatible; bingbot/2.0; +http://www.bing.com/bingbot.htm) Chrome/116.0.1938.76 Safari/537.36"
20.15.133.174 - - [17/Aug/2026:15:06:14 +0000] "GET /?sale/search/detail/?ITMCODE=c1a1t3e0l4423998 HTTP/2.0" 200 29555 "-" "Mozilla/5.0 AppleWebKit/537.36 (KHTML, like Gecko; compatible; bingbot/2.0; +http://www.bing.com/bingbot.htm) Chrome/116.0.1938.76 Safari/537.36"
20.15.133.174 - - [17/Aug/2026:15:06:17 +0000] "GET /?sale/search/detail/?ITMCODE=c1a4r9y7o2p0h2y4l8l9aceous HTTP/2.0" 200 33422 "-" "Mozilla/5.0 AppleWebKit/537.36 (KHTML, like Gecko; compatible; bingbot/2.0; +http://www.bing.com/bingbot.htm) Chrome/116.0.1938.76 Safari/537.36"
66.249.79.36 - - [17/Aug/2026:15:06:19 +0000] "GET /?sale/search/detail/?ITMCODE=c7o1m1p3r4o5m6i3s2s6o2rial HTTP/1.1" 200 32061 "-" "Mozilla/5.0 (Linux; Android 6.0.1; Nexus 5X Build/MMB29P) AppleWebKit/537.36 (KHTML, like Gecko) Chrome/150.0.7871.186 Mobile Safari/537.36 (compatible; Googlebot/2.1; +http://www.google.com/bot.html)"
20.15.133.174 - - [17/Aug/2026:15:06:20 +0000] "GET /?sale/search/detail/?ITMCODE=b1e1g6o9n2i9a4c6e1a0e6 HTTP/2.0" 200 29627 "-" "Mozilla/5.0 AppleWebKit/537.36 (KHTML, like Gecko; compatible; bingbot/2.0; +http://www.bing.com/bingbot.htm) Chrome/116.0.1938.76 Safari/537.36"
20.15.133.174 - - [17/Aug/2026:15:06:23 +0000] "GET /?sale/search/detail/?ITMCODE=u8n3f0r5a5n6k9a7b9l1e5 HTTP/2.0" 200 30321 "-" "Mozilla/5.0 AppleWebKit/537.36 (KHTML, like Gecko; compatible; bingbot/2.0; +http://www.bing.com/bingbot.htm) Chrome/116.0.1938.76 Safari/537.36"
20.15.133.174 - - [17/Aug/2026:15:06:26 +0000] "GET /?sale/search/detail/?ITMCODE=a5c9r2o4o8k88697 HTTP/2.0" 200 29689 "-" "Mozilla/5.0 AppleWebKit/537.36 (KHTML, like Gecko; compatible; bingbot/2.0; +http://www.bing.com/bingbot.htm) Chrome/116.0.1938.76 Safari/537.36"
66.249.79.36 - - [17/Aug/2026:15:06:26 +0000] "GET /?sale/search/detail/?ITMCODE=d7i2s3t1e9n7s2i0o7n24 HTTP/1.1" 200 31339 "-" "Mozilla/5.0 (Linux; Android 6.0.1; Nexus 5X Build/MMB29P) AppleWebKit/537.36 (KHTML, like Gecko) Chrome/150.0.7871.186 Mobile Safari/537.36 (compatible; Googlebot/2.1; +http://www.google.com/bot.html)"
20.15.133.174 - - [17/Aug/2026:15:06:29 +0000] "GET /?sale/search/detail/?ITMCODE=i6s3a3t0i8s245903 HTTP/2.0" 200 30288 "-" "Mozilla/5.0 AppleWebKit/537.36 (KHTML, like Gecko; compatible; bingbot/2.0; +http://www.bing.com/bingbot.htm) Chrome/116.0.1938.76 Safari/537.36"
198.38.94.13 - - [17/Aug/2026:15:06:31 +0000] "POST /wp-cron.php?doing_wp_cron=1786979191.1395819187164306640625 HTTP/1.1" 200 - "-" "WordPress/7.0.4; https://reviverenovation.ae"
66.249.79.36 - - [17/Aug/2026:15:06:29 +0000] "GET /?sale/search/detail/?ITMCODE=r7o3t1u2n1d4i2t0y94 HTTP/1.1" 301 - "-" "Mozilla/5.0 (Linux; Android 6.0.1; Nexus 5X Build/MMB29P) AppleWebKit/537.36 (KHTML, like Gecko) Chrome/150.0.7871.186 Mobile Safari/537.36 (compatible; GoogleOther)"
20.15.133.174 - - [17/Aug/2026:15:06:33 +0000] "GET /?sale/search/detail/?ITMCODE=l0a9u0m5o7n4i7t1e31 HTTP/2.0" 200 30946 "-" "Mozilla/5.0 AppleWebKit/537.36 (KHTML, like Gecko; compatible; bingbot/2.0; +http://www.bing.com/bingbot.htm) Chrome/116.0.1938.76 Safari/537.36"
39.34.143.217 - - [17/Aug/2026:15:06:35 +0000] "GET /wp-content/cache/speedycache/reviverenovation.ae/assets/57c950ff2ac8ff7e-animations.js HTTP/2.0" 304 - "-" "Mozilla/5.0 (Windows NT 10.0; Win64; x64) AppleWebKit/537.36 (KHTML, like Gecko) Chrome/151.0.0.0 Safari/537.36"
39.34.143.217 - - [17/Aug/2026:15:06:35 +0000] "GET /wp-content/cache/speedycache/reviverenovation.ae/assets/b90a6b6986dcecf7-astra-addon-69ddef01d1ba53-08965612.js HTTP/2.0" 304 - "-" "Mozilla/5.0 (Windows NT 10.0; Win64; x64) AppleWebKit/537.36 (KHTML, like Gecko) Chrome/151.0.0.0 Safari/537.36"
39.34.143.217 - - [17/Aug/2026:15:06:35 +0000] "GET /wp-content/cache/speedycache/reviverenovation.ae/assets/7278ec8f1975e6ee-smooth-scroll.js HTTP/2.0" 304 - "-" "Mozilla/5.0 (Windows NT 10.0; Win64; x64) AppleWebKit/537.36 (KHTML, like Gecko) Chrome/151.0.0.0 Safari/537.36"
39.34.143.217 - - [17/Aug/2026:15:06:35 +0000] "GET /wp-content/cache/speedycache/reviverenovation.ae/assets/3e3350c88b93ffda-wws.js HTTP/2.0" 304 - "-" "Mozilla/5.0 (Windows NT 10.0; Win64; x64) AppleWebKit/537.36 (KHTML, like Gecko) Chrome/151.0.0.0 Safari/537.36"
66.249.79.36 - - [17/Aug/2026:15:06:33 +0000] "GET /?sale%2Fsearch%2Fdetail%2F%3FITMCODE=r7o3t1u2n1d4i2t0y94 HTTP/1.1" 200 58126 "-" "Mozilla/5.0 (Linux; Android 6.0.1; Nexus 5X Build/MMB29P) AppleWebKit/537.36 (KHTML, like Gecko) Chrome/150.0.7871.186 Mobile Safari/537.36 (compatible; GoogleOther)"
20.15.133.174 - - [17/Aug/2026:15:06:35 +0000] "GET /?sale/search/detail/?ITMCODE=d5e1a7l7t2719593 HTTP/2.0" 200 31903 "-" "Mozilla/5.0 AppleWebKit/537.36 (KHTML, like Gecko; compatible; bingbot/2.0; +http://www.bing.com/bingbot.htm) Chrome/116.0.1938.76 Safari/537.36"
66.249.79.36 - - [17/Aug/2026:15:06:36 +0000] "GET /?sale/search/detail/?ITMCODE=p7i1n2d8a5r0i8c7468 HTTP/1.1" 200 32256 "-" "Mozilla/5.0 (Linux; Android 6.0.1; Nexus 5X Build/MMB29P) AppleWebKit/537.36 (KHTML, like Gecko) Chrome/150.0.7871.186 Mobile Safari/537.36 (compatible; Googlebot/2.1; +http://www.google.com/bot.html)"
20.15.133.174 - - [17/Aug/2026:15:06:37 +0000] "GET /?sale/search/detail/?ITMCODE=b5a2l5a4e3n3i7c0e7p8s8 HTTP/2.0" 200 29536 "-" "Mozilla/5.0 AppleWebKit/537.36 (KHTML, like Gecko; compatible; bingbot/2.0; +http://www.bing.com/bingbot.htm) Chrome/116.0.1938.76 Safari/537.36"
66.249.79.37 - - [17/Aug/2026:15:06:38 +0000] "GET /?sale/search/detail/?ITMCODE=c7o9l0l8a5t6i2t3i6o9us HTTP/1.1" 200 31218 "-" "Mozilla/5.0 (Linux; Android 6.0.1; Nexus 5X Build/MMB29P) AppleWebKit/537.36 (KHTML, like Gecko) Chrome/150.0.7871.186 Mobile Safari/537.36 (compatible; Googlebot/2.1; +http://www.google.com/bot.html)"
66.249.79.37 - - [17/Aug/2026:15:06:41 +0000] "GET /wp-content/plugins/elementor/assets/css/conditionals/apple-webkit.min.css?ver=4.0.2 HTTP/1.1" 200 547 "https://reviverenovation.ae/?sale%2Fsearch%2Fdetail%2F%3FITMCODE=r7o3t1u2n1d4i2t0y94" "Mozilla/5.0 (Linux; Android 6.0.1; Nexus 5X Build/MMB29P) AppleWebKit/537.36 (KHTML, like Gecko) Chrome/150.0.7871.186 Mobile Safari/537.36 (compatible; GoogleOther)"
66.249.79.36 - - [17/Aug/2026:15:06:42 +0000] "GET /wp-content/themes/astra/assets/js/minified/frontend.min.js?ver=4.12.7 HTTP/1.1" 200 5952 "https://reviverenovation.ae/?sale%2Fsearch%2Fdetail%2F%3FITMCODE=r7o3t1u2n1d4i2t0y94" "Mozilla/5.0 (Linux; Android 6.0.1; Nexus 5X Build/MMB29P) AppleWebKit/537.36 (KHTML, like Gecko) Chrome/150.0.7871.186 Mobile Safari/537.36 (compatible; GoogleOther)"
20.15.133.174 - - [17/Aug/2026:15:06:40 +0000] "GET /?sale/search/detail/?ITMCODE=r6h1e1o8s6c6o7p2e926 HTTP/2.0" 200 33282 "-" "Mozilla/5.0 AppleWebKit/537.36 (KHTML, like Gecko; compatible; bingbot/2.0; +http://www.bing.com/bingbot.htm) Chrome/116.0.1938.76 Safari/537.36"
20.15.133.174 - - [17/Aug/2026:15:06:43 +0000] "GET /?sale/search/detail/?ITMCODE=u3n3d1e8c7e8n0t3664 HTTP/2.0" 200 33029 "-" "Mozilla/5.0 AppleWebKit/537.36 (KHTML, like Gecko; compatible; bingbot/2.0; +http://www.bing.com/bingbot.htm) Chrome/116.0.1938.76 Safari/537.36"
66.249.79.37 - - [17/Aug/2026:15:06:45 +0000] "GET /?sale/search/detail/?ITMCODE=i7m1m9i1n8e7n6c0e148 HTTP/1.1" 200 30176 "-" "Mozilla/5.0 (Linux; Android 6.0.1; Nexus 5X Build/MMB29P) AppleWebKit/537.36 (KHTML, like Gecko) Chrome/150.0.7871.186 Mobile Safari/537.36 (compatible; Googlebot/2.1; +http://www.google.com/bot.html)"
66.249.79.36 - - [17/Aug/2026:15:06:46 +0000] "GET /?sale/search/detail/?ITMCODE=r7e4d6i4s4t8r5i5b4u8tion HTTP/1.1" 200 30239 "-" "Mozilla/5.0 (Linux; Android 6.0.1; Nexus 5X Build/MMB29P) AppleWebKit/537.36 (KHTML, like Gecko) Chrome/150.0.7871.186 Mobile Safari/537.36 (compatible; Googlebot/2.1; +http://www.google.com/bot.html)"
66.249.79.36 - - [17/Aug/2026:15:06:46 +0000] "GET /?sale/search/detail/?ITMCODE=a7p4p2r5e7c4i6a0b0l6e4 HTTP/1.1" 200 30062 "-" "Mozilla/5.0 (Linux; Android 6.0.1; Nexus 5X Build/MMB29P) AppleWebKit/537.36 (KHTML, like Gecko) Chrome/150.0.7871.186 Mobile Safari/537.36 (compatible; Googlebot/2.1; +http://www.google.com/bot.html)"
20.15.133.174 - - [17/Aug/2026:15:06:47 +0000] "GET /?sale/search/detail/?ITMCODE=g3a2d3h5e7l0i8c0261 HTTP/2.0" 200 28990 "-" "Mozilla/5.0 AppleWebKit/537.36 (KHTML, like Gecko; compatible; bingbot/2.0; +http://www.bing.com/bingbot.htm) Chrome/116.0.1938.76 Safari/537.36"
20.15.133.174 - - [17/Aug/2026:15:06:50 +0000] "GET /?sale/search/detail/?ITMCODE=q5u1o1t9a8033368 HTTP/2.0" 200 29684 "-" "Mozilla/5.0 AppleWebKit/537.36 (KHTML, like Gecko; compatible; bingbot/2.0; +http://www.bing.com/bingbot.htm) Chrome/116.0.1938.76 Safari/537.36"
66.249.79.36 - - [17/Aug/2026:15:06:51 +0000] "GET /?sale/search/detail/?ITMCODE=c7o3n3d8u4c4e7n2t247 HTTP/1.1" 200 31005 "-" "Mozilla/5.0 (Linux; Android 6.0.1; Nexus 5X Build/MMB29P) AppleWebKit/537.36 (KHTML, like Gecko) Chrome/150.0.7871.186 Mobile Safari/537.36 (compatible; Googlebot/2.1; +http://www.google.com/bot.html)"
20.15.133.174 - - [17/Aug/2026:15:06:53 +0000] "GET /?sale/search/detail/?ITMCODE=s8t2a3u2r2o2l9i9t1e34 HTTP/2.0" 200 29590 "-" "Mozilla/5.0 AppleWebKit/537.36 (KHTML, like Gecko; compatible; bingbot/2.0; +http://www.bing.com/bingbot.htm) Chrome/116.0.1938.76 Safari/537.36"
20.15.133.174 - - [17/Aug/2026:15:06:56 +0000] "GET /?sale/search/detail/?ITMCODE=a5f1r0e0e5t137551 HTTP/2.0" 200 28821 "-" "Mozilla/5.0 AppleWebKit/537.36 (KHTML, like Gecko; compatible; bingbot/2.0; +http://www.bing.com/bingbot.htm) Chrome/116.0.1938.76 Safari/537.36"
20.15.133.174 - - [17/Aug/2026:15:06:59 +0000] "GET /?sale/search/detail/?ITMCODE=m9i2n0g8l9e3a2b4l3e62 HTTP/2.0" 200 29625 "-" "Mozilla/5.0 AppleWebKit/537.36 (KHTML, like Gecko; compatible; bingbot/2.0; +http://www.bing.com/bingbot.htm) Chrome/116.0.1938.76 Safari/537.36"
66.249.79.36 - - [17/Aug/2026:15:06:59 +0000] "GET /?sale/search/detail/?ITMCODE=m7a3n6g1o7n0e3l6189 HTTP/1.1" 301 - "-" "Mozilla/5.0 (Linux; Android 6.0.1; Nexus 5X Build/MMB29P) AppleWebKit/537.36 (KHTML, like Gecko) Chrome/150.0.7871.186 Mobile Safari/537.36 (compatible; GoogleOther)"
66.249.79.37 - - [17/Aug/2026:15:07:00 +0000] "GET /?sale/search/detail/?ITMCODE=j7u2g9u1l2a4r6828 HTTP/1.1" 200 29778 "-" "Mozilla/5.0 (Linux; Android 6.0.1; Nexus 5X Build/MMB29P) AppleWebKit/537.36 (KHTML, like Gecko) Chrome/150.0.7871.186 Mobile Safari/537.36 (compatible; Googlebot/2.1; +http://www.google.com/bot.html)"
20.15.133.174 - - [17/Aug/2026:15:07:02 +0000] "GET /?sale/search/detail/?ITMCODE=a5b2s5o4r0b741516 HTTP/2.0" 200 33183 "-" "Mozilla/5.0 AppleWebKit/537.36 (KHTML, like Gecko; compatible; bingbot/2.0; +http://www.bing.com/bingbot.htm) Chrome/116.0.1938.76 Safari/537.36"
66.249.79.36 - - [17/Aug/2026:15:07:04 +0000] "GET /?sale/search/detail/?ITMCODE=c7r4o1s1s2e1x2a9m5i9n6ing HTTP/1.1" 200 30546 "-" "Mozilla/5.0 (Linux; Android 6.0.1; Nexus 5X Build/MMB29P) AppleWebKit/537.36 (KHTML, like Gecko) Chrome/150.0.7871.186 Mobile Safari/537.36 (compatible; Googlebot/2.1; +http://www.google.com/bot.html)"
66.249.79.36 - - [17/Aug/2026:15:07:03 +0000] "GET /?sale%2Fsearch%2Fdetail%2F%3FITMCODE=m7a3n6g1o7n0e3l6189 HTTP/1.1" 200 58126 "-" "Mozilla/5.0 (Linux; Android 6.0.1; Nexus 5X Build/MMB29P) AppleWebKit/537.36 (KHTML, like Gecko) Chrome/150.0.7871.186 Mobile Safari/537.36 (compatible; GoogleOther)"
20.15.133.174 - - [17/Aug/2026:15:07:05 +0000] "GET /?sale/search/detail/?ITMCODE=l6a3p5a8r2o4c7e8l3e5 HTTP/2.0" 200 33577 "-" "Mozilla/5.0 AppleWebKit/537.36 (KHTML, like Gecko; compatible; bingbot/2.0; +http://www.bing.com/bingbot.htm) Chrome/116.0.1938.76 Safari/537.36"
66.249.79.36 - - [17/Aug/2026:15:07:08 +0000] "GET /?sale/search/detail/?ITMCODE=s5p1e3c8t5a4n6t4899 HTTP/1.1" 301 - "-" "Mozilla/5.0 (Linux; Android 6.0.1; Nexus 5X Build/MMB29P) AppleWebKit/537.36 (KHTML, like Gecko) Chrome/150.0.7871.186 Mobile Safari/537.36 (compatible; GoogleOther)"
20.15.133.174 - - [17/Aug/2026:15:07:08 +0000] "GET /?sale/search/detail/?ITMCODE=o8d2i4c4a7l7l2y3473 HTTP/2.0" 200 30262 "-" "Mozilla/5.0 AppleWebKit/537.36 (KHTML, like Gecko; compatible; bingbot/2.0; +http://www.bing.com/bingbot.htm) Chrome/116.0.1938.76 Safari/537.36"
20.15.133.174 - - [17/Aug/2026:15:07:11 +0000] "GET /?sale/search/detail/?ITMCODE=l8a4g0e3n9i3a4n7304 HTTP/2.0" 200 29582 "-" "Mozilla/5.0 AppleWebKit/537.36 (KHTML, like Gecko; compatible; bingbot/2.0; +http://www.bing.com/bingbot.htm) Chrome/116.0.1938.76 Safari/537.36"
198.38.94.13 - - [17/Aug/2026:15:07:13 +0000] "POST /wp-cron.php?doing_wp_cron=1786979233.0647740364074707031250 HTTP/1.1" 200 - "-" "WordPress/7.0.4; https://reviverenovation.ae"
66.249.79.36 - - [17/Aug/2026:15:07:10 +0000] "GET /?sale%2Fsearch%2Fdetail%2F%3FITMCODE=s5p1e3c8t5a4n6t4899 HTTP/1.1" 200 58127 "-" "Mozilla/5.0 (Linux; Android 6.0.1; Nexus 5X Build/MMB29P) AppleWebKit/537.36 (KHTML, like Gecko) Chrome/150.0.7871.186 Mobile Safari/537.36 (compatible; GoogleOther)"
78.40.181.176 - - [17/Aug/2026:15:07:14 +0000] "GET / HTTP/2.0" 200 56807 "-" "Mozilla/5.0 (X11; Linux x86_64) AppleWebKit/537.36 (KHTML, like Gecko) Chrome/151.0.0.0 Safari/537.36; Manus-User/1.0"
20.15.133.174 - - [17/Aug/2026:15:07:14 +0000] "GET /?sale/search/detail/?ITMCODE=c8h2o5r4i4a2m8b2s210 HTTP/2.0" 200 29829 "-" "Mozilla/5.0 AppleWebKit/537.36 (KHTML, like Gecko; compatible; bingbot/2.0; +http://www.bing.com/bingbot.htm) Chrome/116.0.1938.76 Safari/537.36"
66.249.79.36 - - [17/Aug/2026:15:07:14 +0000] "GET /?sale/search/detail/?ITMCODE=c7h2a7n9c5e6a8b7l4e52 HTTP/1.1" 200 30158 "-" "Mozilla/5.0 (Linux; Android 6.0.1; Nexus 5X Build/MMB29P) AppleWebKit/537.36 (KHTML, like Gecko) Chrome/150.0.7871.186 Mobile Safari/537.36 (compatible; Googlebot/2.1; +http://www.google.com/bot.html)"
78.40.181.176 - - [17/Aug/2026:15:07:16 +0000] "GET /wp-content/cache/speedycache/reviverenovation.ae/assets/5003722985a75bf5-style.css HTTP/2.0" 200 621 "https://reviverenovation.ae/" "Mozilla/5.0 (X11; Linux x86_64) AppleWebKit/537.36 (KHTML, like Gecko) Chrome/151.0.0.0 Safari/537.36; Manus-User/1.0"
78.40.181.176 - - [17/Aug/2026:15:07:16 +0000] "GET /wp-content/cache/speedycache/reviverenovation.ae/assets/c8aca11ebb99ff97-astra-addon-69ddef01d16cf9-75818811.css HTTP/2.0" 200 5877 "https://reviverenovation.ae/" "Mozilla/5.0 (X11; Linux x86_64) AppleWebKit/537.36 (KHTML, like Gecko) Chrome/151.0.0.0 Safari/537.36; Manus-User/1.0"
78.40.181.176 - - [17/Aug/2026:15:07:16 +0000] "GET /wp-content/themes/astra/assets/css/minified/main.min.css?ver=4.12.7 HTTP/2.0" 200 8683 "https://reviverenovation.ae/" "Mozilla/5.0 (X11; Linux x86_64) AppleWebKit/537.36 (KHTML, like Gecko) Chrome/151.0.0.0 Safari/537.36; Manus-User/1.0"
78.40.181.176 - - [17/Aug/2026:15:07:16 +0000] "GET /wp-content/plugins/elementor/assets/css/widget-heading.min.css?ver=4.0.2 HTTP/2.0" 200 160 "https://reviverenovation.ae/" "Mozilla/5.0 (X11; Linux x86_64) AppleWebKit/537.36 (KHTML, like Gecko) Chrome/151.0.0.0 Safari/537.36; Manus-User/1.0"
78.40.181.176 - - [17/Aug/2026:15:07:16 +0000] "GET /wp-content/plugins/elementor/assets/css/widget-social-icons.min.css?ver=4.0.2 HTTP/2.0" 200 1142 "https://reviverenovation.ae/" "Mozilla/5.0 (X11; Linux x86_64) AppleWebKit/537.36 (KHTML, like Gecko) Chrome/151.0.0.0 Safari/537.36; Manus-User/1.0"
78.40.181.176 - - [17/Aug/2026:15:07:16 +0000] "GET /wp-content/plugins/elementor/assets/css/widget-icon-list.min.css?ver=4.0.2 HTTP/2.0" 200 1023 "https://reviverenovation.ae/" "Mozilla/5.0 (X11; Linux x86_64) AppleWebKit/537.36 (KHTML, like Gecko) Chrome/151.0.0.0 Safari/537.36; Manus-User/1.0"
78.40.181.176 - - [17/Aug/2026:15:07:16 +0000] "GET /wp-content/plugins/elementor/assets/css/widget-image.min.css?ver=4.0.2 HTTP/2.0" 200 135 "https://reviverenovation.ae/" "Mozilla/5.0 (X11; Linux x86_64) AppleWebKit/537.36 (KHTML, like Gecko) Chrome/151.0.0.0 Safari/537.36; Manus-User/1.0"
78.40.181.176 - - [17/Aug/2026:15:07:16 +0000] "GET /wp-content/plugins/elementor/assets/css/conditionals/apple-webkit.min.css?ver=4.0.2 HTTP/2.0" 200 547 "https://reviverenovation.ae/" "Mozilla/5.0 (X11; Linux x86_64) AppleWebKit/537.36 (KHTML, like Gecko) Chrome/151.0.0.0 Safari/537.36; Manus-User/1.0"
78.40.181.176 - - [17/Aug/2026:15:07:16 +0000] "GET /wp-content/plugins/elementor/assets/lib/animations/styles/fadeInUp.min.css?ver=4.0.2 HTTP/2.0" 200 117 "https://reviverenovation.ae/" "Mozilla/5.0 (X11; Linux x86_64) AppleWebKit/537.36 (KHTML, like Gecko) Chrome/151.0.0.0 Safari/537.36; Manus-User/1.0"
78.40.181.176 - - [17/Aug/2026:15:07:16 +0000] "GET /wp-content/cache/speedycache/reviverenovation.ae/assets/33ab4a92927038b4-post-5.css HTTP/2.0" 200 441 "https://reviverenovation.ae/" "Mozilla/5.0 (X11; Linux x86_64) AppleWebKit/537.36 (KHTML, like Gecko) Chrome/151.0.0.0 Safari/537.36; Manus-User/1.0"
78.40.181.176 - - [17/Aug/2026:15:07:16 +0000] "GET /wp-content/plugins/elementor/assets/lib/swiper/v8/css/swiper.min.css?ver=8.4.5 HTTP/2.0" 200 4583 "https://reviverenovation.ae/" "Mozilla/5.0 (X11; Linux x86_64) AppleWebKit/537.36 (KHTML, like Gecko) Chrome/151.0.0.0 Safari/537.36; Manus-User/1.0"
78.40.181.176 - - [17/Aug/2026:15:07:16 +0000] "GET /wp-content/plugins/elementor/assets/css/conditionals/e-swiper.min.css?ver=4.0.2 HTTP/2.0" 200 799 "https://reviverenovation.ae/" "Mozilla/5.0 (X11; Linux x86_64) AppleWebKit/537.36 (KHTML, like Gecko) Chrome/151.0.0.0 Safari/537.36; Manus-User/1.0"
78.40.181.176 - - [17/Aug/2026:15:07:16 +0000] "GET /wp-content/plugins/elementor/assets/css/widget-divider.min.css?ver=4.0.2 HTTP/2.0" 200 741 "https://reviverenovation.ae/" "Mozilla/5.0 (X11; Linux x86_64) AppleWebKit/537.36 (KHTML, like Gecko) Chrome/151.0.0.0 Safari/537.36; Manus-User/1.0"
78.40.181.176 - - [17/Aug/2026:15:07:16 +0000] "GET /wp-content/plugins/pro-elements/assets/css/widget-price-list.min.css?ver=3.35.0 HTTP/2.0" 200 462 "https://reviverenovation.ae/" "Mozilla/5.0 (X11; Linux x86_64) AppleWebKit/537.36 (KHTML, like Gecko) Chrome/151.0.0.0 Safari/537.36; Manus-User/1.0"
78.40.181.176 - - [17/Aug/2026:15:07:16 +0000] "GET /wp-content/plugins/elementor/assets/css/frontend.min.css?ver=4.0.2 HTTP/2.0" 200 7271 "https://reviverenovation.ae/" "Mozilla/5.0 (X11; Linux x86_64) AppleWebKit/537.36 (KHTML, like Gecko) Chrome/151.0.0.0 Safari/537.36; Manus-User/1.0"
78.40.181.176 - - [17/Aug/2026:15:07:16 +0000] "GET /wp-content/plugins/elementor/assets/lib/animations/styles/fadeInRight.min.css?ver=4.0.2 HTTP/2.0" 200 120 "https://reviverenovation.ae/" "Mozilla/5.0 (X11; Linux x86_64) AppleWebKit/537.36 (KHTML, like Gecko) Chrome/151.0.0.0 Safari/537.36; Manus-User/1.0"
78.40.181.176 - - [17/Aug/2026:15:07:16 +0000] "GET /wp-content/plugins/pro-elements/assets/css/conditionals/transitions.min.css?ver=3.35.0 HTTP/2.0" 200 621 "https://reviverenovation.ae/" "Mozilla/5.0 (X11; Linux x86_64) AppleWebKit/537.36 (KHTML, like Gecko) Chrome/151.0.0.0 Safari/537.36; Manus-User/1.0"
78.40.181.176 - - [17/Aug/2026:15:07:16 +0000] "GET /wp-content/plugins/pro-elements/assets/css/widget-loop-common.min.css?ver=3.35.0 HTTP/2.0" 200 158 "https://reviverenovation.ae/" "Mozilla/5.0 (X11; Linux x86_64) AppleWebKit/537.36 (KHTML, like Gecko) Chrome/151.0.0.0 Safari/537.36; Manus-User/1.0"
78.40.181.176 - - [17/Aug/2026:15:07:16 +0000] "GET /wp-content/plugins/pro-elements/assets/css/widget-call-to-action.min.css?ver=3.35.0 HTTP/2.0" 200 1338 "https://reviverenovation.ae/" "Mozilla/5.0 (X11; Linux x86_64) AppleWebKit/537.36 (KHTML, like Gecko) Chrome/151.0.0.0 Safari/537.36; Manus-User/1.0"
78.40.181.176 - - [17/Aug/2026:15:07:16 +0000] "GET /wp-content/plugins/elementor/assets/lib/animations/styles/slideInLeft.min.css?ver=4.0.2 HTTP/2.0" 200 123 "https://reviverenovation.ae/" "Mozilla/5.0 (X11; Linux x86_64) AppleWebKit/537.36 (KHTML, like Gecko) Chrome/151.0.0.0 Safari/537.36; Manus-User/1.0"
78.40.181.176 - - [17/Aug/2026:15:07:16 +0000] "GET /wp-content/plugins/elementor/assets/css/widget-rating.min.css?ver=4.0.2 HTTP/2.0" 200 399 "https://reviverenovation.ae/" "Mozilla/5.0 (X11; Linux x86_64) AppleWebKit/537.36 (KHTML, like Gecko) Chrome/151.0.0.0 Safari/537.36; Manus-User/1.0"
78.40.181.176 - - [17/Aug/2026:15:07:16 +0000] "GET /wp-content/plugins/elementor/assets/lib/animations/styles/fadeInLeft.min.css?ver=4.0.2 HTTP/2.0" 200 120 "https://reviverenovation.ae/" "Mozilla/5.0 (X11; Linux x86_64) AppleWebKit/537.36 (KHTML, like Gecko) Chrome/151.0.0.0 Safari/537.36; Manus-User/1.0"
78.40.181.176 - - [17/Aug/2026:15:07:16 +0000] "GET /wp-content/plugins/elementor/assets/css/widget-image-carousel.min.css?ver=4.0.2 HTTP/2.0" 200 183 "https://reviverenovation.ae/" "Mozilla/5.0 (X11; Linux x86_64) AppleWebKit/537.36 (KHTML, like Gecko) Chrome/151.0.0.0 Safari/537.36; Manus-User/1.0"
78.40.181.176 - - [17/Aug/2026:15:07:16 +0000] "GET /wp-content/plugins/pro-elements/assets/css/widget-loop-grid.min.css?ver=3.35.0 HTTP/2.0" 200 1290 "https://reviverenovation.ae/" "Mozilla/5.0 (X11; Linux x86_64) AppleWebKit/537.36 (KHTML, like Gecko) Chrome/151.0.0.0 Safari/537.36; Manus-User/1.0"
78.40.181.176 - - [17/Aug/2026:15:07:16 +0000] "GET /wp-content/plugins/elementor/assets/css/widget-icon-box.min.css?ver=4.0.2 HTTP/2.0" 200 435 "https://reviverenovation.ae/" "Mozilla/5.0 (X11; Linux x86_64) AppleWebKit/537.36 (KHTML, like Gecko) Chrome/151.0.0.0 Safari/537.36; Manus-User/1.0"
78.40.181.176 - - [17/Aug/2026:15:07:16 +0000] "GET /wp-content/cache/speedycache/reviverenovation.ae/assets/fbe48911448154e2-post-480.css HTTP/2.0" 200 1984 "https://reviverenovation.ae/" "Mozilla/5.0 (X11; Linux x86_64) AppleWebKit/537.36 (KHTML, like Gecko) Chrome/151.0.0.0 Safari/537.36; Manus-User/1.0"
78.40.181.176 - - [17/Aug/2026:15:07:16 +0000] "GET /wp-content/cache/speedycache/reviverenovation.ae/assets/95077f496437d32b-wws.css HTTP/2.0" 200 691 "https://reviverenovation.ae/" "Mozilla/5.0 (X11; Linux x86_64) AppleWebKit/537.36 (KHTML, like Gecko) Chrome/151.0.0.0 Safari/537.36; Manus-User/1.0"
78.40.181.176 - - [17/Aug/2026:15:07:16 +0000] "GET /wp-content/cache/speedycache/reviverenovation.ae/assets/8cadd957ced5bb6b-post-18.css HTTP/2.0" 200 6208 "https://reviverenovation.ae/" "Mozilla/5.0 (X11; Linux x86_64) AppleWebKit/537.36 (KHTML, like Gecko) Chrome/151.0.0.0 Safari/537.36; Manus-User/1.0"
78.40.181.176 - - [17/Aug/2026:15:07:17 +0000] "GET /wp-content/cache/speedycache/reviverenovation.ae/assets/b1725672c5852da8-wws-layout-4.css HTTP/2.0" 200 101 "https://reviverenovation.ae/" "Mozilla/5.0 (X11; Linux x86_64) AppleWebKit/537.36 (KHTML, like Gecko) Chrome/151.0.0.0 Safari/537.36; Manus-User/1.0"
78.40.181.176 - - [17/Aug/2026:15:07:17 +0000] "GET /wp-content/plugins/speedycache-pro/assets/images/image-palceholder.png HTTP/2.0" 200 145 "https://reviverenovation.ae/" "Mozilla/5.0 (X11; Linux x86_64) AppleWebKit/537.36 (KHTML, like Gecko) Chrome/151.0.0.0 Safari/537.36; Manus-User/1.0"
78.40.181.176 - - [17/Aug/2026:15:07:17 +0000] "GET /wp-content/plugins/unlimited-elements-for-elementor/assets_libraries/font-awesome6/fontawesome-v4-shims.min.css HTTP/2.0" 200 4028 "https://reviverenovation.ae/" "Mozilla/5.0 (X11; Linux x86_64) AppleWebKit/537.36 (KHTML, like Gecko) Chrome/151.0.0.0 Safari/537.36; Manus-User/1.0"
78.40.181.176 - - [17/Aug/2026:15:07:17 +0000] "GET /wp-content/plugins/unlimited-elements-for-elementor/assets_libraries/font-awesome6/fontawesome-all.min.css HTTP/2.0" 200 22761 "https://reviverenovation.ae/" "Mozilla/5.0 (X11; Linux x86_64) AppleWebKit/537.36 (KHTML, like Gecko) Chrome/151.0.0.0 Safari/537.36; Manus-User/1.0"
78.40.181.176 - - [17/Aug/2026:15:07:18 +0000] "GET /wp-content/plugins/astra-addon/addons/nav-menu/assets/css/minified/magamenu-frontend.min.css?ver=4.12.5 HTTP/2.0" 200 - "https://reviverenovation.ae/" "Mozilla/5.0 (X11; Linux x86_64) AppleWebKit/537.36 (KHTML, like Gecko) Chrome/151.0.0.0 Safari/537.36; Manus-User/1.0"
78.40.181.176 - - [17/Aug/2026:15:07:18 +0000] "GET /wp-content/plugins/unlimited-elements-for-elementor/assets_libraries/lity/lity.min.css HTTP/2.0" 200 1016 "https://reviverenovation.ae/" "Mozilla/5.0 (X11; Linux x86_64) AppleWebKit/537.36 (KHTML, like Gecko) Chrome/151.0.0.0 Safari/537.36; Manus-User/1.0"
78.40.181.176 - - [17/Aug/2026:15:07:18 +0000] "GET /wp-includes/js/jquery/jquery-migrate.min.js?ver=3.4.1 HTTP/2.0" 200 4872 "https://reviverenovation.ae/" "Mozilla/5.0 (X11; Linux x86_64) AppleWebKit/537.36 (KHTML, like Gecko) Chrome/151.0.0.0 Safari/537.36; Manus-User/1.0"
78.40.181.176 - - [17/Aug/2026:15:07:18 +0000] "GET /wp-content/cache/speedycache/reviverenovation.ae/assets/7278ec8f1975e6ee-smooth-scroll.js HTTP/2.0" 200 738 "https://reviverenovation.ae/" "Mozilla/5.0 (X11; Linux x86_64) AppleWebKit/537.36 (KHTML, like Gecko) Chrome/151.0.0.0 Safari/537.36; Manus-User/1.0"
78.40.181.176 - - [17/Aug/2026:15:07:18 +0000] "GET /wp-content/cache/speedycache/reviverenovation.ae/assets/57c950ff2ac8ff7e-animations.js HTTP/2.0" 200 1244 "https://reviverenovation.ae/" "Mozilla/5.0 (X11; Linux x86_64) AppleWebKit/537.36 (KHTML, like Gecko) Chrome/151.0.0.0 Safari/537.36; Manus-User/1.0"
78.40.181.176 - - [17/Aug/2026:15:07:18 +0000] "GET /wp-content/themes/astra/assets/js/minified/frontend.min.js?ver=4.12.7 HTTP/2.0" 200 5952 "https://reviverenovation.ae/" "Mozilla/5.0 (X11; Linux x86_64) AppleWebKit/537.36 (KHTML, like Gecko) Chrome/151.0.0.0 Safari/537.36; Manus-User/1.0"
78.40.181.176 - - [17/Aug/2026:15:07:18 +0000] "GET /wp-content/plugins/elementor/assets/js/webpack.runtime.min.js?ver=4.0.2 HTTP/2.0" 200 2496 "https://reviverenovation.ae/" "Mozilla/5.0 (X11; Linux x86_64) AppleWebKit/537.36 (KHTML, like Gecko) Chrome/151.0.0.0 Safari/537.36; Manus-User/1.0"
78.40.181.176 - - [17/Aug/2026:15:07:18 +0000] "GET /wp-content/plugins/astra-addon/assets/js/minified/purify.min.js?ver=4.12.5 HTTP/2.0" 200 8744 "https://reviverenovation.ae/" "Mozilla/5.0 (X11; Linux x86_64) AppleWebKit/537.36 (KHTML, like Gecko) Chrome/151.0.0.0 Safari/537.36; Manus-User/1.0"
78.40.181.176 - - [17/Aug/2026:15:07:18 +0000] "GET /wp-includes/js/jquery/ui/core.min.js?ver=1.13.3 HTTP/2.0" 200 7106 "https://reviverenovation.ae/" "Mozilla/5.0 (X11; Linux x86_64) AppleWebKit/537.36 (KHTML, like Gecko) Chrome/151.0.0.0 Safari/537.36; Manus-User/1.0"
78.40.181.176 - - [17/Aug/2026:15:07:18 +0000] "GET /wp-content/cache/speedycache/reviverenovation.ae/assets/b90a6b6986dcecf7-astra-addon-69ddef01d1ba53-08965612.js HTTP/2.0" 200 9109 "https://reviverenovation.ae/" "Mozilla/5.0 (X11; Linux x86_64) AppleWebKit/537.36 (KHTML, like Gecko) Chrome/151.0.0.0 Safari/537.36; Manus-User/1.0"
78.40.181.176 - - [17/Aug/2026:15:07:18 +0000] "GET /wp-content/plugins/elementor/assets/js/frontend-modules.min.js?ver=4.0.2 HTTP/2.0" 200 15970 "https://reviverenovation.ae/" "Mozilla/5.0 (X11; Linux x86_64) AppleWebKit/537.36 (KHTML, like Gecko) Chrome/151.0.0.0 Safari/537.36; Manus-User/1.0"
78.40.181.176 - - [17/Aug/2026:15:07:18 +0000] "GET /wp-includes/js/jquery/jquery.min.js?ver=3.7.1 HTTP/2.0" 200 30368 "https://reviverenovation.ae/" "Mozilla/5.0 (X11; Linux x86_64) AppleWebKit/537.36 (KHTML, like Gecko) Chrome/151.0.0.0 Safari/537.36; Manus-User/1.0"
78.40.181.176 - - [17/Aug/2026:15:07:18 +0000] "GET /wp-content/uploads/ac_assets/uc-splitting-text/splitting.min.js?ver=2.0.7 HTTP/2.0" 200 1683 "https://reviverenovation.ae/" "Mozilla/5.0 (X11; Linux x86_64) AppleWebKit/537.36 (KHTML, like Gecko) Chrome/151.0.0.0 Safari/537.36; Manus-User/1.0"
78.40.181.176 - - [17/Aug/2026:15:07:18 +0000] "GET /wp-includes/js/dist/hooks.min.js?ver=7496969728ca0f95732d HTTP/2.0" 200 1829 "https://reviverenovation.ae/" "Mozilla/5.0 (X11; Linux x86_64) AppleWebKit/537.36 (KHTML, like Gecko) Chrome/151.0.0.0 Safari/537.36; Manus-User/1.0"
78.40.181.176 - - [17/Aug/2026:15:07:18 +0000] "GET /wp-includes/js/imagesloaded.min.js?ver=5.0.0 HTTP/2.0" 200 1803 "https://reviverenovation.ae/" "Mozilla/5.0 (X11; Linux x86_64) AppleWebKit/537.36 (KHTML, like Gecko) Chrome/151.0.0.0 Safari/537.36; Manus-User/1.0"
78.40.181.176 - - [17/Aug/2026:15:07:18 +0000] "GET /wp-content/cache/speedycache/reviverenovation.ae/assets/3e3350c88b93ffda-wws.js HTTP/2.0" 200 2350 "https://reviverenovation.ae/" "Mozilla/5.0 (X11; Linux x86_64) AppleWebKit/537.36 (KHTML, like Gecko) Chrome/151.0.0.0 Safari/537.36; Manus-User/1.0"
78.40.181.176 - - [17/Aug/2026:15:07:18 +0000] "GET /wp-content/plugins/unlimited-elements-for-elementor/assets_libraries/lity/lity.min.js?ver=2.0.7 HTTP/2.0" 200 2932 "https://reviverenovation.ae/" "Mozilla/5.0 (X11; Linux x86_64) AppleWebKit/537.36 (KHTML, like Gecko) Chrome/151.0.0.0 Safari/537.36; Manus-User/1.0"
78.40.181.176 - - [17/Aug/2026:15:07:18 +0000] "GET /wp-includes/js/dist/i18n.min.js?ver=781d11515ad3d91786ec HTTP/2.0" 200 2465 "https://reviverenovation.ae/" "Mozilla/5.0 (X11; Linux x86_64) AppleWebKit/537.36 (KHTML, like Gecko) Chrome/151.0.0.0 Safari/537.36; Manus-User/1.0"
78.40.181.176 - - [17/Aug/2026:15:07:18 +0000] "GET /wp-content/plugins/pro-elements/assets/js/webpack-pro.runtime.min.js?ver=3.35.0 HTTP/2.0" 200 2857 "https://reviverenovation.ae/" "Mozilla/5.0 (X11; Linux x86_64) AppleWebKit/537.36 (KHTML, like Gecko) Chrome/151.0.0.0 Safari/537.36; Manus-User/1.0"
78.40.181.176 - - [17/Aug/2026:15:07:18 +0000] "GET /wp-content/plugins/pro-elements/assets/js/frontend.min.js?ver=3.35.0 HTTP/2.0" 200 6435 "https://reviverenovation.ae/" "Mozilla/5.0 (X11; Linux x86_64) AppleWebKit/537.36 (KHTML, like Gecko) Chrome/151.0.0.0 Safari/537.36; Manus-User/1.0"
78.40.181.176 - - [17/Aug/2026:15:07:18 +0000] "GET /wp-content/plugins/elementor/assets/js/frontend.min.js?ver=4.0.2 HTTP/2.0" 200 10339 "https://reviverenovation.ae/" "Mozilla/5.0 (X11; Linux x86_64) AppleWebKit/537.36 (KHTML, like Gecko) Chrome/151.0.0.0 Safari/537.36; Manus-User/1.0"
78.40.181.176 - - [17/Aug/2026:15:07:18 +0000] "GET /wp-content/plugins/pro-elements/assets/js/elements-handlers.min.js?ver=3.35.0 HTTP/2.0" 200 10563 "https://reviverenovation.ae/" "Mozilla/5.0 (X11; Linux x86_64) AppleWebKit/537.36 (KHTML, like Gecko) Chrome/151.0.0.0 Safari/537.36; Manus-User/1.0"
78.40.181.176 - - [17/Aug/2026:15:07:18 +0000] "GET /wp-content/plugins/wordpress-whatsapp-support/assets/libraries/inputmask/jquery.inputmask.min.js?ver=5.0.6 HTTP/2.0" 200 27792 "https://reviverenovation.ae/" "Mozilla/5.0 (X11; Linux x86_64) AppleWebKit/537.36 (KHTML, like Gecko) Chrome/151.0.0.0 Safari/537.36; Manus-User/1.0"
78.40.181.176 - - [17/Aug/2026:15:07:18 +0000] "GET /wp-content/plugins/elementor/assets/lib/swiper/v8/swiper.min.js?ver=8.4.5 HTTP/2.0" 200 39695 "https://reviverenovation.ae/" "Mozilla/5.0 (X11; Linux x86_64) AppleWebKit/537.36 (KHTML, like Gecko) Chrome/151.0.0.0 Safari/537.36; Manus-User/1.0"
78.40.181.176 - - [17/Aug/2026:15:07:18 +0000] "GET /wp-content/uploads/2026/03/path-douiri.org-6.svg HTTP/2.0" 200 222 "https://reviverenovation.ae/" "Mozilla/5.0 (X11; Linux x86_64) AppleWebKit/537.36 (KHTML, like Gecko) Chrome/151.0.0.0 Safari/537.36; Manus-User/1.0"
78.40.181.176 - - [17/Aug/2026:15:07:18 +0000] "GET /wp-content/uploads/2026/03/rawkkim-7QnoQs7olyw-unsplash.webp HTTP/2.0" 200 129684 "https://reviverenovation.ae/wp-content/cache/speedycache/reviverenovation.ae/assets/8cadd957ced5bb6b-post-18.css" "Mozilla/5.0 (X11; Linux x86_64) AppleWebKit/537.36 (KHTML, like Gecko) Chrome/151.0.0.0 Safari/537.36; Manus-User/1.0"
20.15.133.174 - - [17/Aug/2026:15:07:17 +0000] "GET /?sale/search/detail/?ITMCODE=c6u7r8r8a2n2t1131 HTTP/2.0" 200 33574 "-" "Mozilla/5.0 AppleWebKit/537.36 (KHTML, like Gecko; compatible; bingbot/2.0; +http://www.bing.com/bingbot.htm) Chrome/116.0.1938.76 Safari/537.36"
78.40.181.176 - - [17/Aug/2026:15:07:19 +0000] "GET /wp-content/uploads/2026/03/Logo-new-07-scaled-173x39.png HTTP/2.0" 200 3462 "https://reviverenovation.ae/" "Mozilla/5.0 (X11; Linux x86_64) AppleWebKit/537.36 (KHTML, like Gecko) Chrome/151.0.0.0 Safari/537.36; Manus-User/1.0"
78.40.181.176 - - [17/Aug/2026:15:07:19 +0000] "GET /wp-content/uploads/2026/03/path-douiri.org-10.svg HTTP/2.0" 200 198 "https://reviverenovation.ae/wp-content/cache/speedycache/reviverenovation.ae/assets/8cadd957ced5bb6b-post-18.css" "Mozilla/5.0 (X11; Linux x86_64) AppleWebKit/537.36 (KHTML, like Gecko) Chrome/151.0.0.0 Safari/537.36; Manus-User/1.0"
78.40.181.176 - - [17/Aug/2026:15:07:19 +0000] "GET /wp-content/uploads/2026/03/51d20d_5c5f31fbb02f48159455b983d6dd53a0mv2.jpg HTTP/2.0" 200 48680 "https://reviverenovation.ae/wp-content/cache/speedycache/reviverenovation.ae/assets/8cadd957ced5bb6b-post-18.css" "Mozilla/5.0 (X11; Linux x86_64) AppleWebKit/537.36 (KHTML, like Gecko) Chrome/151.0.0.0 Safari/537.36; Manus-User/1.0"
78.40.181.176 - - [17/Aug/2026:15:07:19 +0000] "GET /wp-content/uploads/2026/03/Mansory-Medium.ttf HTTP/2.0" 200 33899 "https://reviverenovation.ae/wp-content/cache/speedycache/reviverenovation.ae/assets/8cadd957ced5bb6b-post-18.css" "Mozilla/5.0 (X11; Linux x86_64) AppleWebKit/537.36 (KHTML, like Gecko) Chrome/151.0.0.0 Safari/537.36; Manus-User/1.0"
78.40.181.176 - - [17/Aug/2026:15:07:19 +0000] "GET /wp-content/uploads/2026/03/Mansory-Bold.ttf HTTP/2.0" 200 35928 "https://reviverenovation.ae/wp-content/cache/speedycache/reviverenovation.ae/assets/8cadd957ced5bb6b-post-18.css" "Mozilla/5.0 (X11; Linux x86_64) AppleWebKit/537.36 (KHTML, like Gecko) Chrome/151.0.0.0 Safari/537.36; Manus-User/1.0"
20.15.133.174 - - [17/Aug/2026:15:07:20 +0000] "GET /?sale/search/detail/?ITMCODE=s8e4l9f1c4e8n8t7r9i6nga HTTP/2.0" 200 30045 "-" "Mozilla/5.0 AppleWebKit/537.36 (KHTML, like Gecko; compatible; bingbot/2.0; +http://www.bing.com/bingbot.htm) Chrome/116.0.1938.76 Safari/537.36"
66.249.79.36 - - [17/Aug/2026:15:07:21 +0000] "GET /?sale/search/detail/?ITMCODE=p7o2u7l0t3i7c0e1d667 HTTP/1.1" 200 30281 "-" "Mozilla/5.0 (Linux; Android 6.0.1; Nexus 5X Build/MMB29P) AppleWebKit/537.36 (KHTML, like Gecko) Chrome/150.0.7871.186 Mobile Safari/537.36 (compatible; Googlebot/2.1; +http://www.google.com/bot.html)"
20.15.133.174 - - [17/Aug/2026:15:07:23 +0000] "GET /?sale/search/detail/?ITMCODE=l6e3v2y7n0e751308 HTTP/2.0" 200 30748 "-" "Mozilla/5.0 AppleWebKit/537.36 (KHTML, like Gecko; compatible; bingbot/2.0; +http://www.bing.com/bingbot.htm) Chrome/116.0.1938.76 Safari/537.36"
78.40.181.176 - - [17/Aug/2026:15:07:21 +0000] "GET /wp-content/plugins/unlimited-elements-for-elementor/assets_libraries/font-awesome6/fa-solid-900.woff2 HTTP/2.0" 200 156539 "https://reviverenovation.ae/wp-content/plugins/unlimited-elements-for-elementor/assets_libraries/font-awesome6/fontawesome-all.min.css" "Mozilla/5.0 (X11; Linux x86_64) AppleWebKit/537.36 (KHTML, like Gecko) Chrome/151.0.0.0 Safari/537.36; Manus-User/1.0"
78.40.181.176 - - [17/Aug/2026:15:07:21 +0000] "GET /wp-content/uploads/2026/03/matt-briney-DBzq28q5Y2A-unsplash.webp HTTP/2.0" 200 190503 "https://reviverenovation.ae/wp-content/cache/speedycache/reviverenovation.ae/assets/fbe48911448154e2-post-480.css" "Mozilla/5.0 (X11; Linux x86_64) AppleWebKit/537.36 (KHTML, like Gecko) Chrome/151.0.0.0 Safari/537.36; Manus-User/1.0"
78.40.181.176 - - [17/Aug/2026:15:07:25 +0000] "GET /wp-content/plugins/elementor/assets/js/text-editor.45609661e409413f1cef.bundle.min.js HTTP/2.0" 200 648 "https://reviverenovation.ae/" "Mozilla/5.0 (X11; Linux x86_64) AppleWebKit/537.36 (KHTML, like Gecko) Chrome/151.0.0.0 Safari/537.36; Manus-User/1.0"
78.40.181.176 - - [17/Aug/2026:15:07:25 +0000] "GET /wp-content/plugins/elementor/assets/js/shared-frontend-handlers.03caa53373b56d3bab67.bundle.min.js HTTP/2.0" 200 2644 "https://reviverenovation.ae/" "Mozilla/5.0 (X11; Linux x86_64) AppleWebKit/537.36 (KHTML, like Gecko) Chrome/151.0.0.0 Safari/537.36; Manus-User/1.0"
78.40.181.176 - - [17/Aug/2026:15:07:25 +0000] "GET /wp-content/plugins/pro-elements/assets/js/load-more.8b46f464e573feab5dd7.bundle.min.js HTTP/2.0" 200 1590 "https://reviverenovation.ae/" "Mozilla/5.0 (X11; Linux x86_64) AppleWebKit/537.36 (KHTML, like Gecko) Chrome/151.0.0.0 Safari/537.36; Manus-User/1.0"
78.40.181.176 - - [17/Aug/2026:15:07:25 +0000] "GET /wp-content/plugins/pro-elements/assets/js/ajax-pagination.2090b5f4906bcda1dcc2.bundle.min.js HTTP/2.0" 200 1197 "https://reviverenovation.ae/" "Mozilla/5.0 (X11; Linux x86_64) AppleWebKit/537.36 (KHTML, like Gecko) Chrome/151.0.0.0 Safari/537.36; Manus-User/1.0"
78.40.181.176 - - [17/Aug/2026:15:07:25 +0000] "GET /wp-content/plugins/elementor/assets/js/image-carousel.6167d20b95b33386757b.bundle.min.js HTTP/2.0" 200 272 "https://reviverenovation.ae/" "Mozilla/5.0 (X11; Linux x86_64) AppleWebKit/537.36 (KHTML, like Gecko) Chrome/151.0.0.0 Safari/537.36; Manus-User/1.0"
78.40.181.176 - - [17/Aug/2026:15:07:25 +0000] "GET /wp-content/plugins/pro-elements/assets/js/loop.89cc81d2188312a17a17.bundle.min.js HTTP/2.0" 200 3220 "https://reviverenovation.ae/" "Mozilla/5.0 (X11; Linux x86_64) AppleWebKit/537.36 (KHTML, like Gecko) Chrome/151.0.0.0 Safari/537.36; Manus-User/1.0"
66.249.79.37 - - [17/Aug/2026:15:07:26 +0000] "GET /?sale/search/detail/?ITMCODE=d7i3d6r3a7c3h7m4967 HTTP/1.1" 301 - "-" "Mozilla/5.0 (Linux; Android 6.0.1; Nexus 5X Build/MMB29P) AppleWebKit/537.36 (KHTML, like Gecko) Chrome/150.0.7871.186 Mobile Safari/537.36 (compatible; GoogleOther)"
20.15.133.174 - - [17/Aug/2026:15:07:26 +0000] "GET /?sale/search/detail/?ITMCODE=r7e3c7i7d3i4v3a2t1i9o0n HTTP/2.0" 200 29570 "-" "Mozilla/5.0 AppleWebKit/537.36 (KHTML, like Gecko; compatible; bingbot/2.0; +http://www.bing.com/bingbot.htm) Chrome/116.0.1938.76 Safari/537.36"
66.249.79.36 - - [17/Aug/2026:15:07:28 +0000] "GET /?sale/search/detail/?ITMCODE=g7a4m2b3e5e0r07357 HTTP/1.1" 200 31522 "-" "Mozilla/5.0 (Linux; Android 6.0.1; Nexus 5X Build/MMB29P) AppleWebKit/537.36 (KHTML, like Gecko) Chrome/150.0.7871.186 Mobile Safari/537.36 (compatible; Googlebot/2.1; +http://www.google.com/bot.html)"
20.15.133.174 - - [17/Aug/2026:15:07:29 +0000] "GET /?sale/search/detail/?ITMCODE=d0y3s5t4o2m8e129 HTTP/2.0" 200 29751 "-" "Mozilla/5.0 AppleWebKit/537.36 (KHTML, like Gecko; compatible; bingbot/2.0; +http://www.bing.com/bingbot.htm) Chrome/116.0.1938.76 Safari/537.36"
