66.249.79.37 - - [17/Aug/2026:15:07:30 +0000] "GET /?sale/search/detail/?ITMCODE=b7l2i8n2d5s3i6d7e345 HTTP/1.1" 200 29849 "-" "Mozilla/5.0 (Linux; Android 6.0.1; Nexus 5X Build/MMB29P) AppleWebKit/537.36 (KHTML, like Gecko) Chrome/150.0.7871.186 Mobile Safari/537.36 (compatible; Googlebot/2.1; +http://www.google.com/bot.html)"
66.249.79.36 - - [17/Aug/2026:15:07:31 +0000] "GET /?sale%2Fsearch%2Fdetail%2F%3FITMCODE=d7i3d6r3a7c3h7m4967 HTTP/1.1" 200 58127 "-" "Mozilla/5.0 (Linux; Android 6.0.1; Nexus 5X Build/MMB29P) AppleWebKit/537.36 (KHTML, like Gecko) Chrome/150.0.7871.186 Mobile Safari/537.36 (compatible; GoogleOther)"
20.15.133.174 - - [17/Aug/2026:15:07:32 +0000] "GET /?sale/search/detail/?ITMCODE=i8n1f7u9r1i2a2t4e8d49 HTTP/2.0" 200 31239 "-" "Mozilla/5.0 AppleWebKit/537.36 (KHTML, like Gecko; compatible; bingbot/2.0; +http://www.bing.com/bingbot.htm) Chrome/116.0.1938.76 Safari/537.36"
78.40.181.176 - - [17/Aug/2026:15:07:32 +0000] "GET /wp-content/uploads/2026/03/258-Al-Murooj-new-HD-1-25.jpg HTTP/2.0" 200 1625223 "https://reviverenovation.ae/" "Mozilla/5.0 (X11; Linux x86_64) AppleWebKit/537.36 (KHTML, like Gecko) Chrome/151.0.0.0 Safari/537.36; Manus-User/1.0"
78.40.181.176 - - [17/Aug/2026:15:07:32 +0000] "GET /wp-content/uploads/2026/03/slide-image.jpg HTTP/2.0" 200 462480 "https://reviverenovation.ae/" "Mozilla/5.0 (X11; Linux x86_64) AppleWebKit/537.36 (KHTML, like Gecko) Chrome/151.0.0.0 Safari/537.36; Manus-User/1.0"
20.15.133.174 - - [17/Aug/2026:15:07:35 +0000] "GET /?sale/search/detail/?ITMCODE=b5l7u9n9t0i4s6h4n9e7ss HTTP/2.0" 200 30823 "-" "Mozilla/5.0 AppleWebKit/537.36 (KHTML, like Gecko; compatible; bingbot/2.0; +http://www.bing.com/bingbot.htm) Chrome/116.0.1938.76 Safari/537.36"
20.100.185.105 - - [17/Aug/2026:15:07:36 +0000] "GET /aged.php HTTP/1.1" 404 26857 "-" "Mozilla/5.0 (Windows NT 10.0; Win64; x64) AppleWebKit/537.36 (KHTML, like Gecko) Chrome/120.0.0.0 Safari/537.36"
20.15.133.174 - - [17/Aug/2026:15:07:38 +0000] "GET /?sale/search/detail/?ITMCODE=b7o3o7k8e9r202033 HTTP/2.0" 200 29854 "-" "Mozilla/5.0 AppleWebKit/537.36 (KHTML, like Gecko; compatible; bingbot/2.0; +http://www.bing.com/bingbot.htm) Chrome/116.0.1938.76 Safari/537.36"
66.249.79.36 - - [17/Aug/2026:15:07:40 +0000] "GET /wp-content/plugins/elementor/assets/css/conditionals/apple-webkit.min.css?ver=4.0.2 HTTP/1.1" 200 547 "https://reviverenovation.ae/?sale%2Fsearch%2Fdetail%2F%3FITMCODE=d7i3d6r3a7c3h7m4967" "Mozilla/5.0 (Linux; Android 6.0.1; Nexus 5X Build/MMB29P) AppleWebKit/537.36 (KHTML, like Gecko) Chrome/150.0.7871.186 Mobile Safari/537.36 (compatible; GoogleOther)"
66.249.79.37 - - [17/Aug/2026:15:07:41 +0000] "GET /wp-content/themes/astra/assets/js/minified/frontend.min.js?ver=4.12.7 HTTP/1.1" 200 5952 "https://reviverenovation.ae/?sale%2Fsearch%2Fdetail%2F%3FITMCODE=d7i3d6r3a7c3h7m4967" "Mozilla/5.0 (Linux; Android 6.0.1; Nexus 5X Build/MMB29P) AppleWebKit/537.36 (KHTML, like Gecko) Chrome/150.0.7871.186 Mobile Safari/537.36 (compatible; GoogleOther)"
198.38.94.13 - - [17/Aug/2026:15:07:41 +0000] "POST /wp-cron.php?doing_wp_cron=1786979261.1977720260620117187500 HTTP/1.1" 200 - "-" "WordPress/7.0.4; https://reviverenovation.ae"
20.100.185.105 - - [17/Aug/2026:15:07:38 +0000] "GET /essexec.php HTTP/1.1" 404 26857 "-" "Mozilla/5.0 (Windows NT 10.0; Win64; x64) AppleWebKit/537.36 (KHTML, like Gecko) Chrome/120.0.0.0 Safari/537.36"
20.15.133.174 - - [17/Aug/2026:15:07:41 +0000] "GET /?sale/search/detail/?ITMCODE=a7n3t3i6p8a3r3a3l9l5els HTTP/2.0" 200 32243 "-" "Mozilla/5.0 AppleWebKit/537.36 (KHTML, like Gecko; compatible; bingbot/2.0; +http://www.bing.com/bingbot.htm) Chrome/116.0.1938.76 Safari/537.36"
20.100.185.105 - - [17/Aug/2026:15:07:41 +0000] "GET /fw.php HTTP/1.1" 404 26857 "-" "Mozilla/5.0 (Windows NT 10.0; Win64; x64) AppleWebKit/537.36 (KHTML, like Gecko) Chrome/120.0.0.0 Safari/537.36"
66.249.79.36 - - [17/Aug/2026:15:07:43 +0000] "GET /?sale/search/detail/?ITMCODE=c7h3o5r9e3g5r3a4p8h9y0 HTTP/1.1" 200 30933 "-" "Mozilla/5.0 (Linux; Android 6.0.1; Nexus 5X Build/MMB29P) AppleWebKit/537.36 (KHTML, like Gecko) Chrome/150.0.7871.186 Mobile Safari/537.36 (compatible; Googlebot/2.1; +http://www.google.com/bot.html)"
20.15.133.174 - - [17/Aug/2026:15:07:44 +0000] "GET /?sale/search/detail/?ITMCODE=t1o2l2u7y5l866417 HTTP/2.0" 200 33190 "-" "Mozilla/5.0 AppleWebKit/537.36 (KHTML, like Gecko; compatible; bingbot/2.0; +http://www.bing.com/bingbot.htm) Chrome/116.0.1938.76 Safari/537.36"
20.100.185.105 - - [17/Aug/2026:15:07:44 +0000] "GET /zwso.php HTTP/1.1" 404 26858 "-" "Mozilla/5.0 (Windows NT 10.0; Win64; x64) AppleWebKit/537.36 (KHTML, like Gecko) Chrome/120.0.0.0 Safari/537.36"
35.175.93.50 - - [17/Aug/2026:15:07:46 +0000] "GET /wp-content/uploads/2026/03/258-Al-Murooj-new-HD-1-18.jpg HTTP/2.0" 200 1427032 "-" "Go-http-client/2.0"
35.175.93.50 - - [17/Aug/2026:15:07:46 +0000] "GET /wp-content/uploads/2026/03/75-Parkview-Dubai-Hills-Large-Format-68.jpg HTTP/2.0" 200 243075 "-" "Go-http-client/2.0"
35.175.93.50 - - [17/Aug/2026:15:07:46 +0000] "GET /wp-content/uploads/2026/03/75-Parkview-Dubai-Hills-Large-Format-68.jpg HTTP/2.0" 200 243075 "-" "Go-http-client/2.0"
35.175.93.50 - - [17/Aug/2026:15:07:46 +0000] "GET /wp-content/uploads/2026/03/258-Al-Murooj-new-HD-1-21.jpg HTTP/2.0" 200 1264791 "-" "Go-http-client/2.0"
35.175.93.50 - - [17/Aug/2026:15:07:46 +0000] "GET /wp-content/uploads/2026/03/5-VI06FC1-14.jpg HTTP/2.0" 200 1003346 "-" "Go-http-client/2.0"
78.40.181.176 - - [17/Aug/2026:15:07:48 +0000] "GET /wp-content/uploads/2026/03/flavicon-150x150.png HTTP/2.0" 200 4922 "https://reviverenovation.ae/" "Mozilla/5.0 (X11; Linux x86_64) AppleWebKit/537.36 (KHTML, like Gecko) Chrome/151.0.0.0 Safari/537.36; Manus-User/1.0"
20.15.133.174 - - [17/Aug/2026:15:07:47 +0000] "GET /?sale/search/detail/?ITMCODE=f4a1r4i0n8a2c4e7o3u0s6 HTTP/2.0" 200 29903 "-" "Mozilla/5.0 AppleWebKit/537.36 (KHTML, like Gecko; compatible; bingbot/2.0; +http://www.bing.com/bingbot.htm) Chrome/116.0.1938.76 Safari/537.36"
20.100.185.105 - - [17/Aug/2026:15:07:47 +0000] "GET /term.php HTTP/1.1" 404 26857 "-" "Mozilla/5.0 (Windows NT 10.0; Win64; x64) AppleWebKit/537.36 (KHTML, like Gecko) Chrome/120.0.0.0 Safari/537.36"
20.100.185.105 - - [17/Aug/2026:15:07:49 +0000] "GET /wp-includes/Requests/library/index.php HTTP/1.1" 301 - "-" "Mozilla/5.0 (Windows NT 10.0; Win64; x64) AppleWebKit/537.36 (KHTML, like Gecko) Chrome/120.0.0.0 Safari/537.36"
20.15.133.174 - - [17/Aug/2026:15:07:50 +0000] "GET /?sale/search/detail/?ITMCODE=i0n2f6l0e6x853325 HTTP/2.0" 200 30081 "-" "Mozilla/5.0 AppleWebKit/537.36 (KHTML, like Gecko; compatible; bingbot/2.0; +http://www.bing.com/bingbot.htm) Chrome/116.0.1938.76 Safari/537.36"
66.249.79.37 - - [17/Aug/2026:15:07:51 +0000] "GET /?sale/search/detail/?ITMCODE=b7u9g5l8o5s3s0379 HTTP/1.1" 200 32097 "-" "Mozilla/5.0 (Linux; Android 6.0.1; Nexus 5X Build/MMB29P) AppleWebKit/537.36 (KHTML, like Gecko) Chrome/150.0.7871.186 Mobile Safari/537.36 (compatible; Googlebot/2.1; +http://www.google.com/bot.html)"
20.100.185.105 - - [17/Aug/2026:15:07:51 +0000] "GET /wp-access.php HTTP/1.1" 404 26858 "-" "Mozilla/5.0 (Windows NT 10.0; Win64; x64) AppleWebKit/537.36 (KHTML, like Gecko) Chrome/120.0.0.0 Safari/537.36"
39.34.143.217 - - [17/Aug/2026:15:07:53 +0000] "GET /wp-content/cache/speedycache/reviverenovation.ae/assets/57c950ff2ac8ff7e-animations.js HTTP/2.0" 304 - "-" "Mozilla/5.0 (Windows NT 10.0; Win64; x64) AppleWebKit/537.36 (KHTML, like Gecko) Chrome/151.0.0.0 Safari/537.36"
39.34.143.217 - - [17/Aug/2026:15:07:53 +0000] "GET /wp-content/cache/speedycache/reviverenovation.ae/assets/3e3350c88b93ffda-wws.js HTTP/2.0" 304 - "-" "Mozilla/5.0 (Windows NT 10.0; Win64; x64) AppleWebKit/537.36 (KHTML, like Gecko) Chrome/151.0.0.0 Safari/537.36"
39.34.143.217 - - [17/Aug/2026:15:07:53 +0000] "GET /wp-content/cache/speedycache/reviverenovation.ae/assets/7278ec8f1975e6ee-smooth-scroll.js HTTP/2.0" 304 - "-" "Mozilla/5.0 (Windows NT 10.0; Win64; x64) AppleWebKit/537.36 (KHTML, like Gecko) Chrome/151.0.0.0 Safari/537.36"
39.34.143.217 - - [17/Aug/2026:15:07:53 +0000] "GET /wp-content/cache/speedycache/reviverenovation.ae/assets/b90a6b6986dcecf7-astra-addon-69ddef01d1ba53-08965612.js HTTP/2.0" 304 - "-" "Mozilla/5.0 (Windows NT 10.0; Win64; x64) AppleWebKit/537.36 (KHTML, like Gecko) Chrome/151.0.0.0 Safari/537.36"
20.15.133.174 - - [17/Aug/2026:15:07:53 +0000] "GET /?sale/search/detail/?ITMCODE=t7a4x0i2a2934483 HTTP/2.0" 200 32539 "-" "Mozilla/5.0 AppleWebKit/537.36 (KHTML, like Gecko; compatible; bingbot/2.0; +http://www.bing.com/bingbot.htm) Chrome/116.0.1938.76 Safari/537.36"
66.249.79.37 - - [17/Aug/2026:15:07:53 +0000] "GET /?sale/search/detail/?ITMCODE=p7e1r9i5s5c7o4p7e708 HTTP/1.1" 200 30209 "-" "Mozilla/5.0 (Linux; Android 6.0.1; Nexus 5X Build/MMB29P) AppleWebKit/537.36 (KHTML, like Gecko) Chrome/150.0.7871.186 Mobile Safari/537.36 (compatible; Googlebot/2.1; +http://www.google.com/bot.html)"
20.100.185.105 - - [17/Aug/2026:15:07:54 +0000] "GET /bthil.php HTTP/1.1" 404 26857 "-" "Mozilla/5.0 (Windows NT 10.0; Win64; x64) AppleWebKit/537.36 (KHTML, like Gecko) Chrome/120.0.0.0 Safari/537.36"
66.249.79.37 - - [17/Aug/2026:15:07:56 +0000] "GET /?sale/search/detail/?ITMCODE=a7r1m5e2n9i1a89448 HTTP/1.1" 301 - "-" "Mozilla/5.0 (Linux; Android 6.0.1; Nexus 5X Build/MMB29P) AppleWebKit/537.36 (KHTML, like Gecko) Chrome/150.0.7871.186 Mobile Safari/537.36 (compatible; GoogleOther)"
20.15.133.174 - - [17/Aug/2026:15:07:56 +0000] "GET /?sale/search/detail/?ITMCODE=l6e3o4p4a0r5d0w5o6o7d HTTP/2.0" 200 31866 "-" "Mozilla/5.0 AppleWebKit/537.36 (KHTML, like Gecko; compatible; bingbot/2.0; +http://www.bing.com/bingbot.htm) Chrome/116.0.1938.76 Safari/537.36"
20.100.185.105 - - [17/Aug/2026:15:07:56 +0000] "GET /wp-content/packed.php HTTP/1.1" 404 26857 "-" "Mozilla/5.0 (Windows NT 10.0; Win64; x64) AppleWebKit/537.36 (KHTML, like Gecko) Chrome/120.0.0.0 Safari/537.36"
20.15.133.174 - - [17/Aug/2026:15:07:59 +0000] "GET /?sale/search/detail/?ITMCODE=t6r3i9t0h3e0i5s5t976 HTTP/2.0" 200 31297 "-" "Mozilla/5.0 AppleWebKit/537.36 (KHTML, like Gecko; compatible; bingbot/2.0; +http://www.bing.com/bingbot.htm) Chrome/116.0.1938.76 Safari/537.36"
20.100.185.105 - - [17/Aug/2026:15:07:59 +0000] "GET /admin/function.php HTTP/1.1" 404 26857 "-" "Mozilla/5.0 (Windows NT 10.0; Win64; x64) AppleWebKit/537.36 (KHTML, like Gecko) Chrome/120.0.0.0 Safari/537.36"
66.249.79.37 - - [17/Aug/2026:15:08:00 +0000] "GET /projects/villa-renovation-dubai-hills-estate/ HTTP/1.1" 200 29856 "-" "Mozilla/5.0 (compatible; Googlebot/2.1; +http://www.google.com/bot.html)"
66.249.79.37 - - [17/Aug/2026:15:08:01 +0000] "GET /projects/sense-at-the-field-meydan/ HTTP/1.1" 200 30148 "-" "Mozilla/5.0 (compatible; Googlebot/2.1; +http://www.google.com/bot.html)"
66.249.79.36 - - [17/Aug/2026:15:08:00 +0000] "GET /?sale%2Fsearch%2Fdetail%2F%3FITMCODE=a7r1m5e2n9i1a89448 HTTP/1.1" 200 58127 "-" "Mozilla/5.0 (Linux; Android 6.0.1; Nexus 5X Build/MMB29P) AppleWebKit/537.36 (KHTML, like Gecko) Chrome/150.0.7871.186 Mobile Safari/537.36 (compatible; GoogleOther)"
66.249.79.36 - - [17/Aug/2026:15:08:01 +0000] "GET /projects/sense-at-the-field-meydan/ HTTP/1.1" 200 30154 "-" "Mozilla/5.0 (Linux; Android 6.0.1; Nexus 5X Build/MMB29P) AppleWebKit/537.36 (KHTML, like Gecko) Chrome/99.0.4844.84 Mobile Safari/537.36 (compatible; Googlebot/2.1; +http://www.google.com/bot.html)"
20.15.133.174 - - [17/Aug/2026:15:08:02 +0000] "GET /?sale/search/detail/?ITMCODE=a1b4o0l7i1s2h8i5n6g73 HTTP/2.0" 200 30300 "-" "Mozilla/5.0 AppleWebKit/537.36 (KHTML, like Gecko; compatible; bingbot/2.0; +http://www.bing.com/bingbot.htm) Chrome/116.0.1938.76 Safari/537.36"
20.100.185.105 - - [17/Aug/2026:15:08:02 +0000] "GET /zoom1.php HTTP/1.1" 404 26858 "-" "Mozilla/5.0 (Windows NT 10.0; Win64; x64) AppleWebKit/537.36 (KHTML, like Gecko) Chrome/120.0.0.0 Safari/537.36"
66.249.79.36 - - [17/Aug/2026:15:08:03 +0000] "GET /projects/villa-renovation-dubai-hills-estate/ HTTP/1.1" 200 29617 "-" "Mozilla/5.0 (Linux; Android 6.0.1; Nexus 5X Build/MMB29P) AppleWebKit/537.36 (KHTML, like Gecko) Chrome/99.0.4844.84 Mobile Safari/537.36 (compatible; Googlebot/2.1; +http://www.google.com/bot.html)"
20.15.133.174 - - [17/Aug/2026:15:08:05 +0000] "GET /?sale/search/detail/?ITMCODE=b2o3u0g9e2d200796 HTTP/2.0" 200 32303 "-" "Mozilla/5.0 AppleWebKit/537.36 (KHTML, like Gecko; compatible; bingbot/2.0; +http://www.bing.com/bingbot.htm) Chrome/116.0.1938.76 Safari/537.36"
20.100.185.105 - - [17/Aug/2026:15:08:05 +0000] "GET /about.php7 HTTP/1.1" 404 26857 "-" "Mozilla/5.0 (Windows NT 10.0; Win64; x64) AppleWebKit/537.36 (KHTML, like Gecko) Chrome/120.0.0.0 Safari/537.36"
66.249.79.36 - - [17/Aug/2026:15:08:07 +0000] "GET /?sale/search/detail/?ITMCODE=m7a3s3o4n3027073 HTTP/1.1" 200 32074 "-" "Mozilla/5.0 (Linux; Android 6.0.1; Nexus 5X Build/MMB29P) AppleWebKit/537.36 (KHTML, like Gecko) Chrome/150.0.7871.186 Mobile Safari/537.36 (compatible; Googlebot/2.1; +http://www.google.com/bot.html)"
66.249.79.36 - - [17/Aug/2026:15:08:07 +0000] "GET /?sale/search/detail/?ITMCODE=e7r9u3g4a6t5e1373 HTTP/1.1" 200 29852 "-" "Mozilla/5.0 (Linux; Android 6.0.1; Nexus 5X Build/MMB29P) AppleWebKit/537.36 (KHTML, like Gecko) Chrome/150.0.7871.186 Mobile Safari/537.36 (compatible; Googlebot/2.1; +http://www.google.com/bot.html)"
66.249.79.36 - - [17/Aug/2026:15:08:08 +0000] "GET /?sale/search/detail/?ITMCODE=d5e1s6p9o3n9d9e3n7t9l4y HTTP/1.1" 301 - "-" "Mozilla/5.0 (Linux; Android 6.0.1; Nexus 5X Build/MMB29P) AppleWebKit/537.36 (KHTML, like Gecko) Chrome/150.0.7871.186 Mobile Safari/537.36 (compatible; GoogleOther)"
20.100.185.105 - - [17/Aug/2026:15:08:07 +0000] "GET /cron.php HTTP/1.1" 404 26857 "-" "Mozilla/5.0 (Windows NT 10.0; Win64; x64) AppleWebKit/537.36 (KHTML, like Gecko) Chrome/120.0.0.0 Safari/537.36"
20.15.133.174 - - [17/Aug/2026:15:08:08 +0000] "GET /?sale/search/detail/?ITMCODE=m7a2r9i2o9n0e5t6t1e20 HTTP/2.0" 200 30691 "-" "Mozilla/5.0 AppleWebKit/537.36 (KHTML, like Gecko; compatible; bingbot/2.0; +http://www.bing.com/bingbot.htm) Chrome/116.0.1938.76 Safari/537.36"
78.40.181.176 - - [17/Aug/2026:15:08:12 +0000] "GET /wp-content/uploads/2026/03/Logo-new-07-scaled-173x39.png HTTP/2.0" 200 3462 "-" "curl/8.5.0"
20.100.185.105 - - [17/Aug/2026:15:08:10 +0000] "GET /wp-2019.php HTTP/1.1" 404 26858 "-" "Mozilla/5.0 (Windows NT 10.0; Win64; x64) AppleWebKit/537.36 (KHTML, like Gecko) Chrome/120.0.0.0 Safari/537.36"
20.100.185.105 - - [17/Aug/2026:15:08:12 +0000] "GET /gecko-new.php HTTP/1.1" 403 9425 "-" "Mozilla/5.0 (Windows NT 10.0; Win64; x64) AppleWebKit/537.36 (KHTML, like Gecko) Chrome/120.0.0.0 Safari/537.36"
20.15.133.174 - - [17/Aug/2026:15:08:12 +0000] "GET /?sale/search/detail/?ITMCODE=b1r1o5a3d5t9a5i3l073 HTTP/2.0" 200 29438 "-" "Mozilla/5.0 AppleWebKit/537.36 (KHTML, like Gecko; compatible; bingbot/2.0; +http://www.bing.com/bingbot.htm) Chrome/116.0.1938.76 Safari/537.36"
198.38.94.13 - - [17/Aug/2026:15:08:13 +0000] "POST /wp-cron.php?doing_wp_cron=1786979293.3805639743804931640625 HTTP/1.1" 200 - "-" "WordPress/7.0.4; https://reviverenovation.ae"
66.249.79.36 - - [17/Aug/2026:15:08:10 +0000] "GET /?sale%2Fsearch%2Fdetail%2F%3FITMCODE=d5e1s6p9o3n9d9e3n7t9l4y HTTP/1.1" 200 58126 "-" "Mozilla/5.0 (Linux; Android 6.0.1; Nexus 5X Build/MMB29P) AppleWebKit/537.36 (KHTML, like Gecko) Chrome/150.0.7871.186 Mobile Safari/537.36 (compatible; GoogleOther)"
66.249.79.36 - - [17/Aug/2026:15:08:12 +0000] "GET /?sale/search/detail/?ITMCODE=k7e1n7n4i9n0g61640 HTTP/1.1" 200 31487 "-" "Mozilla/5.0 (Linux; Android 6.0.1; Nexus 5X Build/MMB29P) AppleWebKit/537.36 (KHTML, like Gecko) Chrome/150.0.7871.186 Mobile Safari/537.36 (compatible; Googlebot/2.1; +http://www.google.com/bot.html)"
20.15.133.174 - - [17/Aug/2026:15:08:14 +0000] "GET /?sale/search/detail/?ITMCODE=c7e2n1o2b2i7t5e7185 HTTP/2.0" 200 29668 "-" "Mozilla/5.0 AppleWebKit/537.36 (KHTML, like Gecko; compatible; bingbot/2.0; +http://www.bing.com/bingbot.htm) Chrome/116.0.1938.76 Safari/537.36"
20.100.185.105 - - [17/Aug/2026:15:08:15 +0000] "GET /add_actualites.php HTTP/1.1" 404 26858 "-" "Mozilla/5.0 (Windows NT 10.0; Win64; x64) AppleWebKit/537.36 (KHTML, like Gecko) Chrome/120.0.0.0 Safari/537.36"
20.15.133.174 - - [17/Aug/2026:15:08:17 +0000] "GET /?sale/search/detail/?ITMCODE=t5i2r7a7i2l9l9e5u0r03 HTTP/2.0" 200 30195 "-" "Mozilla/5.0 AppleWebKit/537.36 (KHTML, like Gecko; compatible; bingbot/2.0; +http://www.bing.com/bingbot.htm) Chrome/116.0.1938.76 Safari/537.36"
20.100.185.105 - - [17/Aug/2026:15:08:18 +0000] "GET /browse.php HTTP/1.1" 404 26858 "-" "Mozilla/5.0 (Windows NT 10.0; Win64; x64) AppleWebKit/537.36 (KHTML, like Gecko) Chrome/120.0.0.0 Safari/537.36"
20.15.133.174 - - [17/Aug/2026:15:08:21 +0000] "GET /?sale/search/detail/?ITMCODE=s2y1n6o0s4t6e5o3s4i7s6 HTTP/2.0" 200 30850 "-" "Mozilla/5.0 AppleWebKit/537.36 (KHTML, like Gecko; compatible; bingbot/2.0; +http://www.bing.com/bingbot.htm) Chrome/116.0.1938.76 Safari/537.36"
20.100.185.105 - - [17/Aug/2026:15:08:20 +0000] "GET /contentloader1.php HTTP/1.1" 404 26857 "-" "Mozilla/5.0 (Windows NT 10.0; Win64; x64) AppleWebKit/537.36 (KHTML, like Gecko) Chrome/120.0.0.0 Safari/537.36"
66.249.79.37 - - [17/Aug/2026:15:08:22 +0000] "GET /?sale/search/detail/?ITMCODE=o7t2o7l7o6g9i5c6a7l60 HTTP/1.1" 200 29556 "-" "Mozilla/5.0 (Linux; Android 6.0.1; Nexus 5X Build/MMB29P) AppleWebKit/537.36 (KHTML, like Gecko) Chrome/150.0.7871.186 Mobile Safari/537.36 (compatible; Googlebot/2.1; +http://www.google.com/bot.html)"
20.15.133.174 - - [17/Aug/2026:15:08:22 +0000] "GET /?sale/search/detail/?ITMCODE=o3u3t4b4r5e4a1s3t16 HTTP/2.0" 200 33766 "-" "Mozilla/5.0 AppleWebKit/537.36 (KHTML, like Gecko; compatible; bingbot/2.0; +http://www.bing.com/bingbot.htm) Chrome/116.0.1938.76 Safari/537.36"
20.100.185.105 - - [17/Aug/2026:15:08:23 +0000] "GET /upfile.php HTTP/1.1" 404 26856 "-" "Mozilla/5.0 (Windows NT 10.0; Win64; x64) AppleWebKit/537.36 (KHTML, like Gecko) Chrome/120.0.0.0 Safari/537.36"
20.15.133.174 - - [17/Aug/2026:15:08:25 +0000] "GET /?sale/search/detail/?ITMCODE=p6l1e1a3d9i4n2g7l8y82 HTTP/2.0" 200 36120 "-" "Mozilla/5.0 AppleWebKit/537.36 (KHTML, like Gecko; compatible; bingbot/2.0; +http://www.bing.com/bingbot.htm) Chrome/116.0.1938.76 Safari/537.36"
66.249.79.37 - - [17/Aug/2026:15:08:26 +0000] "GET /?sale/search/detail/?ITMCODE=c7h3e2e7k1l9e3s6s554 HTTP/1.1" 301 - "-" "Mozilla/5.0 (Linux; Android 6.0.1; Nexus 5X Build/MMB29P) AppleWebKit/537.36 (KHTML, like Gecko) Chrome/150.0.7871.186 Mobile Safari/537.36 (compatible; GoogleOther)"
20.100.185.105 - - [17/Aug/2026:15:08:25 +0000] "GET /form.php HTTP/1.1" 404 26856 "-" "Mozilla/5.0 (Windows NT 10.0; Win64; x64) AppleWebKit/537.36 (KHTML, like Gecko) Chrome/120.0.0.0 Safari/537.36"
20.15.133.174 - - [17/Aug/2026:15:08:28 +0000] "GET /?sale/search/detail/?ITMCODE=b7l2o5v9i1a1t4i4o9n71 HTTP/2.0" 200 32632 "-" "Mozilla/5.0 AppleWebKit/537.36 (KHTML, like Gecko; compatible; bingbot/2.0; +http://www.bing.com/bingbot.htm) Chrome/116.0.1938.76 Safari/537.36"
66.249.79.36 - - [17/Aug/2026:15:08:29 +0000] "GET /?sale/search/detail/?ITMCODE=c7r4y1s8t7a5l8l1o6g6r0aphically HTTP/1.1" 200 29786 "-" "Mozilla/5.0 (Linux; Android 6.0.1; Nexus 5X Build/MMB29P) AppleWebKit/537.36 (KHTML, like Gecko) Chrome/150.0.7871.186 Mobile Safari/537.36 (compatible; Googlebot/2.1; +http://www.google.com/bot.html)"
20.100.185.105 - - [17/Aug/2026:15:08:28 +0000] "GET /wp-sigunq.php HTTP/1.1" 404 26857 "-" "Mozilla/5.0 (Windows NT 10.0; Win64; x64) AppleWebKit/537.36 (KHTML, like Gecko) Chrome/120.0.0.0 Safari/537.36"
20.15.133.174 - - [17/Aug/2026:15:08:31 +0000] "GET /?sale/search/detail/?ITMCODE=e6x3h9u0m7i1n9g8434 HTTP/2.0" 200 29648 "-" "Mozilla/5.0 AppleWebKit/537.36 (KHTML, like Gecko; compatible; bingbot/2.0; +http://www.bing.com/bingbot.htm) Chrome/116.0.1938.76 Safari/537.36"
66.249.79.37 - - [17/Aug/2026:15:08:30 +0000] "GET /?sale%2Fsearch%2Fdetail%2F%3FITMCODE=c7h3e2e7k1l9e3s6s554 HTTP/1.1" 200 58126 "-" "Mozilla/5.0 (Linux; Android 6.0.1; Nexus 5X Build/MMB29P) AppleWebKit/537.36 (KHTML, like Gecko) Chrome/150.0.7871.186 Mobile Safari/537.36 (compatible; GoogleOther)"
20.100.185.105 - - [17/Aug/2026:15:08:31 +0000] "GET /07.php HTTP/1.1" 404 26856 "-" "Mozilla/5.0 (Windows NT 10.0; Win64; x64) AppleWebKit/537.36 (KHTML, like Gecko) Chrome/120.0.0.0 Safari/537.36"
20.100.185.105 - - [17/Aug/2026:15:08:34 +0000] "GET /c99.php HTTP/1.1" 403 9425 "-" "Mozilla/5.0 (Windows NT 10.0; Win64; x64) AppleWebKit/537.36 (KHTML, like Gecko) Chrome/120.0.0.0 Safari/537.36"
20.15.133.174 - - [17/Aug/2026:15:08:35 +0000] "GET /?sale/search/detail/?ITMCODE=p7r3o1p6o4u0n8d2243 HTTP/2.0" 200 32804 "-" "Mozilla/5.0 AppleWebKit/537.36 (KHTML, like Gecko; compatible; bingbot/2.0; +http://www.bing.com/bingbot.htm) Chrome/116.0.1938.76 Safari/537.36"
20.100.185.105 - - [17/Aug/2026:15:08:36 +0000] "GET /wander.php HTTP/1.1" 404 26858 "-" "Mozilla/5.0 (Windows NT 10.0; Win64; x64) AppleWebKit/537.36 (KHTML, like Gecko) Chrome/120.0.0.0 Safari/537.36"
20.15.133.174 - - [17/Aug/2026:15:08:38 +0000] "GET /?sale/search/detail/?ITMCODE=c0e3d7r2e1n425416 HTTP/2.0" 200 29566 "-" "Mozilla/5.0 AppleWebKit/537.36 (KHTML, like Gecko; compatible; bingbot/2.0; +http://www.bing.com/bingbot.htm) Chrome/116.0.1938.76 Safari/537.36"
66.249.79.37 - - [17/Aug/2026:15:08:38 +0000] "GET /?sale/search/detail/?ITMCODE=l7e1a2t9h4e4r2b8a5c5k1ed HTTP/1.1" 200 30037 "-" "Mozilla/5.0 (Linux; Android 6.0.1; Nexus 5X Build/MMB29P) AppleWebKit/537.36 (KHTML, like Gecko) Chrome/150.0.7871.186 Mobile Safari/537.36 (compatible; Googlebot/2.1; +http://www.google.com/bot.html)"
20.100.185.105 - - [17/Aug/2026:15:08:39 +0000] "GET /colour.php HTTP/1.1" 404 26858 "-" "Mozilla/5.0 (Windows NT 10.0; Win64; x64) AppleWebKit/537.36 (KHTML, like Gecko) Chrome/120.0.0.0 Safari/537.36"
20.15.133.174 - - [17/Aug/2026:15:08:41 +0000] "GET /?sale/search/detail/?ITMCODE=s8h7o4w2m2e5n2049 HTTP/2.0" 200 29889 "-" "Mozilla/5.0 AppleWebKit/537.36 (KHTML, like Gecko; compatible; bingbot/2.0; +http://www.bing.com/bingbot.htm) Chrome/116.0.1938.76 Safari/537.36"
20.100.185.105 - - [17/Aug/2026:15:08:41 +0000] "GET /file4.php HTTP/1.1" 404 26857 "-" "Mozilla/5.0 (Windows NT 10.0; Win64; x64) AppleWebKit/537.36 (KHTML, like Gecko) Chrome/120.0.0.0 Safari/537.36"
20.15.133.174 - - [17/Aug/2026:15:08:44 +0000] "GET /?sale/search/detail/?ITMCODE=m6u2l1t3i8c9i2p9i7t5a7l HTTP/2.0" 200 34352 "-" "Mozilla/5.0 AppleWebKit/537.36 (KHTML, like Gecko; compatible; bingbot/2.0; +http://www.bing.com/bingbot.htm) Chrome/116.0.1938.76 Safari/537.36"
20.100.185.105 - - [17/Aug/2026:15:08:44 +0000] "GET /wp-includes/assets/index.php HTTP/1.1" 301 - "-" "Mozilla/5.0 (Windows NT 10.0; Win64; x64) AppleWebKit/537.36 (KHTML, like Gecko) Chrome/120.0.0.0 Safari/537.36"
20.15.133.174 - - [17/Aug/2026:15:08:47 +0000] "GET /?sale/search/detail/?ITMCODE=i3r3i9s6e5s914557 HTTP/2.0" 200 34217 "-" "Mozilla/5.0 AppleWebKit/537.36 (KHTML, like Gecko; compatible; bingbot/2.0; +http://www.bing.com/bingbot.htm) Chrome/116.0.1938.76 Safari/537.36"
20.100.185.105 - - [17/Aug/2026:15:08:46 +0000] "GET /t.php HTTP/1.1" 404 26856 "-" "Mozilla/5.0 (Windows NT 10.0; Win64; x64) AppleWebKit/537.36 (KHTML, like Gecko) Chrome/120.0.0.0 Safari/537.36"
20.100.185.105 - - [17/Aug/2026:15:08:49 +0000] "GET /.well-known/acme-challenge/file.php HTTP/1.1" 404 26857 "-" "Mozilla/5.0 (Windows NT 10.0; Win64; x64) AppleWebKit/537.36 (KHTML, like Gecko) Chrome/120.0.0.0 Safari/537.36"
20.15.133.174 - - [17/Aug/2026:15:08:50 +0000] "GET /?sale/search/detail/?ITMCODE=d4i1c1o1t3y2l7e9d5o1n5ae HTTP/2.0" 200 29701 "-" "Mozilla/5.0 AppleWebKit/537.36 (KHTML, like Gecko; compatible; bingbot/2.0; +http://www.bing.com/bingbot.htm) Chrome/116.0.1938.76 Safari/537.36"
66.249.79.32 - - [17/Aug/2026:15:08:50 +0000] "GET /?sale/search/detail/?ITMCODE=x7e8r5o0p8h4y3l0l6u6m HTTP/1.1" 200 30164 "-" "Mozilla/5.0 (Linux; Android 6.0.1; Nexus 5X Build/MMB29P) AppleWebKit/537.36 (KHTML, like Gecko) Chrome/150.0.7871.186 Mobile Safari/537.36 (compatible; Googlebot/2.1; +http://www.google.com/bot.html)"
39.34.143.217 - - [17/Aug/2026:15:08:53 +0000] "GET /wp-content/cache/speedycache/reviverenovation.ae/assets/7278ec8f1975e6ee-smooth-scroll.js HTTP/2.0" 304 - "-" "Mozilla/5.0 (Windows NT 10.0; Win64; x64) AppleWebKit/537.36 (KHTML, like Gecko) Chrome/151.0.0.0 Safari/537.36"
39.34.143.217 - - [17/Aug/2026:15:08:53 +0000] "GET /wp-content/cache/speedycache/reviverenovation.ae/assets/b90a6b6986dcecf7-astra-addon-69ddef01d1ba53-08965612.js HTTP/2.0" 304 - "-" "Mozilla/5.0 (Windows NT 10.0; Win64; x64) AppleWebKit/537.36 (KHTML, like Gecko) Chrome/151.0.0.0 Safari/537.36"
39.34.143.217 - - [17/Aug/2026:15:08:53 +0000] "GET /wp-content/cache/speedycache/reviverenovation.ae/assets/57c950ff2ac8ff7e-animations.js HTTP/2.0" 304 - "-" "Mozilla/5.0 (Windows NT 10.0; Win64; x64) AppleWebKit/537.36 (KHTML, like Gecko) Chrome/151.0.0.0 Safari/537.36"
39.34.143.217 - - [17/Aug/2026:15:08:53 +0000] "GET /wp-content/cache/speedycache/reviverenovation.ae/assets/3e3350c88b93ffda-wws.js HTTP/2.0" 304 - "-" "Mozilla/5.0 (Windows NT 10.0; Win64; x64) AppleWebKit/537.36 (KHTML, like Gecko) Chrome/151.0.0.0 Safari/537.36"
20.100.185.105 - - [17/Aug/2026:15:08:51 +0000] "GET /bgymj.php HTTP/1.1" 404 26856 "-" "Mozilla/5.0 (Windows NT 10.0; Win64; x64) AppleWebKit/537.36 (KHTML, like Gecko) Chrome/120.0.0.0 Safari/537.36"
20.15.133.174 - - [17/Aug/2026:15:08:53 +0000] "GET /?sale/search/detail/?ITMCODE=m2i1s9h8a9p8p5e1n495 HTTP/2.0" 200 35489 "-" "Mozilla/5.0 AppleWebKit/537.36 (KHTML, like Gecko; compatible; bingbot/2.0; +http://www.bing.com/bingbot.htm) Chrome/116.0.1938.76 Safari/537.36"
66.249.79.36 - - [17/Aug/2026:15:08:53 +0000] "GET /?sale/search/detail/?ITMCODE=o7p1a2l3o4t1y2p1e543 HTTP/1.1" 301 - "-" "Mozilla/5.0 (Linux; Android 6.0.1; Nexus 5X Build/MMB29P) AppleWebKit/537.36 (KHTML, like Gecko) Chrome/150.0.7871.186 Mobile Safari/537.36 (compatible; GoogleOther)"
20.100.185.105 - - [17/Aug/2026:15:08:54 +0000] "GET /wp-includes/Text/Diff/Engine/ HTTP/1.1" 404 26856 "-" "Mozilla/5.0 (Windows NT 10.0; Win64; x64) AppleWebKit/537.36 (KHTML, like Gecko) Chrome/120.0.0.0 Safari/537.36"
20.15.133.174 - - [17/Aug/2026:15:08:56 +0000] "GET /?sale/search/detail/?ITMCODE=c6o2p1e3c4h1i5s2e1l63 HTTP/2.0" 200 29401 "-" "Mozilla/5.0 AppleWebKit/537.36 (KHTML, like Gecko; compatible; bingbot/2.0; +http://www.bing.com/bingbot.htm) Chrome/116.0.1938.76 Safari/537.36"
66.249.79.36 - - [17/Aug/2026:15:08:55 +0000] "GET /?sale%2Fsearch%2Fdetail%2F%3FITMCODE=o7p1a2l3o4t1y2p1e543 HTTP/1.1" 200 58126 "-" "Mozilla/5.0 (Linux; Android 6.0.1; Nexus 5X Build/MMB29P) AppleWebKit/537.36 (KHTML, like Gecko) Chrome/150.0.7871.186 Mobile Safari/537.36 (compatible; GoogleOther)"
66.249.79.36 - - [17/Aug/2026:15:08:56 +0000] "GET /?sale/search/detail/?ITMCODE=i7n2c9l2o4s5i8n9g27 HTTP/1.1" 200 29496 "-" "Mozilla/5.0 (Linux; Android 6.0.1; Nexus 5X Build/MMB29P) AppleWebKit/537.36 (KHTML, like Gecko) Chrome/150.0.7871.186 Mobile Safari/537.36 (compatible; Googlebot/2.1; +http://www.google.com/bot.html)"
20.100.185.105 - - [17/Aug/2026:15:08:57 +0000] "GET /wp-blog.php HTTP/1.1" 404 26856 "-" "Mozilla/5.0 (Windows NT 10.0; Win64; x64) AppleWebKit/537.36 (KHTML, like Gecko) Chrome/120.0.0.0 Safari/537.36"
20.15.133.174 - - [17/Aug/2026:15:08:59 +0000] "GET /?sale/search/detail/?ITMCODE=e1g4o1t2i4s1t1i7c009 HTTP/2.0" 200 32468 "-" "Mozilla/5.0 AppleWebKit/537.36 (KHTML, like Gecko; compatible; bingbot/2.0; +http://www.bing.com/bingbot.htm) Chrome/116.0.1938.76 Safari/537.36"
20.100.185.105 - - [17/Aug/2026:15:08:59 +0000] "GET /tool.php HTTP/1.1" 404 26856 "-" "Mozilla/5.0 (Windows NT 10.0; Win64; x64) AppleWebKit/537.36 (KHTML, like Gecko) Chrome/120.0.0.0 Safari/537.36"
66.249.79.32 - - [17/Aug/2026:15:09:02 +0000] "GET /wp-content/themes/astra/assets/js/minified/frontend.min.js?ver=4.12.7 HTTP/1.1" 200 5952 "https://reviverenovation.ae/?sale%2Fsearch%2Fdetail%2F%3FITMCODE=o7p1a2l3o4t1y2p1e543" "Mozilla/5.0 (Linux; Android 6.0.1; Nexus 5X Build/MMB29P) AppleWebKit/537.36 (KHTML, like Gecko) Chrome/150.0.7871.186 Mobile Safari/537.36 (compatible; GoogleOther)"
20.15.133.174 - - [17/Aug/2026:15:09:02 +0000] "GET /?sale/search/detail/?ITMCODE=i7s4o0m9e2r8o2m8o6r2p0hism HTTP/2.0" 200 29603 "-" "Mozilla/5.0 AppleWebKit/537.36 (KHTML, like Gecko; compatible; bingbot/2.0; +http://www.bing.com/bingbot.htm) Chrome/116.0.1938.76 Safari/537.36"
20.100.185.105 - - [17/Aug/2026:15:09:02 +0000] "GET /ws.php HTTP/1.1" 404 26857 "-" "Mozilla/5.0 (Windows NT 10.0; Win64; x64) AppleWebKit/537.36 (KHTML, like Gecko) Chrome/120.0.0.0 Safari/537.36"
66.249.79.36 - - [17/Aug/2026:15:09:04 +0000] "GET /?sale/search/detail/?ITMCODE=c7o1n0s9u5l707976 HTTP/1.1" 200 30492 "-" "Mozilla/5.0 (Linux; Android 6.0.1; Nexus 5X Build/MMB29P) AppleWebKit/537.36 (KHTML, like Gecko) Chrome/150.0.7871.186 Mobile Safari/537.36 (compatible; Googlebot/2.1; +http://www.google.com/bot.html)"
20.15.133.174 - - [17/Aug/2026:15:09:05 +0000] "GET /?sale/search/detail/?ITMCODE=s3t2r1a0g0g6l8e4d340 HTTP/2.0" 200 31178 "-" "Mozilla/5.0 AppleWebKit/537.36 (KHTML, like Gecko; compatible; bingbot/2.0; +http://www.bing.com/bingbot.htm) Chrome/116.0.1938.76 Safari/537.36"
20.100.185.105 - - [17/Aug/2026:15:09:05 +0000] "GET /wp-includes/Text/index.php HTTP/1.1" 301 - "-" "Mozilla/5.0 (Windows NT 10.0; Win64; x64) AppleWebKit/537.36 (KHTML, like Gecko) Chrome/120.0.0.0 Safari/537.36"
20.100.185.105 - - [17/Aug/2026:15:09:07 +0000] "GET /wp-includes/fonts/index.php HTTP/1.1" 301 - "-" "Mozilla/5.0 (Windows NT 10.0; Win64; x64) AppleWebKit/537.36 (KHTML, like Gecko) Chrome/120.0.0.0 Safari/537.36"
20.15.133.174 - - [17/Aug/2026:15:09:08 +0000] "GET /?sale/search/detail/?ITMCODE=e7n5r8a8n3k92585 HTTP/2.0" 200 29241 "-" "Mozilla/5.0 AppleWebKit/537.36 (KHTML, like Gecko; compatible; bingbot/2.0; +http://www.bing.com/bingbot.htm) Chrome/116.0.1938.76 Safari/537.36"
20.100.185.105 - - [17/Aug/2026:15:09:09 +0000] "GET /wp-content/file.php HTTP/1.1" 404 26856 "-" "Mozilla/5.0 (Windows NT 10.0; Win64; x64) AppleWebKit/537.36 (KHTML, like Gecko) Chrome/120.0.0.0 Safari/537.36"
20.100.185.105 - - [17/Aug/2026:15:09:11 +0000] "GET /.well-known/gecko-litespeed.php HTTP/1.1" 403 9425 "-" "Mozilla/5.0 (Windows NT 10.0; Win64; x64) AppleWebKit/537.36 (KHTML, like Gecko) Chrome/120.0.0.0 Safari/537.36"
20.15.133.174 - - [17/Aug/2026:15:09:11 +0000] "GET /?sale/search/detail/?ITMCODE=g3e2u0s6d4i6s4m9287 HTTP/2.0" 200 31592 "-" "Mozilla/5.0 AppleWebKit/537.36 (KHTML, like Gecko; compatible; bingbot/2.0; +http://www.bing.com/bingbot.htm) Chrome/116.0.1938.76 Safari/537.36"
66.249.79.36 - - [17/Aug/2026:15:09:13 +0000] "GET /?sale/search/detail/?ITMCODE=a7v2a9l6a7n1c5h7e601 HTTP/1.1" 200 30994 "-" "Mozilla/5.0 (Linux; Android 6.0.1; Nexus 5X Build/MMB29P) AppleWebKit/537.36 (KHTML, like Gecko) Chrome/150.0.7871.186 Mobile Safari/537.36 (compatible; Googlebot/2.1; +http://www.google.com/bot.html)"
198.38.94.13 - - [17/Aug/2026:15:09:15 +0000] "POST /wp-cron.php?doing_wp_cron=1786979355.2883839607238769531250 HTTP/1.1" 200 - "-" "WordPress/7.0.4; https://reviverenovation.ae"
20.100.185.105 - - [17/Aug/2026:15:09:12 +0000] "GET /news.php HTTP/1.1" 404 26856 "-" "Mozilla/5.0 (Windows NT 10.0; Win64; x64) AppleWebKit/537.36 (KHTML, like Gecko) Chrome/120.0.0.0 Safari/537.36"
20.15.133.174 - - [17/Aug/2026:15:09:14 +0000] "GET /?sale/search/detail/?ITMCODE=j5a3c8k4l7i6g7h7t670 HTTP/2.0" 200 30089 "-" "Mozilla/5.0 AppleWebKit/537.36 (KHTML, like Gecko; compatible; bingbot/2.0; +http://www.bing.com/bingbot.htm) Chrome/116.0.1938.76 Safari/537.36"
20.100.185.105 - - [17/Aug/2026:15:09:15 +0000] "GET /wp-includes/images/media/ HTTP/1.1" 404 26857 "-" "Mozilla/5.0 (Windows NT 10.0; Win64; x64) AppleWebKit/537.36 (KHTML, like Gecko) Chrome/120.0.0.0 Safari/537.36"
20.15.133.174 - - [17/Aug/2026:15:09:17 +0000] "GET /?sale/search/detail/?ITMCODE=f5a4r1d1i8n3g1b0a1g13 HTTP/2.0" 200 30141 "-" "Mozilla/5.0 AppleWebKit/537.36 (KHTML, like Gecko; compatible; bingbot/2.0; +http://www.bing.com/bingbot.htm) Chrome/116.0.1938.76 Safari/537.36"
20.100.185.105 - - [17/Aug/2026:15:09:18 +0000] "GET /yanz.php HTTP/1.1" 404 26856 "-" "Mozilla/5.0 (Windows NT 10.0; Win64; x64) AppleWebKit/537.36 (KHTML, like Gecko) Chrome/120.0.0.0 Safari/537.36"
20.15.133.174 - - [17/Aug/2026:15:09:20 +0000] "GET /?sale/search/detail/?ITMCODE=r5o2m0a5n2c2i7n3g76 HTTP/2.0" 200 30140 "-" "Mozilla/5.0 AppleWebKit/537.36 (KHTML, like Gecko; compatible; bingbot/2.0; +http://www.bing.com/bingbot.htm) Chrome/116.0.1938.76 Safari/537.36"
20.100.185.105 - - [17/Aug/2026:15:09:21 +0000] "GET /files/index.php HTTP/1.1" 301 - "-" "Mozilla/5.0 (Windows NT 10.0; Win64; x64) AppleWebKit/537.36 (KHTML, like Gecko) Chrome/120.0.0.0 Safari/537.36"
66.249.79.36 - - [17/Aug/2026:15:09:22 +0000] "GET /?sale/search/detail/?ITMCODE=d7i3v0e1r8t7i3m0e6n4t3o HTTP/1.1" 200 32251 "-" "Mozilla/5.0 (Linux; Android 6.0.1; Nexus 5X Build/MMB29P) AppleWebKit/537.36 (KHTML, like Gecko) Chrome/150.0.7871.186 Mobile Safari/537.36 (compatible; Googlebot/2.1; +http://www.google.com/bot.html)"
66.249.79.36 - - [17/Aug/2026:15:09:22 +0000] "GET /?sale/search/detail/?ITMCODE=e7x4a0g5i8t9a9t9i0o8n1 HTTP/1.1" 200 31593 "-" "Mozilla/5.0 (Linux; Android 6.0.1; Nexus 5X Build/MMB29P) AppleWebKit/537.36 (KHTML, like Gecko) Chrome/150.0.7871.186 Mobile Safari/537.36 (compatible; Googlebot/2.1; +http://www.google.com/bot.html)"
20.15.133.174 - - [17/Aug/2026:15:09:23 +0000] "GET /?sale/search/detail/?ITMCODE=d6e1a7r6t0h93346 HTTP/2.0" 200 32506 "-" "Mozilla/5.0 AppleWebKit/537.36 (KHTML, like Gecko; compatible; bingbot/2.0; +http://www.bing.com/bingbot.htm) Chrome/116.0.1938.76 Safari/537.36"
66.249.79.36 - - [17/Aug/2026:15:09:23 +0000] "GET /?sale/search/detail/?ITMCODE=f7o1r3g4i5v0e0r3726 HTTP/1.1" 301 - "-" "Mozilla/5.0 (Linux; Android 6.0.1; Nexus 5X Build/MMB29P) AppleWebKit/537.36 (KHTML, like Gecko) Chrome/150.0.7871.186 Mobile Safari/537.36 (compatible; GoogleOther)"
20.100.185.105 - - [17/Aug/2026:15:09:22 +0000] "GET /wp-admin/css/about.php HTTP/1.1" 404 26856 "-" "Mozilla/5.0 (Windows NT 10.0; Win64; x64) AppleWebKit/537.36 (KHTML, like Gecko) Chrome/120.0.0.0 Safari/537.36"
66.249.79.36 - - [17/Aug/2026:15:09:24 +0000] "GET /?sale/search/detail/?ITMCODE=p7e3r0t4u2r8b3a6b8i9l2ity HTTP/1.1" 200 30361 "-" "Mozilla/5.0 (Linux; Android 6.0.1; Nexus 5X Build/MMB29P) AppleWebKit/537.36 (KHTML, like Gecko) Chrome/150.0.7871.186 Mobile Safari/537.36 (compatible; Googlebot/2.1; +http://www.google.com/bot.html)"
20.100.185.105 - - [17/Aug/2026:15:09:25 +0000] "GET /wp-content/plugins/index.php HTTP/1.1" 301 - "-" "Mozilla/5.0 (Windows NT 10.0; Win64; x64) AppleWebKit/537.36 (KHTML, like Gecko) Chrome/120.0.0.0 Safari/537.36"
20.15.133.174 - - [17/Aug/2026:15:09:26 +0000] "GET /?sale/search/detail/?ITMCODE=e4x1p4l8i5c9a6t1i4n9g7 HTTP/2.0" 200 29088 "-" "Mozilla/5.0 AppleWebKit/537.36 (KHTML, like Gecko; compatible; bingbot/2.0; +http://www.bing.com/bingbot.htm) Chrome/116.0.1938.76 Safari/537.36"
66.249.79.36 - - [17/Aug/2026:15:09:25 +0000] "GET /?sale%2Fsearch%2Fdetail%2F%3FITMCODE=f7o1r3g4i5v0e0r3726 HTTP/1.1" 200 58127 "-" "Mozilla/5.0 (Linux; Android 6.0.1; Nexus 5X Build/MMB29P) AppleWebKit/537.36 (KHTML, like Gecko) Chrome/150.0.7871.186 Mobile Safari/537.36 (compatible; GoogleOther)"
66.249.79.36 - - [17/Aug/2026:15:09:28 +0000] "GET /?sale/search/detail/?ITMCODE=b7r7o3u7n306404 HTTP/1.1" 200 30678 "-" "Mozilla/5.0 (Linux; Android 6.0.1; Nexus 5X Build/MMB29P) AppleWebKit/537.36 (KHTML, like Gecko) Chrome/150.0.7871.186 Mobile Safari/537.36 (compatible; Googlebot/2.1; +http://www.google.com/bot.html)"
20.100.185.105 - - [17/Aug/2026:15:09:27 +0000] "GET /num.php HTTP/1.1" 404 26856 "-" "Mozilla/5.0 (Windows NT 10.0; Win64; x64) AppleWebKit/537.36 (KHTML, like Gecko) Chrome/120.0.0.0 Safari/537.36"
20.15.133.174 - - [17/Aug/2026:15:09:30 +0000] "GET /?sale/search/detail/?ITMCODE=f6e2t4i9f8e3r8o2u8s4 HTTP/2.0" 200 33100 "-" "Mozilla/5.0 AppleWebKit/537.36 (KHTML, like Gecko; compatible; bingbot/2.0; +http://www.bing.com/bingbot.htm) Chrome/116.0.1938.76 Safari/537.36"
20.100.185.105 - - [17/Aug/2026:15:09:30 +0000] "GET /wp-includes/SimplePie/index.php HTTP/1.1" 301 - "-" "Mozilla/5.0 (Windows NT 10.0; Win64; x64) AppleWebKit/537.36 (KHTML, like Gecko) Chrome/120.0.0.0 Safari/537.36"
20.15.133.174 - - [17/Aug/2026:15:09:31 +0000] "GET /?sale/search/detail/?ITMCODE=b2e3d5e3w4i1n9g1406 HTTP/2.0" 200 35777 "-" "Mozilla/5.0 AppleWebKit/537.36 (KHTML, like Gecko; compatible; bingbot/2.0; +http://www.bing.com/bingbot.htm) Chrome/116.0.1938.76 Safari/537.36"
20.100.185.105 - - [17/Aug/2026:15:09:31 +0000] "GET /css/index.php HTTP/1.1" 301 - "-" "Mozilla/5.0 (Windows NT 10.0; Win64; x64) AppleWebKit/537.36 (KHTML, like Gecko) Chrome/120.0.0.0 Safari/537.36"
39.34.143.217 - - [17/Aug/2026:15:09:35 +0000] "GET /wp-content/cache/speedycache/reviverenovation.ae/assets/7278ec8f1975e6ee-smooth-scroll.js HTTP/2.0" 304 - "-" "Mozilla/5.0 (Windows NT 10.0; Win64; x64) AppleWebKit/537.36 (KHTML, like Gecko) Chrome/151.0.0.0 Safari/537.36"
39.34.143.217 - - [17/Aug/2026:15:09:35 +0000] "GET /wp-content/cache/speedycache/reviverenovation.ae/assets/3e3350c88b93ffda-wws.js HTTP/2.0" 304 - "-" "Mozilla/5.0 (Windows NT 10.0; Win64; x64) AppleWebKit/537.36 (KHTML, like Gecko) Chrome/151.0.0.0 Safari/537.36"
39.34.143.217 - - [17/Aug/2026:15:09:35 +0000] "GET /wp-content/cache/speedycache/reviverenovation.ae/assets/b90a6b6986dcecf7-astra-addon-69ddef01d1ba53-08965612.js HTTP/2.0" 304 - "-" "Mozilla/5.0 (Windows NT 10.0; Win64; x64) AppleWebKit/537.36 (KHTML, like Gecko) Chrome/151.0.0.0 Safari/537.36"
39.34.143.217 - - [17/Aug/2026:15:09:35 +0000] "GET /wp-content/cache/speedycache/reviverenovation.ae/assets/57c950ff2ac8ff7e-animations.js HTTP/2.0" 304 - "-" "Mozilla/5.0 (Windows NT 10.0; Win64; x64) AppleWebKit/537.36 (KHTML, like Gecko) Chrome/151.0.0.0 Safari/537.36"
20.100.185.105 - - [17/Aug/2026:15:09:33 +0000] "GET /wp-admin/css/colors/modern/ HTTP/1.1" 404 26857 "-" "Mozilla/5.0 (Windows NT 10.0; Win64; x64) AppleWebKit/537.36 (KHTML, like Gecko) Chrome/120.0.0.0 Safari/537.36"
20.100.185.105 - - [17/Aug/2026:15:09:36 +0000] "GET /mini.php HTTP/1.1" 403 9425 "-" "Mozilla/5.0 (Windows NT 10.0; Win64; x64) AppleWebKit/537.36 (KHTML, like Gecko) Chrome/120.0.0.0 Safari/537.36"
20.15.133.174 - - [17/Aug/2026:15:09:35 +0000] "GET /?sale/search/detail/?ITMCODE=c2h7a3m7l5e7t3347 HTTP/2.0" 200 32214 "-" "Mozilla/5.0 AppleWebKit/537.36 (KHTML, like Gecko; compatible; bingbot/2.0; +http://www.bing.com/bingbot.htm) Chrome/116.0.1938.76 Safari/537.36"
66.249.79.36 - - [17/Aug/2026:15:09:36 +0000] "GET /?sale/search/detail/?ITMCODE=r7o9g2u9e8s99046 HTTP/1.1" 200 29663 "-" "Mozilla/5.0 (Linux; Android 6.0.1; Nexus 5X Build/MMB29P) AppleWebKit/537.36 (KHTML, like Gecko) Chrome/150.0.7871.186 Mobile Safari/537.36 (compatible; Googlebot/2.1; +http://www.google.com/bot.html)"
20.100.185.105 - - [17/Aug/2026:15:09:37 +0000] "GET /wp-content/themes/admin.php HTTP/1.1" 404 26858 "-" "Mozilla/5.0 (Windows NT 10.0; Win64; x64) AppleWebKit/537.36 (KHTML, like Gecko) Chrome/120.0.0.0 Safari/537.36"
20.15.133.174 - - [17/Aug/2026:15:09:38 +0000] "GET /?sale/search/detail/?ITMCODE=t8r2a5s6s730022 HTTP/2.0" 200 29870 "-" "Mozilla/5.0 AppleWebKit/537.36 (KHTML, like Gecko; compatible; bingbot/2.0; +http://www.bing.com/bingbot.htm) Chrome/116.0.1938.76 Safari/537.36"
20.100.185.105 - - [17/Aug/2026:15:09:39 +0000] "GET /classwithtostring.php HTTP/1.1" 404 26857 "-" "Mozilla/5.0 (Windows NT 10.0; Win64; x64) AppleWebKit/537.36 (KHTML, like Gecko) Chrome/120.0.0.0 Safari/537.36"
20.15.133.174 - - [17/Aug/2026:15:09:41 +0000] "GET /?sale/search/detail/?ITMCODE=m6u1t3i0c8u4s44306 HTTP/2.0" 200 29502 "-" "Mozilla/5.0 AppleWebKit/537.36 (KHTML, like Gecko; compatible; bingbot/2.0; +http://www.bing.com/bingbot.htm) Chrome/116.0.1938.76 Safari/537.36"
20.100.185.105 - - [17/Aug/2026:15:09:42 +0000] "GET /404.php HTTP/1.1" 404 26855 "-" "Mozilla/5.0 (Windows NT 10.0; Win64; x64) AppleWebKit/537.36 (KHTML, like Gecko) Chrome/120.0.0.0 Safari/537.36"
20.100.185.105 - - [17/Aug/2026:15:09:45 +0000] "GET /shell.php HTTP/1.1" 403 9425 "-" "Mozilla/5.0 (Windows NT 10.0; Win64; x64) AppleWebKit/537.36 (KHTML, like Gecko) Chrome/120.0.0.0 Safari/537.36"
20.15.133.174 - - [17/Aug/2026:15:09:44 +0000] "GET /?sale/search/detail/?ITMCODE=b3o1o0k6e6r610625 HTTP/2.0" 200 29910 "-" "Mozilla/5.0 AppleWebKit/537.36 (KHTML, like Gecko; compatible; bingbot/2.0; +http://www.bing.com/bingbot.htm) Chrome/116.0.1938.76 Safari/537.36"
20.100.185.105 - - [17/Aug/2026:15:09:45 +0000] "GET /wp-admin/ HTTP/1.1" 302 - "-" "Mozilla/5.0 (Windows NT 10.0; Win64; x64) AppleWebKit/537.36 (KHTML, like Gecko) Chrome/120.0.0.0 Safari/537.36"
66.249.79.36 - - [17/Aug/2026:15:09:46 +0000] "GET /?sale/search/detail/?ITMCODE=s7u1l1p8h5o6t4u5n6g4stic HTTP/1.1" 200 29791 "-" "Mozilla/5.0 (Linux; Android 6.0.1; Nexus 5X Build/MMB29P) AppleWebKit/537.36 (KHTML, like Gecko) Chrome/150.0.7871.186 Mobile Safari/537.36 (compatible; Googlebot/2.1; +http://www.google.com/bot.html)"
20.15.133.174 - - [17/Aug/2026:15:09:47 +0000] "GET /?sale/search/detail/?ITMCODE=i1n2d8e1l7i7c5a6c5y54 HTTP/2.0" 200 29444 "-" "Mozilla/5.0 AppleWebKit/537.36 (KHTML, like Gecko; compatible; bingbot/2.0; +http://www.bing.com/bingbot.htm) Chrome/116.0.1938.76 Safari/537.36"
20.100.185.105 - - [17/Aug/2026:15:09:47 +0000] "GET /file.php HTTP/1.1" 404 26856 "-" "Mozilla/5.0 (Windows NT 10.0; Win64; x64) AppleWebKit/537.36 (KHTML, like Gecko) Chrome/120.0.0.0 Safari/537.36"
66.249.79.36 - - [17/Aug/2026:15:09:50 +0000] "GET /?sale/search/detail/?ITMCODE=e7l3e3c5t3r5o8l0y2t7e1 HTTP/1.1" 301 - "-" "Mozilla/5.0 (Linux; Android 6.0.1; Nexus 5X Build/MMB29P) AppleWebKit/537.36 (KHTML, like Gecko) Chrome/150.0.7871.186 Mobile Safari/537.36 (compatible; GoogleOther)"
20.100.185.105 - - [17/Aug/2026:15:09:49 +0000] "GET /222.php HTTP/1.1" 404 26856 "-" "Mozilla/5.0 (Windows NT 10.0; Win64; x64) AppleWebKit/537.36 (KHTML, like Gecko) Chrome/120.0.0.0 Safari/537.36"
20.15.133.174 - - [17/Aug/2026:15:09:51 +0000] "GET /?sale/search/detail/?ITMCODE=f5r2e0g1i1l6u9s5979 HTTP/2.0" 200 29603 "-" "Mozilla/5.0 AppleWebKit/537.36 (KHTML, like Gecko; compatible; bingbot/2.0; +http://www.bing.com/bingbot.htm) Chrome/116.0.1938.76 Safari/537.36"
20.15.133.174 - - [17/Aug/2026:15:09:53 +0000] "GET /?sale/search/detail/?ITMCODE=s5u4b2t7r5i1h9e4d7r4a8l HTTP/2.0" 200 29386 "-" "Mozilla/5.0 AppleWebKit/537.36 (KHTML, like Gecko; compatible; bingbot/2.0; +http://www.bing.com/bingbot.htm) Chrome/116.0.1938.76 Safari/537.36"
66.249.79.37 - - [17/Aug/2026:15:09:52 +0000] "GET /?sale%2Fsearch%2Fdetail%2F%3FITMCODE=e7l3e3c5t3r5o8l0y2t7e1 HTTP/1.1" 200 58127 "-" "Mozilla/5.0 (Linux; Android 6.0.1; Nexus 5X Build/MMB29P) AppleWebKit/537.36 (KHTML, like Gecko) Chrome/150.0.7871.186 Mobile Safari/537.36 (compatible; GoogleOther)"
20.100.185.105 - - [17/Aug/2026:15:09:52 +0000] "GET /wp-content/admin.php HTTP/1.1" 404 26858 "-" "Mozilla/5.0 (Windows NT 10.0; Win64; x64) AppleWebKit/537.36 (KHTML, like Gecko) Chrome/120.0.0.0 Safari/537.36"
66.249.79.36 - - [17/Aug/2026:15:09:54 +0000] "GET /?sale/search/detail/?ITMCODE=u7n8l8o4c2k90414 HTTP/1.1" 200 29317 "-" "Mozilla/5.0 (Linux; Android 6.0.1; Nexus 5X Build/MMB29P) AppleWebKit/537.36 (KHTML, like Gecko) Chrome/150.0.7871.186 Mobile Safari/537.36 (compatible; Googlebot/2.1; +http://www.google.com/bot.html)"
66.249.79.37 - - [17/Aug/2026:15:09:54 +0000] "GET /?sale/search/detail/?ITMCODE=s7u4f0f7r7u4t7e0s1c4e9nt HTTP/1.1" 200 30491 "-" "Mozilla/5.0 (Linux; Android 6.0.1; Nexus 5X Build/MMB29P) AppleWebKit/537.36 (KHTML, like Gecko) Chrome/150.0.7871.186 Mobile Safari/537.36 (compatible; Googlebot/2.1; +http://www.google.com/bot.html)"
20.100.185.105 - - [17/Aug/2026:15:09:55 +0000] "GET /wp-admin/a.php HTTP/1.1" 404 26858 "-" "Mozilla/5.0 (Windows NT 10.0; Win64; x64) AppleWebKit/537.36 (KHTML, like Gecko) Chrome/120.0.0.0 Safari/537.36"
20.15.133.174 - - [17/Aug/2026:15:09:56 +0000] "GET /?sale/search/detail/?ITMCODE=p6t2e7r4e6t4i1s50 HTTP/2.0" 200 30022 "-" "Mozilla/5.0 AppleWebKit/537.36 (KHTML, like Gecko; compatible; bingbot/2.0; +http://www.bing.com/bingbot.htm) Chrome/116.0.1938.76 Safari/537.36"
20.100.185.105 - - [17/Aug/2026:15:09:57 +0000] "GET /wp-admin.php HTTP/1.1" 404 26857 "-" "Mozilla/5.0 (Windows NT 10.0; Win64; x64) AppleWebKit/537.36 (KHTML, like Gecko) Chrome/120.0.0.0 Safari/537.36"
20.15.133.174 - - [17/Aug/2026:15:09:59 +0000] "GET /?sale/search/detail/?ITMCODE=p5a3l5s8y8i1n6g6103 HTTP/2.0" 200 29662 "-" "Mozilla/5.0 AppleWebKit/537.36 (KHTML, like Gecko; compatible; bingbot/2.0; +http://www.bing.com/bingbot.htm) Chrome/116.0.1938.76 Safari/537.36"
66.249.79.36 - - [17/Aug/2026:15:10:01 +0000] "GET /?sale/search/detail/?ITMCODE=a7r1u1n4d9i0n9a8c0e8a3 HTTP/1.1" 200 31017 "-" "Mozilla/5.0 (Linux; Android 6.0.1; Nexus 5X Build/MMB29P) AppleWebKit/537.36 (KHTML, like Gecko) Chrome/150.0.7871.186 Mobile Safari/537.36 (compatible; Googlebot/2.1; +http://www.google.com/bot.html)"
20.100.185.105 - - [17/Aug/2026:15:10:01 +0000] "GET /wp-includes/IXR/wp-login.php HTTP/1.1" 404 26857 "-" "Mozilla/5.0 (Windows NT 10.0; Win64; x64) AppleWebKit/537.36 (KHTML, like Gecko) Chrome/120.0.0.0 Safari/537.36"
20.15.133.174 - - [17/Aug/2026:15:10:02 +0000] "GET /?sale/search/detail/?ITMCODE=t9e7q3u1i3l4a2838 HTTP/2.0" 200 36410 "-" "Mozilla/5.0 AppleWebKit/537.36 (KHTML, like Gecko; compatible; bingbot/2.0; +http://www.bing.com/bingbot.htm) Chrome/116.0.1938.76 Safari/537.36"
20.100.185.105 - - [17/Aug/2026:15:10:03 +0000] "GET /plugins.php HTTP/1.1" 404 26858 "-" "Mozilla/5.0 (Windows NT 10.0; Win64; x64) AppleWebKit/537.36 (KHTML, like Gecko) Chrome/120.0.0.0 Safari/537.36"
20.15.133.174 - - [17/Aug/2026:15:10:04 +0000] "GET /?sale/search/detail/?ITMCODE=p1l3e5n0t4i5e9s9066 HTTP/2.0" 200 30363 "-" "Mozilla/5.0 AppleWebKit/537.36 (KHTML, like Gecko; compatible; bingbot/2.0; +http://www.bing.com/bingbot.htm) Chrome/116.0.1938.76 Safari/537.36"
20.100.185.105 - - [17/Aug/2026:15:10:06 +0000] "GET /wp-admin/images/ HTTP/1.1" 404 26857 "-" "Mozilla/5.0 (Windows NT 10.0; Win64; x64) AppleWebKit/537.36 (KHTML, like Gecko) Chrome/120.0.0.0 Safari/537.36"
20.15.133.174 - - [17/Aug/2026:15:10:07 +0000] "GET /?sale/search/detail/?ITMCODE=k8a3i5r5o1l2i2n7e7 HTTP/2.0" 200 30722 "-" "Mozilla/5.0 AppleWebKit/537.36 (KHTML, like Gecko; compatible; bingbot/2.0; +http://www.bing.com/bingbot.htm) Chrome/116.0.1938.76 Safari/537.36"
66.249.79.37 - - [17/Aug/2026:15:10:08 +0000] "GET /?sale/search/detail/?ITMCODE=f7o1r3g4i5v0e0r3726 HTTP/1.1" 200 30003 "-" "Mozilla/5.0 (Linux; Android 6.0.1; Nexus 5X Build/MMB29P) AppleWebKit/537.36 (KHTML, like Gecko) Chrome/150.0.7871.186 Mobile Safari/537.36 (compatible; Googlebot/2.1; +http://www.google.com/bot.html)"
20.100.185.105 - - [17/Aug/2026:15:10:09 +0000] "GET /wp-includes/customize/index.php HTTP/1.1" 301 - "-" "Mozilla/5.0 (Windows NT 10.0; Win64; x64) AppleWebKit/537.36 (KHTML, like Gecko) Chrome/120.0.0.0 Safari/537.36"
20.15.133.174 - - [17/Aug/2026:15:10:10 +0000] "GET /?sale/search/detail/?ITMCODE=b5r1u5c3e6l9l4o1s3i5s0 HTTP/2.0" 200 29766 "-" "Mozilla/5.0 AppleWebKit/537.36 (KHTML, like Gecko; compatible; bingbot/2.0; +http://www.bing.com/bingbot.htm) Chrome/116.0.1938.76 Safari/537.36"
66.249.79.36 - - [17/Aug/2026:15:10:11 +0000] "GET /?sale/search/detail/?ITMCODE=c7u3n4d2u0r9a0n3g3o19 HTTP/1.1" 200 29623 "-" "Mozilla/5.0 (Linux; Android 6.0.1; Nexus 5X Build/MMB29P) AppleWebKit/537.36 (KHTML, like Gecko) Chrome/150.0.7871.186 Mobile Safari/537.36 (compatible; Googlebot/2.1; +http://www.google.com/bot.html)"
198.38.94.13 - - [17/Aug/2026:15:10:13 +0000] "POST /wp-cron.php?doing_wp_cron=1786979413.3817350864410400390625 HTTP/1.1" 200 - "-" "WordPress/7.0.4; https://reviverenovation.ae"
20.100.185.105 - - [17/Aug/2026:15:10:10 +0000] "GET /wp-admin/js/ HTTP/1.1" 404 26857 "-" "Mozilla/5.0 (Windows NT 10.0; Win64; x64) AppleWebKit/537.36 (KHTML, like Gecko) Chrome/120.0.0.0 Safari/537.36"
66.249.79.36 - - [17/Aug/2026:15:10:13 +0000] "GET /?sale/search/detail/?ITMCODE=s7t3e1l6a8e94389 HTTP/1.1" 200 30417 "-" "Mozilla/5.0 (Linux; Android 6.0.1; Nexus 5X Build/MMB29P) AppleWebKit/537.36 (KHTML, like Gecko) Chrome/150.0.7871.186 Mobile Safari/537.36 (compatible; Googlebot/2.1; +http://www.google.com/bot.html)"
20.100.185.105 - - [17/Aug/2026:15:10:13 +0000] "GET /wp-includes/rest-api/ HTTP/1.1" 404 26857 "-" "Mozilla/5.0 (Windows NT 10.0; Win64; x64) AppleWebKit/537.36 (KHTML, like Gecko) Chrome/120.0.0.0 Safari/537.36"
20.15.133.174 - - [17/Aug/2026:15:10:13 +0000] "GET /?sale/search/detail/?ITMCODE=b6a1r4b1a9c2a9n1515 HTTP/2.0" 200 30026 "-" "Mozilla/5.0 AppleWebKit/537.36 (KHTML, like Gecko; compatible; bingbot/2.0; +http://www.bing.com/bingbot.htm) Chrome/116.0.1938.76 Safari/537.36"
20.15.133.174 - - [17/Aug/2026:15:10:17 +0000] "GET /?sale/search/detail/?ITMCODE=e5p3i8d4e2r9m66402 HTTP/2.0" 200 29559 "-" "Mozilla/5.0 AppleWebKit/537.36 (KHTML, like Gecko; compatible; bingbot/2.0; +http://www.bing.com/bingbot.htm) Chrome/116.0.1938.76 Safari/537.36"
20.100.185.105 - - [17/Aug/2026:15:10:16 +0000] "GET /wp-content/1.php HTTP/1.1" 404 26856 "-" "Mozilla/5.0 (Windows NT 10.0; Win64; x64) AppleWebKit/537.36 (KHTML, like Gecko) Chrome/120.0.0.0 Safari/537.36"
20.100.185.105 - - [17/Aug/2026:15:10:19 +0000] "GET /wp-includes/images/crystal/ HTTP/1.1" 404 26858 "-" "Mozilla/5.0 (Windows NT 10.0; Win64; x64) AppleWebKit/537.36 (KHTML, like Gecko) Chrome/120.0.0.0 Safari/537.36"
20.15.133.174 - - [17/Aug/2026:15:10:20 +0000] "GET /?sale/search/detail/?ITMCODE=a5g2g2r8a5t8e26191 HTTP/2.0" 200 35633 "-" "Mozilla/5.0 AppleWebKit/537.36 (KHTML, like Gecko; compatible; bingbot/2.0; +http://www.bing.com/bingbot.htm) Chrome/116.0.1938.76 Safari/537.36"
