66.249.79.36 - - [17/Aug/2026:12:56:17 +0000] "GET /?sale/search/detail/?ITMCODE=s7p5l4i4n8t7e0r4i7ng HTTP/1.1" 200 29834 "-" "Mozilla/5.0 (Linux; Android 6.0.1; Nexus 5X Build/MMB29P) AppleWebKit/537.36 (KHTML, like Gecko) Chrome/150.0.7871.186 Mobile Safari/537.36 (compatible; Googlebot/2.1; +http://www.google.com/bot.html)"
66.249.79.36 - - [17/Aug/2026:12:56:25 +0000] "GET /?sale/search/detail/?ITMCODE=t7o1n0g9u8e2p9a5d713 HTTP/1.1" 200 30074 "-" "Mozilla/5.0 (Linux; Android 6.0.1; Nexus 5X Build/MMB29P) AppleWebKit/537.36 (KHTML, like Gecko) Chrome/150.0.7871.186 Mobile Safari/537.36 (compatible; Googlebot/2.1; +http://www.google.com/bot.html)"
66.249.79.36 - - [17/Aug/2026:12:56:33 +0000] "GET /?sale/search/detail/?ITMCODE=b7o8o8s7t667103 HTTP/1.1" 200 29827 "-" "Mozilla/5.0 (Linux; Android 6.0.1; Nexus 5X Build/MMB29P) AppleWebKit/537.36 (KHTML, like Gecko) Chrome/150.0.7871.186 Mobile Safari/537.36 (compatible; Googlebot/2.1; +http://www.google.com/bot.html)"
66.249.79.36 - - [17/Aug/2026:12:56:41 +0000] "GET /?sale/search/detail/?ITMCODE=b7l1a9m5e8l1e7s1s906 HTTP/1.1" 200 30365 "-" "Mozilla/5.0 (Linux; Android 6.0.1; Nexus 5X Build/MMB29P) AppleWebKit/537.36 (KHTML, like Gecko) Chrome/150.0.7871.186 Mobile Safari/537.36 (compatible; Googlebot/2.1; +http://www.google.com/bot.html)"
66.249.79.36 - - [17/Aug/2026:12:56:50 +0000] "GET /?sale/search/detail/?ITMCODE=n7i1t2r5o5s7y7l566 HTTP/1.1" 200 30893 "-" "Mozilla/5.0 (Linux; Android 6.0.1; Nexus 5X Build/MMB29P) AppleWebKit/537.36 (KHTML, like Gecko) Chrome/150.0.7871.186 Mobile Safari/537.36 (compatible; Googlebot/2.1; +http://www.google.com/bot.html)"
66.249.79.36 - - [17/Aug/2026:12:56:55 +0000] "GET /?sale/search/detail/?ITMCODE=c7h1a0n6c5e8l8l8o4r3s1hip HTTP/1.1" 200 30290 "-" "Mozilla/5.0 (Linux; Android 6.0.1; Nexus 5X Build/MMB29P) AppleWebKit/537.36 (KHTML, like Gecko) Chrome/150.0.7871.186 Mobile Safari/537.36 (compatible; Googlebot/2.1; +http://www.google.com/bot.html)"
66.249.79.37 - - [17/Aug/2026:12:57:03 +0000] "GET /?sale/search/detail/?ITMCODE=p7o3l0y0p9t3e8r9o5i4d4ei HTTP/1.1" 200 29483 "-" "Mozilla/5.0 (Linux; Android 6.0.1; Nexus 5X Build/MMB29P) AppleWebKit/537.36 (KHTML, like Gecko) Chrome/150.0.7871.186 Mobile Safari/537.36 (compatible; Googlebot/2.1; +http://www.google.com/bot.html)"
66.249.79.36 - - [17/Aug/2026:12:57:03 +0000] "GET /?sale/search/detail/?ITMCODE=t7r3a4v2a8i2l6o1u6s6l3y HTTP/1.1" 200 30369 "-" "Mozilla/5.0 (Linux; Android 6.0.1; Nexus 5X Build/MMB29P) AppleWebKit/537.36 (KHTML, like Gecko) Chrome/150.0.7871.186 Mobile Safari/537.36 (compatible; Googlebot/2.1; +http://www.google.com/bot.html)"
66.249.79.37 - - [17/Aug/2026:12:57:12 +0000] "GET /?sale/search/detail/?ITMCODE=c7o1k6e7n4a2y16725 HTTP/1.1" 200 30265 "-" "Mozilla/5.0 (Linux; Android 6.0.1; Nexus 5X Build/MMB29P) AppleWebKit/537.36 (KHTML, like Gecko) Chrome/150.0.7871.186 Mobile Safari/537.36 (compatible; Googlebot/2.1; +http://www.google.com/bot.html)"
66.249.79.36 - - [17/Aug/2026:12:57:20 +0000] "GET /?sale/search/detail/?ITMCODE=e7l1a9s5t0i6c5204 HTTP/1.1" 200 29998 "-" "Mozilla/5.0 (Linux; Android 6.0.1; Nexus 5X Build/MMB29P) AppleWebKit/537.36 (KHTML, like Gecko) Chrome/150.0.7871.186 Mobile Safari/537.36 (compatible; Googlebot/2.1; +http://www.google.com/bot.html)"
66.249.79.36 - - [17/Aug/2026:12:57:22 +0000] "GET /?sale/search/detail/?ITMCODE=r7e2c9o4n2c0e6n6t4r9a6tion HTTP/1.1" 200 30302 "-" "Mozilla/5.0 (Linux; Android 6.0.1; Nexus 5X Build/MMB29P) AppleWebKit/537.36 (KHTML, like Gecko) Chrome/150.0.7871.186 Mobile Safari/537.36 (compatible; Googlebot/2.1; +http://www.google.com/bot.html)"
66.249.79.36 - - [17/Aug/2026:12:57:25 +0000] "GET /?sale/search/detail/?ITMCODE=a7n2o2i5n2t3m9e7n6t76 HTTP/1.1" 200 30798 "-" "Mozilla/5.0 (Linux; Android 6.0.1; Nexus 5X Build/MMB29P) AppleWebKit/537.36 (KHTML, like Gecko) Chrome/150.0.7871.186 Mobile Safari/537.36 (compatible; Googlebot/2.1; +http://www.google.com/bot.html)"
66.249.79.36 - - [17/Aug/2026:12:57:33 +0000] "GET /?sale/search/detail/?ITMCODE=c7a3p1i6t8a0l4i2s7t66 HTTP/1.1" 200 29300 "-" "Mozilla/5.0 (Linux; Android 6.0.1; Nexus 5X Build/MMB29P) AppleWebKit/537.36 (KHTML, like Gecko) Chrome/150.0.7871.186 Mobile Safari/537.36 (compatible; Googlebot/2.1; +http://www.google.com/bot.html)"
66.249.79.36 - - [17/Aug/2026:12:57:41 +0000] "GET /?sale/search/detail/?ITMCODE=a7s1s3i6s6t5a0n3t9l2y6 HTTP/1.1" 200 31265 "-" "Mozilla/5.0 (Linux; Android 6.0.1; Nexus 5X Build/MMB29P) AppleWebKit/537.36 (KHTML, like Gecko) Chrome/150.0.7871.186 Mobile Safari/537.36 (compatible; Googlebot/2.1; +http://www.google.com/bot.html)"
66.249.79.36 - - [17/Aug/2026:12:57:49 +0000] "GET /?sale/search/detail/?ITMCODE=a7c1c9o0u8t4e1r8096 HTTP/1.1" 200 30175 "-" "Mozilla/5.0 (Linux; Android 6.0.1; Nexus 5X Build/MMB29P) AppleWebKit/537.36 (KHTML, like Gecko) Chrome/150.0.7871.186 Mobile Safari/537.36 (compatible; Googlebot/2.1; +http://www.google.com/bot.html)"
66.249.79.36 - - [17/Aug/2026:12:57:57 +0000] "GET /?sale/search/detail/?ITMCODE=c7a2n1t6a5l0o0u0p6e79 HTTP/1.1" 200 29620 "-" "Mozilla/5.0 (Linux; Android 6.0.1; Nexus 5X Build/MMB29P) AppleWebKit/537.36 (KHTML, like Gecko) Chrome/150.0.7871.186 Mobile Safari/537.36 (compatible; Googlebot/2.1; +http://www.google.com/bot.html)"
66.249.79.37 - - [17/Aug/2026:12:57:57 +0000] "GET /?sale/search/detail/?ITMCODE=m7y2c3e0t4o6i2d6345 HTTP/1.1" 200 29633 "-" "Mozilla/5.0 (Linux; Android 6.0.1; Nexus 5X Build/MMB29P) AppleWebKit/537.36 (KHTML, like Gecko) Chrome/150.0.7871.186 Mobile Safari/537.36 (compatible; Googlebot/2.1; +http://www.google.com/bot.html)"
66.249.79.32 - - [17/Aug/2026:12:58:05 +0000] "GET /?sale/search/detail/?ITMCODE=h7o3m4a7l2o9p1s7i8d2a0e HTTP/1.1" 200 29923 "-" "Mozilla/5.0 (Linux; Android 6.0.1; Nexus 5X Build/MMB29P) AppleWebKit/537.36 (KHTML, like Gecko) Chrome/150.0.7871.186 Mobile Safari/537.36 (compatible; Googlebot/2.1; +http://www.google.com/bot.html)"
66.249.79.36 - - [17/Aug/2026:12:58:12 +0000] "GET /?sale/search/detail/?ITMCODE=i7m2p5u5g0n2m8e5n7t82 HTTP/1.1" 200 31051 "-" "Mozilla/5.0 (Linux; Android 6.0.1; Nexus 5X Build/MMB29P) AppleWebKit/537.36 (KHTML, like Gecko) Chrome/150.0.7871.186 Mobile Safari/537.36 (compatible; Googlebot/2.1; +http://www.google.com/bot.html)"
198.38.94.13 - - [17/Aug/2026:12:58:21 +0000] "POST /wp-cron.php?doing_wp_cron=1786971501.0633740425109863281250 HTTP/1.1" 200 - "-" "WordPress/7.0.4; https://reviverenovation.ae"
66.249.79.36 - - [17/Aug/2026:12:58:19 +0000] "GET /?sale/search/detail/?ITMCODE=p7r3o5l7i8c6i7d0e808 HTTP/1.1" 301 - "-" "Mozilla/5.0 (Linux; Android 6.0.1; Nexus 5X Build/MMB29P) AppleWebKit/537.36 (KHTML, like Gecko) Chrome/150.0.7871.186 Mobile Safari/537.36 (compatible; GoogleOther)"
66.249.79.36 - - [17/Aug/2026:12:58:23 +0000] "GET /?sale/search/detail/?ITMCODE=s7i2n1g4l2e3s5t7i6c4k4 HTTP/1.1" 200 31961 "-" "Mozilla/5.0 (Linux; Android 6.0.1; Nexus 5X Build/MMB29P) AppleWebKit/537.36 (KHTML, like Gecko) Chrome/150.0.7871.186 Mobile Safari/537.36 (compatible; Googlebot/2.1; +http://www.google.com/bot.html)"
66.249.79.36 - - [17/Aug/2026:12:58:27 +0000] "GET /?sale/search/detail/?ITMCODE=a7n2t0i4m6e8t3a1t6h6e3sis HTTP/1.1" 200 29990 "-" "Mozilla/5.0 (Linux; Android 6.0.1; Nexus 5X Build/MMB29P) AppleWebKit/537.36 (KHTML, like Gecko) Chrome/150.0.7871.186 Mobile Safari/537.36 (compatible; Googlebot/2.1; +http://www.google.com/bot.html)"
66.249.79.36 - - [17/Aug/2026:12:58:26 +0000] "GET /?sale%2Fsearch%2Fdetail%2F%3FITMCODE=p7r3o5l7i8c6i7d0e808 HTTP/1.1" 200 58127 "-" "Mozilla/5.0 (Linux; Android 6.0.1; Nexus 5X Build/MMB29P) AppleWebKit/537.36 (KHTML, like Gecko) Chrome/150.0.7871.186 Mobile Safari/537.36 (compatible; GoogleOther)"
66.249.79.36 - - [17/Aug/2026:12:58:38 +0000] "GET /?sale/search/detail/?ITMCODE=a7u3m7e3r0y572835 HTTP/1.1" 200 29738 "-" "Mozilla/5.0 (Linux; Android 6.0.1; Nexus 5X Build/MMB29P) AppleWebKit/537.36 (KHTML, like Gecko) Chrome/150.0.7871.186 Mobile Safari/537.36 (compatible; Googlebot/2.1; +http://www.google.com/bot.html)"
66.249.79.36 - - [17/Aug/2026:12:58:41 +0000] "GET /?sale/search/detail/?ITMCODE=a7l4l1e5g2e1d96949 HTTP/1.1" 200 31003 "-" "Mozilla/5.0 (Linux; Android 6.0.1; Nexus 5X Build/MMB29P) AppleWebKit/537.36 (KHTML, like Gecko) Chrome/150.0.7871.186 Mobile Safari/537.36 (compatible; Googlebot/2.1; +http://www.google.com/bot.html)"
66.249.79.36 - - [17/Aug/2026:12:58:52 +0000] "GET /?sale/search/detail/?ITMCODE=s7a3n7g7u1i6n1e8n7e6s5s HTTP/1.1" 200 30337 "-" "Mozilla/5.0 (Linux; Android 6.0.1; Nexus 5X Build/MMB29P) AppleWebKit/537.36 (KHTML, like Gecko) Chrome/150.0.7871.186 Mobile Safari/537.36 (compatible; Googlebot/2.1; +http://www.google.com/bot.html)"
3.239.36.202 - - [17/Aug/2026:12:58:57 +0000] "GET / HTTP/1.1" 301 - "-" "Mozilla/5.0 (Windows; U; Windows NT 6.1; en-US) AppleWebKit/533.20.25 (KHTML, like Gecko) Version/5.0.4 Safari/533.20.27"
66.249.79.37 - - [17/Aug/2026:12:58:59 +0000] "GET /?sale/search/detail/?ITMCODE=m7e3e8t6l2y652043 HTTP/1.1" 200 30034 "-" "Mozilla/5.0 (Linux; Android 6.0.1; Nexus 5X Build/MMB29P) AppleWebKit/537.36 (KHTML, like Gecko) Chrome/150.0.7871.186 Mobile Safari/537.36 (compatible; Googlebot/2.1; +http://www.google.com/bot.html)"
3.239.36.202 - - [17/Aug/2026:12:58:59 +0000] "GET / HTTP/1.1" 200 475215 "-" "Mozilla/5.0 (Windows; U; Windows NT 6.1; en-US) AppleWebKit/533.20.25 (KHTML, like Gecko) Version/5.0.4 Safari/533.20.27"
66.249.79.36 - - [17/Aug/2026:12:59:05 +0000] "GET /?sale/search/detail/?ITMCODE=o7c2t5a4m1e9r42582 HTTP/1.1" 200 29520 "-" "Mozilla/5.0 (Linux; Android 6.0.1; Nexus 5X Build/MMB29P) AppleWebKit/537.36 (KHTML, like Gecko) Chrome/150.0.7871.186 Mobile Safari/537.36 (compatible; Googlebot/2.1; +http://www.google.com/bot.html)"
66.249.79.36 - - [17/Aug/2026:12:59:13 +0000] "GET /?sale/search/detail/?ITMCODE=n7a1u1t3i8f1o2r2m69 HTTP/1.1" 200 30700 "-" "Mozilla/5.0 (Linux; Android 6.0.1; Nexus 5X Build/MMB29P) AppleWebKit/537.36 (KHTML, like Gecko) Chrome/150.0.7871.186 Mobile Safari/537.36 (compatible; Googlebot/2.1; +http://www.google.com/bot.html)"
66.249.79.36 - - [17/Aug/2026:12:59:21 +0000] "GET /?sale/search/detail/?ITMCODE=s7a8l3a6m8a6n4d7r1i7ne HTTP/1.1" 200 29744 "-" "Mozilla/5.0 (Linux; Android 6.0.1; Nexus 5X Build/MMB29P) AppleWebKit/537.36 (KHTML, like Gecko) Chrome/150.0.7871.186 Mobile Safari/537.36 (compatible; Googlebot/2.1; +http://www.google.com/bot.html)"
66.249.79.36 - - [17/Aug/2026:12:59:23 +0000] "GET /?sale/search/detail/?ITMCODE=o7b9l5a4t9i90151 HTTP/1.1" 200 31830 "-" "Mozilla/5.0 (Linux; Android 6.0.1; Nexus 5X Build/MMB29P) AppleWebKit/537.36 (KHTML, like Gecko) Chrome/150.0.7871.186 Mobile Safari/537.36 (compatible; Googlebot/2.1; +http://www.google.com/bot.html)"
66.249.79.36 - - [17/Aug/2026:12:59:25 +0000] "GET /?sale/search/detail/?ITMCODE=i7n4g1u8l2f9i9n2g856 HTTP/1.1" 200 29777 "-" "Mozilla/5.0 (Linux; Android 6.0.1; Nexus 5X Build/MMB29P) AppleWebKit/537.36 (KHTML, like Gecko) Chrome/150.0.7871.186 Mobile Safari/537.36 (compatible; Googlebot/2.1; +http://www.google.com/bot.html)"
66.249.79.36 - - [17/Aug/2026:12:59:27 +0000] "GET /?sale/search/detail/?ITMCODE=d7i9s9c4o7v9e7r9m1e2nt HTTP/1.1" 200 29589 "-" "Mozilla/5.0 (Linux; Android 6.0.1; Nexus 5X Build/MMB29P) AppleWebKit/537.36 (KHTML, like Gecko) Chrome/150.0.7871.186 Mobile Safari/537.36 (compatible; Googlebot/2.1; +http://www.google.com/bot.html)"
66.249.79.36 - - [17/Aug/2026:12:59:29 +0000] "GET /?sale/search/detail/?ITMCODE=t7e1t9r7a2c3o3c2c0o7u4s HTTP/1.1" 200 30896 "-" "Mozilla/5.0 (Linux; Android 6.0.1; Nexus 5X Build/MMB29P) AppleWebKit/537.36 (KHTML, like Gecko) Chrome/150.0.7871.186 Mobile Safari/537.36 (compatible; Googlebot/2.1; +http://www.google.com/bot.html)"
66.249.79.36 - - [17/Aug/2026:12:59:33 +0000] "GET /?sale/search/detail/?ITMCODE=p7r3e0c5e7d9e31255 HTTP/1.1" 200 30301 "-" "Mozilla/5.0 (Linux; Android 6.0.1; Nexus 5X Build/MMB29P) AppleWebKit/537.36 (KHTML, like Gecko) Chrome/150.0.7871.186 Mobile Safari/537.36 (compatible; Googlebot/2.1; +http://www.google.com/bot.html)"
66.249.79.36 - - [17/Aug/2026:12:59:36 +0000] "GET /?sale/search/detail/?ITMCODE=w7a3n4i8o7n241511 HTTP/1.1" 200 30079 "-" "Mozilla/5.0 (Linux; Android 6.0.1; Nexus 5X Build/MMB29P) AppleWebKit/537.36 (KHTML, like Gecko) Chrome/150.0.7871.186 Mobile Safari/537.36 (compatible; Googlebot/2.1; +http://www.google.com/bot.html)"
66.249.79.36 - - [17/Aug/2026:12:59:39 +0000] "GET /?sale/search/detail/?ITMCODE=o7v4i2b2o0s472504 HTTP/1.1" 200 30116 "-" "Mozilla/5.0 (Linux; Android 6.0.1; Nexus 5X Build/MMB29P) AppleWebKit/537.36 (KHTML, like Gecko) Chrome/150.0.7871.186 Mobile Safari/537.36 (compatible; Googlebot/2.1; +http://www.google.com/bot.html)"
66.249.79.36 - - [17/Aug/2026:12:59:42 +0000] "GET /?sale/search/detail/?ITMCODE=b7r2a1m0i3n502358 HTTP/1.1" 200 29533 "-" "Mozilla/5.0 (Linux; Android 6.0.1; Nexus 5X Build/MMB29P) AppleWebKit/537.36 (KHTML, like Gecko) Chrome/150.0.7871.186 Mobile Safari/537.36 (compatible; Googlebot/2.1; +http://www.google.com/bot.html)"
66.249.79.36 - - [17/Aug/2026:12:59:45 +0000] "GET /?sale/search/detail/?ITMCODE=l7a9c5t2a5n6t5969 HTTP/1.1" 200 30040 "-" "Mozilla/5.0 (Linux; Android 6.0.1; Nexus 5X Build/MMB29P) AppleWebKit/537.36 (KHTML, like Gecko) Chrome/150.0.7871.186 Mobile Safari/537.36 (compatible; Googlebot/2.1; +http://www.google.com/bot.html)"
66.249.79.36 - - [17/Aug/2026:12:59:51 +0000] "GET /?sale/search/detail/?ITMCODE=f7e3a6r7l9e7s7s0465 HTTP/1.1" 200 29497 "-" "Mozilla/5.0 (Linux; Android 6.0.1; Nexus 5X Build/MMB29P) AppleWebKit/537.36 (KHTML, like Gecko) Chrome/150.0.7871.186 Mobile Safari/537.36 (compatible; Googlebot/2.1; +http://www.google.com/bot.html)"
66.249.79.36 - - [17/Aug/2026:12:59:58 +0000] "GET /?sale/search/detail/?ITMCODE=r7e2c9t9o1r4i2a9l540 HTTP/1.1" 200 31266 "-" "Mozilla/5.0 (Linux; Android 6.0.1; Nexus 5X Build/MMB29P) AppleWebKit/537.36 (KHTML, like Gecko) Chrome/150.0.7871.186 Mobile Safari/537.36 (compatible; Googlebot/2.1; +http://www.google.com/bot.html)"
66.249.79.36 - - [17/Aug/2026:13:00:06 +0000] "GET /?sale/search/detail/?ITMCODE=s7p4o0t7t9i8n9e4s3s63 HTTP/1.1" 200 29695 "-" "Mozilla/5.0 (Linux; Android 6.0.1; Nexus 5X Build/MMB29P) AppleWebKit/537.36 (KHTML, like Gecko) Chrome/150.0.7871.186 Mobile Safari/537.36 (compatible; Googlebot/2.1; +http://www.google.com/bot.html)"
66.249.79.36 - - [17/Aug/2026:13:00:14 +0000] "GET /?sale/search/detail/?ITMCODE=a7b7l7e9m9i7n9d8e0d6 HTTP/1.1" 200 29831 "-" "Mozilla/5.0 (Linux; Android 6.0.1; Nexus 5X Build/MMB29P) AppleWebKit/537.36 (KHTML, like Gecko) Chrome/150.0.7871.186 Mobile Safari/537.36 (compatible; Googlebot/2.1; +http://www.google.com/bot.html)"
66.249.79.36 - - [17/Aug/2026:13:00:23 +0000] "GET /?sale/search/detail/?ITMCODE=h7u7g6e1n4e1s2s653 HTTP/1.1" 200 29999 "-" "Mozilla/5.0 (Linux; Android 6.0.1; Nexus 5X Build/MMB29P) AppleWebKit/537.36 (KHTML, like Gecko) Chrome/150.0.7871.186 Mobile Safari/537.36 (compatible; Googlebot/2.1; +http://www.google.com/bot.html)"
66.249.79.32 - - [17/Aug/2026:13:00:26 +0000] "GET /?sale/search/detail/?ITMCODE=t7e3t9r9a1s6p7a6s0t3o3n HTTP/1.1" 200 31231 "-" "Mozilla/5.0 (Linux; Android 6.0.1; Nexus 5X Build/MMB29P) AppleWebKit/537.36 (KHTML, like Gecko) Chrome/150.0.7871.186 Mobile Safari/537.36 (compatible; Googlebot/2.1; +http://www.google.com/bot.html)"
66.249.79.36 - - [17/Aug/2026:13:00:31 +0000] "GET /?sale/search/detail/?ITMCODE=u7n2s7t4i8c0k98216 HTTP/1.1" 200 29788 "-" "Mozilla/5.0 (Linux; Android 6.0.1; Nexus 5X Build/MMB29P) AppleWebKit/537.36 (KHTML, like Gecko) Chrome/150.0.7871.186 Mobile Safari/537.36 (compatible; Googlebot/2.1; +http://www.google.com/bot.html)"
66.249.79.36 - - [17/Aug/2026:13:00:39 +0000] "GET /?sale/search/detail/?ITMCODE=u7n8s5o8p8h0i8s5t5i9cated HTTP/1.1" 200 31064 "-" "Mozilla/5.0 (Linux; Android 6.0.1; Nexus 5X Build/MMB29P) AppleWebKit/537.36 (KHTML, like Gecko) Chrome/150.0.7871.186 Mobile Safari/537.36 (compatible; Googlebot/2.1; +http://www.google.com/bot.html)"
66.249.79.36 - - [17/Aug/2026:13:00:41 +0000] "GET /?sale/search/detail/?ITMCODE=c7l3a4m2m9i4l7y3762 HTTP/1.1" 200 30095 "-" "Mozilla/5.0 (Linux; Android 6.0.1; Nexus 5X Build/MMB29P) AppleWebKit/537.36 (KHTML, like Gecko) Chrome/150.0.7871.186 Mobile Safari/537.36 (compatible; Googlebot/2.1; +http://www.google.com/bot.html)"
66.249.79.36 - - [17/Aug/2026:13:00:49 +0000] "GET /?sale/search/detail/?ITMCODE=s7t1o8w5e8d87644 HTTP/1.1" 200 32318 "-" "Mozilla/5.0 (Linux; Android 6.0.1; Nexus 5X Build/MMB29P) AppleWebKit/537.36 (KHTML, like Gecko) Chrome/150.0.7871.186 Mobile Safari/537.36 (compatible; Googlebot/2.1; +http://www.google.com/bot.html)"
66.249.79.36 - - [17/Aug/2026:13:00:57 +0000] "GET /?sale/search/detail/?ITMCODE=u7n1e9c5o2n2o0m7i4c80 HTTP/1.1" 200 30622 "-" "Mozilla/5.0 (Linux; Android 6.0.1; Nexus 5X Build/MMB29P) AppleWebKit/537.36 (KHTML, like Gecko) Chrome/150.0.7871.186 Mobile Safari/537.36 (compatible; Googlebot/2.1; +http://www.google.com/bot.html)"
66.249.79.37 - - [17/Aug/2026:13:01:04 +0000] "GET /?sale/search/detail/?ITMCODE=m7a3u9l6e7d915126 HTTP/1.1" 200 30909 "-" "Mozilla/5.0 (Linux; Android 6.0.1; Nexus 5X Build/MMB29P) AppleWebKit/537.36 (KHTML, like Gecko) Chrome/150.0.7871.186 Mobile Safari/537.36 (compatible; Googlebot/2.1; +http://www.google.com/bot.html)"
66.249.79.37 - - [17/Aug/2026:13:01:12 +0000] "GET /?sale/search/detail/?ITMCODE=d7e1t9e1r6i8o8r5a1t5e HTTP/1.1" 200 30137 "-" "Mozilla/5.0 (Linux; Android 6.0.1; Nexus 5X Build/MMB29P) AppleWebKit/537.36 (KHTML, like Gecko) Chrome/150.0.7871.186 Mobile Safari/537.36 (compatible; Googlebot/2.1; +http://www.google.com/bot.html)"
66.249.79.36 - - [17/Aug/2026:13:01:20 +0000] "GET /?sale/search/detail/?ITMCODE=s7a5r4m5e9n4t4o1s7a3 HTTP/1.1" 200 30106 "-" "Mozilla/5.0 (Linux; Android 6.0.1; Nexus 5X Build/MMB29P) AppleWebKit/537.36 (KHTML, like Gecko) Chrome/150.0.7871.186 Mobile Safari/537.36 (compatible; Googlebot/2.1; +http://www.google.com/bot.html)"
68.67.112.146 - - [17/Aug/2026:13:01:23 +0000] "GET /robots.txt HTTP/1.1" 200 99 "-" "Mozilla/5.0 AppleWebKit/537.36 (KHTML, like Gecko; compatible; YouBot/1.0; +https://docs.you.com/youbot; env:prod) Chrome/142.0.0.0 Safari/537.36"
66.249.79.36 - - [17/Aug/2026:13:01:27 +0000] "GET /?sale/search/detail/?ITMCODE=v7r2a7i2s1e0m5b6l7a3n7ce HTTP/1.1" 200 31666 "-" "Mozilla/5.0 (Linux; Android 6.0.1; Nexus 5X Build/MMB29P) AppleWebKit/537.36 (KHTML, like Gecko) Chrome/150.0.7871.186 Mobile Safari/537.36 (compatible; Googlebot/2.1; +http://www.google.com/bot.html)"
68.67.112.146 - - [17/Aug/2026:13:01:28 +0000] "GET /2026/04/13/canal-front-al-wasl-renovation/ HTTP/1.1" 200 45529 "-" "Mozilla/5.0 AppleWebKit/537.36 (KHTML, like Gecko; compatible; YouBot/1.0; +https://docs.you.com/youbot; env:prod) Chrome/142.0.0.0 Safari/537.36"
66.249.79.36 - - [17/Aug/2026:13:01:30 +0000] "GET /?sale/search/detail/?ITMCODE=s7e4c1t0a8r7i5e2s907 HTTP/1.1" 200 31500 "-" "Mozilla/5.0 (Linux; Android 6.0.1; Nexus 5X Build/MMB29P) AppleWebKit/537.36 (KHTML, like Gecko) Chrome/150.0.7871.186 Mobile Safari/537.36 (compatible; Googlebot/2.1; +http://www.google.com/bot.html)"
122.162.150.35 - - [17/Aug/2026:13:01:34 +0000] "GET / HTTP/2.0" 200 56807 "-" "Mozilla/5.0 (Windows NT 10.0; Win64; x64) AppleWebKit/537.36 (KHTML, like Gecko) Chrome/136.0.0.0 Safari/537.36"
122.162.150.35 - - [17/Aug/2026:13:01:35 +0000] "GET /wp-content/themes/astra/assets/css/minified/main.min.css?ver=4.12.7 HTTP/2.0" 200 8683 "https://reviverenovation.ae/" "Mozilla/5.0 (Windows NT 10.0; Win64; x64) AppleWebKit/537.36 (KHTML, like Gecko) Chrome/136.0.0.0 Safari/537.36"
122.162.150.35 - - [17/Aug/2026:13:01:35 +0000] "GET /wp-content/cache/speedycache/reviverenovation.ae/assets/5003722985a75bf5-style.css HTTP/2.0" 200 621 "https://reviverenovation.ae/" "Mozilla/5.0 (Windows NT 10.0; Win64; x64) AppleWebKit/537.36 (KHTML, like Gecko) Chrome/136.0.0.0 Safari/537.36"
122.162.150.35 - - [17/Aug/2026:13:01:35 +0000] "GET /wp-content/plugins/elementor/assets/css/frontend.min.css?ver=4.0.2 HTTP/2.0" 200 7271 "https://reviverenovation.ae/" "Mozilla/5.0 (Windows NT 10.0; Win64; x64) AppleWebKit/537.36 (KHTML, like Gecko) Chrome/136.0.0.0 Safari/537.36"
122.162.150.35 - - [17/Aug/2026:13:01:35 +0000] "GET /wp-content/plugins/elementor/assets/css/widget-image.min.css?ver=4.0.2 HTTP/2.0" 200 135 "https://reviverenovation.ae/" "Mozilla/5.0 (Windows NT 10.0; Win64; x64) AppleWebKit/537.36 (KHTML, like Gecko) Chrome/136.0.0.0 Safari/537.36"
122.162.150.35 - - [17/Aug/2026:13:01:35 +0000] "GET /wp-content/plugins/elementor/assets/css/widget-heading.min.css?ver=4.0.2 HTTP/2.0" 200 160 "https://reviverenovation.ae/" "Mozilla/5.0 (Windows NT 10.0; Win64; x64) AppleWebKit/537.36 (KHTML, like Gecko) Chrome/136.0.0.0 Safari/537.36"
122.162.150.35 - - [17/Aug/2026:13:01:35 +0000] "GET /wp-content/plugins/elementor/assets/css/widget-icon-list.min.css?ver=4.0.2 HTTP/2.0" 200 1023 "https://reviverenovation.ae/" "Mozilla/5.0 (Windows NT 10.0; Win64; x64) AppleWebKit/537.36 (KHTML, like Gecko) Chrome/136.0.0.0 Safari/537.36"
122.162.150.35 - - [17/Aug/2026:13:01:35 +0000] "GET /wp-content/plugins/elementor/assets/css/widget-social-icons.min.css?ver=4.0.2 HTTP/2.0" 200 1142 "https://reviverenovation.ae/" "Mozilla/5.0 (Windows NT 10.0; Win64; x64) AppleWebKit/537.36 (KHTML, like Gecko) Chrome/136.0.0.0 Safari/537.36"
122.162.150.35 - - [17/Aug/2026:13:01:35 +0000] "GET /wp-content/plugins/elementor/assets/css/conditionals/apple-webkit.min.css?ver=4.0.2 HTTP/2.0" 200 547 "https://reviverenovation.ae/" "Mozilla/5.0 (Windows NT 10.0; Win64; x64) AppleWebKit/537.36 (KHTML, like Gecko) Chrome/136.0.0.0 Safari/537.36"
122.162.150.35 - - [17/Aug/2026:13:01:35 +0000] "GET /wp-content/plugins/elementor/assets/lib/animations/styles/fadeInUp.min.css?ver=4.0.2 HTTP/2.0" 200 117 "https://reviverenovation.ae/" "Mozilla/5.0 (Windows NT 10.0; Win64; x64) AppleWebKit/537.36 (KHTML, like Gecko) Chrome/136.0.0.0 Safari/537.36"
122.162.150.35 - - [17/Aug/2026:13:01:35 +0000] "GET /wp-content/cache/speedycache/reviverenovation.ae/assets/33ab4a92927038b4-post-5.css HTTP/2.0" 200 441 "https://reviverenovation.ae/" "Mozilla/5.0 (Windows NT 10.0; Win64; x64) AppleWebKit/537.36 (KHTML, like Gecko) Chrome/136.0.0.0 Safari/537.36"
122.162.150.35 - - [17/Aug/2026:13:01:35 +0000] "GET /wp-content/plugins/elementor/assets/lib/swiper/v8/css/swiper.min.css?ver=8.4.5 HTTP/2.0" 200 4583 "https://reviverenovation.ae/" "Mozilla/5.0 (Windows NT 10.0; Win64; x64) AppleWebKit/537.36 (KHTML, like Gecko) Chrome/136.0.0.0 Safari/537.36"
122.162.150.35 - - [17/Aug/2026:13:01:35 +0000] "GET /wp-content/plugins/elementor/assets/css/conditionals/e-swiper.min.css?ver=4.0.2 HTTP/2.0" 200 799 "https://reviverenovation.ae/" "Mozilla/5.0 (Windows NT 10.0; Win64; x64) AppleWebKit/537.36 (KHTML, like Gecko) Chrome/136.0.0.0 Safari/537.36"
122.162.150.35 - - [17/Aug/2026:13:01:35 +0000] "GET /wp-content/plugins/pro-elements/assets/css/widget-price-list.min.css?ver=3.35.0 HTTP/2.0" 200 462 "https://reviverenovation.ae/" "Mozilla/5.0 (Windows NT 10.0; Win64; x64) AppleWebKit/537.36 (KHTML, like Gecko) Chrome/136.0.0.0 Safari/537.36"
122.162.150.35 - - [17/Aug/2026:13:01:35 +0000] "GET /wp-content/plugins/pro-elements/assets/css/widget-call-to-action.min.css?ver=3.35.0 HTTP/2.0" 200 1338 "https://reviverenovation.ae/" "Mozilla/5.0 (Windows NT 10.0; Win64; x64) AppleWebKit/537.36 (KHTML, like Gecko) Chrome/136.0.0.0 Safari/537.36"
122.162.150.35 - - [17/Aug/2026:13:01:35 +0000] "GET /wp-content/plugins/pro-elements/assets/css/conditionals/transitions.min.css?ver=3.35.0 HTTP/2.0" 200 621 "https://reviverenovation.ae/" "Mozilla/5.0 (Windows NT 10.0; Win64; x64) AppleWebKit/537.36 (KHTML, like Gecko) Chrome/136.0.0.0 Safari/537.36"
122.162.150.35 - - [17/Aug/2026:13:01:35 +0000] "GET /wp-content/plugins/pro-elements/assets/css/widget-loop-grid.min.css?ver=3.35.0 HTTP/2.0" 200 1290 "https://reviverenovation.ae/" "Mozilla/5.0 (Windows NT 10.0; Win64; x64) AppleWebKit/537.36 (KHTML, like Gecko) Chrome/136.0.0.0 Safari/537.36"
122.162.150.35 - - [17/Aug/2026:13:01:35 +0000] "GET /wp-content/plugins/elementor/assets/lib/animations/styles/slideInLeft.min.css?ver=4.0.2 HTTP/2.0" 200 123 "https://reviverenovation.ae/" "Mozilla/5.0 (Windows NT 10.0; Win64; x64) AppleWebKit/537.36 (KHTML, like Gecko) Chrome/136.0.0.0 Safari/537.36"
122.162.150.35 - - [17/Aug/2026:13:01:35 +0000] "GET /wp-content/plugins/elementor/assets/lib/animations/styles/fadeInRight.min.css?ver=4.0.2 HTTP/2.0" 200 120 "https://reviverenovation.ae/" "Mozilla/5.0 (Windows NT 10.0; Win64; x64) AppleWebKit/537.36 (KHTML, like Gecko) Chrome/136.0.0.0 Safari/537.36"
122.162.150.35 - - [17/Aug/2026:13:01:35 +0000] "GET /wp-content/plugins/elementor/assets/lib/animations/styles/fadeInLeft.min.css?ver=4.0.2 HTTP/2.0" 200 120 "https://reviverenovation.ae/" "Mozilla/5.0 (Windows NT 10.0; Win64; x64) AppleWebKit/537.36 (KHTML, like Gecko) Chrome/136.0.0.0 Safari/537.36"
122.162.150.35 - - [17/Aug/2026:13:01:35 +0000] "GET /wp-content/plugins/elementor/assets/css/widget-icon-box.min.css?ver=4.0.2 HTTP/2.0" 200 435 "https://reviverenovation.ae/" "Mozilla/5.0 (Windows NT 10.0; Win64; x64) AppleWebKit/537.36 (KHTML, like Gecko) Chrome/136.0.0.0 Safari/537.36"
122.162.150.35 - - [17/Aug/2026:13:01:35 +0000] "GET /wp-content/plugins/elementor/assets/css/widget-rating.min.css?ver=4.0.2 HTTP/2.0" 200 399 "https://reviverenovation.ae/" "Mozilla/5.0 (Windows NT 10.0; Win64; x64) AppleWebKit/537.36 (KHTML, like Gecko) Chrome/136.0.0.0 Safari/537.36"
122.162.150.35 - - [17/Aug/2026:13:01:35 +0000] "GET /wp-content/plugins/elementor/assets/css/widget-image-carousel.min.css?ver=4.0.2 HTTP/2.0" 200 183 "https://reviverenovation.ae/" "Mozilla/5.0 (Windows NT 10.0; Win64; x64) AppleWebKit/537.36 (KHTML, like Gecko) Chrome/136.0.0.0 Safari/537.36"
122.162.150.35 - - [17/Aug/2026:13:01:35 +0000] "GET /wp-content/cache/speedycache/reviverenovation.ae/assets/fbe48911448154e2-post-480.css HTTP/2.0" 200 1984 "https://reviverenovation.ae/" "Mozilla/5.0 (Windows NT 10.0; Win64; x64) AppleWebKit/537.36 (KHTML, like Gecko) Chrome/136.0.0.0 Safari/537.36"
122.162.150.35 - - [17/Aug/2026:13:01:35 +0000] "GET /wp-content/cache/speedycache/reviverenovation.ae/assets/95077f496437d32b-wws.css HTTP/2.0" 200 691 "https://reviverenovation.ae/" "Mozilla/5.0 (Windows NT 10.0; Win64; x64) AppleWebKit/537.36 (KHTML, like Gecko) Chrome/136.0.0.0 Safari/537.36"
122.162.150.35 - - [17/Aug/2026:13:01:35 +0000] "GET /wp-content/cache/speedycache/reviverenovation.ae/assets/b1725672c5852da8-wws-layout-4.css HTTP/2.0" 200 101 "https://reviverenovation.ae/" "Mozilla/5.0 (Windows NT 10.0; Win64; x64) AppleWebKit/537.36 (KHTML, like Gecko) Chrome/136.0.0.0 Safari/537.36"
122.162.150.35 - - [17/Aug/2026:13:01:35 +0000] "GET /wp-content/plugins/speedycache-pro/assets/images/image-palceholder.png HTTP/2.0" 200 145 "https://reviverenovation.ae/" "Mozilla/5.0 (Windows NT 10.0; Win64; x64) AppleWebKit/537.36 (KHTML, like Gecko) Chrome/136.0.0.0 Safari/537.36"
122.162.150.35 - - [17/Aug/2026:13:01:35 +0000] "GET /wp-content/plugins/pro-elements/assets/css/widget-loop-common.min.css?ver=3.35.0 HTTP/2.0" 200 158 "https://reviverenovation.ae/" "Mozilla/5.0 (Windows NT 10.0; Win64; x64) AppleWebKit/537.36 (KHTML, like Gecko) Chrome/136.0.0.0 Safari/537.36"
122.162.150.35 - - [17/Aug/2026:13:01:35 +0000] "GET /wp-content/cache/speedycache/reviverenovation.ae/assets/c8aca11ebb99ff97-astra-addon-69ddef01d16cf9-75818811.css HTTP/2.0" 200 5877 "https://reviverenovation.ae/" "Mozilla/5.0 (Windows NT 10.0; Win64; x64) AppleWebKit/537.36 (KHTML, like Gecko) Chrome/136.0.0.0 Safari/537.36"
122.162.150.35 - - [17/Aug/2026:13:01:35 +0000] "GET /wp-content/plugins/elementor/assets/css/widget-divider.min.css?ver=4.0.2 HTTP/2.0" 200 741 "https://reviverenovation.ae/" "Mozilla/5.0 (Windows NT 10.0; Win64; x64) AppleWebKit/537.36 (KHTML, like Gecko) Chrome/136.0.0.0 Safari/537.36"
122.162.150.35 - - [17/Aug/2026:13:01:35 +0000] "GET /wp-content/plugins/unlimited-elements-for-elementor/assets_libraries/font-awesome6/fontawesome-all.min.css HTTP/2.0" 200 22761 "https://reviverenovation.ae/" "Mozilla/5.0 (Windows NT 10.0; Win64; x64) AppleWebKit/537.36 (KHTML, like Gecko) Chrome/136.0.0.0 Safari/537.36"
122.162.150.35 - - [17/Aug/2026:13:01:35 +0000] "GET /wp-content/cache/speedycache/reviverenovation.ae/assets/8cadd957ced5bb6b-post-18.css HTTP/2.0" 200 6208 "https://reviverenovation.ae/" "Mozilla/5.0 (Windows NT 10.0; Win64; x64) AppleWebKit/537.36 (KHTML, like Gecko) Chrome/136.0.0.0 Safari/537.36"
122.162.150.35 - - [17/Aug/2026:13:01:35 +0000] "GET /wp-content/plugins/unlimited-elements-for-elementor/assets_libraries/font-awesome6/fontawesome-v4-shims.min.css HTTP/2.0" 200 4028 "https://reviverenovation.ae/" "Mozilla/5.0 (Windows NT 10.0; Win64; x64) AppleWebKit/537.36 (KHTML, like Gecko) Chrome/136.0.0.0 Safari/537.36"
122.162.150.35 - - [17/Aug/2026:13:01:35 +0000] "GET /wp-content/plugins/unlimited-elements-for-elementor/assets_libraries/lity/lity.min.css HTTP/2.0" 200 1016 "https://reviverenovation.ae/" "Mozilla/5.0 (Windows NT 10.0; Win64; x64) AppleWebKit/537.36 (KHTML, like Gecko) Chrome/136.0.0.0 Safari/537.36"
122.162.150.35 - - [17/Aug/2026:13:01:35 +0000] "GET /wp-content/plugins/astra-addon/addons/nav-menu/assets/css/minified/magamenu-frontend.min.css?ver=4.12.5 HTTP/2.0" 200 - "https://reviverenovation.ae/" "Mozilla/5.0 (Windows NT 10.0; Win64; x64) AppleWebKit/537.36 (KHTML, like Gecko) Chrome/136.0.0.0 Safari/537.36"
122.162.150.35 - - [17/Aug/2026:13:01:35 +0000] "GET /wp-includes/js/jquery/jquery.min.js?ver=3.7.1 HTTP/2.0" 200 30368 "https://reviverenovation.ae/" "Mozilla/5.0 (Windows NT 10.0; Win64; x64) AppleWebKit/537.36 (KHTML, like Gecko) Chrome/136.0.0.0 Safari/537.36"
122.162.150.35 - - [17/Aug/2026:13:01:35 +0000] "GET /wp-includes/js/jquery/jquery-migrate.min.js?ver=3.4.1 HTTP/2.0" 200 4872 "https://reviverenovation.ae/" "Mozilla/5.0 (Windows NT 10.0; Win64; x64) AppleWebKit/537.36 (KHTML, like Gecko) Chrome/136.0.0.0 Safari/537.36"
122.162.150.35 - - [17/Aug/2026:13:01:35 +0000] "GET /wp-content/themes/astra/assets/js/minified/frontend.min.js?ver=4.12.7 HTTP/2.0" 200 5952 "https://reviverenovation.ae/" "Mozilla/5.0 (Windows NT 10.0; Win64; x64) AppleWebKit/537.36 (KHTML, like Gecko) Chrome/136.0.0.0 Safari/537.36"
122.162.150.35 - - [17/Aug/2026:13:01:35 +0000] "GET /wp-content/cache/speedycache/reviverenovation.ae/assets/57c950ff2ac8ff7e-animations.js HTTP/2.0" 200 1244 "https://reviverenovation.ae/" "Mozilla/5.0 (Windows NT 10.0; Win64; x64) AppleWebKit/537.36 (KHTML, like Gecko) Chrome/136.0.0.0 Safari/537.36"
122.162.150.35 - - [17/Aug/2026:13:01:35 +0000] "GET /wp-content/cache/speedycache/reviverenovation.ae/assets/7278ec8f1975e6ee-smooth-scroll.js HTTP/2.0" 200 738 "https://reviverenovation.ae/" "Mozilla/5.0 (Windows NT 10.0; Win64; x64) AppleWebKit/537.36 (KHTML, like Gecko) Chrome/136.0.0.0 Safari/537.36"
122.162.150.35 - - [17/Aug/2026:13:01:35 +0000] "GET /wp-content/cache/speedycache/reviverenovation.ae/assets/b90a6b6986dcecf7-astra-addon-69ddef01d1ba53-08965612.js HTTP/2.0" 200 9109 "https://reviverenovation.ae/" "Mozilla/5.0 (Windows NT 10.0; Win64; x64) AppleWebKit/537.36 (KHTML, like Gecko) Chrome/136.0.0.0 Safari/537.36"
122.162.150.35 - - [17/Aug/2026:13:01:35 +0000] "GET /wp-content/plugins/astra-addon/assets/js/minified/purify.min.js?ver=4.12.5 HTTP/2.0" 200 8744 "https://reviverenovation.ae/" "Mozilla/5.0 (Windows NT 10.0; Win64; x64) AppleWebKit/537.36 (KHTML, like Gecko) Chrome/136.0.0.0 Safari/537.36"
122.162.150.35 - - [17/Aug/2026:13:01:35 +0000] "GET /wp-content/plugins/elementor/assets/js/webpack.runtime.min.js?ver=4.0.2 HTTP/2.0" 200 2496 "https://reviverenovation.ae/" "Mozilla/5.0 (Windows NT 10.0; Win64; x64) AppleWebKit/537.36 (KHTML, like Gecko) Chrome/136.0.0.0 Safari/537.36"
122.162.150.35 - - [17/Aug/2026:13:01:35 +0000] "GET /wp-content/plugins/elementor/assets/js/frontend-modules.min.js?ver=4.0.2 HTTP/2.0" 200 15970 "https://reviverenovation.ae/" "Mozilla/5.0 (Windows NT 10.0; Win64; x64) AppleWebKit/537.36 (KHTML, like Gecko) Chrome/136.0.0.0 Safari/537.36"
122.162.150.35 - - [17/Aug/2026:13:01:35 +0000] "GET /wp-includes/js/jquery/ui/core.min.js?ver=1.13.3 HTTP/2.0" 200 7106 "https://reviverenovation.ae/" "Mozilla/5.0 (Windows NT 10.0; Win64; x64) AppleWebKit/537.36 (KHTML, like Gecko) Chrome/136.0.0.0 Safari/537.36"
122.162.150.35 - - [17/Aug/2026:13:01:35 +0000] "GET /wp-content/plugins/elementor/assets/js/frontend.min.js?ver=4.0.2 HTTP/2.0" 200 10339 "https://reviverenovation.ae/" "Mozilla/5.0 (Windows NT 10.0; Win64; x64) AppleWebKit/537.36 (KHTML, like Gecko) Chrome/136.0.0.0 Safari/537.36"
122.162.150.35 - - [17/Aug/2026:13:01:35 +0000] "GET /wp-includes/js/imagesloaded.min.js?ver=5.0.0 HTTP/2.0" 200 1803 "https://reviverenovation.ae/" "Mozilla/5.0 (Windows NT 10.0; Win64; x64) AppleWebKit/537.36 (KHTML, like Gecko) Chrome/136.0.0.0 Safari/537.36"
122.162.150.35 - - [17/Aug/2026:13:01:35 +0000] "GET /wp-content/cache/speedycache/reviverenovation.ae/assets/3e3350c88b93ffda-wws.js HTTP/2.0" 200 2350 "https://reviverenovation.ae/" "Mozilla/5.0 (Windows NT 10.0; Win64; x64) AppleWebKit/537.36 (KHTML, like Gecko) Chrome/136.0.0.0 Safari/537.36"
122.162.150.35 - - [17/Aug/2026:13:01:35 +0000] "GET /wp-content/uploads/ac_assets/uc-splitting-text/splitting.min.js?ver=2.0.7 HTTP/2.0" 200 1683 "https://reviverenovation.ae/" "Mozilla/5.0 (Windows NT 10.0; Win64; x64) AppleWebKit/537.36 (KHTML, like Gecko) Chrome/136.0.0.0 Safari/537.36"
122.162.150.35 - - [17/Aug/2026:13:01:35 +0000] "GET /wp-content/plugins/unlimited-elements-for-elementor/assets_libraries/lity/lity.min.js?ver=2.0.7 HTTP/2.0" 200 2932 "https://reviverenovation.ae/" "Mozilla/5.0 (Windows NT 10.0; Win64; x64) AppleWebKit/537.36 (KHTML, like Gecko) Chrome/136.0.0.0 Safari/537.36"
122.162.150.35 - - [17/Aug/2026:13:01:35 +0000] "GET /wp-content/plugins/elementor/assets/lib/swiper/v8/swiper.min.js?ver=8.4.5 HTTP/2.0" 200 39695 "https://reviverenovation.ae/" "Mozilla/5.0 (Windows NT 10.0; Win64; x64) AppleWebKit/537.36 (KHTML, like Gecko) Chrome/136.0.0.0 Safari/537.36"
122.162.150.35 - - [17/Aug/2026:13:01:35 +0000] "GET /wp-content/plugins/wordpress-whatsapp-support/assets/libraries/inputmask/jquery.inputmask.min.js?ver=5.0.6 HTTP/2.0" 200 27792 "https://reviverenovation.ae/" "Mozilla/5.0 (Windows NT 10.0; Win64; x64) AppleWebKit/537.36 (KHTML, like Gecko) Chrome/136.0.0.0 Safari/537.36"
122.162.150.35 - - [17/Aug/2026:13:01:35 +0000] "GET /wp-content/plugins/pro-elements/assets/js/webpack-pro.runtime.min.js?ver=3.35.0 HTTP/2.0" 200 2857 "https://reviverenovation.ae/" "Mozilla/5.0 (Windows NT 10.0; Win64; x64) AppleWebKit/537.36 (KHTML, like Gecko) Chrome/136.0.0.0 Safari/537.36"
122.162.150.35 - - [17/Aug/2026:13:01:36 +0000] "GET /wp-includes/js/dist/hooks.min.js?ver=7496969728ca0f95732d HTTP/2.0" 200 1829 "https://reviverenovation.ae/" "Mozilla/5.0 (Windows NT 10.0; Win64; x64) AppleWebKit/537.36 (KHTML, like Gecko) Chrome/136.0.0.0 Safari/537.36"
122.162.150.35 - - [17/Aug/2026:13:01:36 +0000] "GET /wp-includes/js/dist/i18n.min.js?ver=781d11515ad3d91786ec HTTP/2.0" 200 2465 "https://reviverenovation.ae/" "Mozilla/5.0 (Windows NT 10.0; Win64; x64) AppleWebKit/537.36 (KHTML, like Gecko) Chrome/136.0.0.0 Safari/537.36"
122.162.150.35 - - [17/Aug/2026:13:01:36 +0000] "GET /wp-content/plugins/pro-elements/assets/js/frontend.min.js?ver=3.35.0 HTTP/2.0" 200 6435 "https://reviverenovation.ae/" "Mozilla/5.0 (Windows NT 10.0; Win64; x64) AppleWebKit/537.36 (KHTML, like Gecko) Chrome/136.0.0.0 Safari/537.36"
122.162.150.35 - - [17/Aug/2026:13:01:36 +0000] "GET /wp-content/plugins/pro-elements/assets/js/elements-handlers.min.js?ver=3.35.0 HTTP/2.0" 200 10563 "https://reviverenovation.ae/" "Mozilla/5.0 (Windows NT 10.0; Win64; x64) AppleWebKit/537.36 (KHTML, like Gecko) Chrome/136.0.0.0 Safari/537.36"
122.162.150.35 - - [17/Aug/2026:13:01:36 +0000] "GET /wp-content/uploads/2026/03/path-douiri.org-6.svg HTTP/2.0" 200 222 "https://reviverenovation.ae/" "Mozilla/5.0 (Windows NT 10.0; Win64; x64) AppleWebKit/537.36 (KHTML, like Gecko) Chrome/136.0.0.0 Safari/537.36"
122.162.150.35 - - [17/Aug/2026:13:01:36 +0000] "GET /wp-content/uploads/2026/03/path-douiri.org-10.svg HTTP/2.0" 200 198 "https://reviverenovation.ae/wp-content/cache/speedycache/reviverenovation.ae/assets/8cadd957ced5bb6b-post-18.css" "Mozilla/5.0 (Windows NT 10.0; Win64; x64) AppleWebKit/537.36 (KHTML, like Gecko) Chrome/136.0.0.0 Safari/537.36"
122.162.150.35 - - [17/Aug/2026:13:01:36 +0000] "GET /wp-content/uploads/2026/03/51d20d_5c5f31fbb02f48159455b983d6dd53a0mv2.jpg HTTP/2.0" 200 48680 "https://reviverenovation.ae/wp-content/cache/speedycache/reviverenovation.ae/assets/8cadd957ced5bb6b-post-18.css" "Mozilla/5.0 (Windows NT 10.0; Win64; x64) AppleWebKit/537.36 (KHTML, like Gecko) Chrome/136.0.0.0 Safari/537.36"
122.162.150.35 - - [17/Aug/2026:13:01:36 +0000] "GET /wp-content/uploads/2026/03/Logo-new-07-scaled-173x39.png HTTP/2.0" 200 3462 "https://reviverenovation.ae/" "Mozilla/5.0 (Windows NT 10.0; Win64; x64) AppleWebKit/537.36 (KHTML, like Gecko) Chrome/136.0.0.0 Safari/537.36"
122.162.150.35 - - [17/Aug/2026:13:01:36 +0000] "GET /wp-content/plugins/unlimited-elements-for-elementor/assets_libraries/font-awesome6/fa-solid-900.woff2 HTTP/2.0" 200 156539 "https://reviverenovation.ae/wp-content/plugins/unlimited-elements-for-elementor/assets_libraries/font-awesome6/fontawesome-all.min.css" "Mozilla/5.0 (Windows NT 10.0; Win64; x64) AppleWebKit/537.36 (KHTML, like Gecko) Chrome/136.0.0.0 Safari/537.36"
122.162.150.35 - - [17/Aug/2026:13:01:36 +0000] "GET /wp-content/uploads/2026/03/Mansory-Medium.ttf HTTP/2.0" 200 33899 "https://reviverenovation.ae/wp-content/cache/speedycache/reviverenovation.ae/assets/8cadd957ced5bb6b-post-18.css" "Mozilla/5.0 (Windows NT 10.0; Win64; x64) AppleWebKit/537.36 (KHTML, like Gecko) Chrome/136.0.0.0 Safari/537.36"
122.162.150.35 - - [17/Aug/2026:13:01:36 +0000] "GET /wp-content/uploads/2026/03/Mansory-Bold.ttf HTTP/2.0" 200 35928 "https://reviverenovation.ae/wp-content/cache/speedycache/reviverenovation.ae/assets/8cadd957ced5bb6b-post-18.css" "Mozilla/5.0 (Windows NT 10.0; Win64; x64) AppleWebKit/537.36 (KHTML, like Gecko) Chrome/136.0.0.0 Safari/537.36"
122.162.150.35 - - [17/Aug/2026:13:01:36 +0000] "GET /wp-content/uploads/2026/03/matt-briney-DBzq28q5Y2A-unsplash.webp HTTP/2.0" 200 190503 "https://reviverenovation.ae/wp-content/cache/speedycache/reviverenovation.ae/assets/fbe48911448154e2-post-480.css" "Mozilla/5.0 (Windows NT 10.0; Win64; x64) AppleWebKit/537.36 (KHTML, like Gecko) Chrome/136.0.0.0 Safari/537.36"
122.162.150.35 - - [17/Aug/2026:13:01:36 +0000] "GET /wp-content/plugins/elementor/assets/js/shared-frontend-handlers.03caa53373b56d3bab67.bundle.min.js HTTP/2.0" 200 2644 "https://reviverenovation.ae/" "Mozilla/5.0 (Windows NT 10.0; Win64; x64) AppleWebKit/537.36 (KHTML, like Gecko) Chrome/136.0.0.0 Safari/537.36"
122.162.150.35 - - [17/Aug/2026:13:01:36 +0000] "GET /wp-content/plugins/elementor/assets/js/text-editor.45609661e409413f1cef.bundle.min.js HTTP/2.0" 200 648 "https://reviverenovation.ae/" "Mozilla/5.0 (Windows NT 10.0; Win64; x64) AppleWebKit/537.36 (KHTML, like Gecko) Chrome/136.0.0.0 Safari/537.36"
122.162.150.35 - - [17/Aug/2026:13:01:36 +0000] "GET /wp-content/plugins/pro-elements/assets/js/load-more.8b46f464e573feab5dd7.bundle.min.js HTTP/2.0" 200 1590 "https://reviverenovation.ae/" "Mozilla/5.0 (Windows NT 10.0; Win64; x64) AppleWebKit/537.36 (KHTML, like Gecko) Chrome/136.0.0.0 Safari/537.36"
122.162.150.35 - - [17/Aug/2026:13:01:36 +0000] "GET /wp-content/plugins/pro-elements/assets/js/loop.89cc81d2188312a17a17.bundle.min.js HTTP/2.0" 200 3220 "https://reviverenovation.ae/" "Mozilla/5.0 (Windows NT 10.0; Win64; x64) AppleWebKit/537.36 (KHTML, like Gecko) Chrome/136.0.0.0 Safari/537.36"
122.162.150.35 - - [17/Aug/2026:13:01:36 +0000] "GET /wp-content/plugins/pro-elements/assets/js/ajax-pagination.2090b5f4906bcda1dcc2.bundle.min.js HTTP/2.0" 200 1197 "https://reviverenovation.ae/" "Mozilla/5.0 (Windows NT 10.0; Win64; x64) AppleWebKit/537.36 (KHTML, like Gecko) Chrome/136.0.0.0 Safari/537.36"
122.162.150.35 - - [17/Aug/2026:13:01:36 +0000] "GET /wp-content/plugins/elementor/assets/js/image-carousel.6167d20b95b33386757b.bundle.min.js HTTP/2.0" 200 272 "https://reviverenovation.ae/" "Mozilla/5.0 (Windows NT 10.0; Win64; x64) AppleWebKit/537.36 (KHTML, like Gecko) Chrome/136.0.0.0 Safari/537.36"
122.162.150.35 - - [17/Aug/2026:13:01:36 +0000] "GET /wp-includes/js/wp-emoji-release.min.js?ver=7.0.4 HTTP/2.0" 200 5386 "https://reviverenovation.ae/" "Mozilla/5.0 (Windows NT 10.0; Win64; x64) AppleWebKit/537.36 (KHTML, like Gecko) Chrome/136.0.0.0 Safari/537.36"
122.162.150.35 - - [17/Aug/2026:13:01:36 +0000] "GET /wp-content/uploads/2026/03/slide-image.jpg HTTP/2.0" 200 462480 "https://reviverenovation.ae/" "Mozilla/5.0 (Windows NT 10.0; Win64; x64) AppleWebKit/537.36 (KHTML, like Gecko) Chrome/136.0.0.0 Safari/537.36"
122.162.150.35 - - [17/Aug/2026:13:01:36 +0000] "GET /wp-content/uploads/2026/03/258-Al-Murooj-new-HD-1-25.jpg HTTP/2.0" 200 1625223 "https://reviverenovation.ae/" "Mozilla/5.0 (Windows NT 10.0; Win64; x64) AppleWebKit/537.36 (KHTML, like Gecko) Chrome/136.0.0.0 Safari/537.36"
122.162.150.35 - - [17/Aug/2026:13:01:37 +0000] "GET /wp-content/uploads/2026/03/flavicon-150x150.png HTTP/2.0" 200 4922 "https://reviverenovation.ae/" "Mozilla/5.0 (Windows NT 10.0; Win64; x64) AppleWebKit/537.36 (KHTML, like Gecko) Chrome/136.0.0.0 Safari/537.36"
122.162.150.35 - - [17/Aug/2026:13:01:37 +0000] "GET /wp-content/uploads/2026/03/image-for-Revive-Renovation.png HTTP/2.0" 200 1545441 "https://reviverenovation.ae/" "Mozilla/5.0 (Windows NT 10.0; Win64; x64) AppleWebKit/537.36 (KHTML, like Gecko) Chrome/136.0.0.0 Safari/537.36"
122.162.150.35 - - [17/Aug/2026:13:01:37 +0000] "GET /wp-content/uploads/2026/03/image-for-Revive-Joinery.png HTTP/2.0" 200 2137387 "https://reviverenovation.ae/" "Mozilla/5.0 (Windows NT 10.0; Win64; x64) AppleWebKit/537.36 (KHTML, like Gecko) Chrome/136.0.0.0 Safari/537.36"
122.162.150.35 - - [17/Aug/2026:13:01:37 +0000] "GET /wp-content/uploads/2026/03/image-for-Revive-Productions.png HTTP/2.0" 200 754152 "https://reviverenovation.ae/" "Mozilla/5.0 (Windows NT 10.0; Win64; x64) AppleWebKit/537.36 (KHTML, like Gecko) Chrome/136.0.0.0 Safari/537.36"
66.249.79.36 - - [17/Aug/2026:13:01:38 +0000] "GET /?sale/search/detail/?ITMCODE=f7o7r7s0a7k5i3n7g36 HTTP/1.1" 200 29723 "-" "Mozilla/5.0 (Linux; Android 6.0.1; Nexus 5X Build/MMB29P) AppleWebKit/537.36 (KHTML, like Gecko) Chrome/150.0.7871.186 Mobile Safari/537.36 (compatible; Googlebot/2.1; +http://www.google.com/bot.html)"
39.34.143.217 - - [17/Aug/2026:13:01:41 +0000] "GET /wp-content/cache/speedycache/reviverenovation.ae/assets/57c950ff2ac8ff7e-animations.js HTTP/2.0" 200 1244 "-" "Mozilla/5.0 (Windows NT 10.0; Win64; x64) AppleWebKit/537.36 (KHTML, like Gecko) Chrome/151.0.0.0 Safari/537.36"
39.34.143.217 - - [17/Aug/2026:13:01:41 +0000] "GET /wp-content/cache/speedycache/reviverenovation.ae/assets/3e3350c88b93ffda-wws.js HTTP/2.0" 200 2350 "-" "Mozilla/5.0 (Windows NT 10.0; Win64; x64) AppleWebKit/537.36 (KHTML, like Gecko) Chrome/151.0.0.0 Safari/537.36"
39.34.143.217 - - [17/Aug/2026:13:01:41 +0000] "GET /wp-content/cache/speedycache/reviverenovation.ae/assets/b90a6b6986dcecf7-astra-addon-69ddef01d1ba53-08965612.js HTTP/2.0" 200 9109 "-" "Mozilla/5.0 (Windows NT 10.0; Win64; x64) AppleWebKit/537.36 (KHTML, like Gecko) Chrome/151.0.0.0 Safari/537.36"
39.34.143.217 - - [17/Aug/2026:13:01:41 +0000] "GET /wp-content/cache/speedycache/reviverenovation.ae/assets/7278ec8f1975e6ee-smooth-scroll.js HTTP/2.0" 200 738 "-" "Mozilla/5.0 (Windows NT 10.0; Win64; x64) AppleWebKit/537.36 (KHTML, like Gecko) Chrome/151.0.0.0 Safari/537.36"
122.162.150.35 - - [17/Aug/2026:13:01:43 +0000] "GET /wp-content/uploads/2026/03/Construction-services.jpg HTTP/2.0" 200 1020135 "https://reviverenovation.ae/" "Mozilla/5.0 (Windows NT 10.0; Win64; x64) AppleWebKit/537.36 (KHTML, like Gecko) Chrome/136.0.0.0 Safari/537.36"
122.162.150.35 - - [17/Aug/2026:13:01:44 +0000] "GET /wp-content/uploads/2026/03/Revive-Renovation-Portfolio-1.pdf HTTP/2.0" 200 9702010 "https://reviverenovation.ae/" "Mozilla/5.0 (Windows NT 10.0; Win64; x64) AppleWebKit/537.36 (KHTML, like Gecko) Chrome/136.0.0.0 Safari/537.36"
198.38.94.13 - - [17/Aug/2026:13:01:46 +0000] "POST /wp-cron.php?doing_wp_cron=1786971706.4439270496368408203125 HTTP/1.1" 200 - "-" "WordPress/7.0.4; https://reviverenovation.ae"
122.162.150.35 - - [17/Aug/2026:13:01:45 +0000] "GET /favicon.ico HTTP/2.0" 302 - "https://reviverenovation.ae/wp-content/uploads/2026/03/Revive-Renovation-Portfolio-1.pdf" "Mozilla/5.0 (Windows NT 10.0; Win64; x64) AppleWebKit/537.36 (KHTML, like Gecko) Chrome/136.0.0.0 Safari/537.36"
66.249.79.36 - - [17/Aug/2026:13:01:46 +0000] "GET /?sale/search/detail/?ITMCODE=a7p4a2r7i7n4e02823 HTTP/1.1" 200 32037 "-" "Mozilla/5.0 (Linux; Android 6.0.1; Nexus 5X Build/MMB29P) AppleWebKit/537.36 (KHTML, like Gecko) Chrome/150.0.7871.186 Mobile Safari/537.36 (compatible; Googlebot/2.1; +http://www.google.com/bot.html)"
66.249.79.36 - - [17/Aug/2026:13:01:55 +0000] "GET /?sale/search/detail/?ITMCODE=i7n8t0e9r2v1a4l09 HTTP/1.1" 200 29575 "-" "Mozilla/5.0 (Linux; Android 6.0.1; Nexus 5X Build/MMB29P) AppleWebKit/537.36 (KHTML, like Gecko) Chrome/150.0.7871.186 Mobile Safari/537.36 (compatible; Googlebot/2.1; +http://www.google.com/bot.html)"
66.249.79.37 - - [17/Aug/2026:13:02:03 +0000] "GET /?sale/search/detail/?ITMCODE=b7r1o5k0e3r7a0g5e410 HTTP/1.1" 200 31498 "-" "Mozilla/5.0 (Linux; Android 6.0.1; Nexus 5X Build/MMB29P) AppleWebKit/537.36 (KHTML, like Gecko) Chrome/150.0.7871.186 Mobile Safari/537.36 (compatible; Googlebot/2.1; +http://www.google.com/bot.html)"
66.249.79.36 - - [17/Aug/2026:13:02:10 +0000] "GET /?sale/search/detail/?ITMCODE=f7l2a7t7h3e4a1d6e5d48 HTTP/1.1" 200 30671 "-" "Mozilla/5.0 (Linux; Android 6.0.1; Nexus 5X Build/MMB29P) AppleWebKit/537.36 (KHTML, like Gecko) Chrome/150.0.7871.186 Mobile Safari/537.36 (compatible; Googlebot/2.1; +http://www.google.com/bot.html)"
66.249.79.36 - - [17/Aug/2026:13:02:16 +0000] "GET /?sale/search/detail/?ITMCODE=c7i2c9a4t8r0i3c0e8s90 HTTP/1.1" 200 29916 "-" "Mozilla/5.0 (Linux; Android 6.0.1; Nexus 5X Build/MMB29P) AppleWebKit/537.36 (KHTML, like Gecko) Chrome/150.0.7871.186 Mobile Safari/537.36 (compatible; Googlebot/2.1; +http://www.google.com/bot.html)"
66.249.79.36 - - [17/Aug/2026:13:02:26 +0000] "GET /?sale/search/detail/?ITMCODE=f7i5d4d3l7e79583 HTTP/1.1" 200 29702 "-" "Mozilla/5.0 (Linux; Android 6.0.1; Nexus 5X Build/MMB29P) AppleWebKit/537.36 (KHTML, like Gecko) Chrome/150.0.7871.186 Mobile Safari/537.36 (compatible; Googlebot/2.1; +http://www.google.com/bot.html)"
66.249.79.36 - - [17/Aug/2026:13:02:31 +0000] "GET /?sale/search/detail/?ITMCODE=t7u3b8e4r9c8l8e5d777 HTTP/1.1" 200 30356 "-" "Mozilla/5.0 (Linux; Android 6.0.1; Nexus 5X Build/MMB29P) AppleWebKit/537.36 (KHTML, like Gecko) Chrome/150.0.7871.186 Mobile Safari/537.36 (compatible; Googlebot/2.1; +http://www.google.com/bot.html)"
66.249.79.36 - - [17/Aug/2026:13:02:36 +0000] "GET /?sale/search/detail/?ITMCODE=a7u2d4a5c0i7o2u7s501 HTTP/1.1" 200 29418 "-" "Mozilla/5.0 (Linux; Android 6.0.1; Nexus 5X Build/MMB29P) AppleWebKit/537.36 (KHTML, like Gecko) Chrome/150.0.7871.186 Mobile Safari/537.36 (compatible; Googlebot/2.1; +http://www.google.com/bot.html)"
198.38.94.13 - - [17/Aug/2026:13:02:46 +0000] "POST /wp-cron.php?doing_wp_cron=1786971766.0867741107940673828125 HTTP/1.1" 200 - "-" "WordPress/7.0.4; https://reviverenovation.ae"
35.240.99.253 - - [17/Aug/2026:13:02:44 +0000] "GET / HTTP/1.1" 301 - "-" "Mozilla/5.0 (Windows NT 10.0; Win64; x64) AppleWebKit/537.36 (KHTML, like Gecko) Chrome/131.0.0.0 Safari/537.36"
66.249.79.36 - - [17/Aug/2026:13:02:44 +0000] "GET /?sale/search/detail/?ITMCODE=k7n3o4c1k9o6u9t1220 HTTP/1.1" 200 31449 "-" "Mozilla/5.0 (Linux; Android 6.0.1; Nexus 5X Build/MMB29P) AppleWebKit/537.36 (KHTML, like Gecko) Chrome/150.0.7871.186 Mobile Safari/537.36 (compatible; Googlebot/2.1; +http://www.google.com/bot.html)"
35.240.99.253 - - [17/Aug/2026:13:02:47 +0000] "GET / HTTP/1.1" 301 - "-" "Mozilla/5.0 (Windows NT 10.0; Win64; x64) AppleWebKit/537.36 (KHTML, like Gecko) Chrome/131.0.0.0 Safari/537.36"
35.240.99.253 - - [17/Aug/2026:13:02:49 +0000] "GET / HTTP/1.1" 301 - "-" "Mozilla/5.0 (Windows NT 10.0; Win64; x64) AppleWebKit/537.36 (KHTML, like Gecko) Chrome/131.0.0.0 Safari/537.36"
35.240.99.253 - - [17/Aug/2026:13:02:51 +0000] "GET / HTTP/1.1" 301 - "-" "Mozilla/5.0 (Windows NT 10.0; Win64; x64) AppleWebKit/537.36 (KHTML, like Gecko) Chrome/131.0.0.0 Safari/537.36"
66.249.79.36 - - [17/Aug/2026:13:02:52 +0000] "GET /?sale/search/detail/?ITMCODE=n7i1b7l6i1c5k2709 HTTP/1.1" 200 30311 "-" "Mozilla/5.0 (Linux; Android 6.0.1; Nexus 5X Build/MMB29P) AppleWebKit/537.36 (KHTML, like Gecko) Chrome/150.0.7871.186 Mobile Safari/537.36 (compatible; Googlebot/2.1; +http://www.google.com/bot.html)"
35.240.99.253 - - [17/Aug/2026:13:02:52 +0000] "GET / HTTP/1.1" 301 - "-" "Mozilla/5.0 (Windows NT 10.0; Win64; x64) AppleWebKit/537.36 (KHTML, like Gecko) Chrome/131.0.0.0 Safari/537.36"
35.240.99.253 - - [17/Aug/2026:13:02:55 +0000] "GET / HTTP/1.1" 301 - "-" "Mozilla/5.0 (Windows NT 10.0; Win64; x64) AppleWebKit/537.36 (KHTML, like Gecko) Chrome/131.0.0.0 Safari/537.36"
35.240.99.253 - - [17/Aug/2026:13:02:57 +0000] "GET / HTTP/1.1" 301 - "-" "Mozilla/5.0 (Windows NT 10.0; Win64; x64) AppleWebKit/537.36 (KHTML, like Gecko) Chrome/131.0.0.0 Safari/537.36"
35.240.99.253 - - [17/Aug/2026:13:02:59 +0000] "GET / HTTP/1.1" 301 - "-" "Mozilla/5.0 (Windows NT 10.0; Win64; x64) AppleWebKit/537.36 (KHTML, like Gecko) Chrome/131.0.0.0 Safari/537.36"
