20.15.133.174 - - [17/Aug/2026:15:13:56 +0000] "GET /?sale/search/detail/?ITMCODE=j2a2m8b2e1a5u78542 HTTP/2.0" 200 33815 "-" "Mozilla/5.0 AppleWebKit/537.36 (KHTML, like Gecko; compatible; bingbot/2.0; +http://www.bing.com/bingbot.htm) Chrome/116.0.1938.76 Safari/537.36"
66.249.79.36 - - [17/Aug/2026:15:13:57 +0000] "GET /?sale/search/detail/?ITMCODE=t7r7a0g5e2l5a3p0h0u6s HTTP/1.1" 200 30037 "-" "Mozilla/5.0 (Linux; Android 6.0.1; Nexus 5X Build/MMB29P) AppleWebKit/537.36 (KHTML, like Gecko) Chrome/150.0.7871.186 Mobile Safari/537.36 (compatible; Googlebot/2.1; +http://www.google.com/bot.html)"
20.15.133.174 - - [17/Aug/2026:15:13:58 +0000] "GET /?sale/search/detail/?ITMCODE=r5e3s7u0r9r5e7c4t6i3o1n HTTP/2.0" 200 32223 "-" "Mozilla/5.0 AppleWebKit/537.36 (KHTML, like Gecko; compatible; bingbot/2.0; +http://www.bing.com/bingbot.htm) Chrome/116.0.1938.76 Safari/537.36"
74.7.230.32 - - [17/Aug/2026:15:14:00 +0000] "GET /robots.txt HTTP/2.0" 200 99 "-" "Mozilla/5.0 (Macintosh; Intel Mac OS X 10_15_7) AppleWebKit/537.36 (KHTML, like Gecko) Chrome/131.0.0.0 Safari/537.36; compatible; OAI-SearchBot/1.4; robots.txt; +https://openai.com/searchbot"
20.199.242.9 - - [17/Aug/2026:15:14:01 +0000] "GET / HTTP/2.0" 200 56807 "-" "Mozilla/5.0 AppleWebKit/537.36 (KHTML, like Gecko); compatible; ChatGPT-User/1.0; +https://openai.com/bot"
20.15.133.174 - - [17/Aug/2026:15:14:01 +0000] "GET /?sale/search/detail/?ITMCODE=h6a4y2c2u5t2t0e5r16 HTTP/2.0" 200 34673 "-" "Mozilla/5.0 AppleWebKit/537.36 (KHTML, like Gecko; compatible; bingbot/2.0; +http://www.bing.com/bingbot.htm) Chrome/116.0.1938.76 Safari/537.36"
20.15.133.174 - - [17/Aug/2026:15:14:05 +0000] "GET /?sale/search/detail/?ITMCODE=t0r1i3m3e1t0h4y3l9e6ne HTTP/2.0" 200 30485 "-" "Mozilla/5.0 AppleWebKit/537.36 (KHTML, like Gecko; compatible; bingbot/2.0; +http://www.bing.com/bingbot.htm) Chrome/116.0.1938.76 Safari/537.36"
66.249.79.32 - - [17/Aug/2026:15:14:05 +0000] "GET /?sale/search/detail/?ITMCODE=m7o2u8n6c8h811403 HTTP/1.1" 200 29600 "-" "Mozilla/5.0 (Linux; Android 6.0.1; Nexus 5X Build/MMB29P) AppleWebKit/537.36 (KHTML, like Gecko) Chrome/150.0.7871.186 Mobile Safari/537.36 (compatible; Googlebot/2.1; +http://www.google.com/bot.html)"
20.15.133.174 - - [17/Aug/2026:15:14:08 +0000] "GET /?sale/search/detail/?ITMCODE=a0m2b8i9g6u3o2u8s8l5y9 HTTP/2.0" 200 29682 "-" "Mozilla/5.0 AppleWebKit/537.36 (KHTML, like Gecko; compatible; bingbot/2.0; +http://www.bing.com/bingbot.htm) Chrome/116.0.1938.76 Safari/537.36"
20.15.133.174 - - [17/Aug/2026:15:14:11 +0000] "GET /?sale/search/detail/?ITMCODE=r5h8a4c3h5i6l3l6a19 HTTP/2.0" 200 35139 "-" "Mozilla/5.0 AppleWebKit/537.36 (KHTML, like Gecko; compatible; bingbot/2.0; +http://www.bing.com/bingbot.htm) Chrome/116.0.1938.76 Safari/537.36"
20.15.133.174 - - [17/Aug/2026:15:14:14 +0000] "GET /?sale/search/detail/?ITMCODE=p8a3n4a5d9o556759 HTTP/2.0" 200 29993 "-" "Mozilla/5.0 AppleWebKit/537.36 (KHTML, like Gecko; compatible; bingbot/2.0; +http://www.bing.com/bingbot.htm) Chrome/116.0.1938.76 Safari/537.36"
66.249.79.36 - - [17/Aug/2026:15:14:15 +0000] "GET /?sale/search/detail/?ITMCODE=b7e3f3o2g5g3i2n6g661 HTTP/1.1" 200 29387 "-" "Mozilla/5.0 (Linux; Android 6.0.1; Nexus 5X Build/MMB29P) AppleWebKit/537.36 (KHTML, like Gecko) Chrome/150.0.7871.186 Mobile Safari/537.36 (compatible; Googlebot/2.1; +http://www.google.com/bot.html)"
20.15.133.174 - - [17/Aug/2026:15:14:17 +0000] "GET /?sale/search/detail/?ITMCODE=b6a8t7h4o8m8e0t9e7r1 HTTP/2.0" 200 32784 "-" "Mozilla/5.0 AppleWebKit/537.36 (KHTML, like Gecko; compatible; bingbot/2.0; +http://www.bing.com/bingbot.htm) Chrome/116.0.1938.76 Safari/537.36"
66.249.79.36 - - [17/Aug/2026:15:14:19 +0000] "GET /?sale/search/detail/?ITMCODE=e7m4e1s6i0s325965 HTTP/1.1" 200 31111 "-" "Mozilla/5.0 (Linux; Android 6.0.1; Nexus 5X Build/MMB29P) AppleWebKit/537.36 (KHTML, like Gecko) Chrome/150.0.7871.186 Mobile Safari/537.36 (compatible; Googlebot/2.1; +http://www.google.com/bot.html)"
20.15.133.174 - - [17/Aug/2026:15:14:20 +0000] "GET /?sale/search/detail/?ITMCODE=c8y2g6n8i3349189 HTTP/2.0" 200 29380 "-" "Mozilla/5.0 AppleWebKit/537.36 (KHTML, like Gecko; compatible; bingbot/2.0; +http://www.bing.com/bingbot.htm) Chrome/116.0.1938.76 Safari/537.36"
20.15.133.174 - - [17/Aug/2026:15:14:23 +0000] "GET /?sale/search/detail/?ITMCODE=t6h4e2r4m6o5c9a8u8t9e8ry HTTP/2.0" 200 30528 "-" "Mozilla/5.0 AppleWebKit/537.36 (KHTML, like Gecko; compatible; bingbot/2.0; +http://www.bing.com/bingbot.htm) Chrome/116.0.1938.76 Safari/537.36"
20.15.133.174 - - [17/Aug/2026:15:14:26 +0000] "GET /?sale/search/detail/?ITMCODE=m7a3t9a9j3u5e1l2o365 HTTP/2.0" 200 29214 "-" "Mozilla/5.0 AppleWebKit/537.36 (KHTML, like Gecko; compatible; bingbot/2.0; +http://www.bing.com/bingbot.htm) Chrome/116.0.1938.76 Safari/537.36"
66.249.79.32 - - [17/Aug/2026:15:14:26 +0000] "GET /?sale/search/detail/?ITMCODE=u7n2b1u3t9t7o6n9e9d07 HTTP/1.1" 200 30082 "-" "Mozilla/5.0 (Linux; Android 6.0.1; Nexus 5X Build/MMB29P) AppleWebKit/537.36 (KHTML, like Gecko) Chrome/150.0.7871.186 Mobile Safari/537.36 (compatible; Googlebot/2.1; +http://www.google.com/bot.html)"
66.249.79.32 - - [17/Aug/2026:15:14:28 +0000] "GET /?sale/search/detail/?ITMCODE=a7p2o7d5i6c8t3i2c166 HTTP/1.1" 200 31810 "-" "Mozilla/5.0 (Linux; Android 6.0.1; Nexus 5X Build/MMB29P) AppleWebKit/537.36 (KHTML, like Gecko) Chrome/150.0.7871.186 Mobile Safari/537.36 (compatible; Googlebot/2.1; +http://www.google.com/bot.html)"
20.15.133.174 - - [17/Aug/2026:15:14:29 +0000] "GET /?sale/search/detail/?ITMCODE=b2e6a6c3h9l7i5k7e3 HTTP/2.0" 200 31518 "-" "Mozilla/5.0 AppleWebKit/537.36 (KHTML, like Gecko; compatible; bingbot/2.0; +http://www.bing.com/bingbot.htm) Chrome/116.0.1938.76 Safari/537.36"
66.249.79.36 - - [17/Aug/2026:15:14:31 +0000] "GET /?sale/search/detail/?ITMCODE=p7a3i5j4a1m3a56898 HTTP/1.1" 200 31956 "-" "Mozilla/5.0 (Linux; Android 6.0.1; Nexus 5X Build/MMB29P) AppleWebKit/537.36 (KHTML, like Gecko) Chrome/150.0.7871.186 Mobile Safari/537.36 (compatible; Googlebot/2.1; +http://www.google.com/bot.html)"
20.15.133.174 - - [17/Aug/2026:15:14:32 +0000] "GET /?sale/search/detail/?ITMCODE=c6a1p1a3c0i9f9i4e8d HTTP/2.0" 200 37492 "-" "Mozilla/5.0 AppleWebKit/537.36 (KHTML, like Gecko; compatible; bingbot/2.0; +http://www.bing.com/bingbot.htm) Chrome/116.0.1938.76 Safari/537.36"
20.15.133.174 - - [17/Aug/2026:15:14:35 +0000] "GET /?sale/search/detail/?ITMCODE=c9h2i9m1e8r9i3c7a8l74 HTTP/2.0" 200 30495 "-" "Mozilla/5.0 AppleWebKit/537.36 (KHTML, like Gecko; compatible; bingbot/2.0; +http://www.bing.com/bingbot.htm) Chrome/116.0.1938.76 Safari/537.36"
20.15.133.174 - - [17/Aug/2026:15:14:38 +0000] "GET /?sale/search/detail/?ITMCODE=f5r2e1e2b9o3o7t3y379 HTTP/2.0" 200 33259 "-" "Mozilla/5.0 AppleWebKit/537.36 (KHTML, like Gecko; compatible; bingbot/2.0; +http://www.bing.com/bingbot.htm) Chrome/116.0.1938.76 Safari/537.36"
66.249.79.36 - - [17/Aug/2026:15:14:38 +0000] "GET /?sale/search/detail/?ITMCODE=l7e2t5c5h6086685 HTTP/1.1" 200 31472 "-" "Mozilla/5.0 (Linux; Android 6.0.1; Nexus 5X Build/MMB29P) AppleWebKit/537.36 (KHTML, like Gecko) Chrome/150.0.7871.186 Mobile Safari/537.36 (compatible; Googlebot/2.1; +http://www.google.com/bot.html)"
66.249.79.36 - - [17/Aug/2026:15:14:40 +0000] "GET /?sale/search/detail/?ITMCODE=t7a1t5t0e3r5d4e1m8a8l7ion HTTP/1.1" 200 30609 "-" "Mozilla/5.0 (Linux; Android 6.0.1; Nexus 5X Build/MMB29P) AppleWebKit/537.36 (KHTML, like Gecko) Chrome/150.0.7871.186 Mobile Safari/537.36 (compatible; Googlebot/2.1; +http://www.google.com/bot.html)"
20.15.133.174 - - [17/Aug/2026:15:14:41 +0000] "GET /?sale/search/detail/?ITMCODE=i5m2m4e2n4s2e8l1y629 HTTP/2.0" 200 31824 "-" "Mozilla/5.0 AppleWebKit/537.36 (KHTML, like Gecko; compatible; bingbot/2.0; +http://www.bing.com/bingbot.htm) Chrome/116.0.1938.76 Safari/537.36"
20.15.133.174 - - [17/Aug/2026:15:14:44 +0000] "GET /?sale/search/detail/?ITMCODE=p0r1o9c3e0s3s7i9o0n22 HTTP/2.0" 200 29900 "-" "Mozilla/5.0 AppleWebKit/537.36 (KHTML, like Gecko; compatible; bingbot/2.0; +http://www.bing.com/bingbot.htm) Chrome/116.0.1938.76 Safari/537.36"
20.15.133.174 - - [17/Aug/2026:15:14:47 +0000] "GET /?sale/search/detail/?ITMCODE=p5y3r0o8t4i1c32584 HTTP/2.0" 200 35522 "-" "Mozilla/5.0 AppleWebKit/537.36 (KHTML, like Gecko; compatible; bingbot/2.0; +http://www.bing.com/bingbot.htm) Chrome/116.0.1938.76 Safari/537.36"
20.15.133.174 - - [17/Aug/2026:15:14:50 +0000] "GET /?sale/search/detail/?ITMCODE=o8b1d1u5r6a4t3e6139 HTTP/2.0" 200 29703 "-" "Mozilla/5.0 AppleWebKit/537.36 (KHTML, like Gecko; compatible; bingbot/2.0; +http://www.bing.com/bingbot.htm) Chrome/116.0.1938.76 Safari/537.36"
66.249.79.36 - - [17/Aug/2026:15:14:50 +0000] "GET /?sale/search/detail/?ITMCODE=s7p2e0c2u3l0a7t0e756 HTTP/1.1" 200 32197 "-" "Mozilla/5.0 (Linux; Android 6.0.1; Nexus 5X Build/MMB29P) AppleWebKit/537.36 (KHTML, like Gecko) Chrome/150.0.7871.186 Mobile Safari/537.36 (compatible; Googlebot/2.1; +http://www.google.com/bot.html)"
39.34.143.217 - - [17/Aug/2026:15:14:53 +0000] "GET /wp-content/cache/speedycache/reviverenovation.ae/assets/57c950ff2ac8ff7e-animations.js HTTP/2.0" 304 - "-" "Mozilla/5.0 (Windows NT 10.0; Win64; x64) AppleWebKit/537.36 (KHTML, like Gecko) Chrome/151.0.0.0 Safari/537.36"
39.34.143.217 - - [17/Aug/2026:15:14:53 +0000] "GET /wp-content/cache/speedycache/reviverenovation.ae/assets/3e3350c88b93ffda-wws.js HTTP/2.0" 304 - "-" "Mozilla/5.0 (Windows NT 10.0; Win64; x64) AppleWebKit/537.36 (KHTML, like Gecko) Chrome/151.0.0.0 Safari/537.36"
39.34.143.217 - - [17/Aug/2026:15:14:53 +0000] "GET /wp-content/cache/speedycache/reviverenovation.ae/assets/7278ec8f1975e6ee-smooth-scroll.js HTTP/2.0" 304 - "-" "Mozilla/5.0 (Windows NT 10.0; Win64; x64) AppleWebKit/537.36 (KHTML, like Gecko) Chrome/151.0.0.0 Safari/537.36"
39.34.143.217 - - [17/Aug/2026:15:14:53 +0000] "GET /wp-content/cache/speedycache/reviverenovation.ae/assets/b90a6b6986dcecf7-astra-addon-69ddef01d1ba53-08965612.js HTTP/2.0" 304 - "-" "Mozilla/5.0 (Windows NT 10.0; Win64; x64) AppleWebKit/537.36 (KHTML, like Gecko) Chrome/151.0.0.0 Safari/537.36"
20.15.133.174 - - [17/Aug/2026:15:14:53 +0000] "GET /?sale/search/detail/?ITMCODE=i1n1v9o3l0v2e76068 HTTP/2.0" 200 29411 "-" "Mozilla/5.0 AppleWebKit/537.36 (KHTML, like Gecko; compatible; bingbot/2.0; +http://www.bing.com/bingbot.htm) Chrome/116.0.1938.76 Safari/537.36"
20.15.133.174 - - [17/Aug/2026:15:14:56 +0000] "GET /?sale/search/detail/?ITMCODE=a2n1n4u7l1l4e4r8813 HTTP/2.0" 200 34464 "-" "Mozilla/5.0 AppleWebKit/537.36 (KHTML, like Gecko; compatible; bingbot/2.0; +http://www.bing.com/bingbot.htm) Chrome/116.0.1938.76 Safari/537.36"
20.15.133.174 - - [17/Aug/2026:15:14:59 +0000] "GET /?sale/search/detail/?ITMCODE=h0a3u5t6p6a6s33765 HTTP/2.0" 200 29981 "-" "Mozilla/5.0 AppleWebKit/537.36 (KHTML, like Gecko; compatible; bingbot/2.0; +http://www.bing.com/bingbot.htm) Chrome/116.0.1938.76 Safari/537.36"
66.249.79.36 - - [17/Aug/2026:15:15:00 +0000] "GET /?sale/search/detail/?ITMCODE=p7r2o0s6e5r3p0i2n7a3c1a HTTP/1.1" 200 30221 "-" "Mozilla/5.0 (Linux; Android 6.0.1; Nexus 5X Build/MMB29P) AppleWebKit/537.36 (KHTML, like Gecko) Chrome/150.0.7871.186 Mobile Safari/537.36 (compatible; Googlebot/2.1; +http://www.google.com/bot.html)"
20.15.133.174 - - [17/Aug/2026:15:15:02 +0000] "GET /?sale/search/detail/?ITMCODE=b1r1a9c4h8y5o3t8u6s57 HTTP/2.0" 200 32008 "-" "Mozilla/5.0 AppleWebKit/537.36 (KHTML, like Gecko; compatible; bingbot/2.0; +http://www.bing.com/bingbot.htm) Chrome/116.0.1938.76 Safari/537.36"
20.15.133.174 - - [17/Aug/2026:15:15:05 +0000] "GET /?sale/search/detail/?ITMCODE=d8r7o7t4c5h5e8l187 HTTP/2.0" 200 29735 "-" "Mozilla/5.0 AppleWebKit/537.36 (KHTML, like Gecko; compatible; bingbot/2.0; +http://www.bing.com/bingbot.htm) Chrome/116.0.1938.76 Safari/537.36"
20.15.133.174 - - [17/Aug/2026:15:15:08 +0000] "GET /?sale/search/detail/?ITMCODE=t6y1r1a3n7n6i1c3a1l9l1y HTTP/2.0" 200 30368 "-" "Mozilla/5.0 AppleWebKit/537.36 (KHTML, like Gecko; compatible; bingbot/2.0; +http://www.bing.com/bingbot.htm) Chrome/116.0.1938.76 Safari/537.36"
20.15.133.174 - - [17/Aug/2026:15:15:11 +0000] "GET /?sale/search/detail/?ITMCODE=p5e3r2v5i2c7a6c9i2o8u3sly HTTP/2.0" 200 30692 "-" "Mozilla/5.0 AppleWebKit/537.36 (KHTML, like Gecko; compatible; bingbot/2.0; +http://www.bing.com/bingbot.htm) Chrome/116.0.1938.76 Safari/537.36"
66.249.79.37 - - [17/Aug/2026:15:15:12 +0000] "GET /?sale/search/detail/?ITMCODE=r7o3d5e1o6921420 HTTP/1.1" 200 29345 "-" "Mozilla/5.0 (Linux; Android 6.0.1; Nexus 5X Build/MMB29P) AppleWebKit/537.36 (KHTML, like Gecko) Chrome/150.0.7871.186 Mobile Safari/537.36 (compatible; Googlebot/2.1; +http://www.google.com/bot.html)"
20.15.133.174 - - [17/Aug/2026:15:15:14 +0000] "GET /?sale/search/detail/?ITMCODE=p1u1n7g2l0e1d38189 HTTP/2.0" 200 32769 "-" "Mozilla/5.0 AppleWebKit/537.36 (KHTML, like Gecko; compatible; bingbot/2.0; +http://www.bing.com/bingbot.htm) Chrome/116.0.1938.76 Safari/537.36"
20.15.133.174 - - [17/Aug/2026:15:15:18 +0000] "GET /?sale/search/detail/?ITMCODE=p3r7e9v6a6i8l2m8e5nt HTTP/2.0" 200 33833 "-" "Mozilla/5.0 AppleWebKit/537.36 (KHTML, like Gecko; compatible; bingbot/2.0; +http://www.bing.com/bingbot.htm) Chrome/116.0.1938.76 Safari/537.36"
20.15.133.174 - - [17/Aug/2026:15:15:20 +0000] "GET /?sale/search/detail/?ITMCODE=n3e3r1v8o4s1a37243 HTTP/2.0" 200 30211 "-" "Mozilla/5.0 AppleWebKit/537.36 (KHTML, like Gecko; compatible; bingbot/2.0; +http://www.bing.com/bingbot.htm) Chrome/116.0.1938.76 Safari/537.36"
66.249.79.36 - - [17/Aug/2026:15:15:20 +0000] "GET /?sale/search/detail/?ITMCODE=p7h2o2t0o5g0l6y8p0t6i4c HTTP/1.1" 200 34372 "-" "Mozilla/5.0 (Linux; Android 6.0.1; Nexus 5X Build/MMB29P) AppleWebKit/537.36 (KHTML, like Gecko) Chrome/150.0.7871.186 Mobile Safari/537.36 (compatible; Googlebot/2.1; +http://www.google.com/bot.html)"
193.36.224.192 - - [17/Aug/2026:15:15:22 +0000] "POST /wp-login.php HTTP/1.1" 200 4590 "-" "Mozilla/5.0 (Windows NT 10.0; Win64; rv:143.0) Gecko/20100101 Firefox/143.0"
193.36.224.164 - - [17/Aug/2026:15:15:22 +0000] "POST /wp-login.php HTTP/1.1" 200 4590 "-" "Mozilla/5.0 (Windows NT 10.0; Win64; rv:143.0) Gecko/20100101 Firefox/143.0"
193.36.224.160 - - [17/Aug/2026:15:15:22 +0000] "POST /wp-login.php HTTP/1.1" 200 4590 "-" "Mozilla/5.0 (Windows NT 10.0; Win64; rv:143.0) Gecko/20100101 Firefox/143.0"
193.36.224.160 - - [17/Aug/2026:15:15:22 +0000] "POST /wp-login.php HTTP/1.1" 200 2985 "-" "Mozilla/5.0 (Windows NT 10.0; Win64; rv:143.0) Gecko/20100101 Firefox/143.0"
193.36.224.158 - - [17/Aug/2026:15:15:22 +0000] "POST /wp-login.php HTTP/1.1" 200 2985 "-" "Mozilla/5.0 (Windows NT 10.0; Win64; rv:143.0) Gecko/20100101 Firefox/143.0"
198.38.94.13 - - [17/Aug/2026:15:15:25 +0000] "POST /wp-cron.php?doing_wp_cron=1786979724.9552679061889648437500 HTTP/1.1" 200 - "-" "WordPress/7.0.4; https://reviverenovation.ae"
193.36.224.190 - - [17/Aug/2026:15:15:22 +0000] "POST /wp-login.php HTTP/1.1" 200 4590 "-" "Mozilla/5.0 (Macintosh; Intel Mac OS X 10_15_7) AppleWebKit/605.1.15 Version/17.0 Safari/605.1.15"
193.36.224.251 - - [17/Aug/2026:15:15:22 +0000] "POST /wp-login.php HTTP/1.1" 200 4590 "-" "Mozilla/5.0 (Windows NT 10.0; Win64; x64) AppleWebKit/537.36 Chrome/129.0.0.0 Safari/537.36"
193.36.224.158 - - [17/Aug/2026:15:15:22 +0000] "POST /wp-login.php HTTP/1.1" 200 2982 "-" "Mozilla/5.0 (Windows NT 10.0; Win64; x64) AppleWebKit/537.36 Chrome/129.0.0.0 Safari/537.36"
193.36.224.158 - - [17/Aug/2026:15:15:22 +0000] "POST /wp-login.php HTTP/1.1" 200 2982 "-" "Mozilla/5.0 (Macintosh; Intel Mac OS X 10_15_7) AppleWebKit/605.1.15 Version/17.0 Safari/605.1.15"
20.15.133.174 - - [17/Aug/2026:15:15:23 +0000] "GET /?sale/search/detail/?ITMCODE=h9o3u0s6e3b8u4i4l4d6e7r HTTP/2.0" 200 31938 "-" "Mozilla/5.0 AppleWebKit/537.36 (KHTML, like Gecko; compatible; bingbot/2.0; +http://www.bing.com/bingbot.htm) Chrome/116.0.1938.76 Safari/537.36"
20.15.133.174 - - [17/Aug/2026:15:15:25 +0000] "GET /?sale/search/detail/?ITMCODE=n3o2d3a3l0437927 HTTP/2.0" 200 34079 "-" "Mozilla/5.0 AppleWebKit/537.36 (KHTML, like Gecko; compatible; bingbot/2.0; +http://www.bing.com/bingbot.htm) Chrome/116.0.1938.76 Safari/537.36"
20.15.133.174 - - [17/Aug/2026:15:15:29 +0000] "GET /?sale/search/detail/?ITMCODE=f8l2a6s6h6i9l5y1985 HTTP/2.0" 200 31638 "-" "Mozilla/5.0 AppleWebKit/537.36 (KHTML, like Gecko; compatible; bingbot/2.0; +http://www.bing.com/bingbot.htm) Chrome/116.0.1938.76 Safari/537.36"
66.249.79.36 - - [17/Aug/2026:15:15:29 +0000] "GET /?sale/search/detail/?ITMCODE=g7r4a2f1f0e9r01108 HTTP/1.1" 200 30063 "-" "Mozilla/5.0 (Linux; Android 6.0.1; Nexus 5X Build/MMB29P) AppleWebKit/537.36 (KHTML, like Gecko) Chrome/150.0.7871.186 Mobile Safari/537.36 (compatible; Googlebot/2.1; +http://www.google.com/bot.html)"
20.15.133.174 - - [17/Aug/2026:15:15:32 +0000] "GET /?sale/search/detail/?ITMCODE=d8r2i7v4e3s0h9a0f4t17 HTTP/2.0" 200 34648 "-" "Mozilla/5.0 AppleWebKit/537.36 (KHTML, like Gecko; compatible; bingbot/2.0; +http://www.bing.com/bingbot.htm) Chrome/116.0.1938.76 Safari/537.36"
20.15.133.174 - - [17/Aug/2026:15:15:35 +0000] "GET /?sale/search/detail/?ITMCODE=a8n2e3n1c2e2p7h5a6l7o1us HTTP/2.0" 200 29840 "-" "Mozilla/5.0 AppleWebKit/537.36 (KHTML, like Gecko; compatible; bingbot/2.0; +http://www.bing.com/bingbot.htm) Chrome/116.0.1938.76 Safari/537.36"
20.15.133.174 - - [17/Aug/2026:15:15:37 +0000] "GET /?sale/search/detail/?ITMCODE=s7a4b2o1t0636275 HTTP/2.0" 200 29884 "-" "Mozilla/5.0 AppleWebKit/537.36 (KHTML, like Gecko; compatible; bingbot/2.0; +http://www.bing.com/bingbot.htm) Chrome/116.0.1938.76 Safari/537.36"
66.249.79.36 - - [17/Aug/2026:15:15:38 +0000] "GET /?sale/search/detail/?ITMCODE=y7a3r9d2w0a7n4d9053 HTTP/1.1" 200 30627 "-" "Mozilla/5.0 (Linux; Android 6.0.1; Nexus 5X Build/MMB29P) AppleWebKit/537.36 (KHTML, like Gecko) Chrome/150.0.7871.186 Mobile Safari/537.36 (compatible; Googlebot/2.1; +http://www.google.com/bot.html)"
54.39.203.157 - - [17/Aug/2026:15:15:42 +0000] "GET /robots.txt HTTP/2.0" 200 99 "-" "Mozilla/5.0 (compatible; AhrefsBot/7.0; +http://ahrefs.com/robot/)"
20.15.133.174 - - [17/Aug/2026:15:15:40 +0000] "GET /?sale/search/detail/?ITMCODE=i3n1d9o9w9355771 HTTP/2.0" 200 32224 "-" "Mozilla/5.0 AppleWebKit/537.36 (KHTML, like Gecko; compatible; bingbot/2.0; +http://www.bing.com/bingbot.htm) Chrome/116.0.1938.76 Safari/537.36"
20.15.133.174 - - [17/Aug/2026:15:15:44 +0000] "GET /?sale/search/detail/?ITMCODE=a7e2p2i3o6r5n2i8s985 HTTP/2.0" 200 29632 "-" "Mozilla/5.0 AppleWebKit/537.36 (KHTML, like Gecko; compatible; bingbot/2.0; +http://www.bing.com/bingbot.htm) Chrome/116.0.1938.76 Safari/537.36"
15.235.27.34 - - [17/Aug/2026:15:15:46 +0000] "GET / HTTP/2.0" 304 - "-" "Mozilla/5.0 (compatible; AhrefsBot/7.0; +http://ahrefs.com/robot/)"
66.249.79.36 - - [17/Aug/2026:15:15:46 +0000] "GET /?sale/search/detail/?ITMCODE=s7p1a9n2g9l3e13362 HTTP/1.1" 200 30230 "-" "Mozilla/5.0 (Linux; Android 6.0.1; Nexus 5X Build/MMB29P) AppleWebKit/537.36 (KHTML, like Gecko) Chrome/150.0.7871.186 Mobile Safari/537.36 (compatible; Googlebot/2.1; +http://www.google.com/bot.html)"
20.15.133.174 - - [17/Aug/2026:15:15:47 +0000] "GET /?sale/search/detail/?ITMCODE=c0r4e3t2e108516 HTTP/2.0" 200 29474 "-" "Mozilla/5.0 AppleWebKit/537.36 (KHTML, like Gecko; compatible; bingbot/2.0; +http://www.bing.com/bingbot.htm) Chrome/116.0.1938.76 Safari/537.36"
66.249.79.37 - - [17/Aug/2026:15:15:49 +0000] "GET /?sale/search/detail/?ITMCODE=s7h1a3d6e0l5e3s9s532 HTTP/1.1" 200 29634 "-" "Mozilla/5.0 (Linux; Android 6.0.1; Nexus 5X Build/MMB29P) AppleWebKit/537.36 (KHTML, like Gecko) Chrome/150.0.7871.186 Mobile Safari/537.36 (compatible; Googlebot/2.1; +http://www.google.com/bot.html)"
20.15.133.174 - - [17/Aug/2026:15:15:50 +0000] "GET /?sale/search/detail/?ITMCODE=e6m1p2o9r5i7u1m7959 HTTP/2.0" 200 30509 "-" "Mozilla/5.0 AppleWebKit/537.36 (KHTML, like Gecko; compatible; bingbot/2.0; +http://www.bing.com/bingbot.htm) Chrome/116.0.1938.76 Safari/537.36"
20.15.133.174 - - [17/Aug/2026:15:15:53 +0000] "GET /?sale/search/detail/?ITMCODE=p5r5i0n6k0e0r7420 HTTP/2.0" 200 31839 "-" "Mozilla/5.0 AppleWebKit/537.36 (KHTML, like Gecko; compatible; bingbot/2.0; +http://www.bing.com/bingbot.htm) Chrome/116.0.1938.76 Safari/537.36"
66.249.79.36 - - [17/Aug/2026:15:15:53 +0000] "GET /?sale/search/detail/?ITMCODE=h7e2l6p6f9u4l0n9e1s4s7 HTTP/1.1" 200 29437 "-" "Mozilla/5.0 (Linux; Android 6.0.1; Nexus 5X Build/MMB29P) AppleWebKit/537.36 (KHTML, like Gecko) Chrome/150.0.7871.186 Mobile Safari/537.36 (compatible; Googlebot/2.1; +http://www.google.com/bot.html)"
20.15.133.174 - - [17/Aug/2026:15:15:56 +0000] "GET /?sale/search/detail/?ITMCODE=s5k2e1t5c7h3i8n7e5s7s5 HTTP/2.0" 200 30764 "-" "Mozilla/5.0 AppleWebKit/537.36 (KHTML, like Gecko; compatible; bingbot/2.0; +http://www.bing.com/bingbot.htm) Chrome/116.0.1938.76 Safari/537.36"
20.15.133.174 - - [17/Aug/2026:15:15:59 +0000] "GET /?sale/search/detail/?ITMCODE=t0a4c2k6e9t026092 HTTP/2.0" 200 30121 "-" "Mozilla/5.0 AppleWebKit/537.36 (KHTML, like Gecko; compatible; bingbot/2.0; +http://www.bing.com/bingbot.htm) Chrome/116.0.1938.76 Safari/537.36"
66.249.79.32 - - [17/Aug/2026:15:16:00 +0000] "GET /?sale/search/detail/?ITMCODE=e7n1c3h5a9r3g2e7d417 HTTP/1.1" 200 30942 "-" "Mozilla/5.0 (Linux; Android 6.0.1; Nexus 5X Build/MMB29P) AppleWebKit/537.36 (KHTML, like Gecko) Chrome/150.0.7871.186 Mobile Safari/537.36 (compatible; Googlebot/2.1; +http://www.google.com/bot.html)"
20.15.133.174 - - [17/Aug/2026:15:16:02 +0000] "GET /?sale/search/detail/?ITMCODE=f0u1l9m8i8a4i7c574 HTTP/2.0" 200 29499 "-" "Mozilla/5.0 AppleWebKit/537.36 (KHTML, like Gecko; compatible; bingbot/2.0; +http://www.bing.com/bingbot.htm) Chrome/116.0.1938.76 Safari/537.36"
20.15.133.174 - - [17/Aug/2026:15:16:05 +0000] "GET /?sale/search/detail/?ITMCODE=l3i9m6a0c8t5w8i9n7g4d HTTP/2.0" 200 32069 "-" "Mozilla/5.0 AppleWebKit/537.36 (KHTML, like Gecko; compatible; bingbot/2.0; +http://www.bing.com/bingbot.htm) Chrome/116.0.1938.76 Safari/537.36"
20.15.133.174 - - [17/Aug/2026:15:16:08 +0000] "GET /?sale/search/detail/?ITMCODE=p4r4e2m0i3s3e9s9543 HTTP/2.0" 200 29684 "-" "Mozilla/5.0 AppleWebKit/537.36 (KHTML, like Gecko; compatible; bingbot/2.0; +http://www.bing.com/bingbot.htm) Chrome/116.0.1938.76 Safari/537.36"
66.249.79.37 - - [17/Aug/2026:15:16:10 +0000] "GET /?sale/search/detail/?ITMCODE=s7e3p9a3r8a1t0i4v1e07 HTTP/1.1" 200 30201 "-" "Mozilla/5.0 (Linux; Android 6.0.1; Nexus 5X Build/MMB29P) AppleWebKit/537.36 (KHTML, like Gecko) Chrome/150.0.7871.186 Mobile Safari/537.36 (compatible; Googlebot/2.1; +http://www.google.com/bot.html)"
20.15.133.174 - - [17/Aug/2026:15:16:11 +0000] "GET /?sale/search/detail/?ITMCODE=c6a2s4t4l9e0d4882 HTTP/2.0" 200 29705 "-" "Mozilla/5.0 AppleWebKit/537.36 (KHTML, like Gecko; compatible; bingbot/2.0; +http://www.bing.com/bingbot.htm) Chrome/116.0.1938.76 Safari/537.36"
66.249.79.36 - - [17/Aug/2026:15:16:13 +0000] "GET /?sale/search/detail/?ITMCODE=o7u2t1c4a2s1t94105 HTTP/1.1" 200 30504 "-" "Mozilla/5.0 (Linux; Android 6.0.1; Nexus 5X Build/MMB29P) AppleWebKit/537.36 (KHTML, like Gecko) Chrome/150.0.7871.186 Mobile Safari/537.36 (compatible; Googlebot/2.1; +http://www.google.com/bot.html)"
20.15.133.174 - - [17/Aug/2026:15:16:14 +0000] "GET /?sale/search/detail/?ITMCODE=s0i3a1g0a5323421 HTTP/2.0" 200 29730 "-" "Mozilla/5.0 AppleWebKit/537.36 (KHTML, like Gecko; compatible; bingbot/2.0; +http://www.bing.com/bingbot.htm) Chrome/116.0.1938.76 Safari/537.36"
66.249.79.36 - - [17/Aug/2026:15:16:15 +0000] "GET /?sale/search/detail/?ITMCODE=d7i4s1t0e7n5d40792 HTTP/1.1" 200 29390 "-" "Mozilla/5.0 (Linux; Android 6.0.1; Nexus 5X Build/MMB29P) AppleWebKit/537.36 (KHTML, like Gecko) Chrome/150.0.7871.186 Mobile Safari/537.36 (compatible; Googlebot/2.1; +http://www.google.com/bot.html)"
20.15.133.174 - - [17/Aug/2026:15:16:17 +0000] "GET /?sale/search/detail/?ITMCODE=p7e1n2i5t8e6n0c9y983 HTTP/2.0" 200 29809 "-" "Mozilla/5.0 AppleWebKit/537.36 (KHTML, like Gecko; compatible; bingbot/2.0; +http://www.bing.com/bingbot.htm) Chrome/116.0.1938.76 Safari/537.36"
20.15.133.174 - - [17/Aug/2026:15:16:20 +0000] "GET /?sale/search/detail/?ITMCODE=s1t1o9l4o0n9i9f2e7r8a9 HTTP/2.0" 200 29579 "-" "Mozilla/5.0 AppleWebKit/537.36 (KHTML, like Gecko; compatible; bingbot/2.0; +http://www.bing.com/bingbot.htm) Chrome/116.0.1938.76 Safari/537.36"
20.15.133.174 - - [17/Aug/2026:15:16:23 +0000] "GET /?sale/search/detail/?ITMCODE=d2i3s7q5u4i2e3t8a4l85 HTTP/2.0" 200 32907 "-" "Mozilla/5.0 AppleWebKit/537.36 (KHTML, like Gecko; compatible; bingbot/2.0; +http://www.bing.com/bingbot.htm) Chrome/116.0.1938.76 Safari/537.36"
66.249.79.36 - - [17/Aug/2026:15:16:25 +0000] "GET /?sale/search/detail/?ITMCODE=u7n6d2e4r2l1a1y1e8r5 HTTP/1.1" 200 29361 "-" "Mozilla/5.0 (Linux; Android 6.0.1; Nexus 5X Build/MMB29P) AppleWebKit/537.36 (KHTML, like Gecko) Chrome/150.0.7871.186 Mobile Safari/537.36 (compatible; Googlebot/2.1; +http://www.google.com/bot.html)"
20.15.133.174 - - [17/Aug/2026:15:16:26 +0000] "GET /?sale/search/detail/?ITMCODE=d8r9u1n2k1e8n1n2e1s6s HTTP/2.0" 200 29329 "-" "Mozilla/5.0 AppleWebKit/537.36 (KHTML, like Gecko; compatible; bingbot/2.0; +http://www.bing.com/bingbot.htm) Chrome/116.0.1938.76 Safari/537.36"
66.249.79.36 - - [17/Aug/2026:15:16:29 +0000] "GET /?sale/search/detail/?ITMCODE=p7a3r8q1u9e8t1t5e134 HTTP/1.1" 200 30064 "-" "Mozilla/5.0 (Linux; Android 6.0.1; Nexus 5X Build/MMB29P) AppleWebKit/537.36 (KHTML, like Gecko) Chrome/150.0.7871.186 Mobile Safari/537.36 (compatible; Googlebot/2.1; +http://www.google.com/bot.html)"
20.15.133.174 - - [17/Aug/2026:15:16:30 +0000] "GET /?sale/search/detail/?ITMCODE=i5n2d1w5e1l0l82669 HTTP/2.0" 200 29935 "-" "Mozilla/5.0 AppleWebKit/537.36 (KHTML, like Gecko; compatible; bingbot/2.0; +http://www.bing.com/bingbot.htm) Chrome/116.0.1938.76 Safari/537.36"
20.15.133.174 - - [17/Aug/2026:15:16:32 +0000] "GET /?sale/search/detail/?ITMCODE=b0u2d3g0e1d001909 HTTP/2.0" 200 29308 "-" "Mozilla/5.0 AppleWebKit/537.36 (KHTML, like Gecko; compatible; bingbot/2.0; +http://www.bing.com/bingbot.htm) Chrome/116.0.1938.76 Safari/537.36"
20.15.133.174 - - [17/Aug/2026:15:16:35 +0000] "GET /?sale/search/detail/?ITMCODE=m8i1d7w4i2n0t8e4r751 HTTP/2.0" 200 29621 "-" "Mozilla/5.0 AppleWebKit/537.36 (KHTML, like Gecko; compatible; bingbot/2.0; +http://www.bing.com/bingbot.htm) Chrome/116.0.1938.76 Safari/537.36"
20.15.133.174 - - [17/Aug/2026:15:16:38 +0000] "GET /?sale/search/detail/?ITMCODE=s0o3m2e7t6i3m9e6369 HTTP/2.0" 200 29442 "-" "Mozilla/5.0 AppleWebKit/537.36 (KHTML, like Gecko; compatible; bingbot/2.0; +http://www.bing.com/bingbot.htm) Chrome/116.0.1938.76 Safari/537.36"
20.15.133.174 - - [17/Aug/2026:15:16:41 +0000] "GET /?sale/search/detail/?ITMCODE=a8g2e4d6n6e7s9s6755 HTTP/2.0" 200 33781 "-" "Mozilla/5.0 AppleWebKit/537.36 (KHTML, like Gecko; compatible; bingbot/2.0; +http://www.bing.com/bingbot.htm) Chrome/116.0.1938.76 Safari/537.36"
20.15.133.174 - - [17/Aug/2026:15:16:44 +0000] "GET /?sale/search/detail/?ITMCODE=d3e3s5m3i9a150859 HTTP/2.0" 200 29332 "-" "Mozilla/5.0 AppleWebKit/537.36 (KHTML, like Gecko; compatible; bingbot/2.0; +http://www.bing.com/bingbot.htm) Chrome/116.0.1938.76 Safari/537.36"
20.15.133.174 - - [17/Aug/2026:15:16:47 +0000] "GET /?sale/search/detail/?ITMCODE=p1y1r9o0a1c7i4d9362 HTTP/2.0" 200 37093 "-" "Mozilla/5.0 AppleWebKit/537.36 (KHTML, like Gecko; compatible; bingbot/2.0; +http://www.bing.com/bingbot.htm) Chrome/116.0.1938.76 Safari/537.36"
66.249.79.36 - - [17/Aug/2026:15:16:48 +0000] "GET /?sale/search/detail/?ITMCODE=h7o1g7c2h5a1i8n2634 HTTP/1.1" 200 29821 "-" "Mozilla/5.0 (Linux; Android 6.0.1; Nexus 5X Build/MMB29P) AppleWebKit/537.36 (KHTML, like Gecko) Chrome/150.0.7871.186 Mobile Safari/537.36 (compatible; Googlebot/2.1; +http://www.google.com/bot.html)"
20.15.133.174 - - [17/Aug/2026:15:16:50 +0000] "GET /?sale/search/detail/?ITMCODE=p2u5t6r2e6s9c2e9n0t6 HTTP/2.0" 200 32204 "-" "Mozilla/5.0 AppleWebKit/537.36 (KHTML, like Gecko; compatible; bingbot/2.0; +http://www.bing.com/bingbot.htm) Chrome/116.0.1938.76 Safari/537.36"
39.34.143.217 - - [17/Aug/2026:15:16:53 +0000] "GET /wp-content/cache/speedycache/reviverenovation.ae/assets/b90a6b6986dcecf7-astra-addon-69ddef01d1ba53-08965612.js HTTP/2.0" 304 - "-" "Mozilla/5.0 (Windows NT 10.0; Win64; x64) AppleWebKit/537.36 (KHTML, like Gecko) Chrome/151.0.0.0 Safari/537.36"
39.34.143.217 - - [17/Aug/2026:15:16:53 +0000] "GET /wp-content/cache/speedycache/reviverenovation.ae/assets/57c950ff2ac8ff7e-animations.js HTTP/2.0" 304 - "-" "Mozilla/5.0 (Windows NT 10.0; Win64; x64) AppleWebKit/537.36 (KHTML, like Gecko) Chrome/151.0.0.0 Safari/537.36"
39.34.143.217 - - [17/Aug/2026:15:16:53 +0000] "GET /wp-content/cache/speedycache/reviverenovation.ae/assets/7278ec8f1975e6ee-smooth-scroll.js HTTP/2.0" 304 - "-" "Mozilla/5.0 (Windows NT 10.0; Win64; x64) AppleWebKit/537.36 (KHTML, like Gecko) Chrome/151.0.0.0 Safari/537.36"
39.34.143.217 - - [17/Aug/2026:15:16:53 +0000] "GET /wp-content/cache/speedycache/reviverenovation.ae/assets/3e3350c88b93ffda-wws.js HTTP/2.0" 304 - "-" "Mozilla/5.0 (Windows NT 10.0; Win64; x64) AppleWebKit/537.36 (KHTML, like Gecko) Chrome/151.0.0.0 Safari/537.36"
66.249.79.36 - - [17/Aug/2026:15:16:52 +0000] "GET /?sale/search/detail/?ITMCODE=d7a1l7m1a5t6i3c9a37 HTTP/1.1" 200 33410 "-" "Mozilla/5.0 (Linux; Android 6.0.1; Nexus 5X Build/MMB29P) AppleWebKit/537.36 (KHTML, like Gecko) Chrome/150.0.7871.186 Mobile Safari/537.36 (compatible; Googlebot/2.1; +http://www.google.com/bot.html)"
20.15.133.174 - - [17/Aug/2026:15:16:53 +0000] "GET /?sale/search/detail/?ITMCODE=l6i6g2h7t3e9r9m9a1n2 HTTP/2.0" 200 29731 "-" "Mozilla/5.0 AppleWebKit/537.36 (KHTML, like Gecko; compatible; bingbot/2.0; +http://www.bing.com/bingbot.htm) Chrome/116.0.1938.76 Safari/537.36"
20.15.133.174 - - [17/Aug/2026:15:16:57 +0000] "GET /?sale/search/detail/?ITMCODE=p2e2r9t4u2r3b8a4t6e37 HTTP/2.0" 200 29713 "-" "Mozilla/5.0 AppleWebKit/537.36 (KHTML, like Gecko; compatible; bingbot/2.0; +http://www.bing.com/bingbot.htm) Chrome/116.0.1938.76 Safari/537.36"
20.15.133.174 - - [17/Aug/2026:15:16:59 +0000] "GET /?sale/search/detail/?ITMCODE=w1r2o9n2g9f0u5l6558 HTTP/2.0" 200 35101 "-" "Mozilla/5.0 AppleWebKit/537.36 (KHTML, like Gecko; compatible; bingbot/2.0; +http://www.bing.com/bingbot.htm) Chrome/116.0.1938.76 Safari/537.36"
20.15.133.174 - - [17/Aug/2026:15:17:02 +0000] "GET /?sale/search/detail/?ITMCODE=a3s2s6i1g8n9i1n1g062 HTTP/2.0" 200 36082 "-" "Mozilla/5.0 AppleWebKit/537.36 (KHTML, like Gecko; compatible; bingbot/2.0; +http://www.bing.com/bingbot.htm) Chrome/116.0.1938.76 Safari/537.36"
20.15.133.174 - - [17/Aug/2026:15:17:05 +0000] "GET /?sale/search/detail/?ITMCODE=d2o1l2e5d0582655 HTTP/2.0" 200 30954 "-" "Mozilla/5.0 AppleWebKit/537.36 (KHTML, like Gecko; compatible; bingbot/2.0; +http://www.bing.com/bingbot.htm) Chrome/116.0.1938.76 Safari/537.36"
20.15.133.174 - - [17/Aug/2026:15:17:08 +0000] "GET /?sale/search/detail/?ITMCODE=d2e3a4f6m3u8t9e4862 HTTP/2.0" 200 29455 "-" "Mozilla/5.0 AppleWebKit/537.36 (KHTML, like Gecko; compatible; bingbot/2.0; +http://www.bing.com/bingbot.htm) Chrome/116.0.1938.76 Safari/537.36"
66.249.79.37 - - [17/Aug/2026:15:17:09 +0000] "GET /?sale/search/detail/?ITMCODE=t7a1x6a1b3l0e7n2e2s8s7 HTTP/1.1" 200 30419 "-" "Mozilla/5.0 (Linux; Android 6.0.1; Nexus 5X Build/MMB29P) AppleWebKit/537.36 (KHTML, like Gecko) Chrome/150.0.7871.186 Mobile Safari/537.36 (compatible; Googlebot/2.1; +http://www.google.com/bot.html)"
66.249.79.36 - - [17/Aug/2026:15:17:09 +0000] "GET /?sale/search/detail/?ITMCODE=h7a5r2r5i0d2a2n837 HTTP/1.1" 200 30539 "-" "Mozilla/5.0 (Linux; Android 6.0.1; Nexus 5X Build/MMB29P) AppleWebKit/537.36 (KHTML, like Gecko) Chrome/150.0.7871.186 Mobile Safari/537.36 (compatible; Googlebot/2.1; +http://www.google.com/bot.html)"
20.15.133.174 - - [17/Aug/2026:15:17:10 +0000] "GET /?sale/search/detail/?ITMCODE=b9u1f0f2e4l799805 HTTP/2.0" 200 30489 "-" "Mozilla/5.0 AppleWebKit/537.36 (KHTML, like Gecko; compatible; bingbot/2.0; +http://www.bing.com/bingbot.htm) Chrome/116.0.1938.76 Safari/537.36"
66.249.79.36 - - [17/Aug/2026:15:17:13 +0000] "GET /?sale/search/detail/?ITMCODE=d7a2w3d6l6e9d0030 HTTP/1.1" 200 29975 "-" "Mozilla/5.0 (Linux; Android 6.0.1; Nexus 5X Build/MMB29P) AppleWebKit/537.36 (KHTML, like Gecko) Chrome/150.0.7871.186 Mobile Safari/537.36 (compatible; Googlebot/2.1; +http://www.google.com/bot.html)"
20.15.133.174 - - [17/Aug/2026:15:17:13 +0000] "GET /?sale/search/detail/?ITMCODE=p1h2o5t1o9l0i1t0h2o0g1raphy HTTP/2.0" 200 29604 "-" "Mozilla/5.0 AppleWebKit/537.36 (KHTML, like Gecko; compatible; bingbot/2.0; +http://www.bing.com/bingbot.htm) Chrome/116.0.1938.76 Safari/537.36"
20.15.133.174 - - [17/Aug/2026:15:17:16 +0000] "GET /?sale/search/detail/?ITMCODE=h8o3r2n6w9o6r8k7394 HTTP/2.0" 200 29669 "-" "Mozilla/5.0 AppleWebKit/537.36 (KHTML, like Gecko; compatible; bingbot/2.0; +http://www.bing.com/bingbot.htm) Chrome/116.0.1938.76 Safari/537.36"
66.249.79.36 - - [17/Aug/2026:15:17:18 +0000] "GET /?sale/search/detail/?ITMCODE=g7i2d5d4y6531370 HTTP/1.1" 200 30857 "-" "Mozilla/5.0 (Linux; Android 6.0.1; Nexus 5X Build/MMB29P) AppleWebKit/537.36 (KHTML, like Gecko) Chrome/150.0.7871.186 Mobile Safari/537.36 (compatible; Googlebot/2.1; +http://www.google.com/bot.html)"
20.15.133.174 - - [17/Aug/2026:15:17:19 +0000] "GET /?sale/search/detail/?ITMCODE=p7r3e2c4l7u0d8e0d797 HTTP/2.0" 200 34522 "-" "Mozilla/5.0 AppleWebKit/537.36 (KHTML, like Gecko; compatible; bingbot/2.0; +http://www.bing.com/bingbot.htm) Chrome/116.0.1938.76 Safari/537.36"
66.249.79.36 - - [17/Aug/2026:15:17:22 +0000] "GET /?sale/search/detail/?ITMCODE=r7h8y8n5c2o4t2a889 HTTP/1.1" 200 29961 "-" "Mozilla/5.0 (Linux; Android 6.0.1; Nexus 5X Build/MMB29P) AppleWebKit/537.36 (KHTML, like Gecko) Chrome/150.0.7871.186 Mobile Safari/537.36 (compatible; Googlebot/2.1; +http://www.google.com/bot.html)"
20.15.133.174 - - [17/Aug/2026:15:17:23 +0000] "GET /?sale/search/detail/?ITMCODE=t0o3t5i8p3a3l8m1i670 HTTP/2.0" 200 29872 "-" "Mozilla/5.0 AppleWebKit/537.36 (KHTML, like Gecko; compatible; bingbot/2.0; +http://www.bing.com/bingbot.htm) Chrome/116.0.1938.76 Safari/537.36"
66.249.79.36 - - [17/Aug/2026:15:17:24 +0000] "GET /?sale/search/detail/?ITMCODE=c7a2m2p8a8n0o4l1o9g7i9st HTTP/1.1" 200 30901 "-" "Mozilla/5.0 (Linux; Android 6.0.1; Nexus 5X Build/MMB29P) AppleWebKit/537.36 (KHTML, like Gecko) Chrome/150.0.7871.186 Mobile Safari/537.36 (compatible; Googlebot/2.1; +http://www.google.com/bot.html)"
20.15.133.174 - - [17/Aug/2026:15:17:26 +0000] "GET /?sale/search/detail/?ITMCODE=c1a5t4a9p2a5s3m726 HTTP/2.0" 200 29908 "-" "Mozilla/5.0 AppleWebKit/537.36 (KHTML, like Gecko; compatible; bingbot/2.0; +http://www.bing.com/bingbot.htm) Chrome/116.0.1938.76 Safari/537.36"
20.15.133.174 - - [17/Aug/2026:15:17:29 +0000] "GET /?sale/search/detail/?ITMCODE=b1a3d7i8n3a0g2e4412 HTTP/2.0" 200 29830 "-" "Mozilla/5.0 AppleWebKit/537.36 (KHTML, like Gecko; compatible; bingbot/2.0; +http://www.bing.com/bingbot.htm) Chrome/116.0.1938.76 Safari/537.36"
20.15.133.174 - - [17/Aug/2026:15:17:32 +0000] "GET /?sale/search/detail/?ITMCODE=a5b1d6u8c4e2n7t5115 HTTP/2.0" 200 32137 "-" "Mozilla/5.0 AppleWebKit/537.36 (KHTML, like Gecko; compatible; bingbot/2.0; +http://www.bing.com/bingbot.htm) Chrome/116.0.1938.76 Safari/537.36"
20.15.133.174 - - [17/Aug/2026:15:17:35 +0000] "GET /?sale/search/detail/?ITMCODE=r7e7l6e7n5t4l1e6s6sly HTTP/2.0" 200 35119 "-" "Mozilla/5.0 AppleWebKit/537.36 (KHTML, like Gecko; compatible; bingbot/2.0; +http://www.bing.com/bingbot.htm) Chrome/116.0.1938.76 Safari/537.36"
66.249.79.36 - - [17/Aug/2026:15:17:37 +0000] "GET /?sale/search/detail/?ITMCODE=l7i2m6p1i5d2i3t0y056 HTTP/1.1" 200 30317 "-" "Mozilla/5.0 (Linux; Android 6.0.1; Nexus 5X Build/MMB29P) AppleWebKit/537.36 (KHTML, like Gecko) Chrome/150.0.7871.186 Mobile Safari/537.36 (compatible; Googlebot/2.1; +http://www.google.com/bot.html)"
20.15.133.174 - - [17/Aug/2026:15:17:38 +0000] "GET /?sale/search/detail/?ITMCODE=s0a4n0g5u2i1f0i6e1r19 HTTP/2.0" 200 29575 "-" "Mozilla/5.0 AppleWebKit/537.36 (KHTML, like Gecko; compatible; bingbot/2.0; +http://www.bing.com/bingbot.htm) Chrome/116.0.1938.76 Safari/537.36"
20.15.133.174 - - [17/Aug/2026:15:17:41 +0000] "GET /?sale/search/detail/?ITMCODE=t0w6o8p6h7a0s5e473 HTTP/2.0" 200 28812 "-" "Mozilla/5.0 AppleWebKit/537.36 (KHTML, like Gecko; compatible; bingbot/2.0; +http://www.bing.com/bingbot.htm) Chrome/116.0.1938.76 Safari/537.36"
20.15.133.174 - - [17/Aug/2026:15:17:44 +0000] "GET /?sale/search/detail/?ITMCODE=b0u1l5l4f9i8c4e2543 HTTP/2.0" 200 29694 "-" "Mozilla/5.0 AppleWebKit/537.36 (KHTML, like Gecko; compatible; bingbot/2.0; +http://www.bing.com/bingbot.htm) Chrome/116.0.1938.76 Safari/537.36"
20.15.133.174 - - [17/Aug/2026:15:17:47 +0000] "GET /?sale/search/detail/?ITMCODE=r4e6s6i0d1u5a3r6y78 HTTP/2.0" 200 30085 "-" "Mozilla/5.0 AppleWebKit/537.36 (KHTML, like Gecko; compatible; bingbot/2.0; +http://www.bing.com/bingbot.htm) Chrome/116.0.1938.76 Safari/537.36"
20.15.133.174 - - [17/Aug/2026:15:17:50 +0000] "GET /?sale/search/detail/?ITMCODE=s8e2l0f1c6o0n8j5u1g0a5te HTTP/2.0" 200 31248 "-" "Mozilla/5.0 AppleWebKit/537.36 (KHTML, like Gecko; compatible; bingbot/2.0; +http://www.bing.com/bingbot.htm) Chrome/116.0.1938.76 Safari/537.36"
66.249.79.36 - - [17/Aug/2026:15:17:50 +0000] "GET /?sale/search/detail/?ITMCODE=n7i3t3r2o9g9e1n5o4u4s9 HTTP/1.1" 200 30310 "-" "Mozilla/5.0 (Linux; Android 6.0.1; Nexus 5X Build/MMB29P) AppleWebKit/537.36 (KHTML, like Gecko) Chrome/150.0.7871.186 Mobile Safari/537.36 (compatible; Googlebot/2.1; +http://www.google.com/bot.html)"
20.15.133.174 - - [17/Aug/2026:15:17:53 +0000] "GET /?sale/search/detail/?ITMCODE=u5n9g1u7i6c9u7l1a7t0us HTTP/2.0" 200 31004 "-" "Mozilla/5.0 AppleWebKit/537.36 (KHTML, like Gecko; compatible; bingbot/2.0; +http://www.bing.com/bingbot.htm) Chrome/116.0.1938.76 Safari/537.36"
20.15.133.174 - - [17/Aug/2026:15:17:56 +0000] "GET /?sale/search/detail/?ITMCODE=i3n1v5i8t4i9n0g8l1y50 HTTP/2.0" 200 32453 "-" "Mozilla/5.0 AppleWebKit/537.36 (KHTML, like Gecko; compatible; bingbot/2.0; +http://www.bing.com/bingbot.htm) Chrome/116.0.1938.76 Safari/537.36"
20.15.133.174 - - [17/Aug/2026:15:17:59 +0000] "GET /?sale/search/detail/?ITMCODE=c6i1c4e8r6906291 HTTP/2.0" 200 34210 "-" "Mozilla/5.0 AppleWebKit/537.36 (KHTML, like Gecko; compatible; bingbot/2.0; +http://www.bing.com/bingbot.htm) Chrome/116.0.1938.76 Safari/537.36"
20.15.133.174 - - [17/Aug/2026:15:18:02 +0000] "GET /?sale/search/detail/?ITMCODE=m1o4d2i5f0i2c5a0t9i9v7e HTTP/2.0" 200 32502 "-" "Mozilla/5.0 AppleWebKit/537.36 (KHTML, like Gecko; compatible; bingbot/2.0; +http://www.bing.com/bingbot.htm) Chrome/116.0.1938.76 Safari/537.36"
20.15.133.174 - - [17/Aug/2026:15:18:05 +0000] "GET /?sale/search/detail/?ITMCODE=m5i2c1r4o9l3i5t0e38 HTTP/2.0" 200 30524 "-" "Mozilla/5.0 AppleWebKit/537.36 (KHTML, like Gecko; compatible; bingbot/2.0; +http://www.bing.com/bingbot.htm) Chrome/116.0.1938.76 Safari/537.36"
20.15.133.174 - - [17/Aug/2026:15:18:08 +0000] "GET /?sale/search/detail/?ITMCODE=g6a5m1e7s436628 HTTP/2.0" 200 29535 "-" "Mozilla/5.0 AppleWebKit/537.36 (KHTML, like Gecko; compatible; bingbot/2.0; +http://www.bing.com/bingbot.htm) Chrome/116.0.1938.76 Safari/537.36"
20.15.133.174 - - [17/Aug/2026:15:18:11 +0000] "GET /?sale/search/detail/?ITMCODE=a0w2n7e4d5039744 HTTP/2.0" 200 33542 "-" "Mozilla/5.0 AppleWebKit/537.36 (KHTML, like Gecko; compatible; bingbot/2.0; +http://www.bing.com/bingbot.htm) Chrome/116.0.1938.76 Safari/537.36"
20.15.133.174 - - [17/Aug/2026:15:18:14 +0000] "GET /?sale/search/detail/?ITMCODE=p5h4y1l3l0o2c4a8r1i5da HTTP/2.0" 200 32544 "-" "Mozilla/5.0 AppleWebKit/537.36 (KHTML, like Gecko; compatible; bingbot/2.0; +http://www.bing.com/bingbot.htm) Chrome/116.0.1938.76 Safari/537.36"
220.181.108.103 - - [17/Aug/2026:15:18:18 +0000] "GET / HTTP/2.0" 200 56807 "-" "Mozilla/5.0 (compatible; Baiduspider/2.0; +http://www.baidu.com/search/spider.html)"
20.15.133.174 - - [17/Aug/2026:15:18:17 +0000] "GET /?sale/search/detail/?ITMCODE=m6e3t9h6o8d3i5z2e945 HTTP/2.0" 200 29762 "-" "Mozilla/5.0 AppleWebKit/537.36 (KHTML, like Gecko; compatible; bingbot/2.0; +http://www.bing.com/bingbot.htm) Chrome/116.0.1938.76 Safari/537.36"
20.15.133.174 - - [17/Aug/2026:15:18:20 +0000] "GET /?sale/search/detail/?ITMCODE=m5u2l5t9i0c4i6p5i4t7a6l HTTP/2.0" 200 32263 "-" "Mozilla/5.0 AppleWebKit/537.36 (KHTML, like Gecko; compatible; bingbot/2.0; +http://www.bing.com/bingbot.htm) Chrome/116.0.1938.76 Safari/537.36"
20.15.133.174 - - [17/Aug/2026:15:18:23 +0000] "GET /?sale/search/detail/?ITMCODE=a9n3a7c6h3r5o8n4o5u0s6ly HTTP/2.0" 200 30878 "-" "Mozilla/5.0 AppleWebKit/537.36 (KHTML, like Gecko; compatible; bingbot/2.0; +http://www.bing.com/bingbot.htm) Chrome/116.0.1938.76 Safari/537.36"
116.179.37.109 - - [17/Aug/2026:15:18:27 +0000] "GET /wp-content/plugins/unlimited-elements-for-elementor/assets_libraries/font-awesome6/fontawesome-all.min.css HTTP/1.1" 200 22761 "https://reviverenovation.ae/" "Mozilla/5.0 (compatible; Baiduspider-render/2.0; +http://www.baidu.com/search/spider.html)"
116.179.37.239 - - [17/Aug/2026:15:18:27 +0000] "GET /wp-content/plugins/elementor/assets/css/widget-image-carousel.min.css?ver=4.0.2 HTTP/1.1" 200 183 "https://reviverenovation.ae/" "Mozilla/5.0 (compatible; Baiduspider-render/2.0; +http://www.baidu.com/search/spider.html)"
116.179.37.50 - - [17/Aug/2026:15:18:27 +0000] "GET /wp-content/plugins/astra-addon/addons/nav-menu/assets/css/minified/magamenu-frontend.min.css?ver=4.12.5 HTTP/1.1" 200 - "https://reviverenovation.ae/" "Mozilla/5.0 (compatible; Baiduspider-render/2.0; +http://www.baidu.com/search/spider.html)"
116.179.37.235 - - [17/Aug/2026:15:18:27 +0000] "GET /wp-content/plugins/speedycache-pro/assets/images/image-palceholder.png HTTP/1.1" 200 145 "https://reviverenovation.ae/" "Mozilla/5.0 (compatible; Baiduspider-render/2.0; +http://www.baidu.com/search/spider.html)"
116.179.37.135 - - [17/Aug/2026:15:18:28 +0000] "GET /wp-includes/js/jquery/jquery.min.js?ver=3.7.1 HTTP/1.1" 200 30368 "https://reviverenovation.ae/" "Mozilla/5.0 (compatible; Baiduspider-render/2.0; +http://www.baidu.com/search/spider.html)"
20.15.133.174 - - [17/Aug/2026:15:18:26 +0000] "GET /?sale/search/detail/?ITMCODE=a9l2u1m2n2i394565 HTTP/2.0" 200 31219 "-" "Mozilla/5.0 AppleWebKit/537.36 (KHTML, like Gecko; compatible; bingbot/2.0; +http://www.bing.com/bingbot.htm) Chrome/116.0.1938.76 Safari/537.36"
116.179.37.88 - - [17/Aug/2026:15:18:28 +0000] "GET /wp-includes/js/jquery/jquery-migrate.min.js?ver=3.4.1 HTTP/1.1" 200 4872 "https://reviverenovation.ae/" "Mozilla/5.0 (compatible; Baiduspider-render/2.0; +http://www.baidu.com/search/spider.html)"
116.179.37.2 - - [17/Aug/2026:15:18:28 +0000] "GET /wp-includes/js/jquery/ui/core.min.js?ver=1.13.3 HTTP/1.1" 200 7106 "https://reviverenovation.ae/" "Mozilla/5.0 (compatible; Baiduspider-render/2.0; +http://www.baidu.com/search/spider.html)"
116.179.37.96 - - [17/Aug/2026:15:18:28 +0000] "GET /wp-includes/js/imagesloaded.min.js?ver=5.0.0 HTTP/1.1" 200 1803 "https://reviverenovation.ae/" "Mozilla/5.0 (compatible; Baiduspider-render/2.0; +http://www.baidu.com/search/spider.html)"
116.179.37.168 - - [17/Aug/2026:15:18:28 +0000] "GET /wp-content/themes/astra/assets/js/minified/frontend.min.js?ver=4.12.7 HTTP/1.1" 200 5952 "https://reviverenovation.ae/" "Mozilla/5.0 (compatible; Baiduspider-render/2.0; +http://www.baidu.com/search/spider.html)"
116.179.37.110 - - [17/Aug/2026:15:18:28 +0000] "GET /wp-content/uploads/ac_assets/uc-splitting-text/splitting.min.js?ver=2.0.7 HTTP/1.1" 200 1683 "https://reviverenovation.ae/" "Mozilla/5.0 (compatible; Baiduspider-render/2.0; +http://www.baidu.com/search/spider.html)"
116.179.37.155 - - [17/Aug/2026:15:18:28 +0000] "GET /wp-content/plugins/pro-elements/assets/js/frontend.min.js?ver=3.35.0 HTTP/1.1" 200 6435 "https://reviverenovation.ae/" "Mozilla/5.0 (compatible; Baiduspider-render/2.0; +http://www.baidu.com/search/spider.html)"
116.179.37.243 - - [17/Aug/2026:15:18:28 +0000] "GET /wp-includes/js/dist/i18n.min.js?ver=781d11515ad3d91786ec HTTP/1.1" 200 2465 "https://reviverenovation.ae/" "Mozilla/5.0 (compatible; Baiduspider-render/2.0; +http://www.baidu.com/search/spider.html)"
116.179.37.13 - - [17/Aug/2026:15:18:28 +0000] "GET /wp-includes/js/dist/hooks.min.js?ver=7496969728ca0f95732d HTTP/1.1" 200 1829 "https://reviverenovation.ae/" "Mozilla/5.0 (compatible; Baiduspider-render/2.0; +http://www.baidu.com/search/spider.html)"
116.179.37.11 - - [17/Aug/2026:15:18:28 +0000] "GET /wp-content/uploads/2026/03/Logo-new-07-scaled-173x39.png HTTP/1.1" 200 3462 "https://reviverenovation.ae/" "Mozilla/5.0 (compatible; Baiduspider-render/2.0; +http://www.baidu.com/search/spider.html)"
116.179.37.178 - - [17/Aug/2026:15:18:28 +0000] "GET /wp-content/uploads/2026/03/rawkkim-7QnoQs7olyw-unsplash.webp HTTP/1.1" 200 129684 "https://reviverenovation.ae/wp-content/cache/speedycache/reviverenovation.ae/assets/8cadd957ced5bb6b-post-18.css" "Mozilla/5.0 (compatible; Baiduspider-render/2.0; +http://www.baidu.com/search/spider.html)"
116.179.37.162 - - [17/Aug/2026:15:18:30 +0000] "GET /wp-content/plugins/pro-elements/assets/js/loop.89cc81d2188312a17a17.bundle.min.js HTTP/1.1" 200 3220 "https://reviverenovation.ae/" "Mozilla/5.0 (compatible; Baiduspider-render/2.0; +http://www.baidu.com/search/spider.html)"
116.179.37.67 - - [17/Aug/2026:15:18:30 +0000] "GET /wp-content/plugins/pro-elements/assets/js/ajax-pagination.2090b5f4906bcda1dcc2.bundle.min.js HTTP/1.1" 200 1197 "https://reviverenovation.ae/" "Mozilla/5.0 (compatible; Baiduspider-render/2.0; +http://www.baidu.com/search/spider.html)"
116.179.37.140 - - [17/Aug/2026:15:18:30 +0000] "GET /wp-content/plugins/elementor/assets/js/text-editor.45609661e409413f1cef.bundle.min.js HTTP/1.1" 200 648 "https://reviverenovation.ae/" "Mozilla/5.0 (compatible; Baiduspider-render/2.0; +http://www.baidu.com/search/spider.html)"
116.179.37.89 - - [17/Aug/2026:15:18:30 +0000] "GET /wp-includes/js/wp-emoji-release.min.js?ver=7.0.4 HTTP/1.1" 200 5386 "https://reviverenovation.ae/" "Mozilla/5.0 (compatible; Baiduspider-render/2.0; +http://www.baidu.com/search/spider.html)"
20.15.133.174 - - [17/Aug/2026:15:18:28 +0000] "GET /?sale/search/detail/?ITMCODE=l9a4b6y2r6i2n8t0h6odon HTTP/2.0" 200 33557 "-" "Mozilla/5.0 AppleWebKit/537.36 (KHTML, like Gecko; compatible; bingbot/2.0; +http://www.bing.com/bingbot.htm) Chrome/116.0.1938.76 Safari/537.36"
116.179.37.53 - - [17/Aug/2026:15:18:33 +0000] "GET /wp-content/plugins/elementor/assets/js/shared-frontend-handlers.03caa53373b56d3bab67.bundle.min.js HTTP/1.1" 200 2644 "https://reviverenovation.ae/" "Mozilla/5.0 (compatible; Baiduspider-render/2.0; +http://www.baidu.com/search/spider.html)"
20.15.133.174 - - [17/Aug/2026:15:18:32 +0000] "GET /?sale/search/detail/?ITMCODE=b2e2g4i0r0d0i6n6g128 HTTP/2.0" 200 30845 "-" "Mozilla/5.0 AppleWebKit/537.36 (KHTML, like Gecko; compatible; bingbot/2.0; +http://www.bing.com/bingbot.htm) Chrome/116.0.1938.76 Safari/537.36"
20.15.133.174 - - [17/Aug/2026:15:18:36 +0000] "GET /?sale/search/detail/?ITMCODE=b9r8o4o4d8m0a9r9e06 HTTP/2.0" 200 30360 "-" "Mozilla/5.0 AppleWebKit/537.36 (KHTML, like Gecko; compatible; bingbot/2.0; +http://www.bing.com/bingbot.htm) Chrome/116.0.1938.76 Safari/537.36"
66.249.79.36 - - [17/Aug/2026:15:18:37 +0000] "GET /?sale/search/detail/?ITMCODE=g7o3i3t7r3o9g1e9n049 HTTP/1.1" 200 31810 "-" "Mozilla/5.0 (Linux; Android 6.0.1; Nexus 5X Build/MMB29P) AppleWebKit/537.36 (KHTML, like Gecko) Chrome/150.0.7871.186 Mobile Safari/537.36 (compatible; Googlebot/2.1; +http://www.google.com/bot.html)"
66.249.79.37 - - [17/Aug/2026:15:18:37 +0000] "GET /?sale/search/detail/?ITMCODE=b7a1s0t0i5o3n51110 HTTP/1.1" 200 29707 "-" "Mozilla/5.0 (Linux; Android 6.0.1; Nexus 5X Build/MMB29P) AppleWebKit/537.36 (KHTML, like Gecko) Chrome/150.0.7871.186 Mobile Safari/537.36 (compatible; Googlebot/2.1; +http://www.google.com/bot.html)"
20.15.133.174 - - [17/Aug/2026:15:18:38 +0000] "GET /?sale/search/detail/?ITMCODE=o2x3y7b5u1t9y3r5i9c41 HTTP/2.0" 200 34034 "-" "Mozilla/5.0 AppleWebKit/537.36 (KHTML, like Gecko; compatible; bingbot/2.0; +http://www.bing.com/bingbot.htm) Chrome/116.0.1938.76 Safari/537.36"
20.15.133.174 - - [17/Aug/2026:15:18:41 +0000] "GET /?sale/search/detail/?ITMCODE=i1m2p2e7t6u8o9u0s9l9y2 HTTP/2.0" 200 29782 "-" "Mozilla/5.0 AppleWebKit/537.36 (KHTML, like Gecko; compatible; bingbot/2.0; +http://www.bing.com/bingbot.htm) Chrome/116.0.1938.76 Safari/537.36"
20.15.133.174 - - [17/Aug/2026:15:18:44 +0000] "GET /?sale/search/detail/?ITMCODE=h5o9b1b7i9s3t8468 HTTP/2.0" 200 33704 "-" "Mozilla/5.0 AppleWebKit/537.36 (KHTML, like Gecko; compatible; bingbot/2.0; +http://www.bing.com/bingbot.htm) Chrome/116.0.1938.76 Safari/537.36"
20.15.133.174 - - [17/Aug/2026:15:18:47 +0000] "GET /?sale/search/detail/?ITMCODE=p5a2n2t0o2m9e0t0e9r84 HTTP/2.0" 200 32222 "-" "Mozilla/5.0 AppleWebKit/537.36 (KHTML, like Gecko; compatible; bingbot/2.0; +http://www.bing.com/bingbot.htm) Chrome/116.0.1938.76 Safari/537.36"
20.15.133.174 - - [17/Aug/2026:15:18:50 +0000] "GET /?sale/search/detail/?ITMCODE=t5r2o6u3b7l7e6s5o3m8e6 HTTP/2.0" 200 32255 "-" "Mozilla/5.0 AppleWebKit/537.36 (KHTML, like Gecko; compatible; bingbot/2.0; +http://www.bing.com/bingbot.htm) Chrome/116.0.1938.76 Safari/537.36"
39.34.143.217 - - [17/Aug/2026:15:18:54 +0000] "GET /wp-content/cache/speedycache/reviverenovation.ae/assets/57c950ff2ac8ff7e-animations.js HTTP/2.0" 304 - "-" "Mozilla/5.0 (Windows NT 10.0; Win64; x64) AppleWebKit/537.36 (KHTML, like Gecko) Chrome/151.0.0.0 Safari/537.36"
39.34.143.217 - - [17/Aug/2026:15:18:54 +0000] "GET /wp-content/cache/speedycache/reviverenovation.ae/assets/b90a6b6986dcecf7-astra-addon-69ddef01d1ba53-08965612.js HTTP/2.0" 304 - "-" "Mozilla/5.0 (Windows NT 10.0; Win64; x64) AppleWebKit/537.36 (KHTML, like Gecko) Chrome/151.0.0.0 Safari/537.36"
