193.36.224.191 - - [17/Aug/2026:16:31:58 +0000] "POST /wp-login.php HTTP/1.1" 200 4590 "-" "Mozilla/5.0 (Macintosh; Intel Mac OS X 10_15_7) AppleWebKit/605.1.15 Version/17.0 Safari/605.1.15"
222.255.182.222 - - [17/Aug/2026:16:32:00 +0000] "POST /wp-login.php HTTP/1.1" 200 2982 "https://reviverenovation.ae/wp-login.php" "Mozilla/5.0 (Windows NT 10.0; Win64; x64; rv:120.0) Gecko/20100101 Firefox/120.0"
222.255.182.222 - - [17/Aug/2026:16:32:02 +0000] "GET /wp-admin/index.php HTTP/1.1" 302 - "https://reviverenovation.ae/wp-login.php" "Mozilla/5.0 (Macintosh; Intel Mac OS X 13_6_1) AppleWebKit/537.36 (KHTML, like Gecko) Chrome/121.0.0.0 Safari/537.36"
222.255.182.222 - - [17/Aug/2026:16:32:03 +0000] "GET /wp-login.php?redirect_to=https%3A%2F%2Freviverenovation.ae%2Fwp-admin%2Findex.php&reauth=1 HTTP/1.1" 200 2902 "https://reviverenovation.ae/wp-login.php" "Mozilla/5.0 (Macintosh; Intel Mac OS X 13_6_1) AppleWebKit/537.36 (KHTML, like Gecko) Chrome/121.0.0.0 Safari/537.36"
222.255.182.222 - - [17/Aug/2026:16:32:05 +0000] "POST /wp-login.php HTTP/1.1" 200 2982 "https://reviverenovation.ae/wp-login.php" "Mozilla/5.0 (Macintosh; Intel Mac OS X 10_15_7; rv:118.0) Gecko/20100101 Firefox/118.0"
222.255.182.222 - - [17/Aug/2026:16:32:06 +0000] "GET /wp-admin/index.php HTTP/1.1" 302 - "https://reviverenovation.ae/wp-login.php" "Mozilla/5.0 (Windows NT 10.0; Win64; x64) AppleWebKit/537.36 (KHTML, like Gecko) Chrome/118.0.0.0 Safari/537.36"
222.255.182.222 - - [17/Aug/2026:16:32:07 +0000] "GET /wp-login.php?redirect_to=https%3A%2F%2Freviverenovation.ae%2Fwp-admin%2Findex.php&reauth=1 HTTP/1.1" 200 2902 "https://reviverenovation.ae/wp-login.php" "Mozilla/5.0 (Windows NT 10.0; Win64; x64) AppleWebKit/537.36 (KHTML, like Gecko) Chrome/118.0.0.0 Safari/537.36"
222.255.182.222 - - [17/Aug/2026:16:32:09 +0000] "POST /wp-login.php HTTP/1.1" 200 2982 "https://reviverenovation.ae/wp-login.php" "Mozilla/5.0 (Macintosh; Intel Mac OS X 13_6_1; rv:118.0) Gecko/20100101 Firefox/118.0"
198.38.94.13 - - [17/Aug/2026:16:32:14 +0000] "POST /wp-cron.php?doing_wp_cron=1786984334.0287690162658691406250 HTTP/1.1" 200 - "-" "WordPress/7.0.4; https://reviverenovation.ae"
222.255.182.222 - - [17/Aug/2026:16:32:12 +0000] "GET /wp-admin/index.php HTTP/1.1" 302 - "https://reviverenovation.ae/wp-login.php" "Mozilla/5.0 (X11; Linux x86_64) AppleWebKit/537.36 (KHTML, like Gecko) Chrome/121.0.0.0 Safari/537.36"
222.255.182.222 - - [17/Aug/2026:16:32:14 +0000] "GET /wp-login.php?redirect_to=https%3A%2F%2Freviverenovation.ae%2Fwp-admin%2Findex.php&reauth=1 HTTP/1.1" 200 2902 "https://reviverenovation.ae/wp-login.php" "Mozilla/5.0 (X11; Linux x86_64) AppleWebKit/537.36 (KHTML, like Gecko) Chrome/121.0.0.0 Safari/537.36"
222.255.182.222 - - [17/Aug/2026:16:32:15 +0000] "POST /wp-login.php HTTP/1.1" 200 2982 "https://reviverenovation.ae/wp-login.php" "Mozilla/5.0 (Windows NT 11.0; Win64; x64; rv:120.0) Gecko/20100101 Firefox/120.0"
222.255.182.222 - - [17/Aug/2026:16:32:17 +0000] "GET /wp-admin/index.php HTTP/1.1" 302 - "https://reviverenovation.ae/wp-login.php" "Mozilla/5.0 (Macintosh; Intel Mac OS X 13_6_1) AppleWebKit/605.1.15 (KHTML, like Gecko) Version/17.1 Safari/605.1.15"
222.255.182.222 - - [17/Aug/2026:16:32:18 +0000] "GET /wp-login.php?redirect_to=https%3A%2F%2Freviverenovation.ae%2Fwp-admin%2Findex.php&reauth=1 HTTP/1.1" 200 2902 "https://reviverenovation.ae/wp-login.php" "Mozilla/5.0 (Macintosh; Intel Mac OS X 13_6_1) AppleWebKit/605.1.15 (KHTML, like Gecko) Version/17.1 Safari/605.1.15"
222.255.182.222 - - [17/Aug/2026:16:32:19 +0000] "POST /wp-login.php HTTP/1.1" 403 9425 "https://reviverenovation.ae/wp-login.php" "Mozilla/5.0 (Macintosh; Intel Mac OS X 13_6_1) AppleWebKit/605.1.15 (KHTML, like Gecko) Version/17.1 Safari/605.1.15"
85.208.98.24 - - [17/Aug/2026:16:32:19 +0000] "GET /2026/07/08/blog-townhouse-renovation-dubai/ HTTP/1.1" 200 50675 "-" "Mozilla/5.0 (compatible; SemrushBot-BA; +http://www.semrush.com/bot.html)"
222.255.182.222 - - [17/Aug/2026:16:32:20 +0000] "GET /wp-admin/index.php HTTP/1.1" 302 - "https://reviverenovation.ae/wp-login.php" "Mozilla/5.0 (Windows NT 11.0; Win64; x64; rv:118.0) Gecko/20100101 Firefox/118.0"
222.255.182.222 - - [17/Aug/2026:16:32:21 +0000] "GET /wp-login.php?redirect_to=https%3A%2F%2Freviverenovation.ae%2Fwp-admin%2Findex.php&reauth=1 HTTP/1.1" 200 2902 "https://reviverenovation.ae/wp-login.php" "Mozilla/5.0 (Windows NT 11.0; Win64; x64; rv:118.0) Gecko/20100101 Firefox/118.0"
222.255.182.222 - - [17/Aug/2026:16:32:23 +0000] "POST /wp-login.php HTTP/1.1" 200 2982 "https://reviverenovation.ae/wp-login.php" "Mozilla/5.0 (Macintosh; Intel Mac OS X 10_15_7) AppleWebKit/537.36 (KHTML, like Gecko) Chrome/121.0.0.0 Safari/537.36"
222.255.182.222 - - [17/Aug/2026:16:32:24 +0000] "GET /wp-admin/index.php HTTP/1.1" 302 - "https://reviverenovation.ae/wp-login.php" "Mozilla/5.0 (Macintosh; Intel Mac OS X 13_6_1; rv:118.0) Gecko/20100101 Firefox/118.0"
222.255.182.222 - - [17/Aug/2026:16:32:25 +0000] "GET /wp-login.php?redirect_to=https%3A%2F%2Freviverenovation.ae%2Fwp-admin%2Findex.php&reauth=1 HTTP/1.1" 200 2902 "https://reviverenovation.ae/wp-login.php" "Mozilla/5.0 (Macintosh; Intel Mac OS X 13_6_1; rv:118.0) Gecko/20100101 Firefox/118.0"
222.255.182.222 - - [17/Aug/2026:16:32:27 +0000] "POST /wp-login.php HTTP/1.1" 200 2982 "https://reviverenovation.ae/wp-login.php" "Mozilla/5.0 (Macintosh; Intel Mac OS X 10_15_7) AppleWebKit/605.1.15 (KHTML, like Gecko) Version/17.0 Safari/605.1.15"
222.255.182.222 - - [17/Aug/2026:16:32:28 +0000] "GET /wp-admin/index.php HTTP/1.1" 302 - "https://reviverenovation.ae/wp-login.php" "Mozilla/5.0 (Windows NT 11.0; Win64; x64; rv:119.0) Gecko/20100101 Firefox/119.0"
222.255.182.222 - - [17/Aug/2026:16:32:30 +0000] "GET /wp-login.php?redirect_to=https%3A%2F%2Freviverenovation.ae%2Fwp-admin%2Findex.php&reauth=1 HTTP/1.1" 200 2902 "https://reviverenovation.ae/wp-login.php" "Mozilla/5.0 (Windows NT 11.0; Win64; x64; rv:119.0) Gecko/20100101 Firefox/119.0"
222.255.182.222 - - [17/Aug/2026:16:32:31 +0000] "POST /wp-login.php HTTP/1.1" 200 2982 "https://reviverenovation.ae/wp-login.php" "Mozilla/5.0 (Macintosh; Intel Mac OS X 10_15_7) AppleWebKit/605.1.15 (KHTML, like Gecko) Version/17.1 Safari/605.1.15"
222.255.182.222 - - [17/Aug/2026:16:32:32 +0000] "GET /wp-admin/index.php HTTP/1.1" 302 - "https://reviverenovation.ae/wp-login.php" "Mozilla/5.0 (Macintosh; Intel Mac OS X 10_15_7; rv:118.0) Gecko/20100101 Firefox/118.0"
222.255.182.222 - - [17/Aug/2026:16:32:34 +0000] "GET /wp-login.php?redirect_to=https%3A%2F%2Freviverenovation.ae%2Fwp-admin%2Findex.php&reauth=1 HTTP/1.1" 200 2902 "https://reviverenovation.ae/wp-login.php" "Mozilla/5.0 (Macintosh; Intel Mac OS X 10_15_7; rv:118.0) Gecko/20100101 Firefox/118.0"
222.255.182.222 - - [17/Aug/2026:16:32:36 +0000] "POST /wp-login.php HTTP/1.1" 200 2982 "https://reviverenovation.ae/wp-login.php" "Mozilla/5.0 (Macintosh; Intel Mac OS X 10_15_7) AppleWebKit/537.36 (KHTML, like Gecko) Chrome/119.0.0.0 Safari/537.36"
222.255.182.222 - - [17/Aug/2026:16:32:37 +0000] "GET /wp-admin/index.php HTTP/1.1" 302 - "https://reviverenovation.ae/wp-login.php" "Mozilla/5.0 (Macintosh; Intel Mac OS X 13_6_1) AppleWebKit/605.1.15 (KHTML, like Gecko) Version/17.1 Safari/605.1.15"
222.255.182.222 - - [17/Aug/2026:16:32:39 +0000] "GET /wp-login.php?redirect_to=https%3A%2F%2Freviverenovation.ae%2Fwp-admin%2Findex.php&reauth=1 HTTP/1.1" 200 2902 "https://reviverenovation.ae/wp-login.php" "Mozilla/5.0 (Macintosh; Intel Mac OS X 13_6_1) AppleWebKit/605.1.15 (KHTML, like Gecko) Version/17.1 Safari/605.1.15"
222.255.182.222 - - [17/Aug/2026:16:32:40 +0000] "POST /wp-login.php HTTP/1.1" 200 2982 "https://reviverenovation.ae/wp-login.php" "Mozilla/5.0 (Macintosh; Intel Mac OS X 10_15_7) AppleWebKit/537.36 (KHTML, like Gecko) Chrome/118.0.0.0 Safari/537.36"
222.255.182.222 - - [17/Aug/2026:16:32:41 +0000] "GET /wp-admin/index.php HTTP/1.1" 302 - "https://reviverenovation.ae/wp-login.php" "Mozilla/5.0 (X11; Linux x86_64) AppleWebKit/537.36 (KHTML, like Gecko) Chrome/118.0.0.0 Safari/537.36"
222.255.182.222 - - [17/Aug/2026:16:32:43 +0000] "GET /wp-login.php?redirect_to=https%3A%2F%2Freviverenovation.ae%2Fwp-admin%2Findex.php&reauth=1 HTTP/1.1" 200 2902 "https://reviverenovation.ae/wp-login.php" "Mozilla/5.0 (X11; Linux x86_64) AppleWebKit/537.36 (KHTML, like Gecko) Chrome/118.0.0.0 Safari/537.36"
222.255.182.222 - - [17/Aug/2026:16:32:45 +0000] "POST /wp-login.php HTTP/1.1" 200 2982 "https://reviverenovation.ae/wp-login.php" "Mozilla/5.0 (Macintosh; Intel Mac OS X 13_6_1) AppleWebKit/537.36 (KHTML, like Gecko) Chrome/119.0.0.0 Safari/537.36"
222.255.182.222 - - [17/Aug/2026:16:32:47 +0000] "GET /wp-admin/index.php HTTP/1.1" 302 - "https://reviverenovation.ae/wp-login.php" "Mozilla/5.0 (Macintosh; Intel Mac OS X 13_6_1; rv:120.0) Gecko/20100101 Firefox/120.0"
222.255.182.222 - - [17/Aug/2026:16:32:48 +0000] "GET /wp-login.php?redirect_to=https%3A%2F%2Freviverenovation.ae%2Fwp-admin%2Findex.php&reauth=1 HTTP/1.1" 200 2902 "https://reviverenovation.ae/wp-login.php" "Mozilla/5.0 (Macintosh; Intel Mac OS X 13_6_1; rv:120.0) Gecko/20100101 Firefox/120.0"
222.255.182.222 - - [17/Aug/2026:16:32:50 +0000] "POST /wp-login.php HTTP/1.1" 200 2982 "https://reviverenovation.ae/wp-login.php" "Mozilla/5.0 (Macintosh; Intel Mac OS X 13_6_1) AppleWebKit/537.36 (KHTML, like Gecko) Chrome/121.0.0.0 Safari/537.36"
222.255.182.222 - - [17/Aug/2026:16:32:51 +0000] "GET /wp-admin/index.php HTTP/1.1" 302 - "https://reviverenovation.ae/wp-login.php" "Mozilla/5.0 (Macintosh; Intel Mac OS X 13_6_1) AppleWebKit/605.1.15 (KHTML, like Gecko) Version/17.0 Safari/605.1.15"
114.119.139.148 - - [17/Aug/2026:16:32:52 +0000] "GET /about/ HTTP/1.1" 200 44253 "https://reviverenovation.ae/2026/05/22/custom-joinery-dubai-homes-value/" "Mozilla/5.0 (Linux; Android 7.0;) AppleWebKit/537.36 (HTML, like Gecko) Mobile Safari/537.36 (compatible; PetalBot;+https://webmaster.petalsearch.com/site/petalbot)"
222.255.182.222 - - [17/Aug/2026:16:32:53 +0000] "GET /wp-login.php?redirect_to=https%3A%2F%2Freviverenovation.ae%2Fwp-admin%2Findex.php&reauth=1 HTTP/1.1" 200 2902 "https://reviverenovation.ae/wp-login.php" "Mozilla/5.0 (Macintosh; Intel Mac OS X 13_6_1) AppleWebKit/605.1.15 (KHTML, like Gecko) Version/17.0 Safari/605.1.15"
222.255.182.222 - - [17/Aug/2026:16:32:54 +0000] "POST /wp-login.php HTTP/1.1" 200 2982 "https://reviverenovation.ae/wp-login.php" "Mozilla/5.0 (Windows NT 10.0; Win64; x64) AppleWebKit/537.36 (KHTML, like Gecko) Chrome/119.0.0.0 Safari/537.36"
222.255.182.222 - - [17/Aug/2026:16:32:55 +0000] "GET /wp-admin/index.php HTTP/1.1" 302 - "https://reviverenovation.ae/wp-login.php" "Mozilla/5.0 (X11; Ubuntu; Linux x86_64) AppleWebKit/537.36 (KHTML, like Gecko) Chrome/118.0.0.0 Safari/537.36"
94.207.75.175 - - [17/Aug/2026:16:32:57 +0000] "GET /wp-content/cache/speedycache/reviverenovation.ae/assets/57c950ff2ac8ff7e-animations.js HTTP/2.0" 304 - "https://reviverenovation.ae/" "Mozilla/5.0 (Macintosh; Intel Mac OS X 10_15_7) AppleWebKit/537.36 (KHTML, like Gecko) Chrome/151.0.0.0 Safari/537.36"
94.207.75.175 - - [17/Aug/2026:16:32:57 +0000] "GET /wp-content/cache/speedycache/reviverenovation.ae/assets/7278ec8f1975e6ee-smooth-scroll.js HTTP/2.0" 304 - "https://reviverenovation.ae/" "Mozilla/5.0 (Macintosh; Intel Mac OS X 10_15_7) AppleWebKit/537.36 (KHTML, like Gecko) Chrome/151.0.0.0 Safari/537.36"
94.207.75.175 - - [17/Aug/2026:16:32:57 +0000] "GET /wp-content/cache/speedycache/reviverenovation.ae/assets/b90a6b6986dcecf7-astra-addon-69ddef01d1ba53-08965612.js HTTP/2.0" 304 - "https://reviverenovation.ae/" "Mozilla/5.0 (Macintosh; Intel Mac OS X 10_15_7) AppleWebKit/537.36 (KHTML, like Gecko) Chrome/151.0.0.0 Safari/537.36"
94.207.75.175 - - [17/Aug/2026:16:32:57 +0000] "GET /wp-content/cache/speedycache/reviverenovation.ae/assets/3e3350c88b93ffda-wws.js HTTP/2.0" 304 - "https://reviverenovation.ae/" "Mozilla/5.0 (Macintosh; Intel Mac OS X 10_15_7) AppleWebKit/537.36 (KHTML, like Gecko) Chrome/151.0.0.0 Safari/537.36"
222.255.182.222 - - [17/Aug/2026:16:32:57 +0000] "GET /wp-login.php?redirect_to=https%3A%2F%2Freviverenovation.ae%2Fwp-admin%2Findex.php&reauth=1 HTTP/1.1" 200 2902 "https://reviverenovation.ae/wp-login.php" "Mozilla/5.0 (X11; Ubuntu; Linux x86_64) AppleWebKit/537.36 (KHTML, like Gecko) Chrome/118.0.0.0 Safari/537.36"
222.255.182.222 - - [17/Aug/2026:16:32:59 +0000] "POST /wp-login.php HTTP/1.1" 200 2982 "https://reviverenovation.ae/wp-login.php" "Mozilla/5.0 (Macintosh; Intel Mac OS X 10_15_7; rv:119.0) Gecko/20100101 Firefox/119.0"
20.15.133.191 - - [17/Aug/2026:16:32:59 +0000] "GET /?sale/search/detail/?ITMCODE=p1u9r8s9i4n2g1060 HTTP/2.0" 200 29383 "-" "Mozilla/5.0 AppleWebKit/537.36 (KHTML, like Gecko; compatible; bingbot/2.0; +http://www.bing.com/bingbot.htm) Chrome/116.0.1938.76 Safari/537.36"
222.255.182.222 - - [17/Aug/2026:16:33:01 +0000] "GET /wp-admin/index.php HTTP/1.1" 302 - "https://reviverenovation.ae/wp-login.php" "Mozilla/5.0 (Windows NT 11.0; Win64; x64; rv:119.0) Gecko/20100101 Firefox/119.0"
222.255.182.222 - - [17/Aug/2026:16:33:02 +0000] "GET /wp-login.php?redirect_to=https%3A%2F%2Freviverenovation.ae%2Fwp-admin%2Findex.php&reauth=1 HTTP/1.1" 200 2902 "https://reviverenovation.ae/wp-login.php" "Mozilla/5.0 (Windows NT 11.0; Win64; x64; rv:119.0) Gecko/20100101 Firefox/119.0"
222.255.182.222 - - [17/Aug/2026:16:33:03 +0000] "POST /wp-login.php HTTP/1.1" 200 2982 "https://reviverenovation.ae/wp-login.php" "Mozilla/5.0 (Macintosh; Intel Mac OS X 10_15_7) AppleWebKit/605.1.15 (KHTML, like Gecko) Version/17.2 Safari/605.1.15"
222.255.182.222 - - [17/Aug/2026:16:33:04 +0000] "GET /wp-admin/index.php HTTP/1.1" 302 - "https://reviverenovation.ae/wp-login.php" "Mozilla/5.0 (X11; Ubuntu; Linux x86_64) AppleWebKit/537.36 (KHTML, like Gecko) Chrome/119.0.0.0 Safari/537.36"
222.255.182.222 - - [17/Aug/2026:16:33:06 +0000] "GET /wp-login.php?redirect_to=https%3A%2F%2Freviverenovation.ae%2Fwp-admin%2Findex.php&reauth=1 HTTP/1.1" 200 2902 "https://reviverenovation.ae/wp-login.php" "Mozilla/5.0 (X11; Ubuntu; Linux x86_64) AppleWebKit/537.36 (KHTML, like Gecko) Chrome/119.0.0.0 Safari/537.36"
222.255.182.222 - - [17/Aug/2026:16:33:07 +0000] "POST /wp-login.php HTTP/1.1" 200 2982 "https://reviverenovation.ae/wp-login.php" "Mozilla/5.0 (Windows NT 10.0; Win64; x64) AppleWebKit/537.36 (KHTML, like Gecko) Chrome/118.0.0.0 Safari/537.36"
222.255.182.222 - - [17/Aug/2026:16:33:10 +0000] "GET /wp-admin/index.php HTTP/1.1" 302 - "https://reviverenovation.ae/wp-login.php" "Mozilla/5.0 (Windows NT 11.0; Win64; x64; rv:119.0) Gecko/20100101 Firefox/119.0"
222.255.182.222 - - [17/Aug/2026:16:33:11 +0000] "GET /wp-login.php?redirect_to=https%3A%2F%2Freviverenovation.ae%2Fwp-admin%2Findex.php&reauth=1 HTTP/1.1" 200 2902 "https://reviverenovation.ae/wp-login.php" "Mozilla/5.0 (Windows NT 11.0; Win64; x64; rv:119.0) Gecko/20100101 Firefox/119.0"
198.38.94.13 - - [17/Aug/2026:16:33:14 +0000] "POST /wp-cron.php?doing_wp_cron=1786984394.1153719425201416015625 HTTP/1.1" 200 - "-" "WordPress/7.0.4; https://reviverenovation.ae"
222.255.182.222 - - [17/Aug/2026:16:33:13 +0000] "POST /wp-login.php HTTP/1.1" 200 2982 "https://reviverenovation.ae/wp-login.php" "Mozilla/5.0 (Windows NT 11.0; Win64; x64; rv:120.0) Gecko/20100101 Firefox/120.0"
222.255.182.222 - - [17/Aug/2026:16:33:14 +0000] "GET /wp-admin/index.php HTTP/1.1" 302 - "https://reviverenovation.ae/wp-login.php" "Mozilla/5.0 (X11; Ubuntu; Linux x86_64) AppleWebKit/537.36 (KHTML, like Gecko) Chrome/121.0.0.0 Safari/537.36"
222.255.182.222 - - [17/Aug/2026:16:33:15 +0000] "GET /wp-login.php?redirect_to=https%3A%2F%2Freviverenovation.ae%2Fwp-admin%2Findex.php&reauth=1 HTTP/1.1" 200 2902 "https://reviverenovation.ae/wp-login.php" "Mozilla/5.0 (X11; Ubuntu; Linux x86_64) AppleWebKit/537.36 (KHTML, like Gecko) Chrome/121.0.0.0 Safari/537.36"
222.255.182.222 - - [17/Aug/2026:16:33:17 +0000] "POST /wp-login.php HTTP/1.1" 403 9425 "https://reviverenovation.ae/wp-login.php" "Mozilla/5.0 (Windows NT 10.0; Win64; x64) AppleWebKit/537.36 (KHTML, like Gecko) Chrome/118.0.0.0 Safari/537.36"
222.255.182.222 - - [17/Aug/2026:16:33:19 +0000] "GET /wp-admin/index.php HTTP/1.1" 302 - "https://reviverenovation.ae/wp-login.php" "Mozilla/5.0 (X11; Linux x86_64) AppleWebKit/537.36 (KHTML, like Gecko) Chrome/120.0.0.0 Safari/537.36"
222.255.182.222 - - [17/Aug/2026:16:33:21 +0000] "GET /wp-login.php?redirect_to=https%3A%2F%2Freviverenovation.ae%2Fwp-admin%2Findex.php&reauth=1 HTTP/1.1" 200 2902 "https://reviverenovation.ae/wp-login.php" "Mozilla/5.0 (X11; Linux x86_64) AppleWebKit/537.36 (KHTML, like Gecko) Chrome/120.0.0.0 Safari/537.36"
222.255.182.222 - - [17/Aug/2026:16:33:22 +0000] "POST /wp-login.php HTTP/1.1" 200 2982 "https://reviverenovation.ae/wp-login.php" "Mozilla/5.0 (Macintosh; Intel Mac OS X 10_15_7; rv:120.0) Gecko/20100101 Firefox/120.0"
222.255.182.222 - - [17/Aug/2026:16:33:23 +0000] "GET /wp-admin/index.php HTTP/1.1" 302 - "https://reviverenovation.ae/wp-login.php" "Mozilla/5.0 (Macintosh; Intel Mac OS X 13_6_1) AppleWebKit/537.36 (KHTML, like Gecko) Chrome/119.0.0.0 Safari/537.36"
222.255.182.222 - - [17/Aug/2026:16:33:25 +0000] "GET /wp-login.php?redirect_to=https%3A%2F%2Freviverenovation.ae%2Fwp-admin%2Findex.php&reauth=1 HTTP/1.1" 200 2902 "https://reviverenovation.ae/wp-login.php" "Mozilla/5.0 (Macintosh; Intel Mac OS X 13_6_1) AppleWebKit/537.36 (KHTML, like Gecko) Chrome/119.0.0.0 Safari/537.36"
222.255.182.222 - - [17/Aug/2026:16:33:26 +0000] "POST /wp-login.php HTTP/1.1" 200 2982 "https://reviverenovation.ae/wp-login.php" "Mozilla/5.0 (Macintosh; Intel Mac OS X 13_6_1) AppleWebKit/537.36 (KHTML, like Gecko) Chrome/118.0.0.0 Safari/537.36"
222.255.182.222 - - [17/Aug/2026:16:33:27 +0000] "GET /wp-admin/index.php HTTP/1.1" 302 - "https://reviverenovation.ae/wp-login.php" "Mozilla/5.0 (Macintosh; Intel Mac OS X 10_15_7; rv:118.0) Gecko/20100101 Firefox/118.0"
222.255.182.222 - - [17/Aug/2026:16:33:28 +0000] "GET /wp-login.php?redirect_to=https%3A%2F%2Freviverenovation.ae%2Fwp-admin%2Findex.php&reauth=1 HTTP/1.1" 200 2902 "https://reviverenovation.ae/wp-login.php" "Mozilla/5.0 (Macintosh; Intel Mac OS X 10_15_7; rv:118.0) Gecko/20100101 Firefox/118.0"
222.255.182.222 - - [17/Aug/2026:16:33:32 +0000] "POST /wp-json/batch/v1 HTTP/1.1" 207 16 "-" "wp2shell"
222.255.182.222 - - [17/Aug/2026:16:33:35 +0000] "POST /?rest_route=/batch/v1 HTTP/1.1" 207 16 "-" "wp2shell"
222.255.182.222 - - [17/Aug/2026:16:33:38 +0000] "POST /?rest_route=/batch/v1 HTTP/1.1" 403 31025 "-" "wp2shell"
222.255.182.222 - - [17/Aug/2026:16:33:42 +0000] "POST /wp-login.php HTTP/1.1" 403 9425 "https://reviverenovation.ae/wp-login.php" "Mozilla/5.0 (Macintosh; Intel Mac OS X 13_6_1) AppleWebKit/537.36 (KHTML, like Gecko) Chrome/119.0.0.0 Safari/537.36"
222.255.182.222 - - [17/Aug/2026:16:33:44 +0000] "GET /wp-admin/index.php HTTP/1.1" 302 - "https://reviverenovation.ae/wp-login.php" "Mozilla/5.0 (Windows NT 11.0; Win64; x64; rv:118.0) Gecko/20100101 Firefox/118.0"
222.255.182.222 - - [17/Aug/2026:16:33:45 +0000] "GET /wp-login.php?redirect_to=https%3A%2F%2Freviverenovation.ae%2Fwp-admin%2Findex.php&reauth=1 HTTP/1.1" 200 2902 "https://reviverenovation.ae/wp-login.php" "Mozilla/5.0 (Windows NT 11.0; Win64; x64; rv:118.0) Gecko/20100101 Firefox/118.0"
222.255.182.222 - - [17/Aug/2026:16:33:50 +0000] "POST /wp-login.php HTTP/1.1" 200 2982 "https://reviverenovation.ae/wp-login.php" "Mozilla/5.0 (Macintosh; Intel Mac OS X 13_6_1) AppleWebKit/605.1.15 (KHTML, like Gecko) Version/16.6 Safari/605.1.15"
222.255.182.222 - - [17/Aug/2026:16:33:51 +0000] "GET /wp-admin/index.php HTTP/1.1" 302 - "https://reviverenovation.ae/wp-login.php" "Mozilla/5.0 (Windows NT 11.0; Win64; x64) AppleWebKit/537.36 (KHTML, like Gecko) Chrome/121.0.0.0 Safari/537.36"
222.255.182.222 - - [17/Aug/2026:16:33:53 +0000] "GET /wp-login.php?redirect_to=https%3A%2F%2Freviverenovation.ae%2Fwp-admin%2Findex.php&reauth=1 HTTP/1.1" 200 2902 "https://reviverenovation.ae/wp-login.php" "Mozilla/5.0 (Windows NT 11.0; Win64; x64) AppleWebKit/537.36 (KHTML, like Gecko) Chrome/121.0.0.0 Safari/537.36"
222.255.182.222 - - [17/Aug/2026:16:33:54 +0000] "POST /wp-login.php HTTP/1.1" 200 2982 "https://reviverenovation.ae/wp-login.php" "Mozilla/5.0 (Macintosh; Intel Mac OS X 13_6_1; rv:118.0) Gecko/20100101 Firefox/118.0"
222.255.182.222 - - [17/Aug/2026:16:33:55 +0000] "GET /wp-admin/index.php HTTP/1.1" 302 - "https://reviverenovation.ae/wp-login.php" "Mozilla/5.0 (Windows NT 11.0; Win64; x64; rv:119.0) Gecko/20100101 Firefox/119.0"
222.255.182.222 - - [17/Aug/2026:16:33:57 +0000] "GET /wp-login.php?redirect_to=https%3A%2F%2Freviverenovation.ae%2Fwp-admin%2Findex.php&reauth=1 HTTP/1.1" 200 2902 "https://reviverenovation.ae/wp-login.php" "Mozilla/5.0 (Windows NT 11.0; Win64; x64; rv:119.0) Gecko/20100101 Firefox/119.0"
222.255.182.222 - - [17/Aug/2026:16:33:58 +0000] "POST /wp-login.php HTTP/1.1" 200 2982 "https://reviverenovation.ae/wp-login.php" "Mozilla/5.0 (Macintosh; Intel Mac OS X 10_15_7; rv:121.0) Gecko/20100101 Firefox/121.0"
20.15.133.191 - - [17/Aug/2026:16:33:59 +0000] "GET /?sale/search/detail/?ITMCODE=h6i7g8h5t2e4n9e3r6 HTTP/2.0" 200 34504 "-" "Mozilla/5.0 AppleWebKit/537.36 (KHTML, like Gecko; compatible; bingbot/2.0; +http://www.bing.com/bingbot.htm) Chrome/116.0.1938.76 Safari/537.36"
222.255.182.222 - - [17/Aug/2026:16:34:02 +0000] "GET /wp-admin/index.php HTTP/1.1" 302 - "https://reviverenovation.ae/wp-login.php" "Mozilla/5.0 (Macintosh; Intel Mac OS X 10_15_7) AppleWebKit/605.1.15 (KHTML, like Gecko) Version/17.2 Safari/605.1.15"
222.255.182.222 - - [17/Aug/2026:16:34:03 +0000] "GET /wp-login.php?redirect_to=https%3A%2F%2Freviverenovation.ae%2Fwp-admin%2Findex.php&reauth=1 HTTP/1.1" 200 2902 "https://reviverenovation.ae/wp-login.php" "Mozilla/5.0 (Macintosh; Intel Mac OS X 10_15_7) AppleWebKit/605.1.15 (KHTML, like Gecko) Version/17.2 Safari/605.1.15"
222.255.182.222 - - [17/Aug/2026:16:34:06 +0000] "POST /wp-login.php HTTP/1.1" 200 2982 "https://reviverenovation.ae/wp-login.php" "Mozilla/5.0 (Windows NT 11.0; Win64; x64) AppleWebKit/537.36 (KHTML, like Gecko) Chrome/119.0.0.0 Safari/537.36"
222.255.182.222 - - [17/Aug/2026:16:34:07 +0000] "GET /wp-admin/index.php HTTP/1.1" 302 - "https://reviverenovation.ae/wp-login.php" "Mozilla/5.0 (Macintosh; Intel Mac OS X 13_6_1; rv:119.0) Gecko/20100101 Firefox/119.0"
222.255.182.222 - - [17/Aug/2026:16:34:09 +0000] "GET /wp-login.php?redirect_to=https%3A%2F%2Freviverenovation.ae%2Fwp-admin%2Findex.php&reauth=1 HTTP/1.1" 200 2902 "https://reviverenovation.ae/wp-login.php" "Mozilla/5.0 (Macintosh; Intel Mac OS X 13_6_1; rv:119.0) Gecko/20100101 Firefox/119.0"
222.255.182.222 - - [17/Aug/2026:16:34:11 +0000] "POST /wp-login.php HTTP/1.1" 200 2982 "https://reviverenovation.ae/wp-login.php" "Mozilla/5.0 (Macintosh; Intel Mac OS X 10_15_7) AppleWebKit/537.36 (KHTML, like Gecko) Chrome/120.0.0.0 Safari/537.36"
198.38.94.13 - - [17/Aug/2026:16:34:13 +0000] "POST /wp-cron.php?doing_wp_cron=1786984453.6107189655303955078125 HTTP/1.1" 200 - "-" "WordPress/7.0.4; https://reviverenovation.ae"
222.255.182.222 - - [17/Aug/2026:16:34:12 +0000] "GET /wp-admin/index.php HTTP/1.1" 302 - "https://reviverenovation.ae/wp-login.php" "Mozilla/5.0 (X11; Ubuntu; Linux x86_64) AppleWebKit/537.36 (KHTML, like Gecko) Chrome/119.0.0.0 Safari/537.36"
222.255.182.222 - - [17/Aug/2026:16:34:13 +0000] "GET /wp-login.php?redirect_to=https%3A%2F%2Freviverenovation.ae%2Fwp-admin%2Findex.php&reauth=1 HTTP/1.1" 200 2902 "https://reviverenovation.ae/wp-login.php" "Mozilla/5.0 (X11; Ubuntu; Linux x86_64) AppleWebKit/537.36 (KHTML, like Gecko) Chrome/119.0.0.0 Safari/537.36"
222.255.182.222 - - [17/Aug/2026:16:34:15 +0000] "POST /wp-login.php HTTP/1.1" 200 2982 "https://reviverenovation.ae/wp-login.php" "Mozilla/5.0 (Macintosh; Intel Mac OS X 10_15_7; rv:120.0) Gecko/20100101 Firefox/120.0"
222.255.182.222 - - [17/Aug/2026:16:34:16 +0000] "GET /wp-admin/index.php HTTP/1.1" 302 - "https://reviverenovation.ae/wp-login.php" "Mozilla/5.0 (Macintosh; Intel Mac OS X 13_6_1) AppleWebKit/605.1.15 (KHTML, like Gecko) Version/17.0 Safari/605.1.15"
222.255.182.222 - - [17/Aug/2026:16:34:17 +0000] "GET /wp-login.php?redirect_to=https%3A%2F%2Freviverenovation.ae%2Fwp-admin%2Findex.php&reauth=1 HTTP/1.1" 200 2902 "https://reviverenovation.ae/wp-login.php" "Mozilla/5.0 (Macintosh; Intel Mac OS X 13_6_1) AppleWebKit/605.1.15 (KHTML, like Gecko) Version/17.0 Safari/605.1.15"
222.255.182.222 - - [17/Aug/2026:16:34:18 +0000] "POST /wp-login.php HTTP/1.1" 403 9425 "https://reviverenovation.ae/wp-login.php" "Mozilla/5.0 (Macintosh; Intel Mac OS X 13_6_1) AppleWebKit/605.1.15 (KHTML, like Gecko) Version/17.2 Safari/605.1.15"
114.119.151.208 - - [17/Aug/2026:16:34:16 +0000] "GET /revive-joinery/custom-cabinetry-dubai/ HTTP/1.1" 200 44162 "https://reviverenovation.ae/2026/05/22/custom-joinery-dubai-homes-value/" "Mozilla/5.0 (Linux; Android 7.0;) AppleWebKit/537.36 (HTML, like Gecko) Mobile Safari/537.36 (compatible; PetalBot;+https://webmaster.petalsearch.com/site/petalbot)"
222.255.182.222 - - [17/Aug/2026:16:34:22 +0000] "GET /wp-admin/index.php HTTP/1.1" 302 - "https://reviverenovation.ae/wp-login.php" "Mozilla/5.0 (Macintosh; Intel Mac OS X 13_6_1) AppleWebKit/537.36 (KHTML, like Gecko) Chrome/118.0.0.0 Safari/537.36"
222.255.182.222 - - [17/Aug/2026:16:34:23 +0000] "GET /wp-login.php?redirect_to=https%3A%2F%2Freviverenovation.ae%2Fwp-admin%2Findex.php&reauth=1 HTTP/1.1" 200 2902 "https://reviverenovation.ae/wp-login.php" "Mozilla/5.0 (Macintosh; Intel Mac OS X 13_6_1) AppleWebKit/537.36 (KHTML, like Gecko) Chrome/118.0.0.0 Safari/537.36"
222.255.182.222 - - [17/Aug/2026:16:34:25 +0000] "POST /wp-login.php HTTP/1.1" 200 2982 "https://reviverenovation.ae/wp-login.php" "Mozilla/5.0 (Macintosh; Intel Mac OS X 10_15_7; rv:119.0) Gecko/20100101 Firefox/119.0"
222.255.182.222 - - [17/Aug/2026:16:34:26 +0000] "GET /wp-admin/index.php HTTP/1.1" 302 - "https://reviverenovation.ae/wp-login.php" "Mozilla/5.0 (Macintosh; Intel Mac OS X 10_15_7) AppleWebKit/605.1.15 (KHTML, like Gecko) Version/17.1 Safari/605.1.15"
222.255.182.222 - - [17/Aug/2026:16:34:27 +0000] "GET /wp-login.php?redirect_to=https%3A%2F%2Freviverenovation.ae%2Fwp-admin%2Findex.php&reauth=1 HTTP/1.1" 200 2902 "https://reviverenovation.ae/wp-login.php" "Mozilla/5.0 (Macintosh; Intel Mac OS X 10_15_7) AppleWebKit/605.1.15 (KHTML, like Gecko) Version/17.1 Safari/605.1.15"
66.249.79.32 - - [17/Aug/2026:16:34:28 +0000] "GET /?sale/search/detail/?ITMCODE=a7c1o8l7d8738203 HTTP/1.1" 200 31518 "-" "Mozilla/5.0 (Linux; Android 6.0.1; Nexus 5X Build/MMB29P) AppleWebKit/537.36 (KHTML, like Gecko) Chrome/151.0.7922.137 Mobile Safari/537.36 (compatible; Googlebot/2.1; +http://www.google.com/bot.html)"
162.35.177.95 - - [17/Aug/2026:16:34:29 +0000] "GET /2026/07/03/renovation-contractor-dubai-how-to-choose/ HTTP/1.1" 200 49066 "-" "Mozilla/5.0 (Windows NT 10.0; Win64; x64) AppleWebKit/537.36 (KHTML, like Gecko) Chrome/125.0.0.0 Safari/537.36"
222.255.182.222 - - [17/Aug/2026:16:34:30 +0000] "POST /wp-login.php HTTP/1.1" 200 2982 "https://reviverenovation.ae/wp-login.php" "Mozilla/5.0 (X11; Ubuntu; Linux x86_64) AppleWebKit/537.36 (KHTML, like Gecko) Chrome/119.0.0.0 Safari/537.36"
162.35.177.95 - - [17/Aug/2026:16:34:32 +0000] "GET /about/ HTTP/1.1" 200 44306 "-" "Mozilla/5.0 (Windows NT 10.0; Win64; x64) AppleWebKit/537.36 (KHTML, like Gecko) Chrome/125.0.0.0 Safari/537.36"
222.255.182.222 - - [17/Aug/2026:16:34:31 +0000] "GET /wp-admin/index.php HTTP/1.1" 302 - "https://reviverenovation.ae/wp-login.php" "Mozilla/5.0 (Macintosh; Intel Mac OS X 13_6_1) AppleWebKit/537.36 (KHTML, like Gecko) Chrome/119.0.0.0 Safari/537.36"
162.35.177.95 - - [17/Aug/2026:16:34:32 +0000] "GET / HTTP/1.1" 200 56807 "-" "Mozilla/5.0 (Windows NT 10.0; Win64; x64) AppleWebKit/537.36 (KHTML, like Gecko) Chrome/125.0.0.0 Safari/537.36"
162.35.177.95 - - [17/Aug/2026:16:34:32 +0000] "GET /revive-contracting/commercial-construction-dubai/ HTTP/1.1" 200 44857 "-" "Mozilla/5.0 (Windows NT 10.0; Win64; x64) AppleWebKit/537.36 (KHTML, like Gecko) Chrome/125.0.0.0 Safari/537.36"
162.35.177.95 - - [17/Aug/2026:16:34:32 +0000] "GET /revive-contracting/ HTTP/1.1" 200 46289 "-" "Mozilla/5.0 (Windows NT 10.0; Win64; x64) AppleWebKit/537.36 (KHTML, like Gecko) Chrome/125.0.0.0 Safari/537.36"
222.255.182.222 - - [17/Aug/2026:16:34:32 +0000] "GET /wp-login.php?redirect_to=https%3A%2F%2Freviverenovation.ae%2Fwp-admin%2Findex.php&reauth=1 HTTP/1.1" 200 2902 "https://reviverenovation.ae/wp-login.php" "Mozilla/5.0 (Macintosh; Intel Mac OS X 13_6_1) AppleWebKit/537.36 (KHTML, like Gecko) Chrome/119.0.0.0 Safari/537.36"
222.255.182.222 - - [17/Aug/2026:16:34:34 +0000] "POST /wp-login.php HTTP/1.1" 200 2982 "https://reviverenovation.ae/wp-login.php" "Mozilla/5.0 (Macintosh; Intel Mac OS X 10_15_7; rv:118.0) Gecko/20100101 Firefox/118.0"
222.255.182.222 - - [17/Aug/2026:16:34:35 +0000] "GET /wp-admin/index.php HTTP/1.1" 302 - "https://reviverenovation.ae/wp-login.php" "Mozilla/5.0 (Macintosh; Intel Mac OS X 10_15_7) AppleWebKit/537.36 (KHTML, like Gecko) Chrome/118.0.0.0 Safari/537.36"
222.255.182.222 - - [17/Aug/2026:16:34:36 +0000] "GET /wp-login.php?redirect_to=https%3A%2F%2Freviverenovation.ae%2Fwp-admin%2Findex.php&reauth=1 HTTP/1.1" 200 2902 "https://reviverenovation.ae/wp-login.php" "Mozilla/5.0 (Macintosh; Intel Mac OS X 10_15_7) AppleWebKit/537.36 (KHTML, like Gecko) Chrome/118.0.0.0 Safari/537.36"
222.255.182.222 - - [17/Aug/2026:16:34:37 +0000] "POST /wp-login.php HTTP/1.1" 200 2982 "https://reviverenovation.ae/wp-login.php" "Mozilla/5.0 (Macintosh; Intel Mac OS X 13_6_1; rv:121.0) Gecko/20100101 Firefox/121.0"
222.255.182.222 - - [17/Aug/2026:16:34:39 +0000] "GET /wp-admin/index.php HTTP/1.1" 302 - "https://reviverenovation.ae/wp-login.php" "Mozilla/5.0 (Macintosh; Intel Mac OS X 13_6_1) AppleWebKit/605.1.15 (KHTML, like Gecko) Version/17.1 Safari/605.1.15"
222.255.182.222 - - [17/Aug/2026:16:34:40 +0000] "GET /wp-login.php?redirect_to=https%3A%2F%2Freviverenovation.ae%2Fwp-admin%2Findex.php&reauth=1 HTTP/1.1" 200 2902 "https://reviverenovation.ae/wp-login.php" "Mozilla/5.0 (Macintosh; Intel Mac OS X 13_6_1) AppleWebKit/605.1.15 (KHTML, like Gecko) Version/17.1 Safari/605.1.15"
222.255.182.222 - - [17/Aug/2026:16:34:41 +0000] "POST /wp-login.php HTTP/1.1" 200 2982 "https://reviverenovation.ae/wp-login.php" "Mozilla/5.0 (Windows NT 11.0; Win64; x64) AppleWebKit/537.36 (KHTML, like Gecko) Chrome/120.0.0.0 Safari/537.36"
222.255.182.222 - - [17/Aug/2026:16:34:43 +0000] "GET /wp-admin/index.php HTTP/1.1" 302 - "https://reviverenovation.ae/wp-login.php" "Mozilla/5.0 (Macintosh; Intel Mac OS X 13_6_1; rv:120.0) Gecko/20100101 Firefox/120.0"
222.255.182.222 - - [17/Aug/2026:16:34:45 +0000] "GET /wp-login.php?redirect_to=https%3A%2F%2Freviverenovation.ae%2Fwp-admin%2Findex.php&reauth=1 HTTP/1.1" 200 2902 "https://reviverenovation.ae/wp-login.php" "Mozilla/5.0 (Macintosh; Intel Mac OS X 13_6_1; rv:120.0) Gecko/20100101 Firefox/120.0"
222.255.182.222 - - [17/Aug/2026:16:34:47 +0000] "POST /wp-login.php HTTP/1.1" 200 2982 "https://reviverenovation.ae/wp-login.php" "Mozilla/5.0 (Macintosh; Intel Mac OS X 13_6_1) AppleWebKit/605.1.15 (KHTML, like Gecko) Version/17.0 Safari/605.1.15"
222.255.182.222 - - [17/Aug/2026:16:34:48 +0000] "GET /wp-admin/index.php HTTP/1.1" 302 - "https://reviverenovation.ae/wp-login.php" "Mozilla/5.0 (X11; Ubuntu; Linux x86_64) AppleWebKit/537.36 (KHTML, like Gecko) Chrome/119.0.0.0 Safari/537.36"
222.255.182.222 - - [17/Aug/2026:16:34:50 +0000] "GET /wp-login.php?redirect_to=https%3A%2F%2Freviverenovation.ae%2Fwp-admin%2Findex.php&reauth=1 HTTP/1.1" 200 2902 "https://reviverenovation.ae/wp-login.php" "Mozilla/5.0 (X11; Ubuntu; Linux x86_64) AppleWebKit/537.36 (KHTML, like Gecko) Chrome/119.0.0.0 Safari/537.36"
222.255.182.222 - - [17/Aug/2026:16:34:51 +0000] "POST /wp-login.php HTTP/1.1" 200 2982 "https://reviverenovation.ae/wp-login.php" "Mozilla/5.0 (Macintosh; Intel Mac OS X 10_15_7) AppleWebKit/605.1.15 (KHTML, like Gecko) Version/17.2 Safari/605.1.15"
222.255.182.222 - - [17/Aug/2026:16:34:53 +0000] "GET /wp-admin/index.php HTTP/1.1" 302 - "https://reviverenovation.ae/wp-login.php" "Mozilla/5.0 (Macintosh; Intel Mac OS X 10_15_7) AppleWebKit/537.36 (KHTML, like Gecko) Chrome/119.0.0.0 Safari/537.36"
222.255.182.222 - - [17/Aug/2026:16:34:54 +0000] "GET /wp-login.php?redirect_to=https%3A%2F%2Freviverenovation.ae%2Fwp-admin%2Findex.php&reauth=1 HTTP/1.1" 200 2902 "https://reviverenovation.ae/wp-login.php" "Mozilla/5.0 (Macintosh; Intel Mac OS X 10_15_7) AppleWebKit/537.36 (KHTML, like Gecko) Chrome/119.0.0.0 Safari/537.36"
222.255.182.222 - - [17/Aug/2026:16:34:55 +0000] "POST /wp-login.php HTTP/1.1" 200 2982 "https://reviverenovation.ae/wp-login.php" "Mozilla/5.0 (Windows NT 11.0; Win64; x64) AppleWebKit/537.36 (KHTML, like Gecko) Chrome/118.0.0.0 Safari/537.36"
222.255.182.222 - - [17/Aug/2026:16:34:57 +0000] "GET /wp-admin/index.php HTTP/1.1" 302 - "https://reviverenovation.ae/wp-login.php" "Mozilla/5.0 (X11; Ubuntu; Linux x86_64) AppleWebKit/537.36 (KHTML, like Gecko) Chrome/119.0.0.0 Safari/537.36"
222.255.182.222 - - [17/Aug/2026:16:34:58 +0000] "GET /wp-login.php?redirect_to=https%3A%2F%2Freviverenovation.ae%2Fwp-admin%2Findex.php&reauth=1 HTTP/1.1" 200 2902 "https://reviverenovation.ae/wp-login.php" "Mozilla/5.0 (X11; Ubuntu; Linux x86_64) AppleWebKit/537.36 (KHTML, like Gecko) Chrome/119.0.0.0 Safari/537.36"
222.255.182.222 - - [17/Aug/2026:16:34:59 +0000] "POST /wp-login.php HTTP/1.1" 200 2982 "https://reviverenovation.ae/wp-login.php" "Mozilla/5.0 (Macintosh; Intel Mac OS X 13_6_1) AppleWebKit/605.1.15 (KHTML, like Gecko) Version/16.6 Safari/605.1.15"
222.255.182.222 - - [17/Aug/2026:16:35:01 +0000] "GET /wp-admin/index.php HTTP/1.1" 302 - "https://reviverenovation.ae/wp-login.php" "Mozilla/5.0 (Macintosh; Intel Mac OS X 10_15_7) AppleWebKit/605.1.15 (KHTML, like Gecko) Version/17.2 Safari/605.1.15"
222.255.182.222 - - [17/Aug/2026:16:35:02 +0000] "GET /wp-login.php?redirect_to=https%3A%2F%2Freviverenovation.ae%2Fwp-admin%2Findex.php&reauth=1 HTTP/1.1" 200 2902 "https://reviverenovation.ae/wp-login.php" "Mozilla/5.0 (Macintosh; Intel Mac OS X 10_15_7) AppleWebKit/605.1.15 (KHTML, like Gecko) Version/17.2 Safari/605.1.15"
222.255.182.222 - - [17/Aug/2026:16:35:03 +0000] "POST /wp-login.php HTTP/1.1" 200 2982 "https://reviverenovation.ae/wp-login.php" "Mozilla/5.0 (Macintosh; Intel Mac OS X 10_15_7) AppleWebKit/605.1.15 (KHTML, like Gecko) Version/16.6 Safari/605.1.15"
222.255.182.222 - - [17/Aug/2026:16:35:05 +0000] "GET /wp-admin/index.php HTTP/1.1" 302 - "https://reviverenovation.ae/wp-login.php" "Mozilla/5.0 (Macintosh; Intel Mac OS X 13_6_1; rv:118.0) Gecko/20100101 Firefox/118.0"
222.255.182.222 - - [17/Aug/2026:16:35:06 +0000] "GET /wp-login.php?redirect_to=https%3A%2F%2Freviverenovation.ae%2Fwp-admin%2Findex.php&reauth=1 HTTP/1.1" 200 2902 "https://reviverenovation.ae/wp-login.php" "Mozilla/5.0 (Macintosh; Intel Mac OS X 13_6_1; rv:118.0) Gecko/20100101 Firefox/118.0"
222.255.182.222 - - [17/Aug/2026:16:35:07 +0000] "POST /wp-login.php HTTP/1.1" 200 2982 "https://reviverenovation.ae/wp-login.php" "Mozilla/5.0 (Macintosh; Intel Mac OS X 13_6_1) AppleWebKit/605.1.15 (KHTML, like Gecko) Version/17.1 Safari/605.1.15"
222.255.182.222 - - [17/Aug/2026:16:35:09 +0000] "GET /wp-admin/index.php HTTP/1.1" 302 - "https://reviverenovation.ae/wp-login.php" "Mozilla/5.0 (Windows NT 10.0; Win64; x64; rv:119.0) Gecko/20100101 Firefox/119.0"
222.255.182.222 - - [17/Aug/2026:16:35:10 +0000] "GET /wp-login.php?redirect_to=https%3A%2F%2Freviverenovation.ae%2Fwp-admin%2Findex.php&reauth=1 HTTP/1.1" 200 2902 "https://reviverenovation.ae/wp-login.php" "Mozilla/5.0 (Windows NT 10.0; Win64; x64; rv:119.0) Gecko/20100101 Firefox/119.0"
198.38.94.13 - - [17/Aug/2026:16:35:13 +0000] "POST /wp-cron.php?doing_wp_cron=1786984513.2528049945831298828125 HTTP/1.1" 200 - "-" "WordPress/7.0.4; https://reviverenovation.ae"
222.255.182.222 - - [17/Aug/2026:16:35:12 +0000] "POST /wp-login.php HTTP/1.1" 200 2982 "https://reviverenovation.ae/wp-login.php" "Mozilla/5.0 (Windows NT 11.0; Win64; x64; rv:118.0) Gecko/20100101 Firefox/118.0"
222.255.182.222 - - [17/Aug/2026:16:35:13 +0000] "GET /wp-admin/index.php HTTP/1.1" 302 - "https://reviverenovation.ae/wp-login.php" "Mozilla/5.0 (X11; Linux x86_64) AppleWebKit/537.36 (KHTML, like Gecko) Chrome/120.0.0.0 Safari/537.36"
222.255.182.222 - - [17/Aug/2026:16:35:15 +0000] "GET /wp-login.php?redirect_to=https%3A%2F%2Freviverenovation.ae%2Fwp-admin%2Findex.php&reauth=1 HTTP/1.1" 200 2902 "https://reviverenovation.ae/wp-login.php" "Mozilla/5.0 (X11; Linux x86_64) AppleWebKit/537.36 (KHTML, like Gecko) Chrome/120.0.0.0 Safari/537.36"
222.255.182.222 - - [17/Aug/2026:16:35:16 +0000] "POST /wp-login.php HTTP/1.1" 200 2982 "https://reviverenovation.ae/wp-login.php" "Mozilla/5.0 (Windows NT 10.0; Win64; x64) AppleWebKit/537.36 (KHTML, like Gecko) Chrome/120.0.0.0 Safari/537.36"
222.255.182.222 - - [17/Aug/2026:16:35:18 +0000] "GET /wp-admin/index.php HTTP/1.1" 302 - "https://reviverenovation.ae/wp-login.php" "Mozilla/5.0 (X11; Linux x86_64) AppleWebKit/537.36 (KHTML, like Gecko) Chrome/120.0.0.0 Safari/537.36"
222.255.182.222 - - [17/Aug/2026:16:35:19 +0000] "GET /wp-login.php?redirect_to=https%3A%2F%2Freviverenovation.ae%2Fwp-admin%2Findex.php&reauth=1 HTTP/1.1" 200 2902 "https://reviverenovation.ae/wp-login.php" "Mozilla/5.0 (X11; Linux x86_64) AppleWebKit/537.36 (KHTML, like Gecko) Chrome/120.0.0.0 Safari/537.36"
222.255.182.222 - - [17/Aug/2026:16:35:20 +0000] "POST /wp-login.php HTTP/1.1" 200 2982 "https://reviverenovation.ae/wp-login.php" "Mozilla/5.0 (Macintosh; Intel Mac OS X 10_15_7) AppleWebKit/537.36 (KHTML, like Gecko) Chrome/119.0.0.0 Safari/537.36"
222.255.182.222 - - [17/Aug/2026:16:35:21 +0000] "GET /wp-admin/index.php HTTP/1.1" 302 - "https://reviverenovation.ae/wp-login.php" "Mozilla/5.0 (X11; Ubuntu; Linux x86_64) AppleWebKit/537.36 (KHTML, like Gecko) Chrome/119.0.0.0 Safari/537.36"
222.255.182.222 - - [17/Aug/2026:16:35:23 +0000] "GET /wp-login.php?redirect_to=https%3A%2F%2Freviverenovation.ae%2Fwp-admin%2Findex.php&reauth=1 HTTP/1.1" 200 2902 "https://reviverenovation.ae/wp-login.php" "Mozilla/5.0 (X11; Ubuntu; Linux x86_64) AppleWebKit/537.36 (KHTML, like Gecko) Chrome/119.0.0.0 Safari/537.36"
222.255.182.222 - - [17/Aug/2026:16:35:24 +0000] "POST /wp-login.php HTTP/1.1" 200 2982 "https://reviverenovation.ae/wp-login.php" "Mozilla/5.0 (Windows NT 11.0; Win64; x64; rv:121.0) Gecko/20100101 Firefox/121.0"
222.255.182.222 - - [17/Aug/2026:16:35:26 +0000] "GET /wp-admin/index.php HTTP/1.1" 302 - "https://reviverenovation.ae/wp-login.php" "Mozilla/5.0 (Windows NT 11.0; Win64; x64; rv:121.0) Gecko/20100101 Firefox/121.0"
222.255.182.222 - - [17/Aug/2026:16:35:27 +0000] "GET /wp-login.php?redirect_to=https%3A%2F%2Freviverenovation.ae%2Fwp-admin%2Findex.php&reauth=1 HTTP/1.1" 200 2902 "https://reviverenovation.ae/wp-login.php" "Mozilla/5.0 (Windows NT 11.0; Win64; x64; rv:121.0) Gecko/20100101 Firefox/121.0"
222.255.182.222 - - [17/Aug/2026:16:35:28 +0000] "POST /wp-login.php HTTP/1.1" 200 2982 "https://reviverenovation.ae/wp-login.php" "Mozilla/5.0 (Macintosh; Intel Mac OS X 13_6_1; rv:119.0) Gecko/20100101 Firefox/119.0"
222.255.182.222 - - [17/Aug/2026:16:35:30 +0000] "GET /wp-admin/index.php HTTP/1.1" 302 - "https://reviverenovation.ae/wp-login.php" "Mozilla/5.0 (Macintosh; Intel Mac OS X 10_15_7) AppleWebKit/537.36 (KHTML, like Gecko) Chrome/118.0.0.0 Safari/537.36"
222.255.182.222 - - [17/Aug/2026:16:35:31 +0000] "GET /wp-login.php?redirect_to=https%3A%2F%2Freviverenovation.ae%2Fwp-admin%2Findex.php&reauth=1 HTTP/1.1" 200 2902 "https://reviverenovation.ae/wp-login.php" "Mozilla/5.0 (Macintosh; Intel Mac OS X 10_15_7) AppleWebKit/537.36 (KHTML, like Gecko) Chrome/118.0.0.0 Safari/537.36"
222.255.182.222 - - [17/Aug/2026:16:35:32 +0000] "POST /wp-login.php HTTP/1.1" 200 2982 "https://reviverenovation.ae/wp-login.php" "Mozilla/5.0 (Macintosh; Intel Mac OS X 10_15_7) AppleWebKit/605.1.15 (KHTML, like Gecko) Version/17.0 Safari/605.1.15"
222.255.182.222 - - [17/Aug/2026:16:35:34 +0000] "GET /wp-admin/index.php HTTP/1.1" 302 - "https://reviverenovation.ae/wp-login.php" "Mozilla/5.0 (Windows NT 11.0; Win64; x64; rv:120.0) Gecko/20100101 Firefox/120.0"
222.255.182.222 - - [17/Aug/2026:16:35:35 +0000] "GET /wp-login.php?redirect_to=https%3A%2F%2Freviverenovation.ae%2Fwp-admin%2Findex.php&reauth=1 HTTP/1.1" 200 2902 "https://reviverenovation.ae/wp-login.php" "Mozilla/5.0 (Windows NT 11.0; Win64; x64; rv:120.0) Gecko/20100101 Firefox/120.0"
222.255.182.222 - - [17/Aug/2026:16:35:37 +0000] "POST /wp-login.php HTTP/1.1" 200 2981 "https://reviverenovation.ae/wp-login.php" "Mozilla/5.0 (Macintosh; Intel Mac OS X 10_15_7; rv:118.0) Gecko/20100101 Firefox/118.0"
222.255.182.222 - - [17/Aug/2026:16:35:40 +0000] "GET /wp-admin/index.php HTTP/1.1" 302 - "https://reviverenovation.ae/wp-login.php" "Mozilla/5.0 (Windows NT 10.0; Win64; x64) AppleWebKit/537.36 (KHTML, like Gecko) Chrome/121.0.0.0 Safari/537.36"
20.15.133.191 - - [17/Aug/2026:16:35:40 +0000] "GET /?sale/search/detail/?ITMCODE=o0u4t2b4r5a4z1e4n100 HTTP/2.0" 200 29464 "-" "Mozilla/5.0 AppleWebKit/537.36 (KHTML, like Gecko; compatible; bingbot/2.0; +http://www.bing.com/bingbot.htm) Chrome/116.0.1938.76 Safari/537.36"
222.255.182.222 - - [17/Aug/2026:16:35:42 +0000] "GET /wp-login.php?redirect_to=https%3A%2F%2Freviverenovation.ae%2Fwp-admin%2Findex.php&reauth=1 HTTP/1.1" 200 2902 "https://reviverenovation.ae/wp-login.php" "Mozilla/5.0 (Windows NT 10.0; Win64; x64) AppleWebKit/537.36 (KHTML, like Gecko) Chrome/121.0.0.0 Safari/537.36"
222.255.182.222 - - [17/Aug/2026:16:35:43 +0000] "POST /wp-login.php HTTP/1.1" 200 2981 "https://reviverenovation.ae/wp-login.php" "Mozilla/5.0 (Macintosh; Intel Mac OS X 13_6_1; rv:119.0) Gecko/20100101 Firefox/119.0"
222.255.182.222 - - [17/Aug/2026:16:35:44 +0000] "GET /wp-admin/index.php HTTP/1.1" 302 - "https://reviverenovation.ae/wp-login.php" "Mozilla/5.0 (Macintosh; Intel Mac OS X 13_6_1) AppleWebKit/605.1.15 (KHTML, like Gecko) Version/17.1 Safari/605.1.15"
222.255.182.222 - - [17/Aug/2026:16:35:46 +0000] "GET /wp-login.php?redirect_to=https%3A%2F%2Freviverenovation.ae%2Fwp-admin%2Findex.php&reauth=1 HTTP/1.1" 200 2902 "https://reviverenovation.ae/wp-login.php" "Mozilla/5.0 (Macintosh; Intel Mac OS X 13_6_1) AppleWebKit/605.1.15 (KHTML, like Gecko) Version/17.1 Safari/605.1.15"
222.255.182.222 - - [17/Aug/2026:16:35:47 +0000] "POST /wp-login.php HTTP/1.1" 200 2981 "https://reviverenovation.ae/wp-login.php" "Mozilla/5.0 (Windows NT 10.0; Win64; x64) AppleWebKit/537.36 (KHTML, like Gecko) Chrome/119.0.0.0 Safari/537.36"
222.255.182.222 - - [17/Aug/2026:16:35:48 +0000] "GET /wp-admin/index.php HTTP/1.1" 302 - "https://reviverenovation.ae/wp-login.php" "Mozilla/5.0 (Windows NT 11.0; Win64; x64; rv:118.0) Gecko/20100101 Firefox/118.0"
222.255.182.222 - - [17/Aug/2026:16:35:50 +0000] "GET /wp-login.php?redirect_to=https%3A%2F%2Freviverenovation.ae%2Fwp-admin%2Findex.php&reauth=1 HTTP/1.1" 200 2902 "https://reviverenovation.ae/wp-login.php" "Mozilla/5.0 (Windows NT 11.0; Win64; x64; rv:118.0) Gecko/20100101 Firefox/118.0"
222.255.182.222 - - [17/Aug/2026:16:35:51 +0000] "POST /wp-login.php HTTP/1.1" 200 2981 "https://reviverenovation.ae/wp-login.php" "Mozilla/5.0 (Macintosh; Intel Mac OS X 10_15_7) AppleWebKit/605.1.15 (KHTML, like Gecko) Version/17.2 Safari/605.1.15"
222.255.182.222 - - [17/Aug/2026:16:35:52 +0000] "GET /wp-admin/index.php HTTP/1.1" 302 - "https://reviverenovation.ae/wp-login.php" "Mozilla/5.0 (Windows NT 10.0; Win64; x64) AppleWebKit/537.36 (KHTML, like Gecko) Chrome/121.0.0.0 Safari/537.36"
222.255.182.222 - - [17/Aug/2026:16:35:54 +0000] "GET /wp-login.php?redirect_to=https%3A%2F%2Freviverenovation.ae%2Fwp-admin%2Findex.php&reauth=1 HTTP/1.1" 200 2902 "https://reviverenovation.ae/wp-login.php" "Mozilla/5.0 (Windows NT 10.0; Win64; x64) AppleWebKit/537.36 (KHTML, like Gecko) Chrome/121.0.0.0 Safari/537.36"
222.255.182.222 - - [17/Aug/2026:16:35:55 +0000] "POST /wp-login.php HTTP/1.1" 200 2981 "https://reviverenovation.ae/wp-login.php" "Mozilla/5.0 (Macintosh; Intel Mac OS X 13_6_1; rv:118.0) Gecko/20100101 Firefox/118.0"
222.255.182.222 - - [17/Aug/2026:16:35:56 +0000] "GET /wp-admin/index.php HTTP/1.1" 302 - "https://reviverenovation.ae/wp-login.php" "Mozilla/5.0 (X11; Linux x86_64) AppleWebKit/537.36 (KHTML, like Gecko) Chrome/119.0.0.0 Safari/537.36"
222.255.182.222 - - [17/Aug/2026:16:35:58 +0000] "GET /wp-login.php?redirect_to=https%3A%2F%2Freviverenovation.ae%2Fwp-admin%2Findex.php&reauth=1 HTTP/1.1" 200 2902 "https://reviverenovation.ae/wp-login.php" "Mozilla/5.0 (X11; Linux x86_64) AppleWebKit/537.36 (KHTML, like Gecko) Chrome/119.0.0.0 Safari/537.36"
222.255.182.222 - - [17/Aug/2026:16:35:59 +0000] "POST /wp-login.php HTTP/1.1" 200 2981 "https://reviverenovation.ae/wp-login.php" "Mozilla/5.0 (Windows NT 10.0; Win64; x64) AppleWebKit/537.36 (KHTML, like Gecko) Chrome/118.0.0.0 Safari/537.36"
222.255.182.222 - - [17/Aug/2026:16:36:00 +0000] "GET /wp-admin/index.php HTTP/1.1" 302 - "https://reviverenovation.ae/wp-login.php" "Mozilla/5.0 (Windows NT 10.0; Win64; x64; rv:121.0) Gecko/20100101 Firefox/121.0"
222.255.182.222 - - [17/Aug/2026:16:36:02 +0000] "GET /wp-login.php?redirect_to=https%3A%2F%2Freviverenovation.ae%2Fwp-admin%2Findex.php&reauth=1 HTTP/1.1" 200 2902 "https://reviverenovation.ae/wp-login.php" "Mozilla/5.0 (Windows NT 10.0; Win64; x64; rv:121.0) Gecko/20100101 Firefox/121.0"
222.255.182.222 - - [17/Aug/2026:16:36:03 +0000] "POST /wp-login.php HTTP/1.1" 200 2981 "https://reviverenovation.ae/wp-login.php" "Mozilla/5.0 (Macintosh; Intel Mac OS X 10_15_7) AppleWebKit/537.36 (KHTML, like Gecko) Chrome/121.0.0.0 Safari/537.36"
222.255.182.222 - - [17/Aug/2026:16:36:05 +0000] "GET /wp-admin/index.php HTTP/1.1" 302 - "https://reviverenovation.ae/wp-login.php" "Mozilla/5.0 (Macintosh; Intel Mac OS X 13_6_1) AppleWebKit/537.36 (KHTML, like Gecko) Chrome/118.0.0.0 Safari/537.36"
222.255.182.222 - - [17/Aug/2026:16:36:06 +0000] "GET /wp-login.php?redirect_to=https%3A%2F%2Freviverenovation.ae%2Fwp-admin%2Findex.php&reauth=1 HTTP/1.1" 200 2902 "https://reviverenovation.ae/wp-login.php" "Mozilla/5.0 (Macintosh; Intel Mac OS X 13_6_1) AppleWebKit/537.36 (KHTML, like Gecko) Chrome/118.0.0.0 Safari/537.36"
222.255.182.222 - - [17/Aug/2026:16:36:08 +0000] "POST /wp-login.php HTTP/1.1" 200 2981 "https://reviverenovation.ae/wp-login.php" "Mozilla/5.0 (Macintosh; Intel Mac OS X 13_6_1; rv:120.0) Gecko/20100101 Firefox/120.0"
222.255.182.222 - - [17/Aug/2026:16:36:09 +0000] "GET /wp-admin/index.php HTTP/1.1" 302 - "https://reviverenovation.ae/wp-login.php" "Mozilla/5.0 (Windows NT 11.0; Win64; x64) AppleWebKit/537.36 (KHTML, like Gecko) Chrome/121.0.0.0 Safari/537.36"
222.255.182.222 - - [17/Aug/2026:16:36:10 +0000] "GET /wp-login.php?redirect_to=https%3A%2F%2Freviverenovation.ae%2Fwp-admin%2Findex.php&reauth=1 HTTP/1.1" 200 2902 "https://reviverenovation.ae/wp-login.php" "Mozilla/5.0 (Windows NT 11.0; Win64; x64) AppleWebKit/537.36 (KHTML, like Gecko) Chrome/121.0.0.0 Safari/537.36"
222.255.182.222 - - [17/Aug/2026:16:36:11 +0000] "POST /wp-login.php HTTP/1.1" 200 2981 "https://reviverenovation.ae/wp-login.php" "Mozilla/5.0 (Macintosh; Intel Mac OS X 10_15_7) AppleWebKit/605.1.15 (KHTML, like Gecko) Version/17.0 Safari/605.1.15"
198.38.94.13 - - [17/Aug/2026:16:36:14 +0000] "POST /wp-cron.php?doing_wp_cron=1786984574.3062329292297363281250 HTTP/1.1" 200 - "-" "WordPress/7.0.4; https://reviverenovation.ae"
222.255.182.222 - - [17/Aug/2026:16:36:13 +0000] "GET /wp-admin/index.php HTTP/1.1" 302 - "https://reviverenovation.ae/wp-login.php" "Mozilla/5.0 (Macintosh; Intel Mac OS X 10_15_7) AppleWebKit/605.1.15 (KHTML, like Gecko) Version/17.1 Safari/605.1.15"
222.255.182.222 - - [17/Aug/2026:16:36:14 +0000] "GET /wp-login.php?redirect_to=https%3A%2F%2Freviverenovation.ae%2Fwp-admin%2Findex.php&reauth=1 HTTP/1.1" 200 2902 "https://reviverenovation.ae/wp-login.php" "Mozilla/5.0 (Macintosh; Intel Mac OS X 10_15_7) AppleWebKit/605.1.15 (KHTML, like Gecko) Version/17.1 Safari/605.1.15"
222.255.182.222 - - [17/Aug/2026:16:36:16 +0000] "POST /wp-login.php HTTP/1.1" 200 2981 "https://reviverenovation.ae/wp-login.php" "Mozilla/5.0 (Macintosh; Intel Mac OS X 13_6_1; rv:119.0) Gecko/20100101 Firefox/119.0"
222.255.182.222 - - [17/Aug/2026:16:36:17 +0000] "GET /wp-admin/index.php HTTP/1.1" 302 - "https://reviverenovation.ae/wp-login.php" "Mozilla/5.0 (Macintosh; Intel Mac OS X 13_6_1) AppleWebKit/537.36 (KHTML, like Gecko) Chrome/118.0.0.0 Safari/537.36"
222.255.182.222 - - [17/Aug/2026:16:36:18 +0000] "GET /wp-login.php?redirect_to=https%3A%2F%2Freviverenovation.ae%2Fwp-admin%2Findex.php&reauth=1 HTTP/1.1" 200 2902 "https://reviverenovation.ae/wp-login.php" "Mozilla/5.0 (Macintosh; Intel Mac OS X 13_6_1) AppleWebKit/537.36 (KHTML, like Gecko) Chrome/118.0.0.0 Safari/537.36"
222.255.182.222 - - [17/Aug/2026:16:36:19 +0000] "POST /wp-login.php HTTP/1.1" 200 2981 "https://reviverenovation.ae/wp-login.php" "Mozilla/5.0 (Macintosh; Intel Mac OS X 10_15_7) AppleWebKit/537.36 (KHTML, like Gecko) Chrome/121.0.0.0 Safari/537.36"
222.255.182.222 - - [17/Aug/2026:16:36:21 +0000] "GET /wp-admin/index.php HTTP/1.1" 302 - "https://reviverenovation.ae/wp-login.php" "Mozilla/5.0 (Macintosh; Intel Mac OS X 10_15_7; rv:118.0) Gecko/20100101 Firefox/118.0"
222.255.182.222 - - [17/Aug/2026:16:36:22 +0000] "GET /wp-login.php?redirect_to=https%3A%2F%2Freviverenovation.ae%2Fwp-admin%2Findex.php&reauth=1 HTTP/1.1" 200 2902 "https://reviverenovation.ae/wp-login.php" "Mozilla/5.0 (Macintosh; Intel Mac OS X 10_15_7; rv:118.0) Gecko/20100101 Firefox/118.0"
