20.15.133.174 - - [17/Aug/2026:15:30:44 +0000] "GET /?sale/search/detail/?ITMCODE=i2s2o5p0r5e2n2e7919 HTTP/2.0" 200 32486 "-" "Mozilla/5.0 AppleWebKit/537.36 (KHTML, like Gecko; compatible; bingbot/2.0; +http://www.bing.com/bingbot.htm) Chrome/116.0.1938.76 Safari/537.36"
20.15.133.174 - - [17/Aug/2026:15:30:47 +0000] "GET /?sale/search/detail/?ITMCODE=i6n1d5e3f8a7t9i7g5a0t6ion HTTP/2.0" 200 32572 "-" "Mozilla/5.0 AppleWebKit/537.36 (KHTML, like Gecko; compatible; bingbot/2.0; +http://www.bing.com/bingbot.htm) Chrome/116.0.1938.76 Safari/537.36"
20.15.133.174 - - [17/Aug/2026:15:30:50 +0000] "GET /?sale/search/detail/?ITMCODE=u3n2o2f0f4e1n3s1i8v7e3 HTTP/2.0" 200 29752 "-" "Mozilla/5.0 AppleWebKit/537.36 (KHTML, like Gecko; compatible; bingbot/2.0; +http://www.bing.com/bingbot.htm) Chrome/116.0.1938.76 Safari/537.36"
39.34.143.217 - - [17/Aug/2026:15:30:54 +0000] "GET /wp-content/cache/speedycache/reviverenovation.ae/assets/7278ec8f1975e6ee-smooth-scroll.js HTTP/2.0" 304 - "-" "Mozilla/5.0 (Windows NT 10.0; Win64; x64) AppleWebKit/537.36 (KHTML, like Gecko) Chrome/151.0.0.0 Safari/537.36"
39.34.143.217 - - [17/Aug/2026:15:30:54 +0000] "GET /wp-content/cache/speedycache/reviverenovation.ae/assets/57c950ff2ac8ff7e-animations.js HTTP/2.0" 304 - "-" "Mozilla/5.0 (Windows NT 10.0; Win64; x64) AppleWebKit/537.36 (KHTML, like Gecko) Chrome/151.0.0.0 Safari/537.36"
39.34.143.217 - - [17/Aug/2026:15:30:54 +0000] "GET /wp-content/cache/speedycache/reviverenovation.ae/assets/b90a6b6986dcecf7-astra-addon-69ddef01d1ba53-08965612.js HTTP/2.0" 304 - "-" "Mozilla/5.0 (Windows NT 10.0; Win64; x64) AppleWebKit/537.36 (KHTML, like Gecko) Chrome/151.0.0.0 Safari/537.36"
39.34.143.217 - - [17/Aug/2026:15:30:54 +0000] "GET /wp-content/cache/speedycache/reviverenovation.ae/assets/3e3350c88b93ffda-wws.js HTTP/2.0" 304 - "-" "Mozilla/5.0 (Windows NT 10.0; Win64; x64) AppleWebKit/537.36 (KHTML, like Gecko) Chrome/151.0.0.0 Safari/537.36"
20.15.133.174 - - [17/Aug/2026:15:30:53 +0000] "GET /?sale/search/detail/?ITMCODE=j7u1g0a9t1a911008 HTTP/2.0" 200 32178 "-" "Mozilla/5.0 AppleWebKit/537.36 (KHTML, like Gecko; compatible; bingbot/2.0; +http://www.bing.com/bingbot.htm) Chrome/116.0.1938.76 Safari/537.36"
66.249.79.36 - - [17/Aug/2026:15:30:54 +0000] "GET /?sale/search/detail/?ITMCODE=m7e2d2a7l9i5n3g5240 HTTP/1.1" 200 29428 "-" "Mozilla/5.0 (Linux; Android 6.0.1; Nexus 5X Build/MMB29P) AppleWebKit/537.36 (KHTML, like Gecko) Chrome/150.0.7871.186 Mobile Safari/537.36 (compatible; Googlebot/2.1; +http://www.google.com/bot.html)"
20.15.133.174 - - [17/Aug/2026:15:30:56 +0000] "GET /?sale/search/detail/?ITMCODE=b1l6i1n2k2e4r9823 HTTP/2.0" 200 33070 "-" "Mozilla/5.0 AppleWebKit/537.36 (KHTML, like Gecko; compatible; bingbot/2.0; +http://www.bing.com/bingbot.htm) Chrome/116.0.1938.76 Safari/537.36"
66.249.79.36 - - [17/Aug/2026:15:30:58 +0000] "GET /?sale/search/detail/?ITMCODE=d7i1c4t7a5m0n7u4s093 HTTP/1.1" 200 31211 "-" "Mozilla/5.0 (Linux; Android 6.0.1; Nexus 5X Build/MMB29P) AppleWebKit/537.36 (KHTML, like Gecko) Chrome/150.0.7871.186 Mobile Safari/537.36 (compatible; Googlebot/2.1; +http://www.google.com/bot.html)"
20.15.133.174 - - [17/Aug/2026:15:30:59 +0000] "GET /?sale/search/detail/?ITMCODE=c6o4l2u0m5b5i3a8n0u2s4 HTTP/2.0" 200 30629 "-" "Mozilla/5.0 AppleWebKit/537.36 (KHTML, like Gecko; compatible; bingbot/2.0; +http://www.bing.com/bingbot.htm) Chrome/116.0.1938.76 Safari/537.36"
20.15.133.174 - - [17/Aug/2026:15:31:02 +0000] "GET /?sale/search/detail/?ITMCODE=c6o1t0t6o0n7w1i7c8k61 HTTP/2.0" 200 30261 "-" "Mozilla/5.0 AppleWebKit/537.36 (KHTML, like Gecko; compatible; bingbot/2.0; +http://www.bing.com/bingbot.htm) Chrome/116.0.1938.76 Safari/537.36"
20.15.133.174 - - [17/Aug/2026:15:31:05 +0000] "GET /?sale/search/detail/?ITMCODE=m6u3l9t6i8f9a3r9i2o9u5sly HTTP/2.0" 200 29881 "-" "Mozilla/5.0 AppleWebKit/537.36 (KHTML, like Gecko; compatible; bingbot/2.0; +http://www.bing.com/bingbot.htm) Chrome/116.0.1938.76 Safari/537.36"
20.15.133.174 - - [17/Aug/2026:15:31:08 +0000] "GET /?sale/search/detail/?ITMCODE=a2l3g0o4n7q5u9i0a0n47 HTTP/2.0" 200 31555 "-" "Mozilla/5.0 AppleWebKit/537.36 (KHTML, like Gecko; compatible; bingbot/2.0; +http://www.bing.com/bingbot.htm) Chrome/116.0.1938.76 Safari/537.36"
20.15.133.174 - - [17/Aug/2026:15:31:11 +0000] "GET /?sale/search/detail/?ITMCODE=u2n1c4o3n2s8t4i2t9u7t8ionally HTTP/2.0" 200 35435 "-" "Mozilla/5.0 AppleWebKit/537.36 (KHTML, like Gecko; compatible; bingbot/2.0; +http://www.bing.com/bingbot.htm) Chrome/116.0.1938.76 Safari/537.36"
20.15.133.174 - - [17/Aug/2026:15:31:14 +0000] "GET /?sale/search/detail/?ITMCODE=o2v4e1r0e2n5t7h3u2s3i4astic HTTP/2.0" 200 31576 "-" "Mozilla/5.0 AppleWebKit/537.36 (KHTML, like Gecko; compatible; bingbot/2.0; +http://www.bing.com/bingbot.htm) Chrome/116.0.1938.76 Safari/537.36"
20.15.133.174 - - [17/Aug/2026:15:31:18 +0000] "GET /?sale/search/detail/?ITMCODE=s6t8a9g5e7c3o6a7c0h8men HTTP/2.0" 200 32225 "-" "Mozilla/5.0 AppleWebKit/537.36 (KHTML, like Gecko; compatible; bingbot/2.0; +http://www.bing.com/bingbot.htm) Chrome/116.0.1938.76 Safari/537.36"
20.15.133.174 - - [17/Aug/2026:15:31:23 +0000] "GET /?sale/search/detail/?ITMCODE=m4a3n1n4i3s9h8n9e4s6s3 HTTP/2.0" 200 29942 "-" "Mozilla/5.0 AppleWebKit/537.36 (KHTML, like Gecko; compatible; bingbot/2.0; +http://www.bing.com/bingbot.htm) Chrome/116.0.1938.76 Safari/537.36"
66.249.79.36 - - [17/Aug/2026:15:31:33 +0000] "GET /?sale/search/detail/?ITMCODE=n7u1i4s5a5n9c0e1r974 HTTP/1.1" 200 29870 "-" "Mozilla/5.0 (Linux; Android 6.0.1; Nexus 5X Build/MMB29P) AppleWebKit/537.36 (KHTML, like Gecko) Chrome/150.0.7871.186 Mobile Safari/537.36 (compatible; Googlebot/2.1; +http://www.google.com/bot.html)"
66.249.79.36 - - [17/Aug/2026:15:31:33 +0000] "GET /?sale/search/detail/?ITMCODE=t7o4s0w1i0n1k47101 HTTP/1.1" 200 29680 "-" "Mozilla/5.0 (Linux; Android 6.0.1; Nexus 5X Build/MMB29P) AppleWebKit/537.36 (KHTML, like Gecko) Chrome/150.0.7871.186 Mobile Safari/537.36 (compatible; Googlebot/2.1; +http://www.google.com/bot.html)"
20.15.133.174 - - [17/Aug/2026:15:31:33 +0000] "GET /?sale/search/detail/?ITMCODE=u5n3p5a6i0r2e6d6932 HTTP/2.0" 200 29951 "-" "Mozilla/5.0 AppleWebKit/537.36 (KHTML, like Gecko; compatible; bingbot/2.0; +http://www.bing.com/bingbot.htm) Chrome/116.0.1938.76 Safari/537.36"
20.15.133.174 - - [17/Aug/2026:15:31:44 +0000] "GET /?sale/search/detail/?ITMCODE=b5r2u9t0a5l4i2z1a8t3i3on HTTP/2.0" 200 30107 "-" "Mozilla/5.0 AppleWebKit/537.36 (KHTML, like Gecko; compatible; bingbot/2.0; +http://www.bing.com/bingbot.htm) Chrome/116.0.1938.76 Safari/537.36"
39.34.143.217 - - [17/Aug/2026:15:31:54 +0000] "GET /wp-content/cache/speedycache/reviverenovation.ae/assets/3e3350c88b93ffda-wws.js HTTP/2.0" 304 - "-" "Mozilla/5.0 (Windows NT 10.0; Win64; x64) AppleWebKit/537.36 (KHTML, like Gecko) Chrome/151.0.0.0 Safari/537.36"
39.34.143.217 - - [17/Aug/2026:15:31:54 +0000] "GET /wp-content/cache/speedycache/reviverenovation.ae/assets/57c950ff2ac8ff7e-animations.js HTTP/2.0" 304 - "-" "Mozilla/5.0 (Windows NT 10.0; Win64; x64) AppleWebKit/537.36 (KHTML, like Gecko) Chrome/151.0.0.0 Safari/537.36"
39.34.143.217 - - [17/Aug/2026:15:31:54 +0000] "GET /wp-content/cache/speedycache/reviverenovation.ae/assets/b90a6b6986dcecf7-astra-addon-69ddef01d1ba53-08965612.js HTTP/2.0" 304 - "-" "Mozilla/5.0 (Windows NT 10.0; Win64; x64) AppleWebKit/537.36 (KHTML, like Gecko) Chrome/151.0.0.0 Safari/537.36"
39.34.143.217 - - [17/Aug/2026:15:31:54 +0000] "GET /wp-content/cache/speedycache/reviverenovation.ae/assets/7278ec8f1975e6ee-smooth-scroll.js HTTP/2.0" 304 - "-" "Mozilla/5.0 (Windows NT 10.0; Win64; x64) AppleWebKit/537.36 (KHTML, like Gecko) Chrome/151.0.0.0 Safari/537.36"
20.15.133.174 - - [17/Aug/2026:15:32:03 +0000] "GET /?sale/search/detail/?ITMCODE=r5e9s7e6n6t7e5d955 HTTP/2.0" 200 30317 "-" "Mozilla/5.0 AppleWebKit/537.36 (KHTML, like Gecko; compatible; bingbot/2.0; +http://www.bing.com/bingbot.htm) Chrome/116.0.1938.76 Safari/537.36"
20.15.133.174 - - [17/Aug/2026:15:32:23 +0000] "GET /?sale/search/detail/?ITMCODE=f5o2o6t1p5a8d57087 HTTP/2.0" 200 29102 "-" "Mozilla/5.0 AppleWebKit/537.36 (KHTML, like Gecko; compatible; bingbot/2.0; +http://www.bing.com/bingbot.htm) Chrome/116.0.1938.76 Safari/537.36"
20.15.133.174 - - [17/Aug/2026:15:32:33 +0000] "GET /?sale/search/detail/?ITMCODE=i0l3l0u4m1i3n5a1t6i8ng HTTP/2.0" 200 30104 "-" "Mozilla/5.0 AppleWebKit/537.36 (KHTML, like Gecko; compatible; bingbot/2.0; +http://www.bing.com/bingbot.htm) Chrome/116.0.1938.76 Safari/537.36"
39.34.143.217 - - [17/Aug/2026:15:32:53 +0000] "GET /wp-content/cache/speedycache/reviverenovation.ae/assets/3e3350c88b93ffda-wws.js HTTP/2.0" 304 - "-" "Mozilla/5.0 (Windows NT 10.0; Win64; x64) AppleWebKit/537.36 (KHTML, like Gecko) Chrome/151.0.0.0 Safari/537.36"
39.34.143.217 - - [17/Aug/2026:15:32:53 +0000] "GET /wp-content/cache/speedycache/reviverenovation.ae/assets/b90a6b6986dcecf7-astra-addon-69ddef01d1ba53-08965612.js HTTP/2.0" 304 - "-" "Mozilla/5.0 (Windows NT 10.0; Win64; x64) AppleWebKit/537.36 (KHTML, like Gecko) Chrome/151.0.0.0 Safari/537.36"
39.34.143.217 - - [17/Aug/2026:15:32:53 +0000] "GET /wp-content/cache/speedycache/reviverenovation.ae/assets/7278ec8f1975e6ee-smooth-scroll.js HTTP/2.0" 304 - "-" "Mozilla/5.0 (Windows NT 10.0; Win64; x64) AppleWebKit/537.36 (KHTML, like Gecko) Chrome/151.0.0.0 Safari/537.36"
39.34.143.217 - - [17/Aug/2026:15:32:53 +0000] "GET /wp-content/cache/speedycache/reviverenovation.ae/assets/57c950ff2ac8ff7e-animations.js HTTP/2.0" 304 - "-" "Mozilla/5.0 (Windows NT 10.0; Win64; x64) AppleWebKit/537.36 (KHTML, like Gecko) Chrome/151.0.0.0 Safari/537.36"
20.15.133.174 - - [17/Aug/2026:15:32:54 +0000] "GET /?sale/search/detail/?ITMCODE=l8o2c3k3a6g8e47897 HTTP/2.0" 200 30035 "-" "Mozilla/5.0 AppleWebKit/537.36 (KHTML, like Gecko; compatible; bingbot/2.0; +http://www.bing.com/bingbot.htm) Chrome/116.0.1938.76 Safari/537.36"
20.15.133.174 - - [17/Aug/2026:15:32:56 +0000] "GET /?sale/search/detail/?ITMCODE=c7a2p3u0t7g5a8l2l7i39 HTTP/2.0" 200 33975 "-" "Mozilla/5.0 AppleWebKit/537.36 (KHTML, like Gecko; compatible; bingbot/2.0; +http://www.bing.com/bingbot.htm) Chrome/116.0.1938.76 Safari/537.36"
20.15.133.174 - - [17/Aug/2026:15:33:04 +0000] "GET /?sale/search/detail/?ITMCODE=d4o1g6h3e0a0r3t6e2d99 HTTP/2.0" 200 29822 "-" "Mozilla/5.0 AppleWebKit/537.36 (KHTML, like Gecko; compatible; bingbot/2.0; +http://www.bing.com/bingbot.htm) Chrome/116.0.1938.76 Safari/537.36"
20.15.133.174 - - [17/Aug/2026:15:33:06 +0000] "GET /?sale/search/detail/?ITMCODE=r6e2p7e7a2l6e4r823 HTTP/2.0" 200 30492 "-" "Mozilla/5.0 AppleWebKit/537.36 (KHTML, like Gecko; compatible; bingbot/2.0; +http://www.bing.com/bingbot.htm) Chrome/116.0.1938.76 Safari/537.36"
20.15.133.174 - - [17/Aug/2026:15:33:12 +0000] "GET /?sale/search/detail/?ITMCODE=g1u2l0l0i3b0i5i0i1t6y3 HTTP/2.0" 200 34981 "-" "Mozilla/5.0 AppleWebKit/537.36 (KHTML, like Gecko; compatible; bingbot/2.0; +http://www.bing.com/bingbot.htm) Chrome/116.0.1938.76 Safari/537.36"
20.15.133.174 - - [17/Aug/2026:15:33:15 +0000] "GET /?sale/search/detail/?ITMCODE=t6h1o5m9o6m5y9s4946 HTTP/2.0" 200 29407 "-" "Mozilla/5.0 AppleWebKit/537.36 (KHTML, like Gecko; compatible; bingbot/2.0; +http://www.bing.com/bingbot.htm) Chrome/116.0.1938.76 Safari/537.36"
20.15.133.174 - - [17/Aug/2026:15:33:23 +0000] "GET /?sale/search/detail/?ITMCODE=h4a5r8i7c8o5t1060 HTTP/2.0" 200 30088 "-" "Mozilla/5.0 AppleWebKit/537.36 (KHTML, like Gecko; compatible; bingbot/2.0; +http://www.bing.com/bingbot.htm) Chrome/116.0.1938.76 Safari/537.36"
87.200.88.148 - - [17/Aug/2026:15:33:33 +0000] "GET /revive-joinery/custom-kitchen-cabinets-dubai/ HTTP/2.0" 200 44551 "-" "Mozilla/5.0 (iPhone; CPU iPhone OS 18_7 like Mac OS X) AppleWebKit/605.1.15 (KHTML, like Gecko) Version/26.2 Mobile/15E148 Safari/604.1"
87.200.88.148 - - [17/Aug/2026:15:33:34 +0000] "GET /wp-content/cache/speedycache/reviverenovation.ae/assets/5003722985a75bf5-style.css HTTP/2.0" 200 621 "https://reviverenovation.ae/revive-joinery/custom-kitchen-cabinets-dubai/" "Mozilla/5.0 (iPhone; CPU iPhone OS 18_7 like Mac OS X) AppleWebKit/605.1.15 (KHTML, like Gecko) Version/26.2 Mobile/15E148 Safari/604.1"
87.200.88.148 - - [17/Aug/2026:15:33:34 +0000] "GET /wp-content/plugins/elementor/assets/css/widget-heading.min.css?ver=4.0.2 HTTP/2.0" 200 160 "https://reviverenovation.ae/revive-joinery/custom-kitchen-cabinets-dubai/" "Mozilla/5.0 (iPhone; CPU iPhone OS 18_7 like Mac OS X) AppleWebKit/605.1.15 (KHTML, like Gecko) Version/26.2 Mobile/15E148 Safari/604.1"
87.200.88.148 - - [17/Aug/2026:15:33:34 +0000] "GET /wp-content/plugins/elementor/assets/css/widget-icon-list.min.css?ver=4.0.2 HTTP/2.0" 200 1023 "https://reviverenovation.ae/revive-joinery/custom-kitchen-cabinets-dubai/" "Mozilla/5.0 (iPhone; CPU iPhone OS 18_7 like Mac OS X) AppleWebKit/605.1.15 (KHTML, like Gecko) Version/26.2 Mobile/15E148 Safari/604.1"
87.200.88.148 - - [17/Aug/2026:15:33:34 +0000] "GET /wp-content/cache/speedycache/reviverenovation.ae/assets/c8aca11ebb99ff97-astra-addon-69ddef01d16cf9-75818811.css HTTP/2.0" 200 5877 "https://reviverenovation.ae/revive-joinery/custom-kitchen-cabinets-dubai/" "Mozilla/5.0 (iPhone; CPU iPhone OS 18_7 like Mac OS X) AppleWebKit/605.1.15 (KHTML, like Gecko) Version/26.2 Mobile/15E148 Safari/604.1"
87.200.88.148 - - [17/Aug/2026:15:33:34 +0000] "GET /wp-content/plugins/elementor/assets/css/conditionals/apple-webkit.min.css?ver=4.0.2 HTTP/2.0" 200 547 "https://reviverenovation.ae/revive-joinery/custom-kitchen-cabinets-dubai/" "Mozilla/5.0 (iPhone; CPU iPhone OS 18_7 like Mac OS X) AppleWebKit/605.1.15 (KHTML, like Gecko) Version/26.2 Mobile/15E148 Safari/604.1"
87.200.88.148 - - [17/Aug/2026:15:33:34 +0000] "GET /wp-content/cache/speedycache/reviverenovation.ae/assets/33ab4a92927038b4-post-5.css HTTP/2.0" 200 441 "https://reviverenovation.ae/revive-joinery/custom-kitchen-cabinets-dubai/" "Mozilla/5.0 (iPhone; CPU iPhone OS 18_7 like Mac OS X) AppleWebKit/605.1.15 (KHTML, like Gecko) Version/26.2 Mobile/15E148 Safari/604.1"
87.200.88.148 - - [17/Aug/2026:15:33:34 +0000] "GET /wp-content/themes/astra/assets/css/minified/main.min.css?ver=4.12.7 HTTP/2.0" 200 8683 "https://reviverenovation.ae/revive-joinery/custom-kitchen-cabinets-dubai/" "Mozilla/5.0 (iPhone; CPU iPhone OS 18_7 like Mac OS X) AppleWebKit/605.1.15 (KHTML, like Gecko) Version/26.2 Mobile/15E148 Safari/604.1"
87.200.88.148 - - [17/Aug/2026:15:33:34 +0000] "GET /wp-content/plugins/elementor/assets/css/frontend.min.css?ver=4.0.2 HTTP/2.0" 200 7271 "https://reviverenovation.ae/revive-joinery/custom-kitchen-cabinets-dubai/" "Mozilla/5.0 (iPhone; CPU iPhone OS 18_7 like Mac OS X) AppleWebKit/605.1.15 (KHTML, like Gecko) Version/26.2 Mobile/15E148 Safari/604.1"
87.200.88.148 - - [17/Aug/2026:15:33:34 +0000] "GET /wp-content/plugins/elementor/assets/css/widget-image.min.css?ver=4.0.2 HTTP/2.0" 200 135 "https://reviverenovation.ae/revive-joinery/custom-kitchen-cabinets-dubai/" "Mozilla/5.0 (iPhone; CPU iPhone OS 18_7 like Mac OS X) AppleWebKit/605.1.15 (KHTML, like Gecko) Version/26.2 Mobile/15E148 Safari/604.1"
87.200.88.148 - - [17/Aug/2026:15:33:34 +0000] "GET /wp-content/plugins/elementor/assets/css/widget-social-icons.min.css?ver=4.0.2 HTTP/2.0" 200 1142 "https://reviverenovation.ae/revive-joinery/custom-kitchen-cabinets-dubai/" "Mozilla/5.0 (iPhone; CPU iPhone OS 18_7 like Mac OS X) AppleWebKit/605.1.15 (KHTML, like Gecko) Version/26.2 Mobile/15E148 Safari/604.1"
87.200.88.148 - - [17/Aug/2026:15:33:34 +0000] "GET /wp-content/plugins/elementor/assets/lib/animations/styles/fadeInUp.min.css?ver=4.0.2 HTTP/2.0" 200 117 "https://reviverenovation.ae/revive-joinery/custom-kitchen-cabinets-dubai/" "Mozilla/5.0 (iPhone; CPU iPhone OS 18_7 like Mac OS X) AppleWebKit/605.1.15 (KHTML, like Gecko) Version/26.2 Mobile/15E148 Safari/604.1"
87.200.88.148 - - [17/Aug/2026:15:33:34 +0000] "GET /wp-content/plugins/pro-elements/assets/css/widget-call-to-action.min.css?ver=3.35.0 HTTP/2.0" 200 1338 "https://reviverenovation.ae/revive-joinery/custom-kitchen-cabinets-dubai/" "Mozilla/5.0 (iPhone; CPU iPhone OS 18_7 like Mac OS X) AppleWebKit/605.1.15 (KHTML, like Gecko) Version/26.2 Mobile/15E148 Safari/604.1"
87.200.88.148 - - [17/Aug/2026:15:33:34 +0000] "GET /wp-content/plugins/pro-elements/assets/css/conditionals/transitions.min.css?ver=3.35.0 HTTP/2.0" 200 621 "https://reviverenovation.ae/revive-joinery/custom-kitchen-cabinets-dubai/" "Mozilla/5.0 (iPhone; CPU iPhone OS 18_7 like Mac OS X) AppleWebKit/605.1.15 (KHTML, like Gecko) Version/26.2 Mobile/15E148 Safari/604.1"
87.200.88.148 - - [17/Aug/2026:15:33:34 +0000] "GET /wp-content/plugins/elementor/assets/css/widget-nested-accordion.min.css?ver=4.0.2 HTTP/2.0" 200 798 "https://reviverenovation.ae/revive-joinery/custom-kitchen-cabinets-dubai/" "Mozilla/5.0 (iPhone; CPU iPhone OS 18_7 like Mac OS X) AppleWebKit/605.1.15 (KHTML, like Gecko) Version/26.2 Mobile/15E148 Safari/604.1"
87.200.88.148 - - [17/Aug/2026:15:33:34 +0000] "GET /wp-content/cache/speedycache/reviverenovation.ae/assets/95077f496437d32b-wws.css HTTP/2.0" 200 691 "https://reviverenovation.ae/revive-joinery/custom-kitchen-cabinets-dubai/" "Mozilla/5.0 (iPhone; CPU iPhone OS 18_7 like Mac OS X) AppleWebKit/605.1.15 (KHTML, like Gecko) Version/26.2 Mobile/15E148 Safari/604.1"
87.200.88.148 - - [17/Aug/2026:15:33:34 +0000] "GET /wp-content/cache/speedycache/reviverenovation.ae/assets/fbe48911448154e2-post-480.css HTTP/2.0" 200 1984 "https://reviverenovation.ae/revive-joinery/custom-kitchen-cabinets-dubai/" "Mozilla/5.0 (iPhone; CPU iPhone OS 18_7 like Mac OS X) AppleWebKit/605.1.15 (KHTML, like Gecko) Version/26.2 Mobile/15E148 Safari/604.1"
87.200.88.148 - - [17/Aug/2026:15:33:34 +0000] "GET /wp-content/plugins/pro-elements/assets/css/modules/sticky.min.css?ver=3.35.0 HTTP/2.0" 200 116 "https://reviverenovation.ae/revive-joinery/custom-kitchen-cabinets-dubai/" "Mozilla/5.0 (iPhone; CPU iPhone OS 18_7 like Mac OS X) AppleWebKit/605.1.15 (KHTML, like Gecko) Version/26.2 Mobile/15E148 Safari/604.1"
87.200.88.148 - - [17/Aug/2026:15:33:34 +0000] "GET /wp-content/cache/speedycache/reviverenovation.ae/assets/cb73043c97e30736-post-2611.css HTTP/2.0" 200 2731 "https://reviverenovation.ae/revive-joinery/custom-kitchen-cabinets-dubai/" "Mozilla/5.0 (iPhone; CPU iPhone OS 18_7 like Mac OS X) AppleWebKit/605.1.15 (KHTML, like Gecko) Version/26.2 Mobile/15E148 Safari/604.1"
87.200.88.148 - - [17/Aug/2026:15:33:34 +0000] "GET /wp-content/plugins/astra-addon/addons/nav-menu/assets/css/minified/magamenu-frontend.min.css?ver=4.12.5 HTTP/2.0" 200 - "https://reviverenovation.ae/revive-joinery/custom-kitchen-cabinets-dubai/" "Mozilla/5.0 (iPhone; CPU iPhone OS 18_7 like Mac OS X) AppleWebKit/605.1.15 (KHTML, like Gecko) Version/26.2 Mobile/15E148 Safari/604.1"
87.200.88.148 - - [17/Aug/2026:15:33:34 +0000] "GET /wp-content/cache/speedycache/reviverenovation.ae/assets/b1725672c5852da8-wws-layout-4.css HTTP/2.0" 200 101 "https://reviverenovation.ae/revive-joinery/custom-kitchen-cabinets-dubai/" "Mozilla/5.0 (iPhone; CPU iPhone OS 18_7 like Mac OS X) AppleWebKit/605.1.15 (KHTML, like Gecko) Version/26.2 Mobile/15E148 Safari/604.1"
87.200.88.148 - - [17/Aug/2026:15:33:34 +0000] "GET /wp-content/cache/speedycache/reviverenovation.ae/assets/57c950ff2ac8ff7e-animations.js HTTP/2.0" 200 1244 "https://reviverenovation.ae/revive-joinery/custom-kitchen-cabinets-dubai/" "Mozilla/5.0 (iPhone; CPU iPhone OS 18_7 like Mac OS X) AppleWebKit/605.1.15 (KHTML, like Gecko) Version/26.2 Mobile/15E148 Safari/604.1"
87.200.88.148 - - [17/Aug/2026:15:33:34 +0000] "GET /wp-includes/js/jquery/jquery-migrate.min.js?ver=3.4.1 HTTP/2.0" 200 4872 "https://reviverenovation.ae/revive-joinery/custom-kitchen-cabinets-dubai/" "Mozilla/5.0 (iPhone; CPU iPhone OS 18_7 like Mac OS X) AppleWebKit/605.1.15 (KHTML, like Gecko) Version/26.2 Mobile/15E148 Safari/604.1"
87.200.88.148 - - [17/Aug/2026:15:33:34 +0000] "GET /wp-content/themes/astra/assets/js/minified/frontend.min.js?ver=4.12.7 HTTP/2.0" 200 5952 "https://reviverenovation.ae/revive-joinery/custom-kitchen-cabinets-dubai/" "Mozilla/5.0 (iPhone; CPU iPhone OS 18_7 like Mac OS X) AppleWebKit/605.1.15 (KHTML, like Gecko) Version/26.2 Mobile/15E148 Safari/604.1"
87.200.88.148 - - [17/Aug/2026:15:33:34 +0000] "GET /wp-content/cache/speedycache/reviverenovation.ae/assets/7278ec8f1975e6ee-smooth-scroll.js HTTP/2.0" 200 738 "https://reviverenovation.ae/revive-joinery/custom-kitchen-cabinets-dubai/" "Mozilla/5.0 (iPhone; CPU iPhone OS 18_7 like Mac OS X) AppleWebKit/605.1.15 (KHTML, like Gecko) Version/26.2 Mobile/15E148 Safari/604.1"
87.200.88.148 - - [17/Aug/2026:15:33:34 +0000] "GET /wp-content/plugins/elementor/assets/js/webpack.runtime.min.js?ver=4.0.2 HTTP/2.0" 200 2496 "https://reviverenovation.ae/revive-joinery/custom-kitchen-cabinets-dubai/" "Mozilla/5.0 (iPhone; CPU iPhone OS 18_7 like Mac OS X) AppleWebKit/605.1.15 (KHTML, like Gecko) Version/26.2 Mobile/15E148 Safari/604.1"
87.200.88.148 - - [17/Aug/2026:15:33:34 +0000] "GET /wp-content/plugins/astra-addon/assets/js/minified/purify.min.js?ver=4.12.5 HTTP/2.0" 200 8744 "https://reviverenovation.ae/revive-joinery/custom-kitchen-cabinets-dubai/" "Mozilla/5.0 (iPhone; CPU iPhone OS 18_7 like Mac OS X) AppleWebKit/605.1.15 (KHTML, like Gecko) Version/26.2 Mobile/15E148 Safari/604.1"
87.200.88.148 - - [17/Aug/2026:15:33:34 +0000] "GET /wp-includes/js/jquery/ui/core.min.js?ver=1.13.3 HTTP/2.0" 200 7106 "https://reviverenovation.ae/revive-joinery/custom-kitchen-cabinets-dubai/" "Mozilla/5.0 (iPhone; CPU iPhone OS 18_7 like Mac OS X) AppleWebKit/605.1.15 (KHTML, like Gecko) Version/26.2 Mobile/15E148 Safari/604.1"
87.200.88.148 - - [17/Aug/2026:15:33:34 +0000] "GET /wp-content/cache/speedycache/reviverenovation.ae/assets/b90a6b6986dcecf7-astra-addon-69ddef01d1ba53-08965612.js HTTP/2.0" 200 9109 "https://reviverenovation.ae/revive-joinery/custom-kitchen-cabinets-dubai/" "Mozilla/5.0 (iPhone; CPU iPhone OS 18_7 like Mac OS X) AppleWebKit/605.1.15 (KHTML, like Gecko) Version/26.2 Mobile/15E148 Safari/604.1"
87.200.88.148 - - [17/Aug/2026:15:33:34 +0000] "GET /wp-content/plugins/pro-elements/assets/lib/sticky/jquery.sticky.min.js?ver=3.35.0 HTTP/2.0" 200 1542 "https://reviverenovation.ae/revive-joinery/custom-kitchen-cabinets-dubai/" "Mozilla/5.0 (iPhone; CPU iPhone OS 18_7 like Mac OS X) AppleWebKit/605.1.15 (KHTML, like Gecko) Version/26.2 Mobile/15E148 Safari/604.1"
87.200.88.148 - - [17/Aug/2026:15:33:34 +0000] "GET /wp-content/cache/speedycache/reviverenovation.ae/assets/3e3350c88b93ffda-wws.js HTTP/2.0" 200 2350 "https://reviverenovation.ae/revive-joinery/custom-kitchen-cabinets-dubai/" "Mozilla/5.0 (iPhone; CPU iPhone OS 18_7 like Mac OS X) AppleWebKit/605.1.15 (KHTML, like Gecko) Version/26.2 Mobile/15E148 Safari/604.1"
87.200.88.148 - - [17/Aug/2026:15:33:34 +0000] "GET /wp-content/uploads/ac_assets/uc-splitting-text/splitting.min.js?ver=2.0.7 HTTP/2.0" 200 1683 "https://reviverenovation.ae/revive-joinery/custom-kitchen-cabinets-dubai/" "Mozilla/5.0 (iPhone; CPU iPhone OS 18_7 like Mac OS X) AppleWebKit/605.1.15 (KHTML, like Gecko) Version/26.2 Mobile/15E148 Safari/604.1"
87.200.88.148 - - [17/Aug/2026:15:33:34 +0000] "GET /wp-content/plugins/pro-elements/assets/js/webpack-pro.runtime.min.js?ver=3.35.0 HTTP/2.0" 200 2857 "https://reviverenovation.ae/revive-joinery/custom-kitchen-cabinets-dubai/" "Mozilla/5.0 (iPhone; CPU iPhone OS 18_7 like Mac OS X) AppleWebKit/605.1.15 (KHTML, like Gecko) Version/26.2 Mobile/15E148 Safari/604.1"
87.200.88.148 - - [17/Aug/2026:15:33:34 +0000] "GET /wp-content/plugins/elementor/assets/js/frontend.min.js?ver=4.0.2 HTTP/2.0" 200 10339 "https://reviverenovation.ae/revive-joinery/custom-kitchen-cabinets-dubai/" "Mozilla/5.0 (iPhone; CPU iPhone OS 18_7 like Mac OS X) AppleWebKit/605.1.15 (KHTML, like Gecko) Version/26.2 Mobile/15E148 Safari/604.1"
87.200.88.148 - - [17/Aug/2026:15:33:34 +0000] "GET /wp-content/plugins/elementor/assets/js/frontend-modules.min.js?ver=4.0.2 HTTP/2.0" 200 15970 "https://reviverenovation.ae/revive-joinery/custom-kitchen-cabinets-dubai/" "Mozilla/5.0 (iPhone; CPU iPhone OS 18_7 like Mac OS X) AppleWebKit/605.1.15 (KHTML, like Gecko) Version/26.2 Mobile/15E148 Safari/604.1"
87.200.88.148 - - [17/Aug/2026:15:33:34 +0000] "GET /wp-includes/js/dist/hooks.min.js?ver=7496969728ca0f95732d HTTP/2.0" 200 1829 "https://reviverenovation.ae/revive-joinery/custom-kitchen-cabinets-dubai/" "Mozilla/5.0 (iPhone; CPU iPhone OS 18_7 like Mac OS X) AppleWebKit/605.1.15 (KHTML, like Gecko) Version/26.2 Mobile/15E148 Safari/604.1"
87.200.88.148 - - [17/Aug/2026:15:33:34 +0000] "GET /wp-includes/js/dist/i18n.min.js?ver=781d11515ad3d91786ec HTTP/2.0" 200 2465 "https://reviverenovation.ae/revive-joinery/custom-kitchen-cabinets-dubai/" "Mozilla/5.0 (iPhone; CPU iPhone OS 18_7 like Mac OS X) AppleWebKit/605.1.15 (KHTML, like Gecko) Version/26.2 Mobile/15E148 Safari/604.1"
87.200.88.148 - - [17/Aug/2026:15:33:34 +0000] "GET /wp-content/plugins/pro-elements/assets/js/frontend.min.js?ver=3.35.0 HTTP/2.0" 200 6435 "https://reviverenovation.ae/revive-joinery/custom-kitchen-cabinets-dubai/" "Mozilla/5.0 (iPhone; CPU iPhone OS 18_7 like Mac OS X) AppleWebKit/605.1.15 (KHTML, like Gecko) Version/26.2 Mobile/15E148 Safari/604.1"
87.200.88.148 - - [17/Aug/2026:15:33:34 +0000] "GET /wp-content/plugins/pro-elements/assets/js/elements-handlers.min.js?ver=3.35.0 HTTP/2.0" 200 10563 "https://reviverenovation.ae/revive-joinery/custom-kitchen-cabinets-dubai/" "Mozilla/5.0 (iPhone; CPU iPhone OS 18_7 like Mac OS X) AppleWebKit/605.1.15 (KHTML, like Gecko) Version/26.2 Mobile/15E148 Safari/604.1"
87.200.88.148 - - [17/Aug/2026:15:33:34 +0000] "GET /wp-includes/js/jquery/jquery.min.js?ver=3.7.1 HTTP/2.0" 200 30368 "https://reviverenovation.ae/revive-joinery/custom-kitchen-cabinets-dubai/" "Mozilla/5.0 (iPhone; CPU iPhone OS 18_7 like Mac OS X) AppleWebKit/605.1.15 (KHTML, like Gecko) Version/26.2 Mobile/15E148 Safari/604.1"
87.200.88.148 - - [17/Aug/2026:15:33:34 +0000] "GET /wp-content/plugins/wordpress-whatsapp-support/assets/libraries/inputmask/jquery.inputmask.min.js?ver=5.0.6 HTTP/2.0" 200 27792 "https://reviverenovation.ae/revive-joinery/custom-kitchen-cabinets-dubai/" "Mozilla/5.0 (iPhone; CPU iPhone OS 18_7 like Mac OS X) AppleWebKit/605.1.15 (KHTML, like Gecko) Version/26.2 Mobile/15E148 Safari/604.1"
87.200.88.148 - - [17/Aug/2026:15:33:34 +0000] "GET /wp-content/plugins/speedycache-pro/assets/images/image-palceholder.png HTTP/2.0" 200 145 "https://reviverenovation.ae/revive-joinery/custom-kitchen-cabinets-dubai/" "Mozilla/5.0 (iPhone; CPU iPhone OS 18_7 like Mac OS X) AppleWebKit/605.1.15 (KHTML, like Gecko) Version/26.2 Mobile/15E148 Safari/604.1"
87.200.88.148 - - [17/Aug/2026:15:33:35 +0000] "GET /wp-content/uploads/2026/03/cloudless-sky-NSEC2AH.jpg HTTP/2.0" 200 214479 "https://reviverenovation.ae/revive-joinery/custom-kitchen-cabinets-dubai/" "Mozilla/5.0 (iPhone; CPU iPhone OS 18_7 like Mac OS X) AppleWebKit/605.1.15 (KHTML, like Gecko) Version/26.2 Mobile/15E148 Safari/604.1"
87.200.88.148 - - [17/Aug/2026:15:33:35 +0000] "GET /wp-content/uploads/2026/03/Mansory-Bold.ttf HTTP/2.0" 200 35928 "https://reviverenovation.ae/revive-joinery/custom-kitchen-cabinets-dubai/" "Mozilla/5.0 (iPhone; CPU iPhone OS 18_7 like Mac OS X) AppleWebKit/605.1.15 (KHTML, like Gecko) Version/26.2 Mobile/15E148 Safari/604.1"
87.200.88.148 - - [17/Aug/2026:15:33:35 +0000] "GET /wp-content/uploads/2026/03/Mansory-Medium.ttf HTTP/2.0" 200 33899 "https://reviverenovation.ae/revive-joinery/custom-kitchen-cabinets-dubai/" "Mozilla/5.0 (iPhone; CPU iPhone OS 18_7 like Mac OS X) AppleWebKit/605.1.15 (KHTML, like Gecko) Version/26.2 Mobile/15E148 Safari/604.1"
87.200.88.148 - - [17/Aug/2026:15:33:35 +0000] "GET /wp-content/uploads/2026/03/Logo-new-07-scaled-768x174.png HTTP/2.0" 200 19916 "https://reviverenovation.ae/revive-joinery/custom-kitchen-cabinets-dubai/" "Mozilla/5.0 (iPhone; CPU iPhone OS 18_7 like Mac OS X) AppleWebKit/605.1.15 (KHTML, like Gecko) Version/26.2 Mobile/15E148 Safari/604.1"
87.200.88.148 - - [17/Aug/2026:15:33:35 +0000] "GET /wp-content/uploads/2026/03/mask-image-1-1.webp HTTP/2.0" 200 1411 "https://reviverenovation.ae/revive-joinery/custom-kitchen-cabinets-dubai/" "Mozilla/5.0 (iPhone; CPU iPhone OS 18_7 like Mac OS X) AppleWebKit/605.1.15 (KHTML, like Gecko) Version/26.2 Mobile/15E148 Safari/604.1"
87.200.88.148 - - [17/Aug/2026:15:33:35 +0000] "GET /wp-content/uploads/2026/03/matt-briney-DBzq28q5Y2A-unsplash.webp HTTP/2.0" 200 190503 "https://reviverenovation.ae/revive-joinery/custom-kitchen-cabinets-dubai/" "Mozilla/5.0 (iPhone; CPU iPhone OS 18_7 like Mac OS X) AppleWebKit/605.1.15 (KHTML, like Gecko) Version/26.2 Mobile/15E148 Safari/604.1"
87.200.88.148 - - [17/Aug/2026:15:33:35 +0000] "GET /wp-content/uploads/2026/03/Logo-new-07-scaled-173x39.png HTTP/2.0" 200 3462 "https://reviverenovation.ae/revive-joinery/custom-kitchen-cabinets-dubai/" "Mozilla/5.0 (iPhone; CPU iPhone OS 18_7 like Mac OS X) AppleWebKit/605.1.15 (KHTML, like Gecko) Version/26.2 Mobile/15E148 Safari/604.1"
87.200.88.148 - - [17/Aug/2026:15:33:35 +0000] "GET /wp-content/uploads/2026/03/Logo-new-07-scaled-1536x349.png HTTP/2.0" 200 43003 "https://reviverenovation.ae/revive-joinery/custom-kitchen-cabinets-dubai/" "Mozilla/5.0 (iPhone; CPU iPhone OS 18_7 like Mac OS X) AppleWebKit/605.1.15 (KHTML, like Gecko) Version/26.2 Mobile/15E148 Safari/604.1"
87.200.88.148 - - [17/Aug/2026:15:33:35 +0000] "GET /wp-content/plugins/elementor/assets/js/text-editor.45609661e409413f1cef.bundle.min.js HTTP/2.0" 200 648 "https://reviverenovation.ae/revive-joinery/custom-kitchen-cabinets-dubai/" "Mozilla/5.0 (iPhone; CPU iPhone OS 18_7 like Mac OS X) AppleWebKit/605.1.15 (KHTML, like Gecko) Version/26.2 Mobile/15E148 Safari/604.1"
87.200.88.148 - - [17/Aug/2026:15:33:35 +0000] "GET /wp-content/plugins/elementor/assets/js/shared-frontend-handlers.03caa53373b56d3bab67.bundle.min.js HTTP/2.0" 200 2644 "https://reviverenovation.ae/revive-joinery/custom-kitchen-cabinets-dubai/" "Mozilla/5.0 (iPhone; CPU iPhone OS 18_7 like Mac OS X) AppleWebKit/605.1.15 (KHTML, like Gecko) Version/26.2 Mobile/15E148 Safari/604.1"
87.200.88.148 - - [17/Aug/2026:15:33:35 +0000] "GET /wp-content/plugins/elementor/assets/js/nested-accordion.294d40984397351fd0f5.bundle.min.js HTTP/2.0" 200 2876 "https://reviverenovation.ae/revive-joinery/custom-kitchen-cabinets-dubai/" "Mozilla/5.0 (iPhone; CPU iPhone OS 18_7 like Mac OS X) AppleWebKit/605.1.15 (KHTML, like Gecko) Version/26.2 Mobile/15E148 Safari/604.1"
87.200.88.148 - - [17/Aug/2026:15:33:35 +0000] "GET /wp-includes/js/wp-emoji-release.min.js?ver=7.0.4 HTTP/2.0" 200 5386 "https://reviverenovation.ae/revive-joinery/custom-kitchen-cabinets-dubai/" "Mozilla/5.0 (iPhone; CPU iPhone OS 18_7 like Mac OS X) AppleWebKit/605.1.15 (KHTML, like Gecko) Version/26.2 Mobile/15E148 Safari/604.1"
87.200.88.148 - - [17/Aug/2026:15:33:43 +0000] "GET /wp-content/uploads/2026/03/75-Parkview-Dubai-Hills-Large-Format-42.jpg HTTP/2.0" 200 136872 "https://reviverenovation.ae/revive-joinery/custom-kitchen-cabinets-dubai/" "Mozilla/5.0 (iPhone; CPU iPhone OS 18_7 like Mac OS X) AppleWebKit/605.1.15 (KHTML, like Gecko) Version/26.2 Mobile/15E148 Safari/604.1"
87.200.88.148 - - [17/Aug/2026:15:33:46 +0000] "GET /wp-content/uploads/2026/03/507-Al-Basri-Large-Format-17.jpg HTTP/2.0" 200 738194 "https://reviverenovation.ae/revive-joinery/custom-kitchen-cabinets-dubai/" "Mozilla/5.0 (iPhone; CPU iPhone OS 18_7 like Mac OS X) AppleWebKit/605.1.15 (KHTML, like Gecko) Version/26.2 Mobile/15E148 Safari/604.1"
87.200.88.148 - - [17/Aug/2026:15:33:48 +0000] "GET /wp-content/uploads/2026/03/Kitchen2.webp HTTP/2.0" 200 25593 "https://reviverenovation.ae/revive-joinery/custom-kitchen-cabinets-dubai/" "Mozilla/5.0 (iPhone; CPU iPhone OS 18_7 like Mac OS X) AppleWebKit/605.1.15 (KHTML, like Gecko) Version/26.2 Mobile/15E148 Safari/604.1"
68.67.112.176 - - [17/Aug/2026:15:33:49 +0000] "GET /robots.txt HTTP/1.1" 200 99 "-" "Mozilla/5.0 AppleWebKit/537.36 (KHTML, like Gecko; compatible; YouBot/1.0; +https://docs.you.com/youbot; env:prod) Chrome/142.0.0.0 Safari/537.36"
198.38.94.13 - - [17/Aug/2026:15:33:52 +0000] "POST /wp-cron.php?doing_wp_cron=1786980831.7661550045013427734375 HTTP/1.1" 200 - "-" "WordPress/7.0.4; https://reviverenovation.ae"
68.67.112.176 - - [17/Aug/2026:15:33:50 +0000] "GET /reviverenovation.ae/2026/04/13/apartment-renovation-palm-jumeirah/ HTTP/1.1" 301 - "-" "Mozilla/5.0 AppleWebKit/537.36 (KHTML, like Gecko; compatible; YouBot/1.0; +https://docs.you.com/youbot; env:prod) Chrome/142.0.0.0 Safari/537.36"
68.67.112.176 - - [17/Aug/2026:15:33:52 +0000] "GET /projects/apartment-renovation-palm-jumeirah/ HTTP/1.1" 200 42066 "-" "Mozilla/5.0 AppleWebKit/537.36 (KHTML, like Gecko; compatible; YouBot/1.0; +https://docs.you.com/youbot; env:prod) Chrome/142.0.0.0 Safari/537.36"
39.34.143.217 - - [17/Aug/2026:15:33:53 +0000] "GET /wp-content/cache/speedycache/reviverenovation.ae/assets/57c950ff2ac8ff7e-animations.js HTTP/2.0" 304 - "-" "Mozilla/5.0 (Windows NT 10.0; Win64; x64) AppleWebKit/537.36 (KHTML, like Gecko) Chrome/151.0.0.0 Safari/537.36"
39.34.143.217 - - [17/Aug/2026:15:33:53 +0000] "GET /wp-content/cache/speedycache/reviverenovation.ae/assets/3e3350c88b93ffda-wws.js HTTP/2.0" 304 - "-" "Mozilla/5.0 (Windows NT 10.0; Win64; x64) AppleWebKit/537.36 (KHTML, like Gecko) Chrome/151.0.0.0 Safari/537.36"
39.34.143.217 - - [17/Aug/2026:15:33:53 +0000] "GET /wp-content/cache/speedycache/reviverenovation.ae/assets/7278ec8f1975e6ee-smooth-scroll.js HTTP/2.0" 304 - "-" "Mozilla/5.0 (Windows NT 10.0; Win64; x64) AppleWebKit/537.36 (KHTML, like Gecko) Chrome/151.0.0.0 Safari/537.36"
39.34.143.217 - - [17/Aug/2026:15:33:53 +0000] "GET /wp-content/cache/speedycache/reviverenovation.ae/assets/b90a6b6986dcecf7-astra-addon-69ddef01d1ba53-08965612.js HTTP/2.0" 304 - "-" "Mozilla/5.0 (Windows NT 10.0; Win64; x64) AppleWebKit/537.36 (KHTML, like Gecko) Chrome/151.0.0.0 Safari/537.36"
66.249.79.36 - - [17/Aug/2026:15:33:52 +0000] "GET /?sale/search/detail/?ITMCODE=p7t1e2r1o7c5l3e7t1e6s1 HTTP/1.1" 200 31967 "-" "Mozilla/5.0 (Linux; Android 6.0.1; Nexus 5X Build/MMB29P) AppleWebKit/537.36 (KHTML, like Gecko) Chrome/150.0.7871.186 Mobile Safari/537.36 (compatible; Googlebot/2.1; +http://www.google.com/bot.html)"
20.15.133.174 - - [17/Aug/2026:15:33:53 +0000] "GET /?sale/search/detail/?ITMCODE=c6o1g8n5i2z9a2b5l0y31 HTTP/2.0" 200 31644 "-" "Mozilla/5.0 AppleWebKit/537.36 (KHTML, like Gecko; compatible; bingbot/2.0; +http://www.bing.com/bingbot.htm) Chrome/116.0.1938.76 Safari/537.36"
87.200.88.148 - - [17/Aug/2026:15:34:01 +0000] "GET /wp-content/uploads/2026/03/Logo-new-05-1536x375.png HTTP/2.0" 200 43426 "https://reviverenovation.ae/revive-joinery/custom-kitchen-cabinets-dubai/" "Mozilla/5.0 (iPhone; CPU iPhone OS 18_7 like Mac OS X) AppleWebKit/605.1.15 (KHTML, like Gecko) Version/26.2 Mobile/15E148 Safari/604.1"
87.200.88.148 - - [17/Aug/2026:15:34:01 +0000] "GET /wp-content/uploads/2026/03/Logo-new-05-scaled.png HTTP/2.0" 200 83384 "https://reviverenovation.ae/revive-joinery/custom-kitchen-cabinets-dubai/" "Mozilla/5.0 (iPhone; CPU iPhone OS 18_7 like Mac OS X) AppleWebKit/605.1.15 (KHTML, like Gecko) Version/26.2 Mobile/15E148 Safari/604.1"
20.15.133.174 - - [17/Aug/2026:15:34:04 +0000] "GET /?sale/search/detail/?ITMCODE=u6n6k6n5o3w43354 HTTP/2.0" 200 36255 "-" "Mozilla/5.0 AppleWebKit/537.36 (KHTML, like Gecko; compatible; bingbot/2.0; +http://www.bing.com/bingbot.htm) Chrome/116.0.1938.76 Safari/537.36"
20.15.133.174 - - [17/Aug/2026:15:34:14 +0000] "GET /?sale/search/detail/?ITMCODE=a4c1c2o6m5p9a4n9i6s3t7 HTTP/2.0" 200 29934 "-" "Mozilla/5.0 AppleWebKit/537.36 (KHTML, like Gecko; compatible; bingbot/2.0; +http://www.bing.com/bingbot.htm) Chrome/116.0.1938.76 Safari/537.36"
20.15.133.174 - - [17/Aug/2026:15:34:23 +0000] "GET /?sale/search/detail/?ITMCODE=c9a1p7a5b8i5l2i8t7y6 HTTP/2.0" 200 29079 "-" "Mozilla/5.0 AppleWebKit/537.36 (KHTML, like Gecko; compatible; bingbot/2.0; +http://www.bing.com/bingbot.htm) Chrome/116.0.1938.76 Safari/537.36"
20.15.133.174 - - [17/Aug/2026:15:34:26 +0000] "GET /?sale/search/detail/?ITMCODE=a5r2t1h3r7o8c2h1o4n4d0ritis HTTP/2.0" 200 30138 "-" "Mozilla/5.0 AppleWebKit/537.36 (KHTML, like Gecko; compatible; bingbot/2.0; +http://www.bing.com/bingbot.htm) Chrome/116.0.1938.76 Safari/537.36"
20.15.133.174 - - [17/Aug/2026:15:34:33 +0000] "GET /?sale/search/detail/?ITMCODE=i7m3p9o0r9t3u3n2e25 HTTP/2.0" 200 29677 "-" "Mozilla/5.0 AppleWebKit/537.36 (KHTML, like Gecko; compatible; bingbot/2.0; +http://www.bing.com/bingbot.htm) Chrome/116.0.1938.76 Safari/537.36"
66.249.79.37 - - [17/Aug/2026:15:34:37 +0000] "GET /?sale/search/detail/?ITMCODE=s7p2i3r2o9c0h6a1e8t3a9 HTTP/1.1" 200 29662 "-" "Mozilla/5.0 (Linux; Android 6.0.1; Nexus 5X Build/MMB29P) AppleWebKit/537.36 (KHTML, like Gecko) Chrome/150.0.7871.186 Mobile Safari/537.36 (compatible; Googlebot/2.1; +http://www.google.com/bot.html)"
20.15.133.174 - - [17/Aug/2026:15:34:43 +0000] "GET /?sale/search/detail/?ITMCODE=g7l3o3b0i9n707857 HTTP/2.0" 200 29479 "-" "Mozilla/5.0 AppleWebKit/537.36 (KHTML, like Gecko; compatible; bingbot/2.0; +http://www.bing.com/bingbot.htm) Chrome/116.0.1938.76 Safari/537.36"
193.186.4.103 - - [17/Aug/2026:15:34:45 +0000] "GET / HTTP/2.0" 200 56807 "https://www.google.com/" "Mozilla/5.0 (Macintosh; Intel Mac OS X 10_15_7) AppleWebKit/537.36 (KHTML, like Gecko) Chrome/151.0.0.0 Safari/537.36"
39.34.143.217 - - [17/Aug/2026:15:34:56 +0000] "GET /wp-content/cache/speedycache/reviverenovation.ae/assets/57c950ff2ac8ff7e-animations.js HTTP/2.0" 304 - "-" "Mozilla/5.0 (Windows NT 10.0; Win64; x64) AppleWebKit/537.36 (KHTML, like Gecko) Chrome/151.0.0.0 Safari/537.36"
39.34.143.217 - - [17/Aug/2026:15:34:56 +0000] "GET /wp-content/cache/speedycache/reviverenovation.ae/assets/7278ec8f1975e6ee-smooth-scroll.js HTTP/2.0" 304 - "-" "Mozilla/5.0 (Windows NT 10.0; Win64; x64) AppleWebKit/537.36 (KHTML, like Gecko) Chrome/151.0.0.0 Safari/537.36"
39.34.143.217 - - [17/Aug/2026:15:34:56 +0000] "GET /wp-content/cache/speedycache/reviverenovation.ae/assets/3e3350c88b93ffda-wws.js HTTP/2.0" 304 - "-" "Mozilla/5.0 (Windows NT 10.0; Win64; x64) AppleWebKit/537.36 (KHTML, like Gecko) Chrome/151.0.0.0 Safari/537.36"
39.34.143.217 - - [17/Aug/2026:15:34:56 +0000] "GET /wp-content/cache/speedycache/reviverenovation.ae/assets/b90a6b6986dcecf7-astra-addon-69ddef01d1ba53-08965612.js HTTP/2.0" 304 - "-" "Mozilla/5.0 (Windows NT 10.0; Win64; x64) AppleWebKit/537.36 (KHTML, like Gecko) Chrome/151.0.0.0 Safari/537.36"
94.207.75.175 - - [17/Aug/2026:15:34:58 +0000] "GET /wp-content/cache/speedycache/reviverenovation.ae/assets/7278ec8f1975e6ee-smooth-scroll.js HTTP/2.0" 200 738 "https://reviverenovation.ae/" "Mozilla/5.0 (Macintosh; Intel Mac OS X 10_15_7) AppleWebKit/537.36 (KHTML, like Gecko) Chrome/151.0.0.0 Safari/537.36"
94.207.75.175 - - [17/Aug/2026:15:34:58 +0000] "GET /wp-content/cache/speedycache/reviverenovation.ae/assets/57c950ff2ac8ff7e-animations.js HTTP/2.0" 200 1244 "https://reviverenovation.ae/" "Mozilla/5.0 (Macintosh; Intel Mac OS X 10_15_7) AppleWebKit/537.36 (KHTML, like Gecko) Chrome/151.0.0.0 Safari/537.36"
94.207.75.175 - - [17/Aug/2026:15:34:58 +0000] "GET /wp-content/cache/speedycache/reviverenovation.ae/assets/3e3350c88b93ffda-wws.js HTTP/2.0" 200 2350 "https://reviverenovation.ae/" "Mozilla/5.0 (Macintosh; Intel Mac OS X 10_15_7) AppleWebKit/537.36 (KHTML, like Gecko) Chrome/151.0.0.0 Safari/537.36"
94.207.75.175 - - [17/Aug/2026:15:34:58 +0000] "GET /wp-content/cache/speedycache/reviverenovation.ae/assets/b90a6b6986dcecf7-astra-addon-69ddef01d1ba53-08965612.js HTTP/2.0" 200 9109 "https://reviverenovation.ae/" "Mozilla/5.0 (Macintosh; Intel Mac OS X 10_15_7) AppleWebKit/537.36 (KHTML, like Gecko) Chrome/151.0.0.0 Safari/537.36"
198.38.94.13 - - [17/Aug/2026:15:35:12 +0000] "POST /wp-cron.php?doing_wp_cron=1786980912.4631590843200683593750 HTTP/1.1" 200 - "-" "WordPress/7.0.4; https://reviverenovation.ae"
62.60.130.128 - - [17/Aug/2026:15:35:11 +0000] "GET /wp-admin/admin-ajax.php HTTP/1.1" 400 21 "-" "Mozilla/5.0 (Windows NT 10.0; Win64; x64) AppleWebKit/537.36 (KHTML, like Gecko) Chrome/126.0.0.0 Safari/537.36"
62.60.130.128 - - [17/Aug/2026:15:35:13 +0000] "POST /wp-admin/admin-ajax.php?meta-box-loader=1 HTTP/1.1" 200 - "-" "Mozilla/5.0 (Windows NT 10.0; Win64; x64; rv:128.0) Gecko/20100101 Firefox/128.0"
62.60.130.128 - - [17/Aug/2026:15:35:14 +0000] "GET /wp-content/plugins/pods/readme.txt HTTP/1.1" 200 9382 "-" "Mozilla/5.0 (Windows NT 10.0; Win64; x64; rv:128.0) Gecko/20100101 Firefox/128.0"
20.15.133.174 - - [17/Aug/2026:15:35:14 +0000] "GET /?sale/search/detail/?ITMCODE=p2i1a6s6t4e9r12288 HTTP/2.0" 200 33153 "-" "Mozilla/5.0 AppleWebKit/537.36 (KHTML, like Gecko; compatible; bingbot/2.0; +http://www.bing.com/bingbot.htm) Chrome/116.0.1938.76 Safari/537.36"
62.60.130.128 - - [17/Aug/2026:15:35:15 +0000] "POST /wp-admin/admin-ajax.php?meta-box-loader=1 HTTP/1.1" 200 - "-" "Mozilla/5.0 (X11; Linux x86_64) AppleWebKit/537.36 (KHTML, like Gecko) Chrome/125.0.0.0 Safari/537.36"
62.60.130.128 - - [17/Aug/2026:15:35:16 +0000] "GET /wp-login.php HTTP/1.1" 200 4497 "-" "Mozilla/5.0 (Windows NT 10.0; Win64; x64; rv:128.0) Gecko/20100101 Firefox/128.0"
62.60.130.128 - - [17/Aug/2026:15:35:18 +0000] "POST /wp-login.php HTTP/1.1" 200 4598 "https://reviverenovation.ae/wp-login.php" "Mozilla/5.0 (X11; Linux x86_64) AppleWebKit/537.36 (KHTML, like Gecko) Chrome/125.0.0.0 Safari/537.36"
62.60.130.128 - - [17/Aug/2026:15:35:20 +0000] "GET /wp-login.php HTTP/1.1" 200 4497 "-" "Mozilla/5.0 (X11; Linux x86_64) AppleWebKit/537.36 (KHTML, like Gecko) Chrome/125.0.0.0 Safari/537.36"
62.60.130.128 - - [17/Aug/2026:15:35:21 +0000] "POST /wp-login.php HTTP/1.1" 302 - "https://reviverenovation.ae/wp-login.php" "Mozilla/5.0 (X11; Linux x86_64) AppleWebKit/537.36 (KHTML, like Gecko) Chrome/125.0.0.0 Safari/537.36"
62.60.130.128 - - [17/Aug/2026:15:35:23 +0000] "GET /wp-admin/ HTTP/1.1" 200 83637 "https://reviverenovation.ae/wp-login.php" "Mozilla/5.0 (X11; Linux x86_64) AppleWebKit/537.36 (KHTML, like Gecko) Chrome/125.0.0.0 Safari/537.36"
62.60.130.128 - - [17/Aug/2026:15:35:28 +0000] "GET /wp-admin/ HTTP/1.1" 200 83635 "-" "Mozilla/5.0 (Windows NT 10.0; Win64; x64) AppleWebKit/537.36 (KHTML, like Gecko) Chrome/126.0.0.0 Safari/537.36"
66.249.79.36 - - [17/Aug/2026:15:35:28 +0000] "GET /?sale/search/detail/?ITMCODE=b7r1i6c4k9l3e3n9e8s3s6 HTTP/1.1" 200 29658 "-" "Mozilla/5.0 (Linux; Android 6.0.1; Nexus 5X Build/MMB29P) AppleWebKit/537.36 (KHTML, like Gecko) Chrome/150.0.7871.186 Mobile Safari/537.36 (compatible; Googlebot/2.1; +http://www.google.com/bot.html)"
62.60.130.128 - - [17/Aug/2026:15:35:30 +0000] "GET /wp-admin/plugin-install.php HTTP/1.1" 404 36370 "-" "Mozilla/5.0 (X11; Linux x86_64) AppleWebKit/537.36 (KHTML, like Gecko) Chrome/125.0.0.0 Safari/537.36"
62.60.130.128 - - [17/Aug/2026:15:35:33 +0000] "GET /wp-admin/users.php HTTP/1.1" 200 65919 "-" "Mozilla/5.0 (X11; Linux x86_64) AppleWebKit/537.36 (KHTML, like Gecko) Chrome/125.0.0.0 Safari/537.36"
62.60.130.128 - - [17/Aug/2026:15:35:36 +0000] "GET /wp-admin/plugin-install.php?tab=upload HTTP/1.1" 404 36375 "-" "Mozilla/5.0 (Windows NT 10.0; Win64; x64; rv:128.0) Gecko/20100101 Firefox/128.0"
62.60.130.128 - - [17/Aug/2026:15:35:38 +0000] "POST /wp-json/wp/v2/plugins HTTP/1.1" 400 117 "-" "Mozilla/5.0 (X11; Linux x86_64) AppleWebKit/537.36 (KHTML, like Gecko) Chrome/125.0.0.0 Safari/537.36"
62.60.130.128 - - [17/Aug/2026:15:35:40 +0000] "GET /wp-admin/theme-editor.php HTTP/1.1" 404 36345 "-" "Mozilla/5.0 (Windows NT 10.0; Win64; x64; rv:128.0) Gecko/20100101 Firefox/128.0"
20.15.133.174 - - [17/Aug/2026:15:35:43 +0000] "GET /?sale/search/detail/?ITMCODE=p8o3s5t3e3a796724 HTTP/2.0" 200 29569 "-" "Mozilla/5.0 AppleWebKit/537.36 (KHTML, like Gecko; compatible; bingbot/2.0; +http://www.bing.com/bingbot.htm) Chrome/116.0.1938.76 Safari/537.36"
62.60.130.128 - - [17/Aug/2026:15:35:43 +0000] "GET /wp-admin/plugin-editor.php HTTP/1.1" 200 81533 "-" "Mozilla/5.0 (Windows NT 10.0; Win64; x64) AppleWebKit/537.36 (KHTML, like Gecko) Chrome/126.0.0.0 Safari/537.36"
62.60.130.128 - - [17/Aug/2026:15:35:46 +0000] "GET /wp-json/wp/v2/users?per_page=20 HTTP/1.1" 200 1918 "-" "Mozilla/5.0 (X11; Linux x86_64) AppleWebKit/537.36 (KHTML, like Gecko) Chrome/125.0.0.0 Safari/537.36"
20.15.133.174 - - [17/Aug/2026:15:35:46 +0000] "GET /?sale/search/detail/?ITMCODE=w7h3o3s1o9048956 HTTP/2.0" 200 30235 "-" "Mozilla/5.0 AppleWebKit/537.36 (KHTML, like Gecko; compatible; bingbot/2.0; +http://www.bing.com/bingbot.htm) Chrome/116.0.1938.76 Safari/537.36"
62.60.130.128 - - [17/Aug/2026:15:35:48 +0000] "GET /?author=1 HTTP/1.1" 301 - "-" "Mozilla/5.0 (Windows NT 10.0; Win64; x64; rv:128.0) Gecko/20100101 Firefox/128.0"
62.60.130.128 - - [17/Aug/2026:15:35:50 +0000] "GET /author/reviverenovation/ HTTP/1.1" 200 54883 "-" "Mozilla/5.0 (Windows NT 10.0; Win64; x64; rv:128.0) Gecko/20100101 Firefox/128.0"
20.15.133.174 - - [17/Aug/2026:15:35:53 +0000] "GET /?sale/search/detail/?ITMCODE=w7h2e0e3z0y771400 HTTP/2.0" 200 29221 "-" "Mozilla/5.0 AppleWebKit/537.36 (KHTML, like Gecko; compatible; bingbot/2.0; +http://www.bing.com/bingbot.htm) Chrome/116.0.1938.76 Safari/537.36"
62.60.130.128 - - [17/Aug/2026:15:35:53 +0000] "GET /?author=2 HTTP/1.1" 200 50147 "-" "Mozilla/5.0 (Windows NT 10.0; Win64; x64) AppleWebKit/537.36 (KHTML, like Gecko) Chrome/126.0.0.0 Safari/537.36"
62.60.130.128 - - [17/Aug/2026:15:35:56 +0000] "GET /?author=3 HTTP/1.1" 200 50144 "-" "Mozilla/5.0 (X11; Linux x86_64) AppleWebKit/537.36 (KHTML, like Gecko) Chrome/125.0.0.0 Safari/537.36"
62.60.130.128 - - [17/Aug/2026:15:35:59 +0000] "GET /?author=4 HTTP/1.1" 200 50142 "-" "Mozilla/5.0 (X11; Linux x86_64) AppleWebKit/537.36 (KHTML, like Gecko) Chrome/125.0.0.0 Safari/537.36"
20.15.133.174 - - [17/Aug/2026:15:36:04 +0000] "GET /?sale/search/detail/?ITMCODE=m4a4s5s9p5r7o1d6u8c8ed HTTP/2.0" 200 29817 "-" "Mozilla/5.0 AppleWebKit/537.36 (KHTML, like Gecko; compatible; bingbot/2.0; +http://www.bing.com/bingbot.htm) Chrome/116.0.1938.76 Safari/537.36"
62.60.130.128 - - [17/Aug/2026:15:36:03 +0000] "GET /?author=5 HTTP/1.1" 200 50342 "-" "Mozilla/5.0 (X11; Linux x86_64) AppleWebKit/537.36 (KHTML, like Gecko) Chrome/125.0.0.0 Safari/537.36"
62.60.130.128 - - [17/Aug/2026:15:36:06 +0000] "GET /?author=6 HTTP/1.1" 200 50142 "-" "Mozilla/5.0 (X11; Linux x86_64) AppleWebKit/537.36 (KHTML, like Gecko) Chrome/125.0.0.0 Safari/537.36"
66.249.79.32 - - [17/Aug/2026:15:36:09 +0000] "GET /?sale/search/detail/?ITMCODE=m7o2n0i5s0h9e7r9024 HTTP/1.1" 200 29754 "-" "Mozilla/5.0 (Linux; Android 6.0.1; Nexus 5X Build/MMB29P) AppleWebKit/537.36 (KHTML, like Gecko) Chrome/150.0.7871.186 Mobile Safari/537.36 (compatible; Googlebot/2.1; +http://www.google.com/bot.html)"
66.249.79.37 - - [17/Aug/2026:15:36:09 +0000] "GET /?sale/search/detail/?ITMCODE=f7o8u9r2c4o1r9n3e9r8ed HTTP/1.1" 200 30043 "-" "Mozilla/5.0 (Linux; Android 6.0.1; Nexus 5X Build/MMB29P) AppleWebKit/537.36 (KHTML, like Gecko) Chrome/150.0.7871.186 Mobile Safari/537.36 (compatible; Googlebot/2.1; +http://www.google.com/bot.html)"
62.60.130.128 - - [17/Aug/2026:15:36:09 +0000] "GET /?author=7 HTTP/1.1" 200 50147 "-" "Mozilla/5.0 (Windows NT 10.0; Win64; x64) AppleWebKit/537.36 (KHTML, like Gecko) Chrome/126.0.0.0 Safari/537.36"
198.38.94.13 - - [17/Aug/2026:15:36:15 +0000] "POST /wp-cron.php?doing_wp_cron=1786980975.2903850078582763671875 HTTP/1.1" 200 - "-" "WordPress/7.0.4; https://reviverenovation.ae"
62.60.130.128 - - [17/Aug/2026:15:36:12 +0000] "GET /?author=8 HTTP/1.1" 200 50152 "-" "Mozilla/5.0 (Windows NT 10.0; Win64; x64) AppleWebKit/537.36 (KHTML, like Gecko) Chrome/126.0.0.0 Safari/537.36"
20.15.133.175 - - [17/Aug/2026:15:36:15 +0000] "GET /?sale/search/detail/?ITMCODE=m8a1t1h0e1m4a3t0i0c8ian HTTP/2.0" 200 30543 "-" "Mozilla/5.0 AppleWebKit/537.36 (KHTML, like Gecko; compatible; bingbot/2.0; +http://www.bing.com/bingbot.htm) Chrome/116.0.1938.76 Safari/537.36"
62.60.130.128 - - [17/Aug/2026:15:36:16 +0000] "GET /?author=9 HTTP/1.1" 200 50144 "-" "Mozilla/5.0 (X11; Linux x86_64) AppleWebKit/537.36 (KHTML, like Gecko) Chrome/125.0.0.0 Safari/537.36"
62.60.130.128 - - [17/Aug/2026:15:36:19 +0000] "GET /?author=10 HTTP/1.1" 404 36356 "-" "Mozilla/5.0 (Windows NT 10.0; Win64; x64; rv:128.0) Gecko/20100101 Firefox/128.0"
62.60.130.128 - - [17/Aug/2026:15:36:22 +0000] "GET /wp-admin/users.php HTTP/1.1" 200 65904 "-" "Mozilla/5.0 (Windows NT 10.0; Win64; x64; rv:128.0) Gecko/20100101 Firefox/128.0"
20.15.133.175 - - [17/Aug/2026:15:36:34 +0000] "GET /?sale/search/detail/?ITMCODE=w5i9n9d6f1e2r2t3i5l2ized HTTP/2.0" 200 32338 "-" "Mozilla/5.0 AppleWebKit/537.36 (KHTML, like Gecko; compatible; bingbot/2.0; +http://www.bing.com/bingbot.htm) Chrome/116.0.1938.76 Safari/537.36"
66.249.79.37 - - [17/Aug/2026:15:36:44 +0000] "GET /?sale/search/detail/?ITMCODE=f7l2u7i7d9n0e9s1s0 HTTP/1.1" 200 30939 "-" "Mozilla/5.0 (Linux; Android 6.0.1; Nexus 5X Build/MMB29P) AppleWebKit/537.36 (KHTML, like Gecko) Chrome/150.0.7871.186 Mobile Safari/537.36 (compatible; Googlebot/2.1; +http://www.google.com/bot.html)"
39.34.143.217 - - [17/Aug/2026:15:36:54 +0000] "GET /wp-content/cache/speedycache/reviverenovation.ae/assets/3e3350c88b93ffda-wws.js HTTP/2.0" 304 - "-" "Mozilla/5.0 (Windows NT 10.0; Win64; x64) AppleWebKit/537.36 (KHTML, like Gecko) Chrome/151.0.0.0 Safari/537.36"
39.34.143.217 - - [17/Aug/2026:15:36:54 +0000] "GET /wp-content/cache/speedycache/reviverenovation.ae/assets/b90a6b6986dcecf7-astra-addon-69ddef01d1ba53-08965612.js HTTP/2.0" 304 - "-" "Mozilla/5.0 (Windows NT 10.0; Win64; x64) AppleWebKit/537.36 (KHTML, like Gecko) Chrome/151.0.0.0 Safari/537.36"
