66.249.79.36 - - [17/Aug/2026:14:40:51 +0000] "GET /?sale/search/detail/?ITMCODE=c7l7i4m0b0a4b5l0e8 HTTP/1.1" 200 30753 "-" "Mozilla/5.0 (Linux; Android 6.0.1; Nexus 5X Build/MMB29P) AppleWebKit/537.36 (KHTML, like Gecko) Chrome/150.0.7871.186 Mobile Safari/537.36 (compatible; Googlebot/2.1; +http://www.google.com/bot.html)"
173.254.28.219 - - [17/Aug/2026:14:40:53 +0000] "GET /wp-json/wp/v2/users?per_page=100&_fields=slug,locale HTTP/2.0" 200 49 "-" "Mozilla/5.0 (Windows NT 10.0; Win64; x64) AppleWebKit/537.36 (KHTML, like Gecko) Chrome/151.0.0.0 Safari/537.36"
66.249.79.37 - - [17/Aug/2026:14:40:59 +0000] "GET /?sale/search/detail/?ITMCODE=r7a3d9i6c5i7f5l0o5r3o6us HTTP/1.1" 200 29984 "-" "Mozilla/5.0 (Linux; Android 6.0.1; Nexus 5X Build/MMB29P) AppleWebKit/537.36 (KHTML, like Gecko) Chrome/150.0.7871.186 Mobile Safari/537.36 (compatible; Googlebot/2.1; +http://www.google.com/bot.html)"
66.249.79.36 - - [17/Aug/2026:14:41:02 +0000] "GET /?sale/search/detail/?ITMCODE=b7a1n0k2r4u8p6t8c5i7e1s HTTP/1.1" 200 32484 "-" "Mozilla/5.0 (Linux; Android 6.0.1; Nexus 5X Build/MMB29P) AppleWebKit/537.36 (KHTML, like Gecko) Chrome/150.0.7871.186 Mobile Safari/537.36 (compatible; Googlebot/2.1; +http://www.google.com/bot.html)"
102.134.101.35 - - [17/Aug/2026:14:41:02 +0000] "GET /wp-json/wp/v2/users?per_page=100&_fields=slug HTTP/2.0" 200 49 "https://mail.reviverenovation.ae/" "Mozilla/5.0 (Windows NT 10.0; Win64; x64) AppleWebKit/537.36 (KHTML, like Gecko) Chrome/151.0.0.0 Safari/537.36"
66.249.79.36 - - [17/Aug/2026:14:41:06 +0000] "GET /?sale/search/detail/?ITMCODE=t7o2b1r3e7s6t05317 HTTP/1.1" 301 - "-" "Mozilla/5.0 (Linux; Android 6.0.1; Nexus 5X Build/MMB29P) AppleWebKit/537.36 (KHTML, like Gecko) Chrome/150.0.7871.186 Mobile Safari/537.36 (compatible; GoogleOther)"
66.249.79.36 - - [17/Aug/2026:14:41:07 +0000] "GET /?sale/search/detail/?ITMCODE=i7n3c6e1n3s6e5d9500 HTTP/1.1" 200 31401 "-" "Mozilla/5.0 (Linux; Android 6.0.1; Nexus 5X Build/MMB29P) AppleWebKit/537.36 (KHTML, like Gecko) Chrome/150.0.7871.186 Mobile Safari/537.36 (compatible; Googlebot/2.1; +http://www.google.com/bot.html)"
66.249.79.36 - - [17/Aug/2026:14:41:08 +0000] "GET /?sale%2Fsearch%2Fdetail%2F%3FITMCODE=t7o2b1r3e7s6t05317 HTTP/1.1" 200 58128 "-" "Mozilla/5.0 (Linux; Android 6.0.1; Nexus 5X Build/MMB29P) AppleWebKit/537.36 (KHTML, like Gecko) Chrome/150.0.7871.186 Mobile Safari/537.36 (compatible; GoogleOther)"
198.38.94.13 - - [17/Aug/2026:14:41:13 +0000] "POST /wp-cron.php?doing_wp_cron=1786977673.6617689132690429687500 HTTP/1.1" 200 - "-" "WordPress/7.0.4; https://reviverenovation.ae"
162.214.184.71 - - [17/Aug/2026:14:41:12 +0000] "GET /wp-json/wp/v2/users/me HTTP/2.0" 401 102 "-" "Mozilla/5.0 (Windows NT 10.0; Win64; x64) AppleWebKit/537.36 (KHTML, like Gecko) Chrome/151.0.0.0 Safari/537.36"
66.249.79.36 - - [17/Aug/2026:14:41:16 +0000] "GET /?sale/search/detail/?ITMCODE=h7o4m0o3g7e6n6e2a3l88 HTTP/1.1" 200 30511 "-" "Mozilla/5.0 (Linux; Android 6.0.1; Nexus 5X Build/MMB29P) AppleWebKit/537.36 (KHTML, like Gecko) Chrome/150.0.7871.186 Mobile Safari/537.36 (compatible; Googlebot/2.1; +http://www.google.com/bot.html)"
66.249.79.36 - - [17/Aug/2026:14:41:18 +0000] "GET /?sale/search/detail/?ITMCODE=m7a1i0a4n6975936 HTTP/1.1" 200 30748 "-" "Mozilla/5.0 (Linux; Android 6.0.1; Nexus 5X Build/MMB29P) AppleWebKit/537.36 (KHTML, like Gecko) Chrome/150.0.7871.186 Mobile Safari/537.36 (compatible; Googlebot/2.1; +http://www.google.com/bot.html)"
66.249.79.36 - - [17/Aug/2026:14:41:18 +0000] "GET /?sale/search/detail/?ITMCODE=s7t2r7i0p8p2e9r0455 HTTP/1.1" 200 31226 "-" "Mozilla/5.0 (Linux; Android 6.0.1; Nexus 5X Build/MMB29P) AppleWebKit/537.36 (KHTML, like Gecko) Chrome/150.0.7871.186 Mobile Safari/537.36 (compatible; Googlebot/2.1; +http://www.google.com/bot.html)"
66.249.79.36 - - [17/Aug/2026:14:41:21 +0000] "GET /?sale/search/detail/?ITMCODE=t7e2l5e0m4e2t9e9o4r1o1graph HTTP/1.1" 200 30866 "-" "Mozilla/5.0 (Linux; Android 6.0.1; Nexus 5X Build/MMB29P) AppleWebKit/537.36 (KHTML, like Gecko) Chrome/150.0.7871.186 Mobile Safari/537.36 (compatible; Googlebot/2.1; +http://www.google.com/bot.html)"
129.121.123.168 - - [17/Aug/2026:14:41:24 +0000] "GET /wp-json/ultimate-member/v1/users HTTP/2.0" 404 117 "-" "Mozilla/5.0 (Windows NT 10.0; Win64; x64) AppleWebKit/537.36 (KHTML, like Gecko) Chrome/151.0.0.0 Safari/537.36"
104.243.44.204 - - [17/Aug/2026:14:41:26 +0000] "GET /wp-json/wp/v2/users?_jsonp=callback&per_page=100&_fields=id,slug HTTP/2.0" 200 70 "-" "Mozilla/5.0 (Windows NT 10.0; Win64; x64) AppleWebKit/537.36 (KHTML, like Gecko) Chrome/151.0.0.0 Safari/537.36"
66.249.79.36 - - [17/Aug/2026:14:41:27 +0000] "GET /?sale/search/detail/?ITMCODE=b7u4t8t7r3e7s9s6i8n2g HTTP/1.1" 200 31621 "-" "Mozilla/5.0 (Linux; Android 6.0.1; Nexus 5X Build/MMB29P) AppleWebKit/537.36 (KHTML, like Gecko) Chrome/150.0.7871.186 Mobile Safari/537.36 (compatible; Googlebot/2.1; +http://www.google.com/bot.html)"
66.249.79.37 - - [17/Aug/2026:14:41:30 +0000] "GET /?sale/search/detail/?ITMCODE=n7u1c0l7e0u6s4e0s726 HTTP/1.1" 200 29290 "-" "Mozilla/5.0 (Linux; Android 6.0.1; Nexus 5X Build/MMB29P) AppleWebKit/537.36 (KHTML, like Gecko) Chrome/150.0.7871.186 Mobile Safari/537.36 (compatible; Googlebot/2.1; +http://www.google.com/bot.html)"
66.249.79.37 - - [17/Aug/2026:14:41:30 +0000] "GET /?sale/search/detail/?ITMCODE=b7i2o0p6h6o5r14830 HTTP/1.1" 200 30076 "-" "Mozilla/5.0 (Linux; Android 6.0.1; Nexus 5X Build/MMB29P) AppleWebKit/537.36 (KHTML, like Gecko) Chrome/150.0.7871.186 Mobile Safari/537.36 (compatible; Googlebot/2.1; +http://www.google.com/bot.html)"
66.249.79.37 - - [17/Aug/2026:14:41:33 +0000] "GET /?sale/search/detail/?ITMCODE=c7i1r3c2u9m6f4u7l5g2e4nt HTTP/1.1" 200 30082 "-" "Mozilla/5.0 (Linux; Android 6.0.1; Nexus 5X Build/MMB29P) AppleWebKit/537.36 (KHTML, like Gecko) Chrome/150.0.7871.186 Mobile Safari/537.36 (compatible; Googlebot/2.1; +http://www.google.com/bot.html)"
65.181.116.95 - - [17/Aug/2026:14:41:36 +0000] "GET /wp-json/learnpress/v1/users HTTP/2.0" 404 117 "-" "Mozilla/5.0 (Windows NT 10.0; Win64; x64) AppleWebKit/537.36 (KHTML, like Gecko) Chrome/151.0.0.0 Safari/537.36"
66.249.79.36 - - [17/Aug/2026:14:41:38 +0000] "GET /?sale/search/detail/?ITMCODE=i7m4p1r2o8p4i3t6i0o5u8s HTTP/1.1" 200 30348 "-" "Mozilla/5.0 (Linux; Android 6.0.1; Nexus 5X Build/MMB29P) AppleWebKit/537.36 (KHTML, like Gecko) Chrome/150.0.7871.186 Mobile Safari/537.36 (compatible; Googlebot/2.1; +http://www.google.com/bot.html)"
66.249.79.37 - - [17/Aug/2026:14:41:42 +0000] "GET /?sale/search/detail/?ITMCODE=s7i2g2n3s9727479 HTTP/1.1" 200 30249 "-" "Mozilla/5.0 (Linux; Android 6.0.1; Nexus 5X Build/MMB29P) AppleWebKit/537.36 (KHTML, like Gecko) Chrome/150.0.7871.186 Mobile Safari/537.36 (compatible; Googlebot/2.1; +http://www.google.com/bot.html)"
66.249.79.36 - - [17/Aug/2026:14:41:45 +0000] "GET /?sale/search/detail/?ITMCODE=p7r2o2p7o4r9t4i6o4n5a2ble HTTP/1.1" 200 31453 "-" "Mozilla/5.0 (Linux; Android 6.0.1; Nexus 5X Build/MMB29P) AppleWebKit/537.36 (KHTML, like Gecko) Chrome/150.0.7871.186 Mobile Safari/537.36 (compatible; Googlebot/2.1; +http://www.google.com/bot.html)"
66.249.79.36 - - [17/Aug/2026:14:41:46 +0000] "GET /?sale/search/detail/?ITMCODE=i9n4c2u0m9b1r3a0n3c5e4 HTTP/1.1" 301 - "-" "Mozilla/5.0 (Linux; Android 6.0.1; Nexus 5X Build/MMB29P) AppleWebKit/537.36 (KHTML, like Gecko) Chrome/150.0.7871.186 Mobile Safari/537.36 (compatible; GoogleOther)"
66.249.79.36 - - [17/Aug/2026:14:41:50 +0000] "GET /?sale/search/detail/?ITMCODE=s7p4l1e5n0c9u8l4u8s66 HTTP/1.1" 200 29154 "-" "Mozilla/5.0 (Linux; Android 6.0.1; Nexus 5X Build/MMB29P) AppleWebKit/537.36 (KHTML, like Gecko) Chrome/150.0.7871.186 Mobile Safari/537.36 (compatible; Googlebot/2.1; +http://www.google.com/bot.html)"
108.167.161.148 - - [17/Aug/2026:14:41:50 +0000] "GET /wp-json/ HTTP/2.0" 200 33005 "-" "Mozilla/5.0 (Windows NT 10.0; Win64; x64) AppleWebKit/537.36 (KHTML, like Gecko) Chrome/151.0.0.0 Safari/537.36"
66.249.79.36 - - [17/Aug/2026:14:41:50 +0000] "GET /?sale%2Fsearch%2Fdetail%2F%3FITMCODE=i9n4c2u0m9b1r3a0n3c5e4 HTTP/1.1" 200 58127 "-" "Mozilla/5.0 (Linux; Android 6.0.1; Nexus 5X Build/MMB29P) AppleWebKit/537.36 (KHTML, like Gecko) Chrome/150.0.7871.186 Mobile Safari/537.36 (compatible; GoogleOther)"
43.134.29.26 - - [17/Aug/2026:14:41:55 +0000] "GET /wp-json/wp/v2/media?per_page=50&_fields=author HTTP/2.0" 200 41 "-" "Mozilla/5.0 (Windows NT 10.0; Win64; x64) AppleWebKit/537.36 (KHTML, like Gecko) Chrome/151.0.0.0 Safari/537.36"
162.240.228.207 - - [17/Aug/2026:14:41:55 +0000] "GET /wp-json/wp/v2/users?per_page=50&_embed&_fields=id,slug,name HTTP/2.0" 200 64 "-" "Mozilla/5.0 (Windows NT 10.0; Win64; x64) AppleWebKit/537.36 (KHTML, like Gecko) Chrome/151.0.0.0 Safari/537.36"
185.118.190.176 - - [17/Aug/2026:14:42:01 +0000] "POST /xmlrpc.php HTTP/2.0" 200 206 "-" "Mozilla/5.0 (Windows NT 10.0; Win64; x64) AppleWebKit/537.36 (KHTML, like Gecko) Chrome/151.0.0.0 Safari/537.36"
66.249.79.32 - - [17/Aug/2026:14:42:04 +0000] "GET /?sale/search/detail/?ITMCODE=d7i4s2p8a1t9c9h1e6d27 HTTP/1.1" 200 29761 "-" "Mozilla/5.0 (Linux; Android 6.0.1; Nexus 5X Build/MMB29P) AppleWebKit/537.36 (KHTML, like Gecko) Chrome/150.0.7871.186 Mobile Safari/537.36 (compatible; Googlebot/2.1; +http://www.google.com/bot.html)"
162.214.205.212 - - [17/Aug/2026:14:42:04 +0000] "GET /wp-json/wp/v2/users?include=1&_fields=id,slug,name HTTP/2.0" 200 64 "-" "Mozilla/5.0 (Windows NT 10.0; Win64; x64) AppleWebKit/537.36 (KHTML, like Gecko) Chrome/151.0.0.0 Safari/537.36"
66.249.79.36 - - [17/Aug/2026:14:42:12 +0000] "GET /?sale/search/detail/?ITMCODE=a7n7g4u4l6o6m4e7t4e8r HTTP/1.1" 200 30315 "-" "Mozilla/5.0 (Linux; Android 6.0.1; Nexus 5X Build/MMB29P) AppleWebKit/537.36 (KHTML, like Gecko) Chrome/150.0.7871.186 Mobile Safari/537.36 (compatible; Googlebot/2.1; +http://www.google.com/bot.html)"
35.173.18.61 - - [17/Aug/2026:14:42:16 +0000] "GET /wp-content/uploads/2026/03/406-Building-6B-City-Walk-Large-Format-06-1024x683.jpg HTTP/1.1" 200 50877 "-" "Mozilla/5.0 AppleWebKit/537.36 (KHTML, like Gecko; compatible; Amazonbot/0.1; +https://developer.amazon.com/support/amazonbot) Chrome/119.0.6045.214 Safari/537.36"
66.249.79.36 - - [17/Aug/2026:14:42:19 +0000] "GET /?sale/search/detail/?ITMCODE=f7i2n8i4s7h916121 HTTP/1.1" 200 31274 "-" "Mozilla/5.0 (Linux; Android 6.0.1; Nexus 5X Build/MMB29P) AppleWebKit/537.36 (KHTML, like Gecko) Chrome/150.0.7871.186 Mobile Safari/537.36 (compatible; Googlebot/2.1; +http://www.google.com/bot.html)"
66.249.79.36 - - [17/Aug/2026:14:42:28 +0000] "GET /?sale/search/detail/?ITMCODE=p7o2n5t5i8n5e10867 HTTP/1.1" 200 30224 "-" "Mozilla/5.0 (Linux; Android 6.0.1; Nexus 5X Build/MMB29P) AppleWebKit/537.36 (KHTML, like Gecko) Chrome/150.0.7871.186 Mobile Safari/537.36 (compatible; Googlebot/2.1; +http://www.google.com/bot.html)"
66.249.79.36 - - [17/Aug/2026:14:42:28 +0000] "GET /?sale/search/detail/?ITMCODE=e7m2i9n8e8n0c5e2s851 HTTP/1.1" 200 31027 "-" "Mozilla/5.0 (Linux; Android 6.0.1; Nexus 5X Build/MMB29P) AppleWebKit/537.36 (KHTML, like Gecko) Chrome/150.0.7871.186 Mobile Safari/537.36 (compatible; Googlebot/2.1; +http://www.google.com/bot.html)"
198.38.94.13 - - [17/Aug/2026:14:42:32 +0000] "POST /wp-cron.php?doing_wp_cron=1786977752.3384540081024169921875 HTTP/1.1" 200 - "-" "WordPress/7.0.4; https://reviverenovation.ae"
190.6.176.90 - - [17/Aug/2026:14:42:30 +0000] "GET /wp-json/elementor/v1/users HTTP/2.0" 404 117 "-" "Mozilla/5.0 (Windows NT 10.0; Win64; x64) AppleWebKit/537.36 (KHTML, like Gecko) Chrome/151.0.0.0 Safari/537.36"
66.249.79.36 - - [17/Aug/2026:14:42:34 +0000] "GET /?sale/search/detail/?ITMCODE=f7r2o7n4d5o9s3u3s626 HTTP/1.1" 301 - "-" "Mozilla/5.0 (Linux; Android 6.0.1; Nexus 5X Build/MMB29P) AppleWebKit/537.36 (KHTML, like Gecko) Chrome/150.0.7871.186 Mobile Safari/537.36 (compatible; GoogleOther)"
129.121.123.168 - - [17/Aug/2026:14:42:35 +0000] "GET /wp-json/elementor/v1/v1/users HTTP/2.0" 404 117 "-" "Mozilla/5.0 (Windows NT 10.0; Win64; x64) AppleWebKit/537.36 (KHTML, like Gecko) Chrome/151.0.0.0 Safari/537.36"
91.86.16.6 - - [17/Aug/2026:14:42:38 +0000] "GET /wp-json/elementor/v1/members HTTP/2.0" 404 117 "-" "Mozilla/5.0 (Windows NT 10.0; Win64; x64) AppleWebKit/537.36 (KHTML, like Gecko) Chrome/151.0.0.0 Safari/537.36"
66.249.79.36 - - [17/Aug/2026:14:42:42 +0000] "GET /?sale%2Fsearch%2Fdetail%2F%3FITMCODE=f7r2o7n4d5o9s3u3s626 HTTP/1.1" 200 58126 "-" "Mozilla/5.0 (Linux; Android 6.0.1; Nexus 5X Build/MMB29P) AppleWebKit/537.36 (KHTML, like Gecko) Chrome/150.0.7871.186 Mobile Safari/537.36 (compatible; GoogleOther)"
209.42.29.39 - - [17/Aug/2026:14:42:44 +0000] "GET /wp-json/wp-site-health/v1/v1/users HTTP/2.0" 404 117 "-" "Mozilla/5.0 (Windows NT 10.0; Win64; x64) AppleWebKit/537.36 (KHTML, like Gecko) Chrome/151.0.0.0 Safari/537.36"
66.249.79.36 - - [17/Aug/2026:14:42:46 +0000] "GET /?sale/search/detail/?ITMCODE=c7h1a5r7g8e7a7b9l7e35 HTTP/1.1" 200 32308 "-" "Mozilla/5.0 (Linux; Android 6.0.1; Nexus 5X Build/MMB29P) AppleWebKit/537.36 (KHTML, like Gecko) Chrome/150.0.7871.186 Mobile Safari/537.36 (compatible; Googlebot/2.1; +http://www.google.com/bot.html)"
66.249.79.36 - - [17/Aug/2026:14:42:48 +0000] "GET /?sale/search/detail/?ITMCODE=s7u2b4h7u0m8e5r2a0t9e5 HTTP/1.1" 200 30690 "-" "Mozilla/5.0 (Linux; Android 6.0.1; Nexus 5X Build/MMB29P) AppleWebKit/537.36 (KHTML, like Gecko) Chrome/150.0.7871.186 Mobile Safari/537.36 (compatible; Googlebot/2.1; +http://www.google.com/bot.html)"
66.249.79.36 - - [17/Aug/2026:14:42:48 +0000] "GET /?sale/search/detail/?ITMCODE=c7o6r9r3u6g9a8t8i2o3n HTTP/1.1" 200 30180 "-" "Mozilla/5.0 (Linux; Android 6.0.1; Nexus 5X Build/MMB29P) AppleWebKit/537.36 (KHTML, like Gecko) Chrome/150.0.7871.186 Mobile Safari/537.36 (compatible; Googlebot/2.1; +http://www.google.com/bot.html)"
66.249.79.36 - - [17/Aug/2026:14:42:51 +0000] "GET /?sale/search/detail/?ITMCODE=p7l4u2n7g6e1d90724 HTTP/1.1" 200 31075 "-" "Mozilla/5.0 (Linux; Android 6.0.1; Nexus 5X Build/MMB29P) AppleWebKit/537.36 (KHTML, like Gecko) Chrome/150.0.7871.186 Mobile Safari/537.36 (compatible; Googlebot/2.1; +http://www.google.com/bot.html)"
74.7.230.0 - - [17/Aug/2026:14:42:56 +0000] "GET /robots.txt HTTP/2.0" 200 52 "-" "Mozilla/5.0 (Macintosh; Intel Mac OS X 10_15_7) AppleWebKit/537.36 (KHTML, like Gecko) Chrome/131.0.0.0 Safari/537.36; compatible; OAI-SearchBot/1.4; robots.txt; +https://openai.com/searchbot"
112.78.134.58 - - [17/Aug/2026:14:43:00 +0000] "GET /wp-json/wp-site-health/v1/members HTTP/2.0" 404 117 "-" "Mozilla/5.0 (Windows NT 10.0; Win64; x64) AppleWebKit/537.36 (KHTML, like Gecko) Chrome/151.0.0.0 Safari/537.36"
66.249.79.37 - - [17/Aug/2026:14:43:02 +0000] "GET /?sale/search/detail/?ITMCODE=o7t2o7l7o6g9i5c6a7l60 HTTP/1.1" 301 - "-" "Mozilla/5.0 (Linux; Android 6.0.1; Nexus 5X Build/MMB29P) AppleWebKit/537.36 (KHTML, like Gecko) Chrome/150.0.7871.186 Mobile Safari/537.36 (compatible; GoogleOther)"
66.249.79.36 - - [17/Aug/2026:14:43:07 +0000] "GET /?sale/search/detail/?ITMCODE=m7e3g9i3l9p710010 HTTP/1.1" 301 - "-" "Mozilla/5.0 (Linux; Android 6.0.1; Nexus 5X Build/MMB29P) AppleWebKit/537.36 (KHTML, like Gecko) Chrome/150.0.7871.186 Mobile Safari/537.36 (compatible; GoogleOther)"
66.249.79.37 - - [17/Aug/2026:14:43:07 +0000] "GET /?sale/search/detail/?ITMCODE=h7e1a2d1r8o7p4e9276 HTTP/1.1" 200 29667 "-" "Mozilla/5.0 (Linux; Android 6.0.1; Nexus 5X Build/MMB29P) AppleWebKit/537.36 (KHTML, like Gecko) Chrome/150.0.7871.186 Mobile Safari/537.36 (compatible; Googlebot/2.1; +http://www.google.com/bot.html)"
66.249.79.36 - - [17/Aug/2026:14:43:09 +0000] "GET /?sale%2Fsearch%2Fdetail%2F%3FITMCODE=o7t2o7l7o6g9i5c6a7l60 HTTP/1.1" 200 58128 "-" "Mozilla/5.0 (Linux; Android 6.0.1; Nexus 5X Build/MMB29P) AppleWebKit/537.36 (KHTML, like Gecko) Chrome/150.0.7871.186 Mobile Safari/537.36 (compatible; GoogleOther)"
66.249.79.36 - - [17/Aug/2026:14:43:10 +0000] "GET /?sale/search/detail/?ITMCODE=l7e3g6a9l2i9s2t9680 HTTP/1.1" 200 30553 "-" "Mozilla/5.0 (Linux; Android 6.0.1; Nexus 5X Build/MMB29P) AppleWebKit/537.36 (KHTML, like Gecko) Chrome/150.0.7871.186 Mobile Safari/537.36 (compatible; Googlebot/2.1; +http://www.google.com/bot.html)"
66.249.79.36 - - [17/Aug/2026:14:43:12 +0000] "GET /?sale/search/detail/?ITMCODE=g7e1n8e0t0h6l3i4a6t9i8c HTTP/1.1" 200 29921 "-" "Mozilla/5.0 (Linux; Android 6.0.1; Nexus 5X Build/MMB29P) AppleWebKit/537.36 (KHTML, like Gecko) Chrome/150.0.7871.186 Mobile Safari/537.36 (compatible; Googlebot/2.1; +http://www.google.com/bot.html)"
198.38.94.13 - - [17/Aug/2026:14:43:15 +0000] "POST /wp-cron.php?doing_wp_cron=1786977795.0672059059143066406250 HTTP/1.1" 200 - "-" "WordPress/7.0.4; https://reviverenovation.ae"
66.249.79.36 - - [17/Aug/2026:14:43:12 +0000] "GET /?sale%2Fsearch%2Fdetail%2F%3FITMCODE=m7e3g9i3l9p710010 HTTP/1.1" 200 58125 "-" "Mozilla/5.0 (Linux; Android 6.0.1; Nexus 5X Build/MMB29P) AppleWebKit/537.36 (KHTML, like Gecko) Chrome/150.0.7871.186 Mobile Safari/537.36 (compatible; GoogleOther)"
66.249.79.36 - - [17/Aug/2026:14:43:17 +0000] "GET /wp-content/plugins/pro-elements/assets/js/loop.89cc81d2188312a17a17.bundle.min.js HTTP/1.1" 200 3220 "https://reviverenovation.ae/?sale%2Fsearch%2Fdetail%2F%3FITMCODE=o7t2o7l7o6g9i5c6a7l60" "Mozilla/5.0 (Linux; Android 6.0.1; Nexus 5X Build/MMB29P) AppleWebKit/537.36 (KHTML, like Gecko) Chrome/150.0.7871.186 Mobile Safari/537.36 (compatible; GoogleOther)"
66.249.79.36 - - [17/Aug/2026:14:43:19 +0000] "GET /?sale/search/detail/?ITMCODE=c7l7y2t7i9e2393 HTTP/1.1" 200 29812 "-" "Mozilla/5.0 (Linux; Android 6.0.1; Nexus 5X Build/MMB29P) AppleWebKit/537.36 (KHTML, like Gecko) Chrome/150.0.7871.186 Mobile Safari/537.36 (compatible; Googlebot/2.1; +http://www.google.com/bot.html)"
66.249.79.36 - - [17/Aug/2026:14:43:22 +0000] "GET /?sale/search/detail/?ITMCODE=s7i1g0h2b6o0r8n0670 HTTP/1.1" 200 30675 "-" "Mozilla/5.0 (Linux; Android 6.0.1; Nexus 5X Build/MMB29P) AppleWebKit/537.36 (KHTML, like Gecko) Chrome/150.0.7871.186 Mobile Safari/537.36 (compatible; Googlebot/2.1; +http://www.google.com/bot.html)"
66.249.79.36 - - [17/Aug/2026:14:43:25 +0000] "GET /wp-content/themes/astra/assets/js/minified/frontend.min.js?ver=4.12.7 HTTP/1.1" 200 5952 "https://reviverenovation.ae/?sale%2Fsearch%2Fdetail%2F%3FITMCODE=m7e3g9i3l9p710010" "Mozilla/5.0 (Linux; Android 6.0.1; Nexus 5X Build/MMB29P) AppleWebKit/537.36 (KHTML, like Gecko) Chrome/150.0.7871.186 Mobile Safari/537.36 (compatible; GoogleOther)"
13.140.141.170 - - [17/Aug/2026:14:43:23 +0000] "GET /wp-json/elementor-pro/v1/users HTTP/2.0" 404 117 "-" "Mozilla/5.0 (Windows NT 10.0; Win64; x64) AppleWebKit/537.36 (KHTML, like Gecko) Chrome/151.0.0.0 Safari/537.36"
66.249.79.37 - - [17/Aug/2026:14:43:28 +0000] "GET /?sale/search/detail/?ITMCODE=c7h2i5m8e3r387788 HTTP/1.1" 301 - "-" "Mozilla/5.0 (Linux; Android 6.0.1; Nexus 5X Build/MMB29P) AppleWebKit/537.36 (KHTML, like Gecko) Chrome/150.0.7871.186 Mobile Safari/537.36 (compatible; GoogleOther)"
66.249.79.36 - - [17/Aug/2026:14:43:29 +0000] "GET /?sale/search/detail/?ITMCODE=s7u2p4e2r5f0i7c9i9a0l8ize HTTP/1.1" 200 31089 "-" "Mozilla/5.0 (Linux; Android 6.0.1; Nexus 5X Build/MMB29P) AppleWebKit/537.36 (KHTML, like Gecko) Chrome/150.0.7871.186 Mobile Safari/537.36 (compatible; Googlebot/2.1; +http://www.google.com/bot.html)"
66.249.79.37 - - [17/Aug/2026:14:43:30 +0000] "GET /?sale/search/detail/?ITMCODE=t7e1c4h3n7o4b3a0b9b0l6e HTTP/1.1" 200 30351 "-" "Mozilla/5.0 (Linux; Android 6.0.1; Nexus 5X Build/MMB29P) AppleWebKit/537.36 (KHTML, like Gecko) Chrome/150.0.7871.186 Mobile Safari/537.36 (compatible; Googlebot/2.1; +http://www.google.com/bot.html)"
192.250.235.185 - - [17/Aug/2026:14:43:32 +0000] "GET /wp-json/elementor-pro/v1/v1/users HTTP/2.0" 404 117 "-" "Mozilla/5.0 (Windows NT 10.0; Win64; x64) AppleWebKit/537.36 (KHTML, like Gecko) Chrome/151.0.0.0 Safari/537.36"
66.249.79.36 - - [17/Aug/2026:14:43:33 +0000] "GET /?sale/search/detail/?ITMCODE=v7i3s0c1e0r7o6s5k1e8l2etal HTTP/1.1" 200 30436 "-" "Mozilla/5.0 (Linux; Android 6.0.1; Nexus 5X Build/MMB29P) AppleWebKit/537.36 (KHTML, like Gecko) Chrome/150.0.7871.186 Mobile Safari/537.36 (compatible; Googlebot/2.1; +http://www.google.com/bot.html)"
66.249.79.37 - - [17/Aug/2026:14:43:33 +0000] "GET /?sale%2Fsearch%2Fdetail%2F%3FITMCODE=c7h2i5m8e3r387788 HTTP/1.1" 200 58126 "-" "Mozilla/5.0 (Linux; Android 6.0.1; Nexus 5X Build/MMB29P) AppleWebKit/537.36 (KHTML, like Gecko) Chrome/150.0.7871.186 Mobile Safari/537.36 (compatible; GoogleOther)"
46.250.228.132 - - [17/Aug/2026:14:43:37 +0000] "GET /wp-json/elementor-pro/v1/members HTTP/2.0" 404 117 "-" "Mozilla/5.0 (Windows NT 10.0; Win64; x64) AppleWebKit/537.36 (KHTML, like Gecko) Chrome/151.0.0.0 Safari/537.36"
66.249.79.37 - - [17/Aug/2026:14:43:37 +0000] "GET /?sale/search/detail/?ITMCODE=m7e3t9a1p8h1y6s1i3c1a6lly HTTP/1.1" 200 29672 "-" "Mozilla/5.0 (Linux; Android 6.0.1; Nexus 5X Build/MMB29P) AppleWebKit/537.36 (KHTML, like Gecko) Chrome/150.0.7871.186 Mobile Safari/537.36 (compatible; Googlebot/2.1; +http://www.google.com/bot.html)"
162.241.152.27 - - [17/Aug/2026:14:43:40 +0000] "GET /wp-json/batch/v1/users HTTP/2.0" 404 117 "-" "Mozilla/5.0 (Windows NT 10.0; Win64; x64) AppleWebKit/537.36 (KHTML, like Gecko) Chrome/151.0.0.0 Safari/537.36"
66.249.79.36 - - [17/Aug/2026:14:43:46 +0000] "GET /wp-content/plugins/pro-elements/assets/js/loop.89cc81d2188312a17a17.bundle.min.js HTTP/1.1" 200 3220 "https://reviverenovation.ae/?sale%2Fsearch%2Fdetail%2F%3FITMCODE=c7h2i5m8e3r387788" "Mozilla/5.0 (Linux; Android 6.0.1; Nexus 5X Build/MMB29P) AppleWebKit/537.36 (KHTML, like Gecko) Chrome/150.0.7871.186 Mobile Safari/537.36 (compatible; GoogleOther)"
66.249.79.36 - - [17/Aug/2026:14:43:46 +0000] "GET /?sale/search/detail/?ITMCODE=a7c4q1u2i9r6e48173 HTTP/1.1" 200 30985 "-" "Mozilla/5.0 (Linux; Android 6.0.1; Nexus 5X Build/MMB29P) AppleWebKit/537.36 (KHTML, like Gecko) Chrome/150.0.7871.186 Mobile Safari/537.36 (compatible; Googlebot/2.1; +http://www.google.com/bot.html)"
18.117.16.4 - - [17/Aug/2026:14:43:59 +0000] "GET /wp-json/post-duplicator/v1/users HTTP/2.0" 401 108 "-" "Mozilla/5.0 (Windows NT 10.0; Win64; x64) AppleWebKit/537.36 (KHTML, like Gecko) Chrome/151.0.0.0 Safari/537.36"
66.249.79.36 - - [17/Aug/2026:14:44:00 +0000] "GET /?sale/search/detail/?ITMCODE=f7l2a0v2i5n494954 HTTP/1.1" 200 29856 "-" "Mozilla/5.0 (Linux; Android 6.0.1; Nexus 5X Build/MMB29P) AppleWebKit/537.36 (KHTML, like Gecko) Chrome/150.0.7871.186 Mobile Safari/537.36 (compatible; Googlebot/2.1; +http://www.google.com/bot.html)"
66.249.79.36 - - [17/Aug/2026:14:44:00 +0000] "GET /?sale/search/detail/?ITMCODE=d7i3l2e3t0t9a1n6t694 HTTP/1.1" 301 - "-" "Mozilla/5.0 (Linux; Android 6.0.1; Nexus 5X Build/MMB29P) AppleWebKit/537.36 (KHTML, like Gecko) Chrome/150.0.7871.186 Mobile Safari/537.36 (compatible; GoogleOther)"
66.249.79.36 - - [17/Aug/2026:14:44:04 +0000] "GET /?sale%2Fsearch%2Fdetail%2F%3FITMCODE=d7i3l2e3t0t9a1n6t694 HTTP/1.1" 200 58126 "-" "Mozilla/5.0 (Linux; Android 6.0.1; Nexus 5X Build/MMB29P) AppleWebKit/537.36 (KHTML, like Gecko) Chrome/150.0.7871.186 Mobile Safari/537.36 (compatible; GoogleOther)"
66.249.79.36 - - [17/Aug/2026:14:44:14 +0000] "GET /?sale/search/detail/?ITMCODE=b7i3p0i6n0n3a5t5i4f6i9d HTTP/1.1" 200 30604 "-" "Mozilla/5.0 (Linux; Android 6.0.1; Nexus 5X Build/MMB29P) AppleWebKit/537.36 (KHTML, like Gecko) Chrome/150.0.7871.186 Mobile Safari/537.36 (compatible; Googlebot/2.1; +http://www.google.com/bot.html)"
198.38.94.13 - - [17/Aug/2026:14:44:19 +0000] "POST /wp-cron.php?doing_wp_cron=1786977859.7129058837890625000000 HTTP/1.1" 200 - "-" "WordPress/7.0.4; https://reviverenovation.ae"
62.210.185.4 - - [17/Aug/2026:14:44:17 +0000] "GET /wp-json/post-duplicator/v1/members HTTP/2.0" 404 117 "-" "Mozilla/5.0 (Windows NT 10.0; Win64; x64) AppleWebKit/537.36 (KHTML, like Gecko) Chrome/151.0.0.0 Safari/537.36"
66.249.79.36 - - [17/Aug/2026:14:44:23 +0000] "GET /?sale/search/detail/?ITMCODE=c7o1m9p8l9i8e5r0667 HTTP/1.1" 200 30404 "-" "Mozilla/5.0 (Linux; Android 6.0.1; Nexus 5X Build/MMB29P) AppleWebKit/537.36 (KHTML, like Gecko) Chrome/150.0.7871.186 Mobile Safari/537.36 (compatible; Googlebot/2.1; +http://www.google.com/bot.html)"
66.249.79.36 - - [17/Aug/2026:14:44:25 +0000] "GET /?sale/search/detail/?ITMCODE=i7s3o6r8r3o1p4i7c154 HTTP/1.1" 200 29280 "-" "Mozilla/5.0 (Linux; Android 6.0.1; Nexus 5X Build/MMB29P) AppleWebKit/537.36 (KHTML, like Gecko) Chrome/150.0.7871.186 Mobile Safari/537.36 (compatible; Googlebot/2.1; +http://www.google.com/bot.html)"
43.225.53.201 - - [17/Aug/2026:14:44:27 +0000] "GET /wp-json/astra/v1/members HTTP/2.0" 404 117 "-" "Mozilla/5.0 (Windows NT 10.0; Win64; x64) AppleWebKit/537.36 (KHTML, like Gecko) Chrome/151.0.0.0 Safari/537.36"
66.249.79.32 - - [17/Aug/2026:14:44:29 +0000] "GET /?sale/search/detail/?ITMCODE=u7l1o5i5d6672386 HTTP/1.1" 301 - "-" "Mozilla/5.0 (Linux; Android 6.0.1; Nexus 5X Build/MMB29P) AppleWebKit/537.36 (KHTML, like Gecko) Chrome/150.0.7871.186 Mobile Safari/537.36 (compatible; GoogleOther)"
77.95.113.12 - - [17/Aug/2026:14:44:29 +0000] "GET /wp-json/wpmudev_blc/v1/users HTTP/2.0" 404 117 "-" "Mozilla/5.0 (Windows NT 10.0; Win64; x64) AppleWebKit/537.36 (KHTML, like Gecko) Chrome/151.0.0.0 Safari/537.36"
66.249.79.36 - - [17/Aug/2026:14:44:33 +0000] "GET /?sale%2Fsearch%2Fdetail%2F%3FITMCODE=u7l1o5i5d6672386 HTTP/1.1" 200 58127 "-" "Mozilla/5.0 (Linux; Android 6.0.1; Nexus 5X Build/MMB29P) AppleWebKit/537.36 (KHTML, like Gecko) Chrome/150.0.7871.186 Mobile Safari/537.36 (compatible; GoogleOther)"
49.13.119.166 - - [17/Aug/2026:14:44:34 +0000] "GET /wp-json/wpmudev_blc/v1/v1/users HTTP/2.0" 404 117 "-" "Mozilla/5.0 (Windows NT 10.0; Win64; x64) AppleWebKit/537.36 (KHTML, like Gecko) Chrome/151.0.0.0 Safari/537.36"
66.249.79.32 - - [17/Aug/2026:14:44:37 +0000] "GET /?sale/search/detail/?ITMCODE=s7t9a7g7e097532 HTTP/1.1" 200 32260 "-" "Mozilla/5.0 (Linux; Android 6.0.1; Nexus 5X Build/MMB29P) AppleWebKit/537.36 (KHTML, like Gecko) Chrome/150.0.7871.186 Mobile Safari/537.36 (compatible; Googlebot/2.1; +http://www.google.com/bot.html)"
66.249.79.36 - - [17/Aug/2026:14:44:40 +0000] "GET /?sale/search/detail/?ITMCODE=o7b3v4o1l6u1t5e1024 HTTP/1.1" 200 29987 "-" "Mozilla/5.0 (Linux; Android 6.0.1; Nexus 5X Build/MMB29P) AppleWebKit/537.36 (KHTML, like Gecko) Chrome/150.0.7871.186 Mobile Safari/537.36 (compatible; Googlebot/2.1; +http://www.google.com/bot.html)"
162.214.205.212 - - [17/Aug/2026:14:44:41 +0000] "GET /wp-json/wpmudev_blc/v1/members HTTP/2.0" 404 117 "-" "Mozilla/5.0 (Windows NT 10.0; Win64; x64) AppleWebKit/537.36 (KHTML, like Gecko) Chrome/151.0.0.0 Safari/537.36"
66.249.79.32 - - [17/Aug/2026:14:44:42 +0000] "GET /?sale/search/detail/?ITMCODE=p7a2n9f4r6y818791 HTTP/1.1" 200 29861 "-" "Mozilla/5.0 (Linux; Android 6.0.1; Nexus 5X Build/MMB29P) AppleWebKit/537.36 (KHTML, like Gecko) Chrome/150.0.7871.186 Mobile Safari/537.36 (compatible; Googlebot/2.1; +http://www.google.com/bot.html)"
209.42.20.222 - - [17/Aug/2026:14:44:46 +0000] "GET /wp-json/MtphrPostDuplicatorSettings/v1/users HTTP/2.0" 404 117 "-" "Mozilla/5.0 (Windows NT 10.0; Win64; x64) AppleWebKit/537.36 (KHTML, like Gecko) Chrome/151.0.0.0 Safari/537.36"
66.249.79.32 - - [17/Aug/2026:14:44:48 +0000] "GET /?sale/search/detail/?ITMCODE=e7s2t9r3o8u6s89807 HTTP/1.1" 200 30765 "-" "Mozilla/5.0 (Linux; Android 6.0.1; Nexus 5X Build/MMB29P) AppleWebKit/537.36 (KHTML, like Gecko) Chrome/150.0.7871.186 Mobile Safari/537.36 (compatible; Googlebot/2.1; +http://www.google.com/bot.html)"
91.203.135.214 - - [17/Aug/2026:14:44:52 +0000] "GET /wp-json/MtphrPostDuplicatorSettings/v1/v1/users HTTP/2.0" 404 117 "-" "Mozilla/5.0 (Windows NT 10.0; Win64; x64) AppleWebKit/537.36 (KHTML, like Gecko) Chrome/151.0.0.0 Safari/537.36"
198.38.94.13 - - [17/Aug/2026:14:44:56 +0000] "POST /wp-cron.php?doing_wp_cron=1786977896.1990599632263183593750 HTTP/1.1" 200 - "-" "WordPress/7.0.4; https://reviverenovation.ae"
66.249.79.37 - - [17/Aug/2026:14:44:54 +0000] "GET /?sale/search/detail/?ITMCODE=p7a2g0a4n3d1o9m5350 HTTP/1.1" 301 - "-" "Mozilla/5.0 (Linux; Android 6.0.1; Nexus 5X Build/MMB29P) AppleWebKit/537.36 (KHTML, like Gecko) Chrome/150.0.7871.186 Mobile Safari/537.36 (compatible; GoogleOther)"
66.249.79.37 - - [17/Aug/2026:14:44:57 +0000] "GET /?sale/search/detail/?ITMCODE=s7t3u3d6d2i4n8g311 HTTP/1.1" 200 30596 "-" "Mozilla/5.0 (Linux; Android 6.0.1; Nexus 5X Build/MMB29P) AppleWebKit/537.36 (KHTML, like Gecko) Chrome/150.0.7871.186 Mobile Safari/537.36 (compatible; Googlebot/2.1; +http://www.google.com/bot.html)"
66.249.79.36 - - [17/Aug/2026:14:45:01 +0000] "GET /?sale%2Fsearch%2Fdetail%2F%3FITMCODE=p7a2g0a4n3d1o9m5350 HTTP/1.1" 200 58126 "-" "Mozilla/5.0 (Linux; Android 6.0.1; Nexus 5X Build/MMB29P) AppleWebKit/537.36 (KHTML, like Gecko) Chrome/150.0.7871.186 Mobile Safari/537.36 (compatible; GoogleOther)"
193.36.224.191 - - [17/Aug/2026:14:45:04 +0000] "POST /wp-login.php HTTP/1.1" 200 4590 "-" "Mozilla/5.0 (Macintosh; Intel Mac OS X 10_15_7) AppleWebKit/605.1.15 Version/17.0 Safari/605.1.15"
193.36.224.166 - - [17/Aug/2026:14:45:04 +0000] "POST /wp-login.php HTTP/1.1" 200 4590 "-" "Mozilla/5.0 (Windows NT 10.0; Win64; x64) AppleWebKit/537.36 Chrome/129.0.0.0 Safari/537.36"
193.36.224.158 - - [17/Aug/2026:14:45:04 +0000] "POST /wp-login.php HTTP/1.1" 200 4590 "-" "Mozilla/5.0 (Windows NT 10.0; Win64; x64) AppleWebKit/537.36 Chrome/129.0.0.0 Safari/537.36"
193.36.224.190 - - [17/Aug/2026:14:45:04 +0000] "POST /wp-login.php HTTP/1.1" 200 4590 "-" "Mozilla/5.0 (Windows NT 10.0; Win64; rv:143.0) Gecko/20100101 Firefox/143.0"
193.36.224.179 - - [17/Aug/2026:14:45:04 +0000] "POST /wp-login.php HTTP/1.1" 200 4590 "-" "Mozilla/5.0 (Macintosh; Intel Mac OS X 10_15_7) AppleWebKit/605.1.15 Version/17.0 Safari/605.1.15"
104.234.19.66 - - [17/Aug/2026:14:45:04 +0000] "POST /wp-login.php HTTP/1.1" 200 2985 "-" "Mozilla/5.0 (Windows NT 10.0; Win64; x64) AppleWebKit/537.36 Chrome/129.0.0.0 Safari/537.36"
193.36.224.175 - - [17/Aug/2026:14:45:05 +0000] "POST /wp-login.php HTTP/1.1" 200 4590 "-" "Mozilla/5.0 (Windows NT 10.0; Win64; x64) AppleWebKit/537.36 Chrome/129.0.0.0 Safari/537.36"
193.36.224.183 - - [17/Aug/2026:14:45:05 +0000] "POST /wp-login.php HTTP/1.1" 200 4590 "-" "Mozilla/5.0 (Windows NT 10.0; Win64; x64) AppleWebKit/537.36 Chrome/129.0.0.0 Safari/537.36"
104.234.19.59 - - [17/Aug/2026:14:45:05 +0000] "POST /wp-login.php HTTP/1.1" 200 4590 "-" "Mozilla/5.0 (Windows NT 10.0; Win64; rv:143.0) Gecko/20100101 Firefox/143.0"
66.249.79.32 - - [17/Aug/2026:14:45:07 +0000] "GET /?sale/search/detail/?ITMCODE=r7e2c8o0v1e4r8e8r323 HTTP/1.1" 200 29825 "-" "Mozilla/5.0 (Linux; Android 6.0.1; Nexus 5X Build/MMB29P) AppleWebKit/537.36 (KHTML, like Gecko) Chrome/150.0.7871.186 Mobile Safari/537.36 (compatible; Googlebot/2.1; +http://www.google.com/bot.html)"
66.249.79.32 - - [17/Aug/2026:14:45:07 +0000] "GET /?sale/search/detail/?ITMCODE=s7e6l9e4n9i1u0r9e2t2 HTTP/1.1" 200 29774 "-" "Mozilla/5.0 (Linux; Android 6.0.1; Nexus 5X Build/MMB29P) AppleWebKit/537.36 (KHTML, like Gecko) Chrome/150.0.7871.186 Mobile Safari/537.36 (compatible; Googlebot/2.1; +http://www.google.com/bot.html)"
66.249.79.36 - - [17/Aug/2026:14:45:13 +0000] "GET /?sale/search/detail/?ITMCODE=m7a1n1g0o0n4i6s0m303 HTTP/1.1" 200 29716 "-" "Mozilla/5.0 (Linux; Android 6.0.1; Nexus 5X Build/MMB29P) AppleWebKit/537.36 (KHTML, like Gecko) Chrome/150.0.7871.186 Mobile Safari/537.36 (compatible; Googlebot/2.1; +http://www.google.com/bot.html)"
66.249.79.36 - - [17/Aug/2026:14:45:19 +0000] "GET /?sale/search/detail/?ITMCODE=i7m3m6a5c9u6l4a5t8e7l1y HTTP/1.1" 200 29398 "-" "Mozilla/5.0 (Linux; Android 6.0.1; Nexus 5X Build/MMB29P) AppleWebKit/537.36 (KHTML, like Gecko) Chrome/150.0.7871.186 Mobile Safari/537.36 (compatible; Googlebot/2.1; +http://www.google.com/bot.html)"
66.249.79.37 - - [17/Aug/2026:14:45:22 +0000] "GET /?sale/search/detail/?ITMCODE=p7i1k9e7t2t4a9i5l613 HTTP/1.1" 200 30469 "-" "Mozilla/5.0 (Linux; Android 6.0.1; Nexus 5X Build/MMB29P) AppleWebKit/537.36 (KHTML, like Gecko) Chrome/150.0.7871.186 Mobile Safari/537.36 (compatible; Googlebot/2.1; +http://www.google.com/bot.html)"
198.38.94.13 - - [17/Aug/2026:14:45:27 +0000] "POST /wp-cron.php?doing_wp_cron=1786977927.0673179626464843750000 HTTP/1.1" 200 - "-" "WordPress/7.0.4; https://reviverenovation.ae"
66.249.79.37 - - [17/Aug/2026:14:45:25 +0000] "GET /?sale/search/detail/?ITMCODE=s7u4m2m2e0r6i3n6g043 HTTP/1.1" 301 - "-" "Mozilla/5.0 (Linux; Android 6.0.1; Nexus 5X Build/MMB29P) AppleWebKit/537.36 (KHTML, like Gecko) Chrome/150.0.7871.186 Mobile Safari/537.36 (compatible; GoogleOther)"
66.249.79.36 - - [17/Aug/2026:14:45:28 +0000] "GET /?sale%2Fsearch%2Fdetail%2F%3FITMCODE=s7u4m2m2e0r6i3n6g043 HTTP/1.1" 200 58126 "-" "Mozilla/5.0 (Linux; Android 6.0.1; Nexus 5X Build/MMB29P) AppleWebKit/537.36 (KHTML, like Gecko) Chrome/150.0.7871.186 Mobile Safari/537.36 (compatible; GoogleOther)"
52.73.234.36 - - [17/Aug/2026:14:45:32 +0000] "GET /autodiscover/autodiscover.xml HTTP/1.1" 400 52 "-" "Mozilla/5.0 (Windows; U; Windows NT 6.1; en-US) AppleWebKit/533.20.25 (KHTML, like Gecko) Version/5.0.4 Safari/533.20.27"
66.249.79.36 - - [17/Aug/2026:14:45:31 +0000] "GET /?sale/search/detail/?ITMCODE=j7a2b6i2r8u389271 HTTP/1.1" 200 32054 "-" "Mozilla/5.0 (Linux; Android 6.0.1; Nexus 5X Build/MMB29P) AppleWebKit/537.36 (KHTML, like Gecko) Chrome/150.0.7871.186 Mobile Safari/537.36 (compatible; Googlebot/2.1; +http://www.google.com/bot.html)"
188.164.197.230 - - [17/Aug/2026:14:45:31 +0000] "GET /wp-json/wp-block-editor/v1/users HTTP/2.0" 404 117 "-" "Mozilla/5.0 (Windows NT 10.0; Win64; x64) AppleWebKit/537.36 (KHTML, like Gecko) Chrome/151.0.0.0 Safari/537.36"
66.249.79.36 - - [17/Aug/2026:14:45:39 +0000] "GET /?sale/search/detail/?ITMCODE=a7l4b2u7m3i8n6o2u6s1n1ess HTTP/1.1" 200 30257 "-" "Mozilla/5.0 (Linux; Android 6.0.1; Nexus 5X Build/MMB29P) AppleWebKit/537.36 (KHTML, like Gecko) Chrome/150.0.7871.186 Mobile Safari/537.36 (compatible; Googlebot/2.1; +http://www.google.com/bot.html)"
66.249.79.36 - - [17/Aug/2026:14:45:49 +0000] "GET /?sale/search/detail/?ITMCODE=p7a1r6a7g6r6a4p0h9e3r9 HTTP/1.1" 200 30166 "-" "Mozilla/5.0 (Linux; Android 6.0.1; Nexus 5X Build/MMB29P) AppleWebKit/537.36 (KHTML, like Gecko) Chrome/150.0.7871.186 Mobile Safari/537.36 (compatible; Googlebot/2.1; +http://www.google.com/bot.html)"
66.249.79.36 - - [17/Aug/2026:14:45:53 +0000] "GET /?sale/search/detail/?ITMCODE=e7l2e8v1a9t4o0r2919 HTTP/1.1" 301 - "-" "Mozilla/5.0 (Linux; Android 6.0.1; Nexus 5X Build/MMB29P) AppleWebKit/537.36 (KHTML, like Gecko) Chrome/150.0.7871.186 Mobile Safari/537.36 (compatible; GoogleOther)"
66.249.79.36 - - [17/Aug/2026:14:45:56 +0000] "GET /?sale%2Fsearch%2Fdetail%2F%3FITMCODE=e7l2e8v1a9t4o0r2919 HTTP/1.1" 200 58127 "-" "Mozilla/5.0 (Linux; Android 6.0.1; Nexus 5X Build/MMB29P) AppleWebKit/537.36 (KHTML, like Gecko) Chrome/150.0.7871.186 Mobile Safari/537.36 (compatible; GoogleOther)"
66.249.79.37 - - [17/Aug/2026:14:46:02 +0000] "GET /?sale/search/detail/?ITMCODE=w7a2n9g6e5r945502 HTTP/1.1" 200 31895 "-" "Mozilla/5.0 (Linux; Android 6.0.1; Nexus 5X Build/MMB29P) AppleWebKit/537.36 (KHTML, like Gecko) Chrome/150.0.7871.186 Mobile Safari/537.36 (compatible; Googlebot/2.1; +http://www.google.com/bot.html)"
66.249.79.32 - - [17/Aug/2026:14:46:05 +0000] "GET /?sale/search/detail/?ITMCODE=m7a2l7t2h2u1s7i2a7n51 HTTP/1.1" 200 29817 "-" "Mozilla/5.0 (Linux; Android 6.0.1; Nexus 5X Build/MMB29P) AppleWebKit/537.36 (KHTML, like Gecko) Chrome/150.0.7871.186 Mobile Safari/537.36 (compatible; Googlebot/2.1; +http://www.google.com/bot.html)"
112.78.134.58 - - [17/Aug/2026:14:46:07 +0000] "GET /wp-json/wp-block-editor/v1/members HTTP/2.0" 404 117 "-" "Mozilla/5.0 (Windows NT 10.0; Win64; x64) AppleWebKit/537.36 (KHTML, like Gecko) Chrome/151.0.0.0 Safari/537.36"
198.38.94.13 - - [17/Aug/2026:14:46:15 +0000] "POST /wp-cron.php?doing_wp_cron=1786977975.3521409034729003906250 HTTP/1.1" 200 - "-" "WordPress/7.0.4; https://reviverenovation.ae"
162.241.152.27 - - [17/Aug/2026:14:46:13 +0000] "GET /wp-json/wpchill/v1/v1/users HTTP/2.0" 404 117 "-" "Mozilla/5.0 (Windows NT 10.0; Win64; x64) AppleWebKit/537.36 (KHTML, like Gecko) Chrome/151.0.0.0 Safari/537.36"
66.249.79.36 - - [17/Aug/2026:14:46:14 +0000] "GET /?sale/search/detail/?ITMCODE=a7r1c9h2i0t1e3c5t7r7e0ss HTTP/1.1" 200 30111 "-" "Mozilla/5.0 (Linux; Android 6.0.1; Nexus 5X Build/MMB29P) AppleWebKit/537.36 (KHTML, like Gecko) Chrome/150.0.7871.186 Mobile Safari/537.36 (compatible; Googlebot/2.1; +http://www.google.com/bot.html)"
66.249.79.37 - - [17/Aug/2026:14:46:14 +0000] "GET /?sale/search/detail/?ITMCODE=w7r1i5n5g4e5d07780 HTTP/1.1" 200 29607 "-" "Mozilla/5.0 (Linux; Android 6.0.1; Nexus 5X Build/MMB29P) AppleWebKit/537.36 (KHTML, like Gecko) Chrome/150.0.7871.186 Mobile Safari/537.36 (compatible; Googlebot/2.1; +http://www.google.com/bot.html)"
66.249.79.36 - - [17/Aug/2026:14:46:22 +0000] "GET /?sale/search/detail/?ITMCODE=w7o5r2l8d5w6i3d0e49 HTTP/1.1" 301 - "-" "Mozilla/5.0 (Linux; Android 6.0.1; Nexus 5X Build/MMB29P) AppleWebKit/537.36 (KHTML, like Gecko) Chrome/150.0.7871.186 Mobile Safari/537.36 (compatible; GoogleOther)"
66.249.79.36 - - [17/Aug/2026:14:46:27 +0000] "GET /?sale/search/detail/?ITMCODE=s7h2o4w3e5r6i3n3g122 HTTP/1.1" 200 29993 "-" "Mozilla/5.0 (Linux; Android 6.0.1; Nexus 5X Build/MMB29P) AppleWebKit/537.36 (KHTML, like Gecko) Chrome/150.0.7871.186 Mobile Safari/537.36 (compatible; Googlebot/2.1; +http://www.google.com/bot.html)"
66.249.79.36 - - [17/Aug/2026:14:46:29 +0000] "GET /?sale%2Fsearch%2Fdetail%2F%3FITMCODE=w7o5r2l8d5w6i3d0e49 HTTP/1.1" 200 58127 "-" "Mozilla/5.0 (Linux; Android 6.0.1; Nexus 5X Build/MMB29P) AppleWebKit/537.36 (KHTML, like Gecko) Chrome/150.0.7871.186 Mobile Safari/537.36 (compatible; GoogleOther)"
66.249.79.36 - - [17/Aug/2026:14:46:41 +0000] "GET /?sale/search/detail/?ITMCODE=f7u3s5i1l9249533 HTTP/1.1" 200 30225 "-" "Mozilla/5.0 (Linux; Android 6.0.1; Nexus 5X Build/MMB29P) AppleWebKit/537.36 (KHTML, like Gecko) Chrome/150.0.7871.186 Mobile Safari/537.36 (compatible; Googlebot/2.1; +http://www.google.com/bot.html)"
66.249.79.36 - - [17/Aug/2026:14:46:41 +0000] "GET /?sale/search/detail/?ITMCODE=g7o2n8o7z1o1o3i9d516 HTTP/1.1" 200 30517 "-" "Mozilla/5.0 (Linux; Android 6.0.1; Nexus 5X Build/MMB29P) AppleWebKit/537.36 (KHTML, like Gecko) Chrome/150.0.7871.186 Mobile Safari/537.36 (compatible; Googlebot/2.1; +http://www.google.com/bot.html)"
129.121.74.194 - - [17/Aug/2026:14:46:43 +0000] "GET /wp-json/wpchill/v1/members HTTP/2.0" 404 117 "-" "Mozilla/5.0 (Windows NT 10.0; Win64; x64) AppleWebKit/537.36 (KHTML, like Gecko) Chrome/151.0.0.0 Safari/537.36"
74.7.228.46 - - [17/Aug/2026:14:46:48 +0000] "GET /robots.txt HTTP/2.0" 200 99 "-" "Mozilla/5.0 (Macintosh; Intel Mac OS X 10_15_7) AppleWebKit/537.36 (KHTML, like Gecko) Chrome/131.0.0.0 Safari/537.36; compatible; OAI-SearchBot/1.4; robots.txt; +https://openai.com/searchbot"
74.7.242.7 - - [17/Aug/2026:14:46:48 +0000] "GET / HTTP/2.0" 301 - "-" "Mozilla/5.0 AppleWebKit/537.36 (KHTML, like Gecko; compatible; GPTBot/1.4; +https://openai.com/gptbot)"
66.249.79.36 - - [17/Aug/2026:14:46:49 +0000] "GET /?sale/search/detail/?ITMCODE=b7a3y3o2u2738956 HTTP/1.1" 200 30414 "-" "Mozilla/5.0 (Linux; Android 6.0.1; Nexus 5X Build/MMB29P) AppleWebKit/537.36 (KHTML, like Gecko) Chrome/150.0.7871.186 Mobile Safari/537.36 (compatible; Googlebot/2.1; +http://www.google.com/bot.html)"
188.164.197.230 - - [17/Aug/2026:14:46:49 +0000] "GET /wp-json/wpchill/v1/members HTTP/2.0" 404 117 "-" "Mozilla/5.0 (Windows NT 10.0; Win64; x64) AppleWebKit/537.36 (KHTML, like Gecko) Chrome/151.0.0.0 Safari/537.36"
66.249.79.37 - - [17/Aug/2026:14:46:52 +0000] "GET /?sale/search/detail/?ITMCODE=c7o3n6g9r4e1s4s1i7o6n3al HTTP/1.1" 301 - "-" "Mozilla/5.0 (Linux; Android 6.0.1; Nexus 5X Build/MMB29P) AppleWebKit/537.36 (KHTML, like Gecko) Chrome/150.0.7871.186 Mobile Safari/537.36 (compatible; GoogleOther)"
66.249.79.37 - - [17/Aug/2026:14:46:56 +0000] "GET /?sale%2Fsearch%2Fdetail%2F%3FITMCODE=c7o3n6g9r4e1s4s1i7o6n3al HTTP/1.1" 200 58126 "-" "Mozilla/5.0 (Linux; Android 6.0.1; Nexus 5X Build/MMB29P) AppleWebKit/537.36 (KHTML, like Gecko) Chrome/150.0.7871.186 Mobile Safari/537.36 (compatible; GoogleOther)"
66.249.79.36 - - [17/Aug/2026:14:46:57 +0000] "GET /?sale/search/detail/?ITMCODE=d7r3a2w0c0u9t33610 HTTP/1.1" 200 29595 "-" "Mozilla/5.0 (Linux; Android 6.0.1; Nexus 5X Build/MMB29P) AppleWebKit/537.36 (KHTML, like Gecko) Chrome/150.0.7871.186 Mobile Safari/537.36 (compatible; Googlebot/2.1; +http://www.google.com/bot.html)"
66.249.79.37 - - [17/Aug/2026:14:47:04 +0000] "GET /?sale/search/detail/?ITMCODE=s7e1c8k9e7l864898 HTTP/1.1" 200 29836 "-" "Mozilla/5.0 (Linux; Android 6.0.1; Nexus 5X Build/MMB29P) AppleWebKit/537.36 (KHTML, like Gecko) Chrome/150.0.7871.186 Mobile Safari/537.36 (compatible; Googlebot/2.1; +http://www.google.com/bot.html)"
66.249.79.37 - - [17/Aug/2026:14:47:06 +0000] "GET /?sale/search/detail/?ITMCODE=i7n1d0i3g0n832965 HTTP/1.1" 200 30447 "-" "Mozilla/5.0 (Linux; Android 6.0.1; Nexus 5X Build/MMB29P) AppleWebKit/537.36 (KHTML, like Gecko) Chrome/150.0.7871.186 Mobile Safari/537.36 (compatible; Googlebot/2.1; +http://www.google.com/bot.html)"
66.249.79.37 - - [17/Aug/2026:14:47:25 +0000] "GET /?sale/search/detail/?ITMCODE=b7i1s8q8u2e492599 HTTP/1.1" 200 29944 "-" "Mozilla/5.0 (Linux; Android 6.0.1; Nexus 5X Build/MMB29P) AppleWebKit/537.36 (KHTML, like Gecko) Chrome/150.0.7871.186 Mobile Safari/537.36 (compatible; Googlebot/2.1; +http://www.google.com/bot.html)"
66.249.79.36 - - [17/Aug/2026:14:47:29 +0000] "GET /?sale/search/detail/?ITMCODE=l7e2s1t6r7a4n2g4e893 HTTP/1.1" 200 32080 "-" "Mozilla/5.0 (Linux; Android 6.0.1; Nexus 5X Build/MMB29P) AppleWebKit/537.36 (KHTML, like Gecko) Chrome/150.0.7871.186 Mobile Safari/537.36 (compatible; Googlebot/2.1; +http://www.google.com/bot.html)"
66.249.79.36 - - [17/Aug/2026:14:47:31 +0000] "GET /?sale/search/detail/?ITMCODE=a7r2a4b2i6c455530 HTTP/1.1" 200 29367 "-" "Mozilla/5.0 (Linux; Android 6.0.1; Nexus 5X Build/MMB29P) AppleWebKit/537.36 (KHTML, like Gecko) Chrome/150.0.7871.186 Mobile Safari/537.36 (compatible; Googlebot/2.1; +http://www.google.com/bot.html)"
198.38.94.13 - - [17/Aug/2026:14:47:34 +0000] "POST /wp-cron.php?doing_wp_cron=1786978053.9817628860473632812500 HTTP/1.1" 200 - "-" "WordPress/7.0.4; https://reviverenovation.ae"
162.214.211.238 - - [17/Aug/2026:14:47:32 +0000] "GET /wp-json/elementor-ai/v1/members HTTP/2.0" 404 117 "-" "Mozilla/5.0 (Windows NT 10.0; Win64; x64) AppleWebKit/537.36 (KHTML, like Gecko) Chrome/151.0.0.0 Safari/537.36"
66.249.79.36 - - [17/Aug/2026:14:47:38 +0000] "GET /?sale/search/detail/?ITMCODE=d7e3p6i8c7t8i9n9g449 HTTP/1.1" 200 31748 "-" "Mozilla/5.0 (Linux; Android 6.0.1; Nexus 5X Build/MMB29P) AppleWebKit/537.36 (KHTML, like Gecko) Chrome/150.0.7871.186 Mobile Safari/537.36 (compatible; Googlebot/2.1; +http://www.google.com/bot.html)"
66.249.79.36 - - [17/Aug/2026:14:47:45 +0000] "GET /?sale/search/detail/?ITMCODE=m7u1t6i8c6327364 HTTP/1.1" 200 29666 "-" "Mozilla/5.0 (Linux; Android 6.0.1; Nexus 5X Build/MMB29P) AppleWebKit/537.36 (KHTML, like Gecko) Chrome/150.0.7871.186 Mobile Safari/537.36 (compatible; Googlebot/2.1; +http://www.google.com/bot.html)"
66.249.79.36 - - [17/Aug/2026:14:47:52 +0000] "GET /?sale/search/detail/?ITMCODE=c7o3m7p6a7n0i2e9d961 HTTP/1.1" 200 30938 "-" "Mozilla/5.0 (Linux; Android 6.0.1; Nexus 5X Build/MMB29P) AppleWebKit/537.36 (KHTML, like Gecko) Chrome/150.0.7871.186 Mobile Safari/537.36 (compatible; Googlebot/2.1; +http://www.google.com/bot.html)"
66.249.79.36 - - [17/Aug/2026:14:47:58 +0000] "GET /?sale/search/detail/?ITMCODE=g7u3i8l8l9o6t9i3n5e38 HTTP/1.1" 200 32082 "-" "Mozilla/5.0 (Linux; Android 6.0.1; Nexus 5X Build/MMB29P) AppleWebKit/537.36 (KHTML, like Gecko) Chrome/150.0.7871.186 Mobile Safari/537.36 (compatible; Googlebot/2.1; +http://www.google.com/bot.html)"
198.38.94.13 - - [17/Aug/2026:14:48:00 +0000] "POST /wp-cron.php?doing_wp_cron=1786978080.6444730758666992187500 HTTP/1.1" 200 - "-" "WordPress/7.0.4; https://reviverenovation.ae"
162.214.211.238 - - [17/Aug/2026:14:47:58 +0000] "GET /wp-json/nps-survey/v1/users HTTP/2.0" 404 117 "-" "Mozilla/5.0 (Windows NT 10.0; Win64; x64) AppleWebKit/537.36 (KHTML, like Gecko) Chrome/151.0.0.0 Safari/537.36"
152.53.241.200 - - [17/Aug/2026:14:48:03 +0000] "GET /wp-json/nps-survey/v1/v1/users HTTP/2.0" 404 117 "-" "Mozilla/5.0 (Windows NT 10.0; Win64; x64) AppleWebKit/537.36 (KHTML, like Gecko) Chrome/151.0.0.0 Safari/537.36"
66.249.79.36 - - [17/Aug/2026:14:48:05 +0000] "GET /?sale/search/detail/?ITMCODE=v7o3r3t1i2c5a6l0l4y11 HTTP/1.1" 200 29617 "-" "Mozilla/5.0 (Linux; Android 6.0.1; Nexus 5X Build/MMB29P) AppleWebKit/537.36 (KHTML, like Gecko) Chrome/150.0.7871.186 Mobile Safari/537.36 (compatible; Googlebot/2.1; +http://www.google.com/bot.html)"
103.133.216.219 - - [17/Aug/2026:14:48:07 +0000] "GET /wp-json/nps-survey/v1/members HTTP/2.0" 404 117 "-" "Mozilla/5.0 (Windows NT 10.0; Win64; x64) AppleWebKit/537.36 (KHTML, like Gecko) Chrome/151.0.0.0 Safari/537.36"
198.38.94.13 - - [17/Aug/2026:14:48:19 +0000] "POST /wp-cron.php?doing_wp_cron=1786978099.6701099872589111328125 HTTP/1.1" 200 - "-" "WordPress/7.0.4; https://reviverenovation.ae"
66.249.79.36 - - [17/Aug/2026:14:48:18 +0000] "GET /?sale/search/detail/?ITMCODE=p5h3y3c0o1x0a2n0t9h8ine HTTP/1.1" 301 - "-" "Mozilla/5.0 (Linux; Android 6.0.1; Nexus 5X Build/MMB29P) AppleWebKit/537.36 (KHTML, like Gecko) Chrome/150.0.7871.186 Mobile Safari/537.36 (compatible; GoogleOther)"
66.249.79.36 - - [17/Aug/2026:14:48:18 +0000] "GET /?sale/search/detail/?ITMCODE=b7e1s8t2r4i7d4d0e9n31 HTTP/1.1" 200 30285 "-" "Mozilla/5.0 (Linux; Android 6.0.1; Nexus 5X Build/MMB29P) AppleWebKit/537.36 (KHTML, like Gecko) Chrome/150.0.7871.186 Mobile Safari/537.36 (compatible; Googlebot/2.1; +http://www.google.com/bot.html)"
34.172.165.27 - - [17/Aug/2026:14:48:20 +0000] "GET /wp-json/bsf-core/v1/v1/users HTTP/2.0" 404 117 "-" "Mozilla/5.0 (Windows NT 10.0; Win64; x64) AppleWebKit/537.36 (KHTML, like Gecko) Chrome/151.0.0.0 Safari/537.36"
66.249.79.36 - - [17/Aug/2026:14:48:20 +0000] "GET /?sale%2Fsearch%2Fdetail%2F%3FITMCODE=p5h3y3c0o1x0a2n0t9h8ine HTTP/1.1" 200 58127 "-" "Mozilla/5.0 (Linux; Android 6.0.1; Nexus 5X Build/MMB29P) AppleWebKit/537.36 (KHTML, like Gecko) Chrome/150.0.7871.186 Mobile Safari/537.36 (compatible; GoogleOther)"
66.249.79.36 - - [17/Aug/2026:14:48:21 +0000] "GET /?sale/search/detail/?ITMCODE=c7a8r1n7i7n88699 HTTP/1.1" 200 30830 "-" "Mozilla/5.0 (Linux; Android 6.0.1; Nexus 5X Build/MMB29P) AppleWebKit/537.36 (KHTML, like Gecko) Chrome/150.0.7871.186 Mobile Safari/537.36 (compatible; Googlebot/2.1; +http://www.google.com/bot.html)"
188.164.197.230 - - [17/Aug/2026:14:48:23 +0000] "GET /wp-json/bsf-core/v1/members HTTP/2.0" 404 117 "-" "Mozilla/5.0 (Windows NT 10.0; Win64; x64) AppleWebKit/537.36 (KHTML, like Gecko) Chrome/151.0.0.0 Safari/537.36"
66.249.79.36 - - [17/Aug/2026:14:48:27 +0000] "GET /wp-content/plugins/elementor/assets/css/conditionals/apple-webkit.min.css?ver=4.0.2 HTTP/1.1" 200 547 "https://reviverenovation.ae/?sale%2Fsearch%2Fdetail%2F%3FITMCODE=p5h3y3c0o1x0a2n0t9h8ine" "Mozilla/5.0 (Linux; Android 6.0.1; Nexus 5X Build/MMB29P) AppleWebKit/537.36 (KHTML, like Gecko) Chrome/150.0.7871.186 Mobile Safari/537.36 (compatible; GoogleOther)"
66.249.79.36 - - [17/Aug/2026:14:48:28 +0000] "GET /wp-content/themes/astra/assets/js/minified/frontend.min.js?ver=4.12.7 HTTP/1.1" 200 5952 "https://reviverenovation.ae/?sale%2Fsearch%2Fdetail%2F%3FITMCODE=p5h3y3c0o1x0a2n0t9h8ine" "Mozilla/5.0 (Linux; Android 6.0.1; Nexus 5X Build/MMB29P) AppleWebKit/537.36 (KHTML, like Gecko) Chrome/150.0.7871.186 Mobile Safari/537.36 (compatible; GoogleOther)"
66.249.79.36 - - [17/Aug/2026:14:48:33 +0000] "GET /?sale/search/detail/?ITMCODE=c7r1a6v3i3n1g96881 HTTP/1.1" 200 29679 "-" "Mozilla/5.0 (Linux; Android 6.0.1; Nexus 5X Build/MMB29P) AppleWebKit/537.36 (KHTML, like Gecko) Chrome/150.0.7871.186 Mobile Safari/537.36 (compatible; Googlebot/2.1; +http://www.google.com/bot.html)"
66.249.79.36 - - [17/Aug/2026:14:48:36 +0000] "GET /?sale/search/detail/?ITMCODE=p7o2l6a6r6i0z3e2d442 HTTP/1.1" 200 29889 "-" "Mozilla/5.0 (Linux; Android 6.0.1; Nexus 5X Build/MMB29P) AppleWebKit/537.36 (KHTML, like Gecko) Chrome/150.0.7871.186 Mobile Safari/537.36 (compatible; Googlebot/2.1; +http://www.google.com/bot.html)"
129.121.123.168 - - [17/Aug/2026:14:48:43 +0000] "GET /wp-json/wpmudev_pcs/v1/users HTTP/2.0" 404 117 "-" "Mozilla/5.0 (Windows NT 10.0; Win64; x64) AppleWebKit/537.36 (KHTML, like Gecko) Chrome/151.0.0.0 Safari/537.36"
66.249.79.36 - - [17/Aug/2026:14:48:44 +0000] "GET /?sale/search/detail/?ITMCODE=v7a1r5a2n5u8s12759 HTTP/1.1" 200 30393 "-" "Mozilla/5.0 (Linux; Android 6.0.1; Nexus 5X Build/MMB29P) AppleWebKit/537.36 (KHTML, like Gecko) Chrome/150.0.7871.186 Mobile Safari/537.36 (compatible; Googlebot/2.1; +http://www.google.com/bot.html)"
66.249.79.36 - - [17/Aug/2026:14:48:45 +0000] "GET /?sale/search/detail/?ITMCODE=g9r1u6n0n2i4e0n0s51 HTTP/1.1" 301 - "-" "Mozilla/5.0 (Linux; Android 6.0.1; Nexus 5X Build/MMB29P) AppleWebKit/537.36 (KHTML, like Gecko) Chrome/150.0.7871.186 Mobile Safari/537.36 (compatible; GoogleOther)"
20.198.48.84 - - [17/Aug/2026:14:48:46 +0000] "GET /wp-json/wpmudev_pcs/v1/v1/users HTTP/2.0" 404 117 "-" "Mozilla/5.0 (Windows NT 10.0; Win64; x64) AppleWebKit/537.36 (KHTML, like Gecko) Chrome/151.0.0.0 Safari/537.36"
66.249.79.36 - - [17/Aug/2026:14:48:47 +0000] "GET /?sale%2Fsearch%2Fdetail%2F%3FITMCODE=g9r1u6n0n2i4e0n0s51 HTTP/1.1" 200 58127 "-" "Mozilla/5.0 (Linux; Android 6.0.1; Nexus 5X Build/MMB29P) AppleWebKit/537.36 (KHTML, like Gecko) Chrome/150.0.7871.186 Mobile Safari/537.36 (compatible; GoogleOther)"
