39.34.143.217 - - [17/Aug/2026:15:36:54 +0000] "GET /wp-content/cache/speedycache/reviverenovation.ae/assets/57c950ff2ac8ff7e-animations.js HTTP/2.0" 304 - "-" "Mozilla/5.0 (Windows NT 10.0; Win64; x64) AppleWebKit/537.36 (KHTML, like Gecko) Chrome/151.0.0.0 Safari/537.36"
39.34.143.217 - - [17/Aug/2026:15:36:54 +0000] "GET /wp-content/cache/speedycache/reviverenovation.ae/assets/7278ec8f1975e6ee-smooth-scroll.js HTTP/2.0" 304 - "-" "Mozilla/5.0 (Windows NT 10.0; Win64; x64) AppleWebKit/537.36 (KHTML, like Gecko) Chrome/151.0.0.0 Safari/537.36"
66.249.79.32 - - [17/Aug/2026:15:38:09 +0000] "GET /?sale/search/detail/?ITMCODE=r7a2r2e3s8t515380 HTTP/1.1" 200 30894 "-" "Mozilla/5.0 (Linux; Android 6.0.1; Nexus 5X Build/MMB29P) AppleWebKit/537.36 (KHTML, like Gecko) Chrome/150.0.7871.186 Mobile Safari/537.36 (compatible; Googlebot/2.1; +http://www.google.com/bot.html)"
66.249.79.37 - - [17/Aug/2026:15:38:17 +0000] "GET /?sale/search/detail/?ITMCODE=r7a1s3p7y6845994 HTTP/1.1" 200 30017 "-" "Mozilla/5.0 (Linux; Android 6.0.1; Nexus 5X Build/MMB29P) AppleWebKit/537.36 (KHTML, like Gecko) Chrome/150.0.7871.186 Mobile Safari/537.36 (compatible; Googlebot/2.1; +http://www.google.com/bot.html)"
66.249.79.36 - - [17/Aug/2026:15:38:20 +0000] "GET /?sale/search/detail/?ITMCODE=b7o3x2i6n9g771980 HTTP/1.1" 200 30077 "-" "Mozilla/5.0 (Linux; Android 6.0.1; Nexus 5X Build/MMB29P) AppleWebKit/537.36 (KHTML, like Gecko) Chrome/150.0.7871.186 Mobile Safari/537.36 (compatible; Googlebot/2.1; +http://www.google.com/bot.html)"
20.15.133.175 - - [17/Aug/2026:15:38:24 +0000] "GET /?sale/search/detail/?ITMCODE=r4o1p7i3n2e8s2s3071 HTTP/2.0" 200 29883 "-" "Mozilla/5.0 AppleWebKit/537.36 (KHTML, like Gecko; compatible; bingbot/2.0; +http://www.bing.com/bingbot.htm) Chrome/116.0.1938.76 Safari/537.36"
20.15.133.175 - - [17/Aug/2026:15:38:26 +0000] "GET /?sale/search/detail/?ITMCODE=m6a9n9u9f4a8c7t0u3re HTTP/2.0" 200 29905 "-" "Mozilla/5.0 AppleWebKit/537.36 (KHTML, like Gecko; compatible; bingbot/2.0; +http://www.bing.com/bingbot.htm) Chrome/116.0.1938.76 Safari/537.36"
20.15.133.175 - - [17/Aug/2026:15:38:44 +0000] "GET /?sale/search/detail/?ITMCODE=a3n3t3i0c3i4v9i5s2m04 HTTP/2.0" 200 29959 "-" "Mozilla/5.0 AppleWebKit/537.36 (KHTML, like Gecko; compatible; bingbot/2.0; +http://www.bing.com/bingbot.htm) Chrome/116.0.1938.76 Safari/537.36"
39.34.143.217 - - [17/Aug/2026:15:38:53 +0000] "GET /wp-content/cache/speedycache/reviverenovation.ae/assets/3e3350c88b93ffda-wws.js HTTP/2.0" 304 - "-" "Mozilla/5.0 (Windows NT 10.0; Win64; x64) AppleWebKit/537.36 (KHTML, like Gecko) Chrome/151.0.0.0 Safari/537.36"
39.34.143.217 - - [17/Aug/2026:15:38:53 +0000] "GET /wp-content/cache/speedycache/reviverenovation.ae/assets/7278ec8f1975e6ee-smooth-scroll.js HTTP/2.0" 304 - "-" "Mozilla/5.0 (Windows NT 10.0; Win64; x64) AppleWebKit/537.36 (KHTML, like Gecko) Chrome/151.0.0.0 Safari/537.36"
39.34.143.217 - - [17/Aug/2026:15:38:53 +0000] "GET /wp-content/cache/speedycache/reviverenovation.ae/assets/b90a6b6986dcecf7-astra-addon-69ddef01d1ba53-08965612.js HTTP/2.0" 304 - "-" "Mozilla/5.0 (Windows NT 10.0; Win64; x64) AppleWebKit/537.36 (KHTML, like Gecko) Chrome/151.0.0.0 Safari/537.36"
39.34.143.217 - - [17/Aug/2026:15:38:53 +0000] "GET /wp-content/cache/speedycache/reviverenovation.ae/assets/57c950ff2ac8ff7e-animations.js HTTP/2.0" 304 - "-" "Mozilla/5.0 (Windows NT 10.0; Win64; x64) AppleWebKit/537.36 (KHTML, like Gecko) Chrome/151.0.0.0 Safari/537.36"
20.15.133.175 - - [17/Aug/2026:15:39:04 +0000] "GET /?sale/search/detail/?ITMCODE=f1o3g8g9y0115099 HTTP/2.0" 200 32503 "-" "Mozilla/5.0 AppleWebKit/537.36 (KHTML, like Gecko; compatible; bingbot/2.0; +http://www.bing.com/bingbot.htm) Chrome/116.0.1938.76 Safari/537.36"
20.15.133.175 - - [17/Aug/2026:15:39:34 +0000] "GET /?sale/search/detail/?ITMCODE=e0n2t9o6m9o5l0o5g3i1c8ally HTTP/2.0" 200 29697 "-" "Mozilla/5.0 AppleWebKit/537.36 (KHTML, like Gecko; compatible; bingbot/2.0; +http://www.bing.com/bingbot.htm) Chrome/116.0.1938.76 Safari/537.36"
20.15.133.175 - - [17/Aug/2026:15:39:44 +0000] "GET /?sale/search/detail/?ITMCODE=p1y6g8i6d1i5a4923 HTTP/2.0" 200 32455 "-" "Mozilla/5.0 AppleWebKit/537.36 (KHTML, like Gecko; compatible; bingbot/2.0; +http://www.bing.com/bingbot.htm) Chrome/116.0.1938.76 Safari/537.36"
66.249.79.32 - - [17/Aug/2026:15:39:54 +0000] "GET /?sale/search/detail/?ITMCODE=d7i2s7c8r4e1t3i3v2e69 HTTP/1.1" 200 29713 "-" "Mozilla/5.0 (Linux; Android 6.0.1; Nexus 5X Build/MMB29P) AppleWebKit/537.36 (KHTML, like Gecko) Chrome/150.0.7871.186 Mobile Safari/537.36 (compatible; Googlebot/2.1; +http://www.google.com/bot.html)"
20.15.133.175 - - [17/Aug/2026:15:40:24 +0000] "GET /?sale/search/detail/?ITMCODE=i3m2m9e5n3s1i8t6y249 HTTP/2.0" 200 29739 "-" "Mozilla/5.0 AppleWebKit/537.36 (KHTML, like Gecko; compatible; bingbot/2.0; +http://www.bing.com/bingbot.htm) Chrome/116.0.1938.76 Safari/537.36"
94.207.75.175 - - [17/Aug/2026:15:40:44 +0000] "GET /wp-content/uploads/2026/03/Logo-new-05-scaled.png HTTP/2.0" 200 83384 "https://reviverenovation.ae/" "Mozilla/5.0 (Macintosh; Intel Mac OS X 10_15_7) AppleWebKit/537.36 (KHTML, like Gecko) Chrome/151.0.0.0 Safari/537.36"
39.34.143.217 - - [17/Aug/2026:15:40:53 +0000] "GET /wp-content/cache/speedycache/reviverenovation.ae/assets/7278ec8f1975e6ee-smooth-scroll.js HTTP/2.0" 304 - "-" "Mozilla/5.0 (Windows NT 10.0; Win64; x64) AppleWebKit/537.36 (KHTML, like Gecko) Chrome/151.0.0.0 Safari/537.36"
39.34.143.217 - - [17/Aug/2026:15:40:53 +0000] "GET /wp-content/cache/speedycache/reviverenovation.ae/assets/57c950ff2ac8ff7e-animations.js HTTP/2.0" 304 - "-" "Mozilla/5.0 (Windows NT 10.0; Win64; x64) AppleWebKit/537.36 (KHTML, like Gecko) Chrome/151.0.0.0 Safari/537.36"
39.34.143.217 - - [17/Aug/2026:15:40:53 +0000] "GET /wp-content/cache/speedycache/reviverenovation.ae/assets/b90a6b6986dcecf7-astra-addon-69ddef01d1ba53-08965612.js HTTP/2.0" 304 - "-" "Mozilla/5.0 (Windows NT 10.0; Win64; x64) AppleWebKit/537.36 (KHTML, like Gecko) Chrome/151.0.0.0 Safari/537.36"
39.34.143.217 - - [17/Aug/2026:15:40:53 +0000] "GET /wp-content/cache/speedycache/reviverenovation.ae/assets/3e3350c88b93ffda-wws.js HTTP/2.0" 304 - "-" "Mozilla/5.0 (Windows NT 10.0; Win64; x64) AppleWebKit/537.36 (KHTML, like Gecko) Chrome/151.0.0.0 Safari/537.36"
104.234.19.66 - - [17/Aug/2026:15:40:59 +0000] "POST /wp-login.php HTTP/1.1" 200 4590 "-" "Mozilla/5.0 (Windows NT 10.0; Win64; x64) AppleWebKit/537.36 Chrome/129.0.0.0 Safari/537.36"
193.36.224.154 - - [17/Aug/2026:15:40:59 +0000] "POST /wp-login.php HTTP/1.1" 200 4590 "-" "Mozilla/5.0 (Macintosh; Intel Mac OS X 10_15_7) AppleWebKit/605.1.15 Version/17.0 Safari/605.1.15"
193.36.224.179 - - [17/Aug/2026:15:40:59 +0000] "POST /wp-login.php HTTP/1.1" 200 4590 "-" "Mozilla/5.0 (Windows NT 10.0; Win64; x64) AppleWebKit/537.36 Chrome/129.0.0.0 Safari/537.36"
193.36.224.185 - - [17/Aug/2026:15:40:59 +0000] "POST /wp-login.php HTTP/1.1" 200 2985 "-" "Mozilla/5.0 (Windows NT 10.0; Win64; x64) AppleWebKit/537.36 Chrome/129.0.0.0 Safari/537.36"
193.36.224.154 - - [17/Aug/2026:15:40:59 +0000] "POST /wp-login.php HTTP/1.1" 200 4590 "-" "Mozilla/5.0 (Macintosh; Intel Mac OS X 10_15_7) AppleWebKit/605.1.15 Version/17.0 Safari/605.1.15"
193.36.224.154 - - [17/Aug/2026:15:40:59 +0000] "POST /wp-login.php HTTP/1.1" 200 2985 "-" "Mozilla/5.0 (Macintosh; Intel Mac OS X 10_15_7) AppleWebKit/605.1.15 Version/17.0 Safari/605.1.15"
198.38.94.13 - - [17/Aug/2026:15:41:01 +0000] "POST /wp-cron.php?doing_wp_cron=1786981261.2325179576873779296875 HTTP/1.1" 200 - "-" "WordPress/7.0.4; https://reviverenovation.ae"
104.234.19.65 - - [17/Aug/2026:15:40:59 +0000] "POST /wp-login.php HTTP/1.1" 200 4590 "-" "Mozilla/5.0 (Macintosh; Intel Mac OS X 10_15_7) AppleWebKit/605.1.15 Version/17.0 Safari/605.1.15"
104.234.19.62 - - [17/Aug/2026:15:40:59 +0000] "POST /wp-login.php HTTP/1.1" 200 4590 "-" "Mozilla/5.0 (Windows NT 10.0; Win64; x64) AppleWebKit/537.36 Chrome/129.0.0.0 Safari/537.36"
216.24.219.181 - - [17/Aug/2026:15:40:59 +0000] "POST /wp-login.php HTTP/1.1" 200 4590 "-" "Mozilla/5.0 (Windows NT 10.0; Win64; x64) AppleWebKit/537.36 Chrome/129.0.0.0 Safari/537.36"
66.249.79.32 - - [17/Aug/2026:15:41:09 +0000] "GET /?sale/search/detail/?ITMCODE=r7e1f2a5s6t3e9n2447 HTTP/1.1" 200 29839 "-" "Mozilla/5.0 (Linux; Android 6.0.1; Nexus 5X Build/MMB29P) AppleWebKit/537.36 (KHTML, like Gecko) Chrome/150.0.7871.186 Mobile Safari/537.36 (compatible; Googlebot/2.1; +http://www.google.com/bot.html)"
20.15.133.175 - - [17/Aug/2026:15:41:14 +0000] "GET /?sale/search/detail/?ITMCODE=l5u2t5e3s3c7e1n0t644 HTTP/2.0" 200 34656 "-" "Mozilla/5.0 AppleWebKit/537.36 (KHTML, like Gecko; compatible; bingbot/2.0; +http://www.bing.com/bingbot.htm) Chrome/116.0.1938.76 Safari/537.36"
66.249.79.37 - - [17/Aug/2026:15:41:14 +0000] "GET /?sale/search/detail/?ITMCODE=g7r3a0m9m2a3r6i3a4n59 HTTP/1.1" 200 31452 "-" "Mozilla/5.0 (Linux; Android 6.0.1; Nexus 5X Build/MMB29P) AppleWebKit/537.36 (KHTML, like Gecko) Chrome/150.0.7871.186 Mobile Safari/537.36 (compatible; Googlebot/2.1; +http://www.google.com/bot.html)"
20.15.133.175 - - [17/Aug/2026:15:41:16 +0000] "GET /?sale/search/detail/?ITMCODE=p8o2s3t0m7a9s1t8e4r6s4general HTTP/2.0" 200 29469 "-" "Mozilla/5.0 AppleWebKit/537.36 (KHTML, like Gecko; compatible; bingbot/2.0; +http://www.bing.com/bingbot.htm) Chrome/116.0.1938.76 Safari/537.36"
66.249.79.36 - - [17/Aug/2026:15:41:36 +0000] "GET /?sale/search/detail/?ITMCODE=u7n3o5b0t3r4u1s7i2v1e HTTP/1.1" 200 30081 "-" "Mozilla/5.0 (Linux; Android 6.0.1; Nexus 5X Build/MMB29P) AppleWebKit/537.36 (KHTML, like Gecko) Chrome/150.0.7871.186 Mobile Safari/537.36 (compatible; Googlebot/2.1; +http://www.google.com/bot.html)"
190.97.230.138 - - [17/Aug/2026:15:41:39 +0000] "GET / HTTP/2.0" 200 475215 "-" "curl/8.5.0"
20.15.133.175 - - [17/Aug/2026:15:41:54 +0000] "GET /?sale/search/detail/?ITMCODE=p6a1r0o1x2y6s5m0075 HTTP/2.0" 200 33180 "-" "Mozilla/5.0 AppleWebKit/537.36 (KHTML, like Gecko; compatible; bingbot/2.0; +http://www.bing.com/bingbot.htm) Chrome/116.0.1938.76 Safari/537.36"
66.249.79.37 - - [17/Aug/2026:15:42:01 +0000] "GET /?sale/search/detail/?ITMCODE=w7a1d6m0a1l492066 HTTP/1.1" 200 29834 "-" "Mozilla/5.0 (Linux; Android 6.0.1; Nexus 5X Build/MMB29P) AppleWebKit/537.36 (KHTML, like Gecko) Chrome/150.0.7871.186 Mobile Safari/537.36 (compatible; Googlebot/2.1; +http://www.google.com/bot.html)"
66.249.79.32 - - [17/Aug/2026:15:42:01 +0000] "GET /?sale/search/detail/?ITMCODE=b7r3a3t9w2u6r4s9t741 HTTP/1.1" 200 29691 "-" "Mozilla/5.0 (Linux; Android 6.0.1; Nexus 5X Build/MMB29P) AppleWebKit/537.36 (KHTML, like Gecko) Chrome/150.0.7871.186 Mobile Safari/537.36 (compatible; Googlebot/2.1; +http://www.google.com/bot.html)"
20.15.133.175 - - [17/Aug/2026:15:42:04 +0000] "GET /?sale/search/detail/?ITMCODE=c6o2n2v5o4c6a7t7i0o4n9al HTTP/2.0" 200 29356 "-" "Mozilla/5.0 AppleWebKit/537.36 (KHTML, like Gecko; compatible; bingbot/2.0; +http://www.bing.com/bingbot.htm) Chrome/116.0.1938.76 Safari/537.36"
20.15.133.175 - - [17/Aug/2026:15:42:07 +0000] "GET /?sale/search/detail/?ITMCODE=c2l3e7a7n6l4i4m8b3e8d5 HTTP/2.0" 200 30941 "-" "Mozilla/5.0 AppleWebKit/537.36 (KHTML, like Gecko; compatible; bingbot/2.0; +http://www.bing.com/bingbot.htm) Chrome/116.0.1938.76 Safari/537.36"
20.15.133.175 - - [17/Aug/2026:15:42:09 +0000] "GET /?sale/search/detail/?ITMCODE=c2r2a8n9k4l1e10959 HTTP/2.0" 200 30175 "-" "Mozilla/5.0 AppleWebKit/537.36 (KHTML, like Gecko; compatible; bingbot/2.0; +http://www.bing.com/bingbot.htm) Chrome/116.0.1938.76 Safari/537.36"
190.97.230.138 - - [17/Aug/2026:15:42:26 +0000] "GET /wp-content/cache/speedycache/reviverenovation.ae/assets/8cadd957ced5bb6b-post-18.css HTTP/2.0" 200 79927 "-" "curl/8.5.0"
39.34.143.217 - - [17/Aug/2026:15:42:54 +0000] "GET /wp-content/cache/speedycache/reviverenovation.ae/assets/3e3350c88b93ffda-wws.js HTTP/2.0" 304 - "-" "Mozilla/5.0 (Windows NT 10.0; Win64; x64) AppleWebKit/537.36 (KHTML, like Gecko) Chrome/151.0.0.0 Safari/537.36"
39.34.143.217 - - [17/Aug/2026:15:42:54 +0000] "GET /wp-content/cache/speedycache/reviverenovation.ae/assets/7278ec8f1975e6ee-smooth-scroll.js HTTP/2.0" 304 - "-" "Mozilla/5.0 (Windows NT 10.0; Win64; x64) AppleWebKit/537.36 (KHTML, like Gecko) Chrome/151.0.0.0 Safari/537.36"
39.34.143.217 - - [17/Aug/2026:15:42:54 +0000] "GET /wp-content/cache/speedycache/reviverenovation.ae/assets/57c950ff2ac8ff7e-animations.js HTTP/2.0" 304 - "-" "Mozilla/5.0 (Windows NT 10.0; Win64; x64) AppleWebKit/537.36 (KHTML, like Gecko) Chrome/151.0.0.0 Safari/537.36"
39.34.143.217 - - [17/Aug/2026:15:42:54 +0000] "GET /wp-content/cache/speedycache/reviverenovation.ae/assets/b90a6b6986dcecf7-astra-addon-69ddef01d1ba53-08965612.js HTTP/2.0" 304 - "-" "Mozilla/5.0 (Windows NT 10.0; Win64; x64) AppleWebKit/537.36 (KHTML, like Gecko) Chrome/151.0.0.0 Safari/537.36"
66.249.79.36 - - [17/Aug/2026:15:42:59 +0000] "GET /?sale/search/detail/?ITMCODE=p7r2o0v6i4d0e9n0c6e16 HTTP/1.1" 200 29203 "-" "Mozilla/5.0 (Linux; Android 6.0.1; Nexus 5X Build/MMB29P) AppleWebKit/537.36 (KHTML, like Gecko) Chrome/150.0.7871.186 Mobile Safari/537.36 (compatible; Googlebot/2.1; +http://www.google.com/bot.html)"
98.86.24.17 - - [17/Aug/2026:15:43:07 +0000] "GET /wp-content/uploads/2026/03/Revive-Joinery-Page-Cover.jpg HTTP/2.0" 200 236999 "-" "Go-http-client/2.0"
20.15.133.175 - - [17/Aug/2026:15:43:14 +0000] "GET /?sale/search/detail/?ITMCODE=p5o2r3t3a2e680686 HTTP/2.0" 200 29658 "-" "Mozilla/5.0 AppleWebKit/537.36 (KHTML, like Gecko; compatible; bingbot/2.0; +http://www.bing.com/bingbot.htm) Chrome/116.0.1938.76 Safari/537.36"
20.15.133.175 - - [17/Aug/2026:15:43:24 +0000] "GET /?sale/search/detail/?ITMCODE=t3h3r8i2n9g203400 HTTP/2.0" 200 29753 "-" "Mozilla/5.0 AppleWebKit/537.36 (KHTML, like Gecko; compatible; bingbot/2.0; +http://www.bing.com/bingbot.htm) Chrome/116.0.1938.76 Safari/537.36"
190.97.230.138 - - [17/Aug/2026:15:43:53 +0000] "GET /projects/villa-renovation-murooj-al-furjan-dubai/ HTTP/2.0" 200 43251 "-" "Mozilla/5.0 (X11; Linux x86_64) AppleWebKit/537.36 (KHTML, like Gecko) Chrome/151.0.0.0 Safari/537.36; Manus-User/1.0"
190.97.230.138 - - [17/Aug/2026:15:43:54 +0000] "GET /wp-includes/css/dist/block-library/style.min.css?ver=7.0.4 HTTP/2.0" 200 17396 "https://reviverenovation.ae/projects/villa-renovation-murooj-al-furjan-dubai/" "Mozilla/5.0 (X11; Linux x86_64) AppleWebKit/537.36 (KHTML, like Gecko) Chrome/151.0.0.0 Safari/537.36; Manus-User/1.0"
190.97.230.138 - - [17/Aug/2026:15:43:55 +0000] "GET /wp-content/cache/speedycache/reviverenovation.ae/assets/62feb9e0a41cb4f0-post-1424.css HTTP/2.0" 200 1157 "https://reviverenovation.ae/projects/villa-renovation-murooj-al-furjan-dubai/" "Mozilla/5.0 (X11; Linux x86_64) AppleWebKit/537.36 (KHTML, like Gecko) Chrome/151.0.0.0 Safari/537.36; Manus-User/1.0"
190.97.230.138 - - [17/Aug/2026:15:43:55 +0000] "GET /wp-content/plugins/pro-elements/assets/css/widget-gallery.min.css?ver=3.35.0 HTTP/2.0" 200 1104 "https://reviverenovation.ae/projects/villa-renovation-murooj-al-furjan-dubai/" "Mozilla/5.0 (X11; Linux x86_64) AppleWebKit/537.36 (KHTML, like Gecko) Chrome/151.0.0.0 Safari/537.36; Manus-User/1.0"
190.97.230.138 - - [17/Aug/2026:15:43:55 +0000] "GET /wp-content/plugins/elementor/assets/lib/e-gallery/css/e-gallery.min.css?ver=1.2.0 HTTP/2.0" 200 844 "https://reviverenovation.ae/projects/villa-renovation-murooj-al-furjan-dubai/" "Mozilla/5.0 (X11; Linux x86_64) AppleWebKit/537.36 (KHTML, like Gecko) Chrome/151.0.0.0 Safari/537.36; Manus-User/1.0"
190.97.230.138 - - [17/Aug/2026:15:43:55 +0000] "GET /wp-content/cache/speedycache/reviverenovation.ae/assets/57c950ff2ac8ff7e-animations.js HTTP/2.0" 200 1244 "https://reviverenovation.ae/projects/villa-renovation-murooj-al-furjan-dubai/" "Mozilla/5.0 (X11; Linux x86_64) AppleWebKit/537.36 (KHTML, like Gecko) Chrome/151.0.0.0 Safari/537.36; Manus-User/1.0"
190.97.230.138 - - [17/Aug/2026:15:43:55 +0000] "GET /wp-content/cache/speedycache/reviverenovation.ae/assets/7278ec8f1975e6ee-smooth-scroll.js HTTP/2.0" 200 738 "https://reviverenovation.ae/projects/villa-renovation-murooj-al-furjan-dubai/" "Mozilla/5.0 (X11; Linux x86_64) AppleWebKit/537.36 (KHTML, like Gecko) Chrome/151.0.0.0 Safari/537.36; Manus-User/1.0"
190.97.230.138 - - [17/Aug/2026:15:43:55 +0000] "GET /wp-content/cache/speedycache/reviverenovation.ae/assets/b90a6b6986dcecf7-astra-addon-69ddef01d1ba53-08965612.js HTTP/2.0" 200 9109 "https://reviverenovation.ae/projects/villa-renovation-murooj-al-furjan-dubai/" "Mozilla/5.0 (X11; Linux x86_64) AppleWebKit/537.36 (KHTML, like Gecko) Chrome/151.0.0.0 Safari/537.36; Manus-User/1.0"
190.97.230.138 - - [17/Aug/2026:15:43:56 +0000] "GET /wp-content/plugins/elementor/assets/lib/e-gallery/js/e-gallery.min.js?ver=1.2.0 HTTP/2.0" 200 4609 "https://reviverenovation.ae/projects/villa-renovation-murooj-al-furjan-dubai/" "Mozilla/5.0 (X11; Linux x86_64) AppleWebKit/537.36 (KHTML, like Gecko) Chrome/151.0.0.0 Safari/537.36; Manus-User/1.0"
190.97.230.138 - - [17/Aug/2026:15:43:56 +0000] "GET /wp-content/cache/speedycache/reviverenovation.ae/assets/3e3350c88b93ffda-wws.js HTTP/2.0" 200 2350 "https://reviverenovation.ae/projects/villa-renovation-murooj-al-furjan-dubai/" "Mozilla/5.0 (X11; Linux x86_64) AppleWebKit/537.36 (KHTML, like Gecko) Chrome/151.0.0.0 Safari/537.36; Manus-User/1.0"
20.15.133.175 - - [17/Aug/2026:15:43:55 +0000] "GET /?sale/search/detail/?ITMCODE=c6l2a0s4s8i3f7i5a4b2l3e HTTP/2.0" 200 29946 "-" "Mozilla/5.0 AppleWebKit/537.36 (KHTML, like Gecko; compatible; bingbot/2.0; +http://www.bing.com/bingbot.htm) Chrome/116.0.1938.76 Safari/537.36"
190.97.230.138 - - [17/Aug/2026:15:43:57 +0000] "GET /wp-content/uploads/2026/03/Logo-new-05-1536x375.png HTTP/2.0" 200 43426 "https://reviverenovation.ae/projects/villa-renovation-murooj-al-furjan-dubai/" "Mozilla/5.0 (X11; Linux x86_64) AppleWebKit/537.36 (KHTML, like Gecko) Chrome/151.0.0.0 Safari/537.36; Manus-User/1.0"
190.97.230.138 - - [17/Aug/2026:15:43:57 +0000] "GET /wp-content/plugins/pro-elements/assets/js/gallery.06be1c07b9901f53d709.bundle.min.js HTTP/2.0" 200 1769 "https://reviverenovation.ae/projects/villa-renovation-murooj-al-furjan-dubai/" "Mozilla/5.0 (X11; Linux x86_64) AppleWebKit/537.36 (KHTML, like Gecko) Chrome/151.0.0.0 Safari/537.36; Manus-User/1.0"
190.97.230.138 - - [17/Aug/2026:15:43:57 +0000] "GET /wp-content/plugins/elementor/assets/css/conditionals/dialog.min.css?ver=4.0.2 HTTP/2.0" 200 1578 "https://reviverenovation.ae/projects/villa-renovation-murooj-al-furjan-dubai/" "Mozilla/5.0 (X11; Linux x86_64) AppleWebKit/537.36 (KHTML, like Gecko) Chrome/151.0.0.0 Safari/537.36; Manus-User/1.0"
190.97.230.138 - - [17/Aug/2026:15:43:57 +0000] "GET /wp-content/plugins/elementor/assets/lib/share-link/share-link.min.js?ver=4.0.2 HTTP/2.0" 200 1169 "https://reviverenovation.ae/projects/villa-renovation-murooj-al-furjan-dubai/" "Mozilla/5.0 (X11; Linux x86_64) AppleWebKit/537.36 (KHTML, like Gecko) Chrome/151.0.0.0 Safari/537.36; Manus-User/1.0"
190.97.230.138 - - [17/Aug/2026:15:43:57 +0000] "GET /wp-content/plugins/elementor/assets/lib/dialog/dialog.min.js?ver=4.9.3 HTTP/2.0" 200 3782 "https://reviverenovation.ae/projects/villa-renovation-murooj-al-furjan-dubai/" "Mozilla/5.0 (X11; Linux x86_64) AppleWebKit/537.36 (KHTML, like Gecko) Chrome/151.0.0.0 Safari/537.36; Manus-User/1.0"
190.97.230.138 - - [17/Aug/2026:15:43:57 +0000] "GET /wp-content/plugins/elementor/assets/js/lightbox.570c05c5a283cfb6b223.bundle.min.js HTTP/2.0" 200 9613 "https://reviverenovation.ae/projects/villa-renovation-murooj-al-furjan-dubai/" "Mozilla/5.0 (X11; Linux x86_64) AppleWebKit/537.36 (KHTML, like Gecko) Chrome/151.0.0.0 Safari/537.36; Manus-User/1.0"
190.97.230.138 - - [17/Aug/2026:15:43:57 +0000] "GET /wp-content/plugins/elementor/assets/js/397f2d183c19202777d6.bundle.min.js HTTP/2.0" 200 8785 "https://reviverenovation.ae/projects/villa-renovation-murooj-al-furjan-dubai/" "Mozilla/5.0 (X11; Linux x86_64) AppleWebKit/537.36 (KHTML, like Gecko) Chrome/151.0.0.0 Safari/537.36; Manus-User/1.0"
190.97.230.138 - - [17/Aug/2026:15:43:57 +0000] "GET /wp-content/plugins/elementor/assets/css/conditionals/lightbox.min.css?ver=4.0.2 HTTP/2.0" 200 1963 "https://reviverenovation.ae/projects/villa-renovation-murooj-al-furjan-dubai/" "Mozilla/5.0 (X11; Linux x86_64) AppleWebKit/537.36 (KHTML, like Gecko) Chrome/151.0.0.0 Safari/537.36; Manus-User/1.0"
190.97.230.138 - - [17/Aug/2026:15:43:58 +0000] "GET /wp-content/uploads/2026/03/258-Al-Murooj-new-HD-1-18-1024x683.jpg HTTP/2.0" 200 142365 "https://reviverenovation.ae/projects/villa-renovation-murooj-al-furjan-dubai/" "Mozilla/5.0 (X11; Linux x86_64) AppleWebKit/537.36 (KHTML, like Gecko) Chrome/151.0.0.0 Safari/537.36; Manus-User/1.0"
190.97.230.138 - - [17/Aug/2026:15:43:58 +0000] "GET /wp-content/uploads/2026/03/258-Al-Murooj-new-HD-1-14-1024x683.jpg HTTP/2.0" 200 136460 "https://reviverenovation.ae/projects/villa-renovation-murooj-al-furjan-dubai/" "Mozilla/5.0 (X11; Linux x86_64) AppleWebKit/537.36 (KHTML, like Gecko) Chrome/151.0.0.0 Safari/537.36; Manus-User/1.0"
190.97.230.138 - - [17/Aug/2026:15:43:58 +0000] "GET /wp-content/uploads/2026/03/258-Al-Murooj-new-HD-1-21-1024x683.jpg HTTP/2.0" 200 109509 "https://reviverenovation.ae/projects/villa-renovation-murooj-al-furjan-dubai/" "Mozilla/5.0 (X11; Linux x86_64) AppleWebKit/537.36 (KHTML, like Gecko) Chrome/151.0.0.0 Safari/537.36; Manus-User/1.0"
190.97.230.138 - - [17/Aug/2026:15:43:58 +0000] "GET /wp-content/uploads/2026/03/258-Al-Murooj-new-HD-1-23-1024x683.jpg HTTP/2.0" 200 104888 "https://reviverenovation.ae/projects/villa-renovation-murooj-al-furjan-dubai/" "Mozilla/5.0 (X11; Linux x86_64) AppleWebKit/537.36 (KHTML, like Gecko) Chrome/151.0.0.0 Safari/537.36; Manus-User/1.0"
190.97.230.138 - - [17/Aug/2026:15:43:58 +0000] "GET /wp-content/uploads/2026/03/258-Al-Murooj-new-HD-1-22-1024x683.jpg HTTP/2.0" 200 113671 "https://reviverenovation.ae/projects/villa-renovation-murooj-al-furjan-dubai/" "Mozilla/5.0 (X11; Linux x86_64) AppleWebKit/537.36 (KHTML, like Gecko) Chrome/151.0.0.0 Safari/537.36; Manus-User/1.0"
190.97.230.138 - - [17/Aug/2026:15:43:58 +0000] "GET /wp-content/uploads/2026/03/258-Al-Murooj-new-HD-1-26-1024x683.jpg HTTP/2.0" 200 114415 "https://reviverenovation.ae/projects/villa-renovation-murooj-al-furjan-dubai/" "Mozilla/5.0 (X11; Linux x86_64) AppleWebKit/537.36 (KHTML, like Gecko) Chrome/151.0.0.0 Safari/537.36; Manus-User/1.0"
190.97.230.138 - - [17/Aug/2026:15:43:58 +0000] "GET /wp-content/uploads/2026/03/258-Al-Murooj-new-HD-1-24-1024x683.jpg HTTP/2.0" 200 118379 "https://reviverenovation.ae/projects/villa-renovation-murooj-al-furjan-dubai/" "Mozilla/5.0 (X11; Linux x86_64) AppleWebKit/537.36 (KHTML, like Gecko) Chrome/151.0.0.0 Safari/537.36; Manus-User/1.0"
190.97.230.138 - - [17/Aug/2026:15:43:58 +0000] "GET /wp-content/uploads/2026/03/258-Al-Murooj-new-HD-1-25-1024x683.jpg HTTP/2.0" 200 129578 "https://reviverenovation.ae/projects/villa-renovation-murooj-al-furjan-dubai/" "Mozilla/5.0 (X11; Linux x86_64) AppleWebKit/537.36 (KHTML, like Gecko) Chrome/151.0.0.0 Safari/537.36; Manus-User/1.0"
190.97.230.138 - - [17/Aug/2026:15:43:58 +0000] "GET /wp-content/uploads/2026/03/258-Al-Murooj-new-HD-1-13-1024x683.jpg HTTP/2.0" 200 117722 "https://reviverenovation.ae/projects/villa-renovation-murooj-al-furjan-dubai/" "Mozilla/5.0 (X11; Linux x86_64) AppleWebKit/537.36 (KHTML, like Gecko) Chrome/151.0.0.0 Safari/537.36; Manus-User/1.0"
190.97.230.138 - - [17/Aug/2026:15:43:58 +0000] "GET /wp-content/uploads/2026/03/258-Al-Murooj-new-HD-1-17-1024x683.jpg HTTP/2.0" 200 137761 "https://reviverenovation.ae/projects/villa-renovation-murooj-al-furjan-dubai/" "Mozilla/5.0 (X11; Linux x86_64) AppleWebKit/537.36 (KHTML, like Gecko) Chrome/151.0.0.0 Safari/537.36; Manus-User/1.0"
190.97.230.138 - - [17/Aug/2026:15:43:58 +0000] "GET /wp-content/uploads/2026/03/258-Al-Murooj-new-HD-1-16-1024x683.jpg HTTP/2.0" 200 157268 "https://reviverenovation.ae/projects/villa-renovation-murooj-al-furjan-dubai/" "Mozilla/5.0 (X11; Linux x86_64) AppleWebKit/537.36 (KHTML, like Gecko) Chrome/151.0.0.0 Safari/537.36; Manus-User/1.0"
190.97.230.138 - - [17/Aug/2026:15:43:58 +0000] "GET /wp-content/uploads/2026/03/258-Al-Murooj-new-HD-1-15-1024x683.jpg HTTP/2.0" 200 177126 "https://reviverenovation.ae/projects/villa-renovation-murooj-al-furjan-dubai/" "Mozilla/5.0 (X11; Linux x86_64) AppleWebKit/537.36 (KHTML, like Gecko) Chrome/151.0.0.0 Safari/537.36; Manus-User/1.0"
20.15.133.175 - - [17/Aug/2026:15:44:04 +0000] "GET /?sale/search/detail/?ITMCODE=s0m1u5d8g9i4n4e6s1s02 HTTP/2.0" 200 29116 "-" "Mozilla/5.0 AppleWebKit/537.36 (KHTML, like Gecko; compatible; bingbot/2.0; +http://www.bing.com/bingbot.htm) Chrome/116.0.1938.76 Safari/537.36"
190.97.230.138 - - [17/Aug/2026:15:44:13 +0000] "GET /wp-content/uploads/2026/03/Mansory-Bold.ttf HTTP/2.0" 200 68280 "-" "curl/8.5.0"
20.15.133.175 - - [17/Aug/2026:15:44:14 +0000] "GET /?sale/search/detail/?ITMCODE=e3l3a9m9i8t9e17304 HTTP/2.0" 200 29357 "-" "Mozilla/5.0 AppleWebKit/537.36 (KHTML, like Gecko; compatible; bingbot/2.0; +http://www.bing.com/bingbot.htm) Chrome/116.0.1938.76 Safari/537.36"
190.97.230.138 - - [17/Aug/2026:15:44:16 +0000] "GET /wp-content/uploads/2026/03/Mansory-Medium.ttf HTTP/2.0" 200 66020 "-" "curl/8.5.0"
20.15.133.175 - - [17/Aug/2026:15:44:17 +0000] "GET /?sale/search/detail/?ITMCODE=t0h2u5y7a0293264 HTTP/2.0" 200 29437 "-" "Mozilla/5.0 AppleWebKit/537.36 (KHTML, like Gecko; compatible; bingbot/2.0; +http://www.bing.com/bingbot.htm) Chrome/116.0.1938.76 Safari/537.36"
190.97.230.138 - - [17/Aug/2026:15:44:20 +0000] "GET /wp-content/uploads/2026/03/258-Al-Murooj-new-HD-1-21.jpg HTTP/2.0" 200 1264791 "-" "curl/8.5.0"
20.15.133.175 - - [17/Aug/2026:15:44:24 +0000] "GET /?sale/search/detail/?ITMCODE=d8i9a5m6o1n1d7s6h8a0ped HTTP/2.0" 200 29576 "-" "Mozilla/5.0 AppleWebKit/537.36 (KHTML, like Gecko; compatible; bingbot/2.0; +http://www.bing.com/bingbot.htm) Chrome/116.0.1938.76 Safari/537.36"
190.97.230.138 - - [17/Aug/2026:15:44:25 +0000] "GET /wp-content/uploads/2026/03/258-Al-Murooj-new-HD-1-14.jpg HTTP/2.0" 200 1449012 "-" "curl/8.5.0"
20.15.133.175 - - [17/Aug/2026:15:44:26 +0000] "GET /?sale/search/detail/?ITMCODE=d8e1f4a0m1e474790 HTTP/2.0" 200 29549 "-" "Mozilla/5.0 AppleWebKit/537.36 (KHTML, like Gecko; compatible; bingbot/2.0; +http://www.bing.com/bingbot.htm) Chrome/116.0.1938.76 Safari/537.36"
190.97.230.138 - - [17/Aug/2026:15:44:31 +0000] "GET /wp-content/uploads/2026/03/258-Al-Murooj-new-HD-1-17.jpg HTTP/2.0" 200 1293737 "-" "curl/8.5.0"
20.15.133.175 - - [17/Aug/2026:15:44:34 +0000] "GET /?sale/search/detail/?ITMCODE=l9o2o8p4h7o8l3e1551 HTTP/2.0" 200 29540 "-" "Mozilla/5.0 AppleWebKit/537.36 (KHTML, like Gecko; compatible; bingbot/2.0; +http://www.bing.com/bingbot.htm) Chrome/116.0.1938.76 Safari/537.36"
66.249.79.32 - - [17/Aug/2026:15:44:34 +0000] "GET /?sale/search/detail/?ITMCODE=e7n3t3e7r2l7a0c6e950 HTTP/1.1" 200 29645 "-" "Mozilla/5.0 (Linux; Android 6.0.1; Nexus 5X Build/MMB29P) AppleWebKit/537.36 (KHTML, like Gecko) Chrome/150.0.7871.186 Mobile Safari/537.36 (compatible; Googlebot/2.1; +http://www.google.com/bot.html)"
190.97.230.138 - - [17/Aug/2026:15:44:37 +0000] "GET /wp-content/uploads/2026/03/258-Al-Murooj-new-HD-1-18.jpg HTTP/2.0" 200 1427032 "-" "curl/8.5.0"
190.97.230.138 - - [17/Aug/2026:15:44:43 +0000] "GET /wp-content/uploads/2026/03/258-Al-Murooj-new-HD-1-16.jpg HTTP/2.0" 200 1804232 "-" "curl/8.5.0"
20.15.133.175 - - [17/Aug/2026:15:44:45 +0000] "GET /?sale/search/detail/?ITMCODE=e0r3y1t6h1r0e8a4n416 HTTP/2.0" 200 28803 "-" "Mozilla/5.0 AppleWebKit/537.36 (KHTML, like Gecko; compatible; bingbot/2.0; +http://www.bing.com/bingbot.htm) Chrome/116.0.1938.76 Safari/537.36"
190.97.230.138 - - [17/Aug/2026:15:44:49 +0000] "GET /wp-content/uploads/2026/03/258-Al-Murooj-new-HD-1-15.jpg HTTP/2.0" 200 2040365 "-" "curl/8.5.0"
39.34.143.217 - - [17/Aug/2026:15:44:53 +0000] "GET /wp-content/cache/speedycache/reviverenovation.ae/assets/b90a6b6986dcecf7-astra-addon-69ddef01d1ba53-08965612.js HTTP/2.0" 304 - "-" "Mozilla/5.0 (Windows NT 10.0; Win64; x64) AppleWebKit/537.36 (KHTML, like Gecko) Chrome/151.0.0.0 Safari/537.36"
39.34.143.217 - - [17/Aug/2026:15:44:53 +0000] "GET /wp-content/cache/speedycache/reviverenovation.ae/assets/7278ec8f1975e6ee-smooth-scroll.js HTTP/2.0" 304 - "-" "Mozilla/5.0 (Windows NT 10.0; Win64; x64) AppleWebKit/537.36 (KHTML, like Gecko) Chrome/151.0.0.0 Safari/537.36"
39.34.143.217 - - [17/Aug/2026:15:44:53 +0000] "GET /wp-content/cache/speedycache/reviverenovation.ae/assets/3e3350c88b93ffda-wws.js HTTP/2.0" 304 - "-" "Mozilla/5.0 (Windows NT 10.0; Win64; x64) AppleWebKit/537.36 (KHTML, like Gecko) Chrome/151.0.0.0 Safari/537.36"
39.34.143.217 - - [17/Aug/2026:15:44:53 +0000] "GET /wp-content/cache/speedycache/reviverenovation.ae/assets/57c950ff2ac8ff7e-animations.js HTTP/2.0" 304 - "-" "Mozilla/5.0 (Windows NT 10.0; Win64; x64) AppleWebKit/537.36 (KHTML, like Gecko) Chrome/151.0.0.0 Safari/537.36"
20.15.133.175 - - [17/Aug/2026:15:44:55 +0000] "GET /?sale/search/detail/?ITMCODE=p1h3i2l9a2c0t3e0964 HTTP/2.0" 200 30175 "-" "Mozilla/5.0 AppleWebKit/537.36 (KHTML, like Gecko; compatible; bingbot/2.0; +http://www.bing.com/bingbot.htm) Chrome/116.0.1938.76 Safari/537.36"
20.15.133.175 - - [17/Aug/2026:15:44:57 +0000] "GET /?sale/search/detail/?ITMCODE=a7u3d6a1c7i6o3u7s5n1e5ss HTTP/2.0" 200 29211 "-" "Mozilla/5.0 AppleWebKit/537.36 (KHTML, like Gecko; compatible; bingbot/2.0; +http://www.bing.com/bingbot.htm) Chrome/116.0.1938.76 Safari/537.36"
193.186.4.39 - - [17/Aug/2026:15:45:36 +0000] "GET / HTTP/2.0" 200 56807 "https://www.google.com/" "Mozilla/5.0 (Windows NT 10.0; Win64; x64) AppleWebKit/537.36 (KHTML, like Gecko) Chrome/151.0.0.0 Safari/537.36"
198.38.94.13 - - [17/Aug/2026:15:46:08 +0000] "POST /wp-cron.php?doing_wp_cron=1786981568.0213749408721923828125 HTTP/1.1" 200 - "-" "WordPress/7.0.4; https://reviverenovation.ae"
3.235.215.92 - - [17/Aug/2026:15:46:04 +0000] "GET /projects/vezul-residence-business-bay/ HTTP/1.1" 200 42867 "-" "Mozilla/5.0 AppleWebKit/537.36 (KHTML, like Gecko; compatible; Amazonbot/0.1; +https://developer.amazon.com/support/amazonbot) Chrome/119.0.6045.214 Safari/537.36"
44.209.187.99 - - [17/Aug/2026:15:46:08 +0000] "GET /revive-productions/event-booth-dubai/ HTTP/1.1" 200 44242 "-" "Mozilla/5.0 AppleWebKit/537.36 (KHTML, like Gecko; compatible; Amazonbot/0.1; +https://developer.amazon.com/support/amazonbot) Chrome/119.0.6045.214 Safari/537.36"
66.249.79.37 - - [17/Aug/2026:15:46:44 +0000] "GET /?sale/search/detail/?ITMCODE=e7x2a9c9e5r5b5e0s0cence HTTP/1.1" 200 29359 "-" "Mozilla/5.0 (Linux; Android 6.0.1; Nexus 5X Build/MMB29P) AppleWebKit/537.36 (KHTML, like Gecko) Chrome/150.0.7871.186 Mobile Safari/537.36 (compatible; Googlebot/2.1; +http://www.google.com/bot.html)"
39.34.143.217 - - [17/Aug/2026:15:46:53 +0000] "GET /wp-content/cache/speedycache/reviverenovation.ae/assets/57c950ff2ac8ff7e-animations.js HTTP/2.0" 200 1244 "-" "Mozilla/5.0 (Windows NT 10.0; Win64; x64) AppleWebKit/537.36 (KHTML, like Gecko) Chrome/151.0.0.0 Safari/537.36"
39.34.143.217 - - [17/Aug/2026:15:46:53 +0000] "GET /wp-content/cache/speedycache/reviverenovation.ae/assets/3e3350c88b93ffda-wws.js HTTP/2.0" 200 2350 "-" "Mozilla/5.0 (Windows NT 10.0; Win64; x64) AppleWebKit/537.36 (KHTML, like Gecko) Chrome/151.0.0.0 Safari/537.36"
39.34.143.217 - - [17/Aug/2026:15:46:53 +0000] "GET /wp-content/cache/speedycache/reviverenovation.ae/assets/b90a6b6986dcecf7-astra-addon-69ddef01d1ba53-08965612.js HTTP/2.0" 200 9109 "-" "Mozilla/5.0 (Windows NT 10.0; Win64; x64) AppleWebKit/537.36 (KHTML, like Gecko) Chrome/151.0.0.0 Safari/537.36"
39.34.143.217 - - [17/Aug/2026:15:46:53 +0000] "GET /wp-content/cache/speedycache/reviverenovation.ae/assets/7278ec8f1975e6ee-smooth-scroll.js HTTP/2.0" 200 738 "-" "Mozilla/5.0 (Windows NT 10.0; Win64; x64) AppleWebKit/537.36 (KHTML, like Gecko) Chrome/151.0.0.0 Safari/537.36"
20.15.133.174 - - [17/Aug/2026:15:47:15 +0000] "GET /?sale/search/detail/?ITMCODE=o1u1t4g3u6s9h33302 HTTP/2.0" 200 29065 "-" "Mozilla/5.0 AppleWebKit/537.36 (KHTML, like Gecko; compatible; bingbot/2.0; +http://www.bing.com/bingbot.htm) Chrome/116.0.1938.76 Safari/537.36"
66.249.79.37 - - [17/Aug/2026:15:47:20 +0000] "GET /?sale/search/detail/?ITMCODE=h7u2m6b6l3e608244 HTTP/1.1" 200 30905 "-" "Mozilla/5.0 (Linux; Android 6.0.1; Nexus 5X Build/MMB29P) AppleWebKit/537.36 (KHTML, like Gecko) Chrome/150.0.7871.186 Mobile Safari/537.36 (compatible; Googlebot/2.1; +http://www.google.com/bot.html)"
162.120.188.225 - - [17/Aug/2026:15:47:22 +0000] "GET /revive-renovation/bathroom-renovation-dubai/ HTTP/2.0" 200 45259 "https://www.google.com/" "Mozilla/5.0 (Windows NT 10.0; Win64; x64) AppleWebKit/537.36 (KHTML, like Gecko) Chrome/151.0.0.0 Safari/537.36"
20.15.133.174 - - [17/Aug/2026:15:47:44 +0000] "GET /?sale/search/detail/?ITMCODE=a3c1r4o2c6e7p4h0a5l9y8 HTTP/2.0" 200 32740 "-" "Mozilla/5.0 AppleWebKit/537.36 (KHTML, like Gecko; compatible; bingbot/2.0; +http://www.bing.com/bingbot.htm) Chrome/116.0.1938.76 Safari/537.36"
39.34.143.217 - - [17/Aug/2026:15:47:53 +0000] "GET /wp-content/cache/speedycache/reviverenovation.ae/assets/7278ec8f1975e6ee-smooth-scroll.js HTTP/2.0" 304 - "-" "Mozilla/5.0 (Windows NT 10.0; Win64; x64) AppleWebKit/537.36 (KHTML, like Gecko) Chrome/151.0.0.0 Safari/537.36"
39.34.143.217 - - [17/Aug/2026:15:47:53 +0000] "GET /wp-content/cache/speedycache/reviverenovation.ae/assets/57c950ff2ac8ff7e-animations.js HTTP/2.0" 304 - "-" "Mozilla/5.0 (Windows NT 10.0; Win64; x64) AppleWebKit/537.36 (KHTML, like Gecko) Chrome/151.0.0.0 Safari/537.36"
39.34.143.217 - - [17/Aug/2026:15:47:53 +0000] "GET /wp-content/cache/speedycache/reviverenovation.ae/assets/b90a6b6986dcecf7-astra-addon-69ddef01d1ba53-08965612.js HTTP/2.0" 304 - "-" "Mozilla/5.0 (Windows NT 10.0; Win64; x64) AppleWebKit/537.36 (KHTML, like Gecko) Chrome/151.0.0.0 Safari/537.36"
39.34.143.217 - - [17/Aug/2026:15:47:53 +0000] "GET /wp-content/cache/speedycache/reviverenovation.ae/assets/3e3350c88b93ffda-wws.js HTTP/2.0" 304 - "-" "Mozilla/5.0 (Windows NT 10.0; Win64; x64) AppleWebKit/537.36 (KHTML, like Gecko) Chrome/151.0.0.0 Safari/537.36"
198.38.94.13 - - [17/Aug/2026:15:48:21 +0000] "POST /wp-cron.php?doing_wp_cron=1786981701.6394550800323486328125 HTTP/1.1" 200 - "-" "WordPress/7.0.4; https://reviverenovation.ae"
114.119.151.208 - - [17/Aug/2026:15:48:18 +0000] "GET /2026/04/13/villa-renovation-palm-jumeirah/ HTTP/1.1" 200 45815 "https://reviverenovation.ae/blog/" "Mozilla/5.0 (Linux; Android 7.0;) AppleWebKit/537.36 (HTML, like Gecko) Mobile Safari/537.36 (compatible; PetalBot;+https://webmaster.petalsearch.com/site/petalbot)"
20.15.133.174 - - [17/Aug/2026:15:48:25 +0000] "GET /?sale/search/detail/?ITMCODE=u8n4t1h1r6i1f5t805 HTTP/2.0" 200 29347 "-" "Mozilla/5.0 AppleWebKit/537.36 (KHTML, like Gecko; compatible; bingbot/2.0; +http://www.bing.com/bingbot.htm) Chrome/116.0.1938.76 Safari/537.36"
20.15.133.174 - - [17/Aug/2026:15:48:28 +0000] "GET /?sale/search/detail/?ITMCODE=i8n5t0r3i6g0u1e5d58 HTTP/2.0" 200 29681 "-" "Mozilla/5.0 AppleWebKit/537.36 (KHTML, like Gecko; compatible; bingbot/2.0; +http://www.bing.com/bingbot.htm) Chrome/116.0.1938.76 Safari/537.36"
39.34.143.217 - - [17/Aug/2026:15:48:55 +0000] "GET /wp-content/cache/speedycache/reviverenovation.ae/assets/57c950ff2ac8ff7e-animations.js HTTP/2.0" 200 1244 "-" "Mozilla/5.0 (Windows NT 10.0; Win64; x64) AppleWebKit/537.36 (KHTML, like Gecko) Chrome/151.0.0.0 Safari/537.36"
39.34.143.217 - - [17/Aug/2026:15:48:55 +0000] "GET /wp-content/cache/speedycache/reviverenovation.ae/assets/3e3350c88b93ffda-wws.js HTTP/2.0" 200 2350 "-" "Mozilla/5.0 (Windows NT 10.0; Win64; x64) AppleWebKit/537.36 (KHTML, like Gecko) Chrome/151.0.0.0 Safari/537.36"
39.34.143.217 - - [17/Aug/2026:15:48:55 +0000] "GET /wp-content/cache/speedycache/reviverenovation.ae/assets/7278ec8f1975e6ee-smooth-scroll.js HTTP/2.0" 200 738 "-" "Mozilla/5.0 (Windows NT 10.0; Win64; x64) AppleWebKit/537.36 (KHTML, like Gecko) Chrome/151.0.0.0 Safari/537.36"
39.34.143.217 - - [17/Aug/2026:15:48:55 +0000] "GET /wp-content/cache/speedycache/reviverenovation.ae/assets/b90a6b6986dcecf7-astra-addon-69ddef01d1ba53-08965612.js HTTP/2.0" 200 9109 "-" "Mozilla/5.0 (Windows NT 10.0; Win64; x64) AppleWebKit/537.36 (KHTML, like Gecko) Chrome/151.0.0.0 Safari/537.36"
20.15.133.174 - - [17/Aug/2026:15:49:05 +0000] "GET /?sale/search/detail/?ITMCODE=l7e3a5d8w1o8r7t0162 HTTP/2.0" 200 30118 "-" "Mozilla/5.0 AppleWebKit/537.36 (KHTML, like Gecko; compatible; bingbot/2.0; +http://www.bing.com/bingbot.htm) Chrome/116.0.1938.76 Safari/537.36"
209.222.82.141 - - [17/Aug/2026:15:49:07 +0000] "GET / HTTP/1.0" 200 475215 "-" "Mozilla/4.0 (compatible; MSIE 8.0; Windows NT 6.1; WOW64; Trident/4.0; SLCC2; .NET CLR 2.0.50727; .NET CLR 3.5.30729; .NET CLR 3.0.30729)"
20.15.133.174 - - [17/Aug/2026:15:49:45 +0000] "GET /?sale/search/detail/?ITMCODE=r5a2s8u3r7e871542 HTTP/2.0" 200 29705 "-" "Mozilla/5.0 AppleWebKit/537.36 (KHTML, like Gecko; compatible; bingbot/2.0; +http://www.bing.com/bingbot.htm) Chrome/116.0.1938.76 Safari/537.36"
39.34.143.217 - - [17/Aug/2026:15:49:53 +0000] "GET /wp-content/cache/speedycache/reviverenovation.ae/assets/57c950ff2ac8ff7e-animations.js HTTP/2.0" 304 - "-" "Mozilla/5.0 (Windows NT 10.0; Win64; x64) AppleWebKit/537.36 (KHTML, like Gecko) Chrome/151.0.0.0 Safari/537.36"
39.34.143.217 - - [17/Aug/2026:15:49:53 +0000] "GET /wp-content/cache/speedycache/reviverenovation.ae/assets/3e3350c88b93ffda-wws.js HTTP/2.0" 304 - "-" "Mozilla/5.0 (Windows NT 10.0; Win64; x64) AppleWebKit/537.36 (KHTML, like Gecko) Chrome/151.0.0.0 Safari/537.36"
39.34.143.217 - - [17/Aug/2026:15:49:53 +0000] "GET /wp-content/cache/speedycache/reviverenovation.ae/assets/b90a6b6986dcecf7-astra-addon-69ddef01d1ba53-08965612.js HTTP/2.0" 304 - "-" "Mozilla/5.0 (Windows NT 10.0; Win64; x64) AppleWebKit/537.36 (KHTML, like Gecko) Chrome/151.0.0.0 Safari/537.36"
39.34.143.217 - - [17/Aug/2026:15:49:53 +0000] "GET /wp-content/cache/speedycache/reviverenovation.ae/assets/7278ec8f1975e6ee-smooth-scroll.js HTTP/2.0" 304 - "-" "Mozilla/5.0 (Windows NT 10.0; Win64; x64) AppleWebKit/537.36 (KHTML, like Gecko) Chrome/151.0.0.0 Safari/537.36"
20.15.133.174 - - [17/Aug/2026:15:50:45 +0000] "GET /?sale/search/detail/?ITMCODE=u8n3d9e1r3s4p8e7n9d42 HTTP/2.0" 200 30207 "-" "Mozilla/5.0 AppleWebKit/537.36 (KHTML, like Gecko; compatible; bingbot/2.0; +http://www.bing.com/bingbot.htm) Chrome/116.0.1938.76 Safari/537.36"
20.15.133.174 - - [17/Aug/2026:15:50:49 +0000] "GET /?sale/search/detail/?ITMCODE=m8o2m6e2n4t9a2r8y012 HTTP/2.0" 200 30209 "-" "Mozilla/5.0 AppleWebKit/537.36 (KHTML, like Gecko; compatible; bingbot/2.0; +http://www.bing.com/bingbot.htm) Chrome/116.0.1938.76 Safari/537.36"
39.34.143.217 - - [17/Aug/2026:15:50:56 +0000] "GET /wp-content/cache/speedycache/reviverenovation.ae/assets/57c950ff2ac8ff7e-animations.js HTTP/2.0" 304 - "-" "Mozilla/5.0 (Windows NT 10.0; Win64; x64) AppleWebKit/537.36 (KHTML, like Gecko) Chrome/151.0.0.0 Safari/537.36"
39.34.143.217 - - [17/Aug/2026:15:50:56 +0000] "GET /wp-content/cache/speedycache/reviverenovation.ae/assets/7278ec8f1975e6ee-smooth-scroll.js HTTP/2.0" 304 - "-" "Mozilla/5.0 (Windows NT 10.0; Win64; x64) AppleWebKit/537.36 (KHTML, like Gecko) Chrome/151.0.0.0 Safari/537.36"
39.34.143.217 - - [17/Aug/2026:15:50:56 +0000] "GET /wp-content/cache/speedycache/reviverenovation.ae/assets/3e3350c88b93ffda-wws.js HTTP/2.0" 304 - "-" "Mozilla/5.0 (Windows NT 10.0; Win64; x64) AppleWebKit/537.36 (KHTML, like Gecko) Chrome/151.0.0.0 Safari/537.36"
39.34.143.217 - - [17/Aug/2026:15:50:56 +0000] "GET /wp-content/cache/speedycache/reviverenovation.ae/assets/b90a6b6986dcecf7-astra-addon-69ddef01d1ba53-08965612.js HTTP/2.0" 304 - "-" "Mozilla/5.0 (Windows NT 10.0; Win64; x64) AppleWebKit/537.36 (KHTML, like Gecko) Chrome/151.0.0.0 Safari/537.36"
20.15.133.174 - - [17/Aug/2026:15:50:55 +0000] "GET /?sale/search/detail/?ITMCODE=u0n3o1b5t2r5u1s3i9v7e3ly HTTP/2.0" 200 29547 "-" "Mozilla/5.0 AppleWebKit/537.36 (KHTML, like Gecko; compatible; bingbot/2.0; +http://www.bing.com/bingbot.htm) Chrome/116.0.1938.76 Safari/537.36"
20.15.133.174 - - [17/Aug/2026:15:51:15 +0000] "GET /?sale/search/detail/?ITMCODE=b5a6n8l5i1e4u8e262 HTTP/2.0" 200 30320 "-" "Mozilla/5.0 AppleWebKit/537.36 (KHTML, like Gecko; compatible; bingbot/2.0; +http://www.bing.com/bingbot.htm) Chrome/116.0.1938.76 Safari/537.36"
20.15.133.174 - - [17/Aug/2026:15:51:17 +0000] "GET /?sale/search/detail/?ITMCODE=a5l5b0e8r4t9i1t0e55 HTTP/2.0" 200 29582 "-" "Mozilla/5.0 AppleWebKit/537.36 (KHTML, like Gecko; compatible; bingbot/2.0; +http://www.bing.com/bingbot.htm) Chrome/116.0.1938.76 Safari/537.36"
66.249.79.37 - - [17/Aug/2026:15:51:35 +0000] "GET /?sale/search/detail/?ITMCODE=s7a2i3g2a4309512 HTTP/1.1" 200 29895 "-" "Mozilla/5.0 (Linux; Android 6.0.1; Nexus 5X Build/MMB29P) AppleWebKit/537.36 (KHTML, like Gecko) Chrome/150.0.7871.186 Mobile Safari/537.36 (compatible; Googlebot/2.1; +http://www.google.com/bot.html)"
66.249.79.36 - - [17/Aug/2026:15:51:39 +0000] "GET /?sale/search/detail/?ITMCODE=f7o2r7a9s2m1u4c7h224 HTTP/1.1" 200 29616 "-" "Mozilla/5.0 (Linux; Android 6.0.1; Nexus 5X Build/MMB29P) AppleWebKit/537.36 (KHTML, like Gecko) Chrome/150.0.7871.186 Mobile Safari/537.36 (compatible; Googlebot/2.1; +http://www.google.com/bot.html)"
66.249.79.36 - - [17/Aug/2026:15:51:45 +0000] "GET /?sale/search/detail/?ITMCODE=i7n7s6o1m6n9o0l8e2nce HTTP/1.1" 200 29195 "-" "Mozilla/5.0 (Linux; Android 6.0.1; Nexus 5X Build/MMB29P) AppleWebKit/537.36 (KHTML, like Gecko) Chrome/150.0.7871.186 Mobile Safari/537.36 (compatible; Googlebot/2.1; +http://www.google.com/bot.html)"
190.97.230.138 - - [17/Aug/2026:15:51:50 +0000] "GET /projects/residence-8-downtown-dubai/ HTTP/2.0" 200 42948 "-" "Mozilla/5.0 (X11; Linux x86_64) AppleWebKit/537.36 (KHTML, like Gecko) Chrome/151.0.0.0 Safari/537.36; Manus-User/1.0"
190.97.230.138 - - [17/Aug/2026:15:51:52 +0000] "GET /wp-content/cache/speedycache/reviverenovation.ae/assets/57c950ff2ac8ff7e-animations.js HTTP/2.0" 200 1244 "https://reviverenovation.ae/projects/residence-8-downtown-dubai/" "Mozilla/5.0 (X11; Linux x86_64) AppleWebKit/537.36 (KHTML, like Gecko) Chrome/151.0.0.0 Safari/537.36; Manus-User/1.0"
190.97.230.138 - - [17/Aug/2026:15:51:52 +0000] "GET /wp-content/cache/speedycache/reviverenovation.ae/assets/7278ec8f1975e6ee-smooth-scroll.js HTTP/2.0" 200 738 "https://reviverenovation.ae/projects/residence-8-downtown-dubai/" "Mozilla/5.0 (X11; Linux x86_64) AppleWebKit/537.36 (KHTML, like Gecko) Chrome/151.0.0.0 Safari/537.36; Manus-User/1.0"
190.97.230.138 - - [17/Aug/2026:15:51:52 +0000] "GET /wp-content/cache/speedycache/reviverenovation.ae/assets/3e3350c88b93ffda-wws.js HTTP/2.0" 200 2350 "https://reviverenovation.ae/projects/residence-8-downtown-dubai/" "Mozilla/5.0 (X11; Linux x86_64) AppleWebKit/537.36 (KHTML, like Gecko) Chrome/151.0.0.0 Safari/537.36; Manus-User/1.0"
190.97.230.138 - - [17/Aug/2026:15:51:52 +0000] "GET /wp-content/cache/speedycache/reviverenovation.ae/assets/b90a6b6986dcecf7-astra-addon-69ddef01d1ba53-08965612.js HTTP/2.0" 200 9109 "https://reviverenovation.ae/projects/residence-8-downtown-dubai/" "Mozilla/5.0 (X11; Linux x86_64) AppleWebKit/537.36 (KHTML, like Gecko) Chrome/151.0.0.0 Safari/537.36; Manus-User/1.0"
39.34.143.217 - - [17/Aug/2026:15:51:54 +0000] "GET /wp-content/cache/speedycache/reviverenovation.ae/assets/57c950ff2ac8ff7e-animations.js HTTP/2.0" 304 - "-" "Mozilla/5.0 (Windows NT 10.0; Win64; x64) AppleWebKit/537.36 (KHTML, like Gecko) Chrome/151.0.0.0 Safari/537.36"
39.34.143.217 - - [17/Aug/2026:15:51:54 +0000] "GET /wp-content/cache/speedycache/reviverenovation.ae/assets/7278ec8f1975e6ee-smooth-scroll.js HTTP/2.0" 304 - "-" "Mozilla/5.0 (Windows NT 10.0; Win64; x64) AppleWebKit/537.36 (KHTML, like Gecko) Chrome/151.0.0.0 Safari/537.36"
39.34.143.217 - - [17/Aug/2026:15:51:54 +0000] "GET /wp-content/cache/speedycache/reviverenovation.ae/assets/3e3350c88b93ffda-wws.js HTTP/2.0" 304 - "-" "Mozilla/5.0 (Windows NT 10.0; Win64; x64) AppleWebKit/537.36 (KHTML, like Gecko) Chrome/151.0.0.0 Safari/537.36"
190.97.230.138 - - [17/Aug/2026:15:51:54 +0000] "GET /wp-content/uploads/2026/03/1003-The-Residences-Tower-8-Large-Format-2-1024x683.jpg HTTP/2.0" 200 56761 "https://reviverenovation.ae/projects/residence-8-downtown-dubai/" "Mozilla/5.0 (X11; Linux x86_64) AppleWebKit/537.36 (KHTML, like Gecko) Chrome/151.0.0.0 Safari/537.36; Manus-User/1.0"
190.97.230.138 - - [17/Aug/2026:15:51:54 +0000] "GET /wp-content/uploads/2026/03/1003-The-Residences-Tower-8-Large-Format-8-1024x682.jpg HTTP/2.0" 200 48780 "https://reviverenovation.ae/projects/residence-8-downtown-dubai/" "Mozilla/5.0 (X11; Linux x86_64) AppleWebKit/537.36 (KHTML, like Gecko) Chrome/151.0.0.0 Safari/537.36; Manus-User/1.0"
190.97.230.138 - - [17/Aug/2026:15:51:54 +0000] "GET /wp-content/uploads/2026/03/1003-The-Residences-Tower-8-Large-Format-5-1024x682.jpg HTTP/2.0" 200 41740 "https://reviverenovation.ae/projects/residence-8-downtown-dubai/" "Mozilla/5.0 (X11; Linux x86_64) AppleWebKit/537.36 (KHTML, like Gecko) Chrome/151.0.0.0 Safari/537.36; Manus-User/1.0"
190.97.230.138 - - [17/Aug/2026:15:51:54 +0000] "GET /wp-content/uploads/2026/03/1003-The-Residences-Tower-8-Large-Format-7-1024x683.jpg HTTP/2.0" 200 45163 "https://reviverenovation.ae/projects/residence-8-downtown-dubai/" "Mozilla/5.0 (X11; Linux x86_64) AppleWebKit/537.36 (KHTML, like Gecko) Chrome/151.0.0.0 Safari/537.36; Manus-User/1.0"
190.97.230.138 - - [17/Aug/2026:15:51:54 +0000] "GET /wp-content/uploads/2026/03/1003-The-Residences-Tower-8-Large-Format-13-683x1024.jpg HTTP/2.0" 200 43002 "https://reviverenovation.ae/projects/residence-8-downtown-dubai/" "Mozilla/5.0 (X11; Linux x86_64) AppleWebKit/537.36 (KHTML, like Gecko) Chrome/151.0.0.0 Safari/537.36; Manus-User/1.0"
190.97.230.138 - - [17/Aug/2026:15:51:54 +0000] "GET /wp-content/uploads/2026/03/1003-The-Residences-Tower-8-Large-Format-1-1024x683.jpg HTTP/2.0" 200 55741 "https://reviverenovation.ae/projects/residence-8-downtown-dubai/" "Mozilla/5.0 (X11; Linux x86_64) AppleWebKit/537.36 (KHTML, like Gecko) Chrome/151.0.0.0 Safari/537.36; Manus-User/1.0"
190.97.230.138 - - [17/Aug/2026:15:51:54 +0000] "GET /wp-content/uploads/2026/03/1003-The-Residences-Tower-8-Large-Format-4-1024x682.jpg HTTP/2.0" 200 55555 "https://reviverenovation.ae/projects/residence-8-downtown-dubai/" "Mozilla/5.0 (X11; Linux x86_64) AppleWebKit/537.36 (KHTML, like Gecko) Chrome/151.0.0.0 Safari/537.36; Manus-User/1.0"
190.97.230.138 - - [17/Aug/2026:15:51:54 +0000] "GET /wp-content/uploads/2026/03/1003-The-Residences-Tower-8-Large-Format-3-1024x682.jpg HTTP/2.0" 200 65439 "https://reviverenovation.ae/projects/residence-8-downtown-dubai/" "Mozilla/5.0 (X11; Linux x86_64) AppleWebKit/537.36 (KHTML, like Gecko) Chrome/151.0.0.0 Safari/537.36; Manus-User/1.0"
190.97.230.138 - - [17/Aug/2026:15:51:54 +0000] "GET /wp-content/uploads/2026/03/1003-The-Residences-Tower-8-Large-Format-6-1024x683.jpg HTTP/2.0" 200 63411 "https://reviverenovation.ae/projects/residence-8-downtown-dubai/" "Mozilla/5.0 (X11; Linux x86_64) AppleWebKit/537.36 (KHTML, like Gecko) Chrome/151.0.0.0 Safari/537.36; Manus-User/1.0"
190.97.230.138 - - [17/Aug/2026:15:51:54 +0000] "GET /wp-content/uploads/2026/03/1003-The-Residences-Tower-8-Large-Format-12-1024x683.jpg HTTP/2.0" 200 58179 "https://reviverenovation.ae/projects/residence-8-downtown-dubai/" "Mozilla/5.0 (X11; Linux x86_64) AppleWebKit/537.36 (KHTML, like Gecko) Chrome/151.0.0.0 Safari/537.36; Manus-User/1.0"
190.97.230.138 - - [17/Aug/2026:15:51:54 +0000] "GET /wp-content/uploads/2026/03/1003-The-Residences-Tower-8-Large-Format-14-682x1024.jpg HTTP/2.0" 200 63487 "https://reviverenovation.ae/projects/residence-8-downtown-dubai/" "Mozilla/5.0 (X11; Linux x86_64) AppleWebKit/537.36 (KHTML, like Gecko) Chrome/151.0.0.0 Safari/537.36; Manus-User/1.0"
190.97.230.138 - - [17/Aug/2026:15:51:54 +0000] "GET /wp-content/uploads/2026/03/1003-The-Residences-Tower-8-Large-Format-11-1024x683.png HTTP/2.0" 200 741569 "https://reviverenovation.ae/projects/residence-8-downtown-dubai/" "Mozilla/5.0 (X11; Linux x86_64) AppleWebKit/537.36 (KHTML, like Gecko) Chrome/151.0.0.0 Safari/537.36; Manus-User/1.0"
190.97.230.138 - - [17/Aug/2026:15:51:54 +0000] "GET /wp-content/uploads/2026/03/1003-The-Residences-Tower-8-Large-Format-9.jpg HTTP/2.0" 200 199248 "https://reviverenovation.ae/projects/residence-8-downtown-dubai/" "Mozilla/5.0 (X11; Linux x86_64) AppleWebKit/537.36 (KHTML, like Gecko) Chrome/151.0.0.0 Safari/537.36; Manus-User/1.0"
20.15.133.174 - - [17/Aug/2026:15:51:55 +0000] "GET /?sale/search/detail/?ITMCODE=a2m2i4t8i7e8s18465 HTTP/2.0" 200 33184 "-" "Mozilla/5.0 AppleWebKit/537.36 (KHTML, like Gecko; compatible; bingbot/2.0; +http://www.bing.com/bingbot.htm) Chrome/116.0.1938.76 Safari/537.36"
39.34.143.217 - - [17/Aug/2026:15:51:54 +0000] "GET /wp-content/cache/speedycache/reviverenovation.ae/assets/b90a6b6986dcecf7-astra-addon-69ddef01d1ba53-08965612.js HTTP/2.0" 304 - "-" "Mozilla/5.0 (Windows NT 10.0; Win64; x64) AppleWebKit/537.36 (KHTML, like Gecko) Chrome/151.0.0.0 Safari/537.36"
20.15.133.174 - - [17/Aug/2026:15:52:05 +0000] "GET /?sale/search/detail/?ITMCODE=b5a2c9c2h1i9u1s16 HTTP/2.0" 200 29977 "-" "Mozilla/5.0 AppleWebKit/537.36 (KHTML, like Gecko; compatible; bingbot/2.0; +http://www.bing.com/bingbot.htm) Chrome/116.0.1938.76 Safari/537.36"
190.97.230.138 - - [17/Aug/2026:15:52:10 +0000] "GET /wp-content/uploads/2026/03/Logo-new-05-scaled.png HTTP/2.0" 200 83384 "-" "curl/8.5.0"
190.97.230.138 - - [17/Aug/2026:15:52:14 +0000] "GET /wp-content/uploads/2026/03/1003-The-Residences-Tower-8-Large-Format-2.jpg HTTP/2.0" 200 604285 "-" "curl/8.5.0"
190.97.230.138 - - [17/Aug/2026:15:52:18 +0000] "GET /wp-content/uploads/2026/03/1003-The-Residences-Tower-8-Large-Format-5.jpg HTTP/2.0" 200 570405 "-" "curl/8.5.0"
