66.249.79.36 - - [17/Aug/2026:12:24:39 +0000] "GET /?sale/search/detail/?ITMCODE=v7a1l9i7a7n0t8n4e4s0s1 HTTP/1.1" 200 31065 "-" "Mozilla/5.0 (Linux; Android 6.0.1; Nexus 5X Build/MMB29P) AppleWebKit/537.36 (KHTML, like Gecko) Chrome/150.0.7871.186 Mobile Safari/537.36 (compatible; Googlebot/2.1; +http://www.google.com/bot.html)"
198.244.226.55 - - [17/Aug/2026:12:24:38 +0000] "GET /sitemap-subitems-1500.xml HTTP/2.0" 200 28358 "-" "Mozilla/5.0 (compatible; AhrefsBot/7.0; +http://ahrefs.com/robot/)"
77.75.79.95 - - [17/Aug/2026:12:24:44 +0000] "GET /revive-contracting/villa-construction-dubai/ HTTP/1.1" 200 45631 "-" "Mozilla/5.0 (compatible; SeznamBot/4.0; +https://o-seznam.cz/napoveda/vyhledavani/en/seznambot-crawler/)"
198.244.168.3 - - [17/Aug/2026:12:24:44 +0000] "GET /sitemap-subitems-1526.xml HTTP/2.0" 200 28382 "-" "Mozilla/5.0 (compatible; AhrefsBot/7.0; +http://ahrefs.com/robot/)"
66.249.79.36 - - [17/Aug/2026:12:24:44 +0000] "GET /?sale/search/detail/?ITMCODE=p7l3a7t1i3n2u1m7781 HTTP/1.1" 200 30659 "-" "Mozilla/5.0 (Linux; Android 6.0.1; Nexus 5X Build/MMB29P) AppleWebKit/537.36 (KHTML, like Gecko) Chrome/150.0.7871.186 Mobile Safari/537.36 (compatible; Googlebot/2.1; +http://www.google.com/bot.html)"
198.244.168.72 - - [17/Aug/2026:12:24:50 +0000] "GET /sitemap-subitems-1534.xml HTTP/2.0" 200 28379 "-" "Mozilla/5.0 (compatible; AhrefsBot/7.0; +http://ahrefs.com/robot/)"
66.249.79.37 - - [17/Aug/2026:12:24:51 +0000] "GET /?sale/search/detail/?ITMCODE=a7d1j9u0d3g8m2e9n3t08 HTTP/1.1" 200 29813 "-" "Mozilla/5.0 (Linux; Android 6.0.1; Nexus 5X Build/MMB29P) AppleWebKit/537.36 (KHTML, like Gecko) Chrome/150.0.7871.186 Mobile Safari/537.36 (compatible; Googlebot/2.1; +http://www.google.com/bot.html)"
198.244.226.90 - - [17/Aug/2026:12:24:56 +0000] "GET /sitemap-subitems-1563.xml HTTP/2.0" 200 28393 "-" "Mozilla/5.0 (compatible; AhrefsBot/7.0; +http://ahrefs.com/robot/)"
66.249.79.37 - - [17/Aug/2026:12:24:57 +0000] "GET /?sale/search/detail/?ITMCODE=h7y1d9r3o8t5h3e1c2a1s HTTP/1.1" 200 29967 "-" "Mozilla/5.0 (Linux; Android 6.0.1; Nexus 5X Build/MMB29P) AppleWebKit/537.36 (KHTML, like Gecko) Chrome/150.0.7871.186 Mobile Safari/537.36 (compatible; Googlebot/2.1; +http://www.google.com/bot.html)"
198.244.168.53 - - [17/Aug/2026:12:25:01 +0000] "GET /sitemap-subitems-1622.xml HTTP/2.0" 200 28410 "-" "Mozilla/5.0 (compatible; AhrefsBot/7.0; +http://ahrefs.com/robot/)"
66.249.79.36 - - [17/Aug/2026:12:25:02 +0000] "GET /?sale/search/detail/?ITMCODE=n7a2e3v2o8i8d98316 HTTP/1.1" 200 29642 "-" "Mozilla/5.0 (Linux; Android 6.0.1; Nexus 5X Build/MMB29P) AppleWebKit/537.36 (KHTML, like Gecko) Chrome/150.0.7871.186 Mobile Safari/537.36 (compatible; Googlebot/2.1; +http://www.google.com/bot.html)"
51.89.129.149 - - [17/Aug/2026:12:25:07 +0000] "GET /sitemap-subitems-1644.xml HTTP/2.0" 200 28407 "-" "Mozilla/5.0 (compatible; AhrefsBot/7.0; +http://ahrefs.com/robot/)"
66.249.79.36 - - [17/Aug/2026:12:25:08 +0000] "GET /?sale/search/detail/?ITMCODE=l7e1c0h7e6r9o5u9s020 HTTP/1.1" 200 30030 "-" "Mozilla/5.0 (Linux; Android 6.0.1; Nexus 5X Build/MMB29P) AppleWebKit/537.36 (KHTML, like Gecko) Chrome/150.0.7871.186 Mobile Safari/537.36 (compatible; Googlebot/2.1; +http://www.google.com/bot.html)"
51.195.183.232 - - [17/Aug/2026:12:25:13 +0000] "GET /sitemap-subitems-1697.xml HTTP/2.0" 200 28448 "-" "Mozilla/5.0 (compatible; AhrefsBot/7.0; +http://ahrefs.com/robot/)"
66.249.79.36 - - [17/Aug/2026:12:25:14 +0000] "GET /?sale/search/detail/?ITMCODE=m7u3l3t9i3l6i0n2e2a1l6 HTTP/1.1" 200 29886 "-" "Mozilla/5.0 (Linux; Android 6.0.1; Nexus 5X Build/MMB29P) AppleWebKit/537.36 (KHTML, like Gecko) Chrome/150.0.7871.186 Mobile Safari/537.36 (compatible; Googlebot/2.1; +http://www.google.com/bot.html)"
54.38.147.127 - - [17/Aug/2026:12:25:19 +0000] "GET /sitemap-subitems-1707.xml HTTP/2.0" 200 28352 "-" "Mozilla/5.0 (compatible; AhrefsBot/7.0; +http://ahrefs.com/robot/)"
66.249.79.32 - - [17/Aug/2026:12:25:22 +0000] "GET /?sale/search/detail/?ITMCODE=s7e3g6m4e4n5t5a1l476 HTTP/1.1" 200 31097 "-" "Mozilla/5.0 (Linux; Android 6.0.1; Nexus 5X Build/MMB29P) AppleWebKit/537.36 (KHTML, like Gecko) Chrome/150.0.7871.186 Mobile Safari/537.36 (compatible; Googlebot/2.1; +http://www.google.com/bot.html)"
198.244.226.207 - - [17/Aug/2026:12:25:25 +0000] "GET /sitemap-subitems-1738.xml HTTP/2.0" 200 28329 "-" "Mozilla/5.0 (compatible; AhrefsBot/7.0; +http://ahrefs.com/robot/)"
66.249.79.36 - - [17/Aug/2026:12:25:30 +0000] "GET /?sale/search/detail/?ITMCODE=o7v4e0r4w1h0e3l9m0i7n7g HTTP/1.1" 200 30306 "-" "Mozilla/5.0 (Linux; Android 6.0.1; Nexus 5X Build/MMB29P) AppleWebKit/537.36 (KHTML, like Gecko) Chrome/150.0.7871.186 Mobile Safari/537.36 (compatible; Googlebot/2.1; +http://www.google.com/bot.html)"
198.38.94.13 - - [17/Aug/2026:12:25:32 +0000] "POST /wp-cron.php?doing_wp_cron=1786969532.5234220027923583984375 HTTP/1.1" 200 - "-" "WordPress/7.0.4; https://reviverenovation.ae"
66.249.79.37 - - [17/Aug/2026:12:25:31 +0000] "GET /?sale/search/detail/?ITMCODE=i2n2f2e9a7s8i7b2l9e6n7ess HTTP/1.1" 301 - "-" "Mozilla/5.0 (Linux; Android 6.0.1; Nexus 5X Build/MMB29P) AppleWebKit/537.36 (KHTML, like Gecko) Chrome/150.0.7871.186 Mobile Safari/537.36 (compatible; GoogleOther)"
198.244.240.216 - - [17/Aug/2026:12:25:30 +0000] "GET /sitemap-subitems-1778.xml HTTP/2.0" 200 28296 "-" "Mozilla/5.0 (compatible; AhrefsBot/7.0; +http://ahrefs.com/robot/)"
66.249.79.36 - - [17/Aug/2026:12:25:35 +0000] "GET /?sale/search/detail/?ITMCODE=m7u3l4t6i9p2l8e1c5h0o7ice HTTP/1.1" 200 29567 "-" "Mozilla/5.0 (Linux; Android 6.0.1; Nexus 5X Build/MMB29P) AppleWebKit/537.36 (KHTML, like Gecko) Chrome/150.0.7871.186 Mobile Safari/537.36 (compatible; Googlebot/2.1; +http://www.google.com/bot.html)"
51.195.183.184 - - [17/Aug/2026:12:25:36 +0000] "GET /sitemap-subitems-1825.xml HTTP/2.0" 200 28301 "-" "Mozilla/5.0 (compatible; AhrefsBot/7.0; +http://ahrefs.com/robot/)"
66.249.79.36 - - [17/Aug/2026:12:25:37 +0000] "GET /?sale%2Fsearch%2Fdetail%2F%3FITMCODE=i2n2f2e9a7s8i7b2l9e6n7ess HTTP/1.1" 200 58127 "-" "Mozilla/5.0 (Linux; Android 6.0.1; Nexus 5X Build/MMB29P) AppleWebKit/537.36 (KHTML, like Gecko) Chrome/150.0.7871.186 Mobile Safari/537.36 (compatible; GoogleOther)"
51.195.183.72 - - [17/Aug/2026:12:25:42 +0000] "GET /sitemap-subitems-1834.xml HTTP/2.0" 200 28388 "-" "Mozilla/5.0 (compatible; AhrefsBot/7.0; +http://ahrefs.com/robot/)"
66.249.79.36 - - [17/Aug/2026:12:25:46 +0000] "GET /?sale/search/detail/?ITMCODE=v7e2n6t4r8i5c1u3l8i65 HTTP/1.1" 200 31535 "-" "Mozilla/5.0 (Linux; Android 6.0.1; Nexus 5X Build/MMB29P) AppleWebKit/537.36 (KHTML, like Gecko) Chrome/150.0.7871.186 Mobile Safari/537.36 (compatible; Googlebot/2.1; +http://www.google.com/bot.html)"
198.244.183.66 - - [17/Aug/2026:12:25:47 +0000] "GET /sitemap-subitems-1841.xml HTTP/2.0" 200 28379 "-" "Mozilla/5.0 (compatible; AhrefsBot/7.0; +http://ahrefs.com/robot/)"
198.244.183.60 - - [17/Aug/2026:12:25:53 +0000] "GET /sitemap-subitems-1865.xml HTTP/2.0" 200 28114 "-" "Mozilla/5.0 (compatible; AhrefsBot/7.0; +http://ahrefs.com/robot/)"
66.249.79.36 - - [17/Aug/2026:12:25:56 +0000] "GET /?sale/search/detail/?ITMCODE=s7u1g4g5e9s5t3e8d287 HTTP/1.1" 200 30072 "-" "Mozilla/5.0 (Linux; Android 6.0.1; Nexus 5X Build/MMB29P) AppleWebKit/537.36 (KHTML, like Gecko) Chrome/150.0.7871.186 Mobile Safari/537.36 (compatible; Googlebot/2.1; +http://www.google.com/bot.html)"
198.244.168.102 - - [17/Aug/2026:12:25:59 +0000] "GET /sitemap-subitems-1868.xml HTTP/2.0" 200 28410 "-" "Mozilla/5.0 (compatible; AhrefsBot/7.0; +http://ahrefs.com/robot/)"
66.249.79.32 - - [17/Aug/2026:12:26:02 +0000] "GET /?sale/search/detail/?ITMCODE=g7i8g0a9n5t6i3c614 HTTP/1.1" 200 30754 "-" "Mozilla/5.0 (Linux; Android 6.0.1; Nexus 5X Build/MMB29P) AppleWebKit/537.36 (KHTML, like Gecko) Chrome/150.0.7871.186 Mobile Safari/537.36 (compatible; Googlebot/2.1; +http://www.google.com/bot.html)"
198.244.240.218 - - [17/Aug/2026:12:26:04 +0000] "GET /sitemap-subitems-1912.xml HTTP/2.0" 200 28395 "-" "Mozilla/5.0 (compatible; AhrefsBot/7.0; +http://ahrefs.com/robot/)"
129.146.188.65 - - [17/Aug/2026:12:26:08 +0000] "GET /wp-content/plugins/pods/readme.txt HTTP/1.1" 200 9382 "-" "Mozilla/5.0 (Windows NT 10.0; Win64; x64; rv:126.0) Gecko/20100101 Firefox/126.0"
91.74.26.36 - - [17/Aug/2026:12:26:08 +0000] "GET /contact/ HTTP/2.0" 200 43864 "https://reviverenovation.ae/projects/" "Mozilla/5.0 (Windows NT 10.0; Win64; x64) AppleWebKit/537.36 (KHTML, like Gecko) Chrome/151.0.0.0 Safari/537.36"
91.74.26.36 - - [17/Aug/2026:12:26:08 +0000] "GET /wp-content/themes/astra/assets/css/minified/main.min.css?ver=4.12.7 HTTP/2.0" 200 8683 "https://reviverenovation.ae/contact/" "Mozilla/5.0 (Windows NT 10.0; Win64; x64) AppleWebKit/537.36 (KHTML, like Gecko) Chrome/151.0.0.0 Safari/537.36"
91.74.26.36 - - [17/Aug/2026:12:26:08 +0000] "GET /wp-content/cache/speedycache/reviverenovation.ae/assets/5003722985a75bf5-style.css HTTP/2.0" 200 621 "https://reviverenovation.ae/contact/" "Mozilla/5.0 (Windows NT 10.0; Win64; x64) AppleWebKit/537.36 (KHTML, like Gecko) Chrome/151.0.0.0 Safari/537.36"
91.74.26.36 - - [17/Aug/2026:12:26:08 +0000] "GET /wp-content/plugins/elementor/assets/css/widget-image.min.css?ver=4.0.2 HTTP/2.0" 200 135 "https://reviverenovation.ae/contact/" "Mozilla/5.0 (Windows NT 10.0; Win64; x64) AppleWebKit/537.36 (KHTML, like Gecko) Chrome/151.0.0.0 Safari/537.36"
91.74.26.36 - - [17/Aug/2026:12:26:08 +0000] "GET /wp-content/plugins/elementor/assets/css/widget-heading.min.css?ver=4.0.2 HTTP/2.0" 200 160 "https://reviverenovation.ae/contact/" "Mozilla/5.0 (Windows NT 10.0; Win64; x64) AppleWebKit/537.36 (KHTML, like Gecko) Chrome/151.0.0.0 Safari/537.36"
91.74.26.36 - - [17/Aug/2026:12:26:08 +0000] "GET /wp-content/cache/speedycache/reviverenovation.ae/assets/c8aca11ebb99ff97-astra-addon-69ddef01d16cf9-75818811.css HTTP/2.0" 200 5877 "https://reviverenovation.ae/contact/" "Mozilla/5.0 (Windows NT 10.0; Win64; x64) AppleWebKit/537.36 (KHTML, like Gecko) Chrome/151.0.0.0 Safari/537.36"
91.74.26.36 - - [17/Aug/2026:12:26:08 +0000] "GET /wp-content/plugins/elementor/assets/css/widget-social-icons.min.css?ver=4.0.2 HTTP/2.0" 200 1142 "https://reviverenovation.ae/contact/" "Mozilla/5.0 (Windows NT 10.0; Win64; x64) AppleWebKit/537.36 (KHTML, like Gecko) Chrome/151.0.0.0 Safari/537.36"
91.74.26.36 - - [17/Aug/2026:12:26:08 +0000] "GET /wp-content/cache/speedycache/reviverenovation.ae/assets/33ab4a92927038b4-post-5.css HTTP/2.0" 200 441 "https://reviverenovation.ae/contact/" "Mozilla/5.0 (Windows NT 10.0; Win64; x64) AppleWebKit/537.36 (KHTML, like Gecko) Chrome/151.0.0.0 Safari/537.36"
91.74.26.36 - - [17/Aug/2026:12:26:08 +0000] "GET /wp-content/plugins/elementor/assets/lib/animations/styles/fadeInUp.min.css?ver=4.0.2 HTTP/2.0" 200 117 "https://reviverenovation.ae/contact/" "Mozilla/5.0 (Windows NT 10.0; Win64; x64) AppleWebKit/537.36 (KHTML, like Gecko) Chrome/151.0.0.0 Safari/537.36"
91.74.26.36 - - [17/Aug/2026:12:26:08 +0000] "GET /wp-content/plugins/elementor/assets/css/widget-icon-list.min.css?ver=4.0.2 HTTP/2.0" 200 1023 "https://reviverenovation.ae/contact/" "Mozilla/5.0 (Windows NT 10.0; Win64; x64) AppleWebKit/537.36 (KHTML, like Gecko) Chrome/151.0.0.0 Safari/537.36"
91.74.26.36 - - [17/Aug/2026:12:26:08 +0000] "GET /wp-content/plugins/elementor/assets/css/conditionals/apple-webkit.min.css?ver=4.0.2 HTTP/2.0" 200 547 "https://reviverenovation.ae/contact/" "Mozilla/5.0 (Windows NT 10.0; Win64; x64) AppleWebKit/537.36 (KHTML, like Gecko) Chrome/151.0.0.0 Safari/537.36"
91.74.26.36 - - [17/Aug/2026:12:26:08 +0000] "GET /wp-content/plugins/elementor/assets/css/widget-icon-box.min.css?ver=4.0.2 HTTP/2.0" 200 435 "https://reviverenovation.ae/contact/" "Mozilla/5.0 (Windows NT 10.0; Win64; x64) AppleWebKit/537.36 (KHTML, like Gecko) Chrome/151.0.0.0 Safari/537.36"
91.74.26.36 - - [17/Aug/2026:12:26:08 +0000] "GET /wp-content/plugins/pro-elements/assets/css/widget-form.min.css?ver=3.35.0 HTTP/2.0" 200 1582 "https://reviverenovation.ae/contact/" "Mozilla/5.0 (Windows NT 10.0; Win64; x64) AppleWebKit/537.36 (KHTML, like Gecko) Chrome/151.0.0.0 Safari/537.36"
91.74.26.36 - - [17/Aug/2026:12:26:08 +0000] "GET /wp-content/plugins/elementor/assets/css/frontend.min.css?ver=4.0.2 HTTP/2.0" 200 7271 "https://reviverenovation.ae/contact/" "Mozilla/5.0 (Windows NT 10.0; Win64; x64) AppleWebKit/537.36 (KHTML, like Gecko) Chrome/151.0.0.0 Safari/537.36"
91.74.26.36 - - [17/Aug/2026:12:26:08 +0000] "GET /wp-content/cache/speedycache/reviverenovation.ae/assets/dbb186e3d60d8e23-post-1236.css HTTP/2.0" 200 2123 "https://reviverenovation.ae/contact/" "Mozilla/5.0 (Windows NT 10.0; Win64; x64) AppleWebKit/537.36 (KHTML, like Gecko) Chrome/151.0.0.0 Safari/537.36"
91.74.26.36 - - [17/Aug/2026:12:26:08 +0000] "GET /wp-content/cache/speedycache/reviverenovation.ae/assets/fbe48911448154e2-post-480.css HTTP/2.0" 200 1984 "https://reviverenovation.ae/contact/" "Mozilla/5.0 (Windows NT 10.0; Win64; x64) AppleWebKit/537.36 (KHTML, like Gecko) Chrome/151.0.0.0 Safari/537.36"
91.74.26.36 - - [17/Aug/2026:12:26:08 +0000] "GET /wp-content/cache/speedycache/reviverenovation.ae/assets/95077f496437d32b-wws.css HTTP/2.0" 200 691 "https://reviverenovation.ae/contact/" "Mozilla/5.0 (Windows NT 10.0; Win64; x64) AppleWebKit/537.36 (KHTML, like Gecko) Chrome/151.0.0.0 Safari/537.36"
91.74.26.36 - - [17/Aug/2026:12:26:08 +0000] "GET /wp-content/cache/speedycache/reviverenovation.ae/assets/b1725672c5852da8-wws-layout-4.css HTTP/2.0" 200 101 "https://reviverenovation.ae/contact/" "Mozilla/5.0 (Windows NT 10.0; Win64; x64) AppleWebKit/537.36 (KHTML, like Gecko) Chrome/151.0.0.0 Safari/537.36"
91.74.26.36 - - [17/Aug/2026:12:26:08 +0000] "GET /wp-content/plugins/speedycache-pro/assets/images/image-palceholder.png HTTP/2.0" 200 145 "https://reviverenovation.ae/contact/" "Mozilla/5.0 (Windows NT 10.0; Win64; x64) AppleWebKit/537.36 (KHTML, like Gecko) Chrome/151.0.0.0 Safari/537.36"
91.74.26.36 - - [17/Aug/2026:12:26:08 +0000] "GET /wp-content/plugins/astra-addon/addons/nav-menu/assets/css/minified/magamenu-frontend.min.css?ver=4.12.5 HTTP/2.0" 200 - "https://reviverenovation.ae/contact/" "Mozilla/5.0 (Windows NT 10.0; Win64; x64) AppleWebKit/537.36 (KHTML, like Gecko) Chrome/151.0.0.0 Safari/537.36"
91.74.26.36 - - [17/Aug/2026:12:26:08 +0000] "GET /wp-includes/js/jquery/jquery-migrate.min.js?ver=3.4.1 HTTP/2.0" 200 4872 "https://reviverenovation.ae/contact/" "Mozilla/5.0 (Windows NT 10.0; Win64; x64) AppleWebKit/537.36 (KHTML, like Gecko) Chrome/151.0.0.0 Safari/537.36"
91.74.26.36 - - [17/Aug/2026:12:26:08 +0000] "GET /wp-includes/js/jquery/jquery.min.js?ver=3.7.1 HTTP/2.0" 200 30368 "https://reviverenovation.ae/contact/" "Mozilla/5.0 (Windows NT 10.0; Win64; x64) AppleWebKit/537.36 (KHTML, like Gecko) Chrome/151.0.0.0 Safari/537.36"
91.74.26.36 - - [17/Aug/2026:12:26:09 +0000] "GET /wp-content/themes/astra/assets/js/minified/frontend.min.js?ver=4.12.7 HTTP/2.0" 200 5952 "https://reviverenovation.ae/contact/" "Mozilla/5.0 (Windows NT 10.0; Win64; x64) AppleWebKit/537.36 (KHTML, like Gecko) Chrome/151.0.0.0 Safari/537.36"
91.74.26.36 - - [17/Aug/2026:12:26:09 +0000] "GET /wp-content/cache/speedycache/reviverenovation.ae/assets/57c950ff2ac8ff7e-animations.js HTTP/2.0" 200 1244 "https://reviverenovation.ae/contact/" "Mozilla/5.0 (Windows NT 10.0; Win64; x64) AppleWebKit/537.36 (KHTML, like Gecko) Chrome/151.0.0.0 Safari/537.36"
91.74.26.36 - - [17/Aug/2026:12:26:09 +0000] "GET /wp-content/cache/speedycache/reviverenovation.ae/assets/7278ec8f1975e6ee-smooth-scroll.js HTTP/2.0" 200 738 "https://reviverenovation.ae/contact/" "Mozilla/5.0 (Windows NT 10.0; Win64; x64) AppleWebKit/537.36 (KHTML, like Gecko) Chrome/151.0.0.0 Safari/537.36"
91.74.26.36 - - [17/Aug/2026:12:26:09 +0000] "GET /wp-content/plugins/elementor/assets/js/webpack.runtime.min.js?ver=4.0.2 HTTP/2.0" 200 2496 "https://reviverenovation.ae/contact/" "Mozilla/5.0 (Windows NT 10.0; Win64; x64) AppleWebKit/537.36 (KHTML, like Gecko) Chrome/151.0.0.0 Safari/537.36"
91.74.26.36 - - [17/Aug/2026:12:26:09 +0000] "GET /wp-content/plugins/astra-addon/assets/js/minified/purify.min.js?ver=4.12.5 HTTP/2.0" 200 8744 "https://reviverenovation.ae/contact/" "Mozilla/5.0 (Windows NT 10.0; Win64; x64) AppleWebKit/537.36 (KHTML, like Gecko) Chrome/151.0.0.0 Safari/537.36"
91.74.26.36 - - [17/Aug/2026:12:26:09 +0000] "GET /wp-content/cache/speedycache/reviverenovation.ae/assets/b90a6b6986dcecf7-astra-addon-69ddef01d1ba53-08965612.js HTTP/2.0" 200 9109 "https://reviverenovation.ae/contact/" "Mozilla/5.0 (Windows NT 10.0; Win64; x64) AppleWebKit/537.36 (KHTML, like Gecko) Chrome/151.0.0.0 Safari/537.36"
91.74.26.36 - - [17/Aug/2026:12:26:09 +0000] "GET /wp-content/cache/speedycache/reviverenovation.ae/assets/3e3350c88b93ffda-wws.js HTTP/2.0" 200 2350 "https://reviverenovation.ae/contact/" "Mozilla/5.0 (Windows NT 10.0; Win64; x64) AppleWebKit/537.36 (KHTML, like Gecko) Chrome/151.0.0.0 Safari/537.36"
91.74.26.36 - - [17/Aug/2026:12:26:09 +0000] "GET /wp-content/uploads/ac_assets/uc-splitting-text/splitting.min.js?ver=2.0.7 HTTP/2.0" 200 1683 "https://reviverenovation.ae/contact/" "Mozilla/5.0 (Windows NT 10.0; Win64; x64) AppleWebKit/537.36 (KHTML, like Gecko) Chrome/151.0.0.0 Safari/537.36"
91.74.26.36 - - [17/Aug/2026:12:26:09 +0000] "GET /wp-content/plugins/elementor/assets/js/frontend-modules.min.js?ver=4.0.2 HTTP/2.0" 200 15970 "https://reviverenovation.ae/contact/" "Mozilla/5.0 (Windows NT 10.0; Win64; x64) AppleWebKit/537.36 (KHTML, like Gecko) Chrome/151.0.0.0 Safari/537.36"
91.74.26.36 - - [17/Aug/2026:12:26:09 +0000] "GET /wp-content/plugins/elementor/assets/js/frontend.min.js?ver=4.0.2 HTTP/2.0" 200 10339 "https://reviverenovation.ae/contact/" "Mozilla/5.0 (Windows NT 10.0; Win64; x64) AppleWebKit/537.36 (KHTML, like Gecko) Chrome/151.0.0.0 Safari/537.36"
91.74.26.36 - - [17/Aug/2026:12:26:09 +0000] "GET /wp-includes/js/jquery/ui/core.min.js?ver=1.13.3 HTTP/2.0" 200 7106 "https://reviverenovation.ae/contact/" "Mozilla/5.0 (Windows NT 10.0; Win64; x64) AppleWebKit/537.36 (KHTML, like Gecko) Chrome/151.0.0.0 Safari/537.36"
91.74.26.36 - - [17/Aug/2026:12:26:09 +0000] "GET /wp-content/plugins/pro-elements/assets/js/webpack-pro.runtime.min.js?ver=3.35.0 HTTP/2.0" 200 2857 "https://reviverenovation.ae/contact/" "Mozilla/5.0 (Windows NT 10.0; Win64; x64) AppleWebKit/537.36 (KHTML, like Gecko) Chrome/151.0.0.0 Safari/537.36"
91.74.26.36 - - [17/Aug/2026:12:26:09 +0000] "GET /wp-content/plugins/wordpress-whatsapp-support/assets/libraries/inputmask/jquery.inputmask.min.js?ver=5.0.6 HTTP/2.0" 200 27792 "https://reviverenovation.ae/contact/" "Mozilla/5.0 (Windows NT 10.0; Win64; x64) AppleWebKit/537.36 (KHTML, like Gecko) Chrome/151.0.0.0 Safari/537.36"
91.74.26.36 - - [17/Aug/2026:12:26:09 +0000] "GET /wp-includes/js/dist/hooks.min.js?ver=7496969728ca0f95732d HTTP/2.0" 200 1829 "https://reviverenovation.ae/contact/" "Mozilla/5.0 (Windows NT 10.0; Win64; x64) AppleWebKit/537.36 (KHTML, like Gecko) Chrome/151.0.0.0 Safari/537.36"
91.74.26.36 - - [17/Aug/2026:12:26:09 +0000] "GET /wp-content/plugins/pro-elements/assets/js/frontend.min.js?ver=3.35.0 HTTP/2.0" 200 6435 "https://reviverenovation.ae/contact/" "Mozilla/5.0 (Windows NT 10.0; Win64; x64) AppleWebKit/537.36 (KHTML, like Gecko) Chrome/151.0.0.0 Safari/537.36"
91.74.26.36 - - [17/Aug/2026:12:26:09 +0000] "GET /wp-includes/js/dist/i18n.min.js?ver=781d11515ad3d91786ec HTTP/2.0" 200 2465 "https://reviverenovation.ae/contact/" "Mozilla/5.0 (Windows NT 10.0; Win64; x64) AppleWebKit/537.36 (KHTML, like Gecko) Chrome/151.0.0.0 Safari/537.36"
91.74.26.36 - - [17/Aug/2026:12:26:09 +0000] "GET /wp-content/plugins/pro-elements/assets/js/elements-handlers.min.js?ver=3.35.0 HTTP/2.0" 200 10563 "https://reviverenovation.ae/contact/" "Mozilla/5.0 (Windows NT 10.0; Win64; x64) AppleWebKit/537.36 (KHTML, like Gecko) Chrome/151.0.0.0 Safari/537.36"
91.74.26.36 - - [17/Aug/2026:12:26:09 +0000] "GET /wp-content/uploads/2026/03/Logo-new-07-scaled-173x39.png HTTP/2.0" 200 3462 "https://reviverenovation.ae/contact/" "Mozilla/5.0 (Windows NT 10.0; Win64; x64) AppleWebKit/537.36 (KHTML, like Gecko) Chrome/151.0.0.0 Safari/537.36"
91.74.26.36 - - [17/Aug/2026:12:26:09 +0000] "GET /wp-content/uploads/2026/03/cloudless-sky-NSEC2AH.jpg HTTP/2.0" 200 214479 "https://reviverenovation.ae/wp-content/cache/speedycache/reviverenovation.ae/assets/dbb186e3d60d8e23-post-1236.css" "Mozilla/5.0 (Windows NT 10.0; Win64; x64) AppleWebKit/537.36 (KHTML, like Gecko) Chrome/151.0.0.0 Safari/537.36"
91.74.26.36 - - [17/Aug/2026:12:26:09 +0000] "GET /wp-content/uploads/2026/03/matt-briney-DBzq28q5Y2A-unsplash.webp HTTP/2.0" 200 190503 "https://reviverenovation.ae/wp-content/cache/speedycache/reviverenovation.ae/assets/fbe48911448154e2-post-480.css" "Mozilla/5.0 (Windows NT 10.0; Win64; x64) AppleWebKit/537.36 (KHTML, like Gecko) Chrome/151.0.0.0 Safari/537.36"
91.74.26.36 - - [17/Aug/2026:12:26:09 +0000] "GET /wp-content/uploads/2026/03/Mansory-Bold.ttf HTTP/2.0" 200 35928 "https://reviverenovation.ae/wp-content/cache/speedycache/reviverenovation.ae/assets/dbb186e3d60d8e23-post-1236.css" "Mozilla/5.0 (Windows NT 10.0; Win64; x64) AppleWebKit/537.36 (KHTML, like Gecko) Chrome/151.0.0.0 Safari/537.36"
91.74.26.36 - - [17/Aug/2026:12:26:09 +0000] "GET /wp-content/uploads/2026/03/Mansory-Medium.ttf HTTP/2.0" 200 33899 "https://reviverenovation.ae/wp-content/cache/speedycache/reviverenovation.ae/assets/dbb186e3d60d8e23-post-1236.css" "Mozilla/5.0 (Windows NT 10.0; Win64; x64) AppleWebKit/537.36 (KHTML, like Gecko) Chrome/151.0.0.0 Safari/537.36"
66.249.79.36 - - [17/Aug/2026:12:26:09 +0000] "GET /?sale/search/detail/?ITMCODE=c7h4a5l5c3e0d7o9n5i6ca HTTP/1.1" 200 30951 "-" "Mozilla/5.0 (Linux; Android 6.0.1; Nexus 5X Build/MMB29P) AppleWebKit/537.36 (KHTML, like Gecko) Chrome/150.0.7871.186 Mobile Safari/537.36 (compatible; Googlebot/2.1; +http://www.google.com/bot.html)"
91.74.26.36 - - [17/Aug/2026:12:26:10 +0000] "GET /wp-content/plugins/elementor/assets/js/shared-frontend-handlers.03caa53373b56d3bab67.bundle.min.js HTTP/2.0" 200 2644 "https://reviverenovation.ae/contact/" "Mozilla/5.0 (Windows NT 10.0; Win64; x64) AppleWebKit/537.36 (KHTML, like Gecko) Chrome/151.0.0.0 Safari/537.36"
91.74.26.36 - - [17/Aug/2026:12:26:10 +0000] "GET /wp-content/plugins/pro-elements/assets/js/form.71055747203b48a65a24.bundle.min.js HTTP/2.0" 200 5189 "https://reviverenovation.ae/contact/" "Mozilla/5.0 (Windows NT 10.0; Win64; x64) AppleWebKit/537.36 (KHTML, like Gecko) Chrome/151.0.0.0 Safari/537.36"
91.74.26.36 - - [17/Aug/2026:12:26:10 +0000] "GET /wp-content/plugins/pro-elements/assets/js/popup.f7b15b2ca565b152bf98.bundle.min.js HTTP/2.0" 200 446 "https://reviverenovation.ae/contact/" "Mozilla/5.0 (Windows NT 10.0; Win64; x64) AppleWebKit/537.36 (KHTML, like Gecko) Chrome/151.0.0.0 Safari/537.36"
91.74.26.36 - - [17/Aug/2026:12:26:10 +0000] "GET /wp-content/plugins/elementor/assets/js/text-editor.45609661e409413f1cef.bundle.min.js HTTP/2.0" 200 648 "https://reviverenovation.ae/contact/" "Mozilla/5.0 (Windows NT 10.0; Win64; x64) AppleWebKit/537.36 (KHTML, like Gecko) Chrome/151.0.0.0 Safari/537.36"
91.74.26.36 - - [17/Aug/2026:12:26:10 +0000] "GET /wp-includes/js/wp-emoji-release.min.js?ver=7.0.4 HTTP/2.0" 200 5386 "https://reviverenovation.ae/contact/" "Mozilla/5.0 (Windows NT 10.0; Win64; x64) AppleWebKit/537.36 (KHTML, like Gecko) Chrome/151.0.0.0 Safari/537.36"
91.74.26.36 - - [17/Aug/2026:12:26:10 +0000] "GET /wp-content/uploads/2026/03/flavicon-150x150.png HTTP/2.0" 200 4922 "https://reviverenovation.ae/contact/" "Mozilla/5.0 (Windows NT 10.0; Win64; x64) AppleWebKit/537.36 (KHTML, like Gecko) Chrome/151.0.0.0 Safari/537.36"
129.146.188.65 - - [17/Aug/2026:12:26:09 +0000] "POST /wp-admin/admin-ajax.php HTTP/1.1" 200 21 "-" "Mozilla/5.0 (Windows NT 10.0; Win64; x64) AppleWebKit/537.36 (KHTML, like Gecko) Chrome/125.0.0.0 Safari/537.36"
51.195.183.31 - - [17/Aug/2026:12:26:10 +0000] "GET /sitemap-subitems-1924.xml HTTP/2.0" 200 28319 "-" "Mozilla/5.0 (compatible; AhrefsBot/7.0; +http://ahrefs.com/robot/)"
198.38.94.13 - - [17/Aug/2026:12:26:13 +0000] "POST /wp-cron.php?doing_wp_cron=1786969573.0157020092010498046875 HTTP/1.1" 200 - "-" "WordPress/7.0.4; https://reviverenovation.ae"
129.146.188.65 - - [17/Aug/2026:12:26:11 +0000] "POST /wp-login.php HTTP/1.1" 200 4652 "-" "Mozilla/5.0 (Macintosh; Intel Mac OS X 10_15_7) AppleWebKit/537.36 (KHTML, like Gecko) Chrome/124.0.0.0 Safari/537.36"
66.249.79.36 - - [17/Aug/2026:12:26:16 +0000] "GET /?sale/search/detail/?ITMCODE=s7c1h4o6o3l0h7o8u4s8e3 HTTP/1.1" 200 29446 "-" "Mozilla/5.0 (Linux; Android 6.0.1; Nexus 5X Build/MMB29P) AppleWebKit/537.36 (KHTML, like Gecko) Chrome/150.0.7871.186 Mobile Safari/537.36 (compatible; Googlebot/2.1; +http://www.google.com/bot.html)"
51.195.215.193 - - [17/Aug/2026:12:26:15 +0000] "GET /sitemap-subitems-1979.xml HTTP/2.0" 200 28399 "-" "Mozilla/5.0 (compatible; AhrefsBot/7.0; +http://ahrefs.com/robot/)"
91.74.26.36 - - [17/Aug/2026:12:26:18 +0000] "GET /about/ HTTP/2.0" 200 44306 "https://reviverenovation.ae/contact/" "Mozilla/5.0 (Windows NT 10.0; Win64; x64) AppleWebKit/537.36 (KHTML, like Gecko) Chrome/151.0.0.0 Safari/537.36"
91.74.26.36 - - [17/Aug/2026:12:26:20 +0000] "GET /wp-content/plugins/pro-elements/assets/css/conditionals/transitions.min.css?ver=3.35.0 HTTP/2.0" 200 621 "https://reviverenovation.ae/about/" "Mozilla/5.0 (Windows NT 10.0; Win64; x64) AppleWebKit/537.36 (KHTML, like Gecko) Chrome/151.0.0.0 Safari/537.36"
91.74.26.36 - - [17/Aug/2026:12:26:20 +0000] "GET /wp-content/plugins/pro-elements/assets/css/widget-call-to-action.min.css?ver=3.35.0 HTTP/2.0" 200 1338 "https://reviverenovation.ae/about/" "Mozilla/5.0 (Windows NT 10.0; Win64; x64) AppleWebKit/537.36 (KHTML, like Gecko) Chrome/151.0.0.0 Safari/537.36"
91.74.26.36 - - [17/Aug/2026:12:26:20 +0000] "GET /wp-content/plugins/elementor/assets/css/conditionals/e-swiper.min.css?ver=4.0.2 HTTP/2.0" 200 799 "https://reviverenovation.ae/about/" "Mozilla/5.0 (Windows NT 10.0; Win64; x64) AppleWebKit/537.36 (KHTML, like Gecko) Chrome/151.0.0.0 Safari/537.36"
91.74.26.36 - - [17/Aug/2026:12:26:20 +0000] "GET /wp-content/plugins/elementor/assets/lib/swiper/v8/css/swiper.min.css?ver=8.4.5 HTTP/2.0" 200 4583 "https://reviverenovation.ae/about/" "Mozilla/5.0 (Windows NT 10.0; Win64; x64) AppleWebKit/537.36 (KHTML, like Gecko) Chrome/151.0.0.0 Safari/537.36"
91.74.26.36 - - [17/Aug/2026:12:26:20 +0000] "GET /wp-content/plugins/elementor/assets/css/widget-image-carousel.min.css?ver=4.0.2 HTTP/2.0" 200 183 "https://reviverenovation.ae/about/" "Mozilla/5.0 (Windows NT 10.0; Win64; x64) AppleWebKit/537.36 (KHTML, like Gecko) Chrome/151.0.0.0 Safari/537.36"
91.74.26.36 - - [17/Aug/2026:12:26:20 +0000] "GET /wp-content/cache/speedycache/reviverenovation.ae/assets/535494a080e8604b-post-952.css HTTP/2.0" 200 2712 "https://reviverenovation.ae/about/" "Mozilla/5.0 (Windows NT 10.0; Win64; x64) AppleWebKit/537.36 (KHTML, like Gecko) Chrome/151.0.0.0 Safari/537.36"
91.74.26.36 - - [17/Aug/2026:12:26:20 +0000] "GET /wp-content/plugins/elementor/assets/lib/swiper/v8/swiper.min.js?ver=8.4.5 HTTP/2.0" 200 39695 "https://reviverenovation.ae/about/" "Mozilla/5.0 (Windows NT 10.0; Win64; x64) AppleWebKit/537.36 (KHTML, like Gecko) Chrome/151.0.0.0 Safari/537.36"
91.74.26.36 - - [17/Aug/2026:12:26:20 +0000] "GET /wp-content/uploads/2026/03/mask-image-1-1.webp HTTP/2.0" 200 1411 "https://reviverenovation.ae/wp-content/cache/speedycache/reviverenovation.ae/assets/535494a080e8604b-post-952.css" "Mozilla/5.0 (Windows NT 10.0; Win64; x64) AppleWebKit/537.36 (KHTML, like Gecko) Chrome/151.0.0.0 Safari/537.36"
91.74.26.36 - - [17/Aug/2026:12:26:20 +0000] "GET /wp-content/plugins/elementor/assets/js/image-carousel.6167d20b95b33386757b.bundle.min.js HTTP/2.0" 200 272 "https://reviverenovation.ae/about/" "Mozilla/5.0 (Windows NT 10.0; Win64; x64) AppleWebKit/537.36 (KHTML, like Gecko) Chrome/151.0.0.0 Safari/537.36"
91.74.26.36 - - [17/Aug/2026:12:26:20 +0000] "GET /wp-content/uploads/2026/03/Exterior5.webp HTTP/2.0" 200 58256 "https://reviverenovation.ae/about/" "Mozilla/5.0 (Windows NT 10.0; Win64; x64) AppleWebKit/537.36 (KHTML, like Gecko) Chrome/151.0.0.0 Safari/537.36"
66.249.79.36 - - [17/Aug/2026:12:26:20 +0000] "GET /?sale/search/detail/?ITMCODE=a7n3g1u3s1t055206 HTTP/1.1" 200 30637 "-" "Mozilla/5.0 (Linux; Android 6.0.1; Nexus 5X Build/MMB29P) AppleWebKit/537.36 (KHTML, like Gecko) Chrome/150.0.7871.186 Mobile Safari/537.36 (compatible; Googlebot/2.1; +http://www.google.com/bot.html)"
91.74.26.36 - - [17/Aug/2026:12:26:21 +0000] "GET /projects/ HTTP/2.0" 200 45458 "https://reviverenovation.ae/about/" "Mozilla/5.0 (Windows NT 10.0; Win64; x64) AppleWebKit/537.36 (KHTML, like Gecko) Chrome/151.0.0.0 Safari/537.36"
91.74.26.36 - - [17/Aug/2026:12:26:22 +0000] "GET /wp-content/plugins/pro-elements/assets/css/widget-loop-common.min.css?ver=3.35.0 HTTP/2.0" 200 158 "https://reviverenovation.ae/projects/" "Mozilla/5.0 (Windows NT 10.0; Win64; x64) AppleWebKit/537.36 (KHTML, like Gecko) Chrome/151.0.0.0 Safari/537.36"
91.74.26.36 - - [17/Aug/2026:12:26:22 +0000] "GET /wp-content/plugins/pro-elements/assets/css/widget-loop-filter.min.css?ver=3.35.0 HTTP/2.0" 200 832 "https://reviverenovation.ae/projects/" "Mozilla/5.0 (Windows NT 10.0; Win64; x64) AppleWebKit/537.36 (KHTML, like Gecko) Chrome/151.0.0.0 Safari/537.36"
91.74.26.36 - - [17/Aug/2026:12:26:22 +0000] "GET /wp-content/plugins/pro-elements/assets/css/widget-loop-grid.min.css?ver=3.35.0 HTTP/2.0" 200 1290 "https://reviverenovation.ae/projects/" "Mozilla/5.0 (Windows NT 10.0; Win64; x64) AppleWebKit/537.36 (KHTML, like Gecko) Chrome/151.0.0.0 Safari/537.36"
91.74.26.36 - - [17/Aug/2026:12:26:22 +0000] "GET /wp-content/cache/speedycache/reviverenovation.ae/assets/3e371cf0b0ec756f-post-1138.css HTTP/2.0" 200 1293 "https://reviverenovation.ae/projects/" "Mozilla/5.0 (Windows NT 10.0; Win64; x64) AppleWebKit/537.36 (KHTML, like Gecko) Chrome/151.0.0.0 Safari/537.36"
91.74.26.36 - - [17/Aug/2026:12:26:22 +0000] "GET /wp-includes/js/imagesloaded.min.js?ver=5.0.0 HTTP/2.0" 200 1803 "https://reviverenovation.ae/projects/" "Mozilla/5.0 (Windows NT 10.0; Win64; x64) AppleWebKit/537.36 (KHTML, like Gecko) Chrome/151.0.0.0 Safari/537.36"
91.74.26.36 - - [17/Aug/2026:12:26:22 +0000] "GET /wp-content/uploads/2026/03/75-Parkview-Dubai-Hills-Large-Format-66.jpg HTTP/2.0" 200 341771 "https://reviverenovation.ae/wp-content/cache/speedycache/reviverenovation.ae/assets/3e371cf0b0ec756f-post-1138.css" "Mozilla/5.0 (Windows NT 10.0; Win64; x64) AppleWebKit/537.36 (KHTML, like Gecko) Chrome/151.0.0.0 Safari/537.36"
91.74.26.36 - - [17/Aug/2026:12:26:22 +0000] "GET /wp-content/uploads/2026/03/path-douiri.org-6.svg HTTP/2.0" 200 222 "https://reviverenovation.ae/projects/" "Mozilla/5.0 (Windows NT 10.0; Win64; x64) AppleWebKit/537.36 (KHTML, like Gecko) Chrome/151.0.0.0 Safari/537.36"
91.74.26.36 - - [17/Aug/2026:12:26:22 +0000] "GET /wp-content/uploads/2026/03/rawkkim-7QnoQs7olyw-unsplash.webp HTTP/2.0" 200 129684 "https://reviverenovation.ae/wp-content/cache/speedycache/reviverenovation.ae/assets/3e371cf0b0ec756f-post-1138.css" "Mozilla/5.0 (Windows NT 10.0; Win64; x64) AppleWebKit/537.36 (KHTML, like Gecko) Chrome/151.0.0.0 Safari/537.36"
91.74.26.36 - - [17/Aug/2026:12:26:22 +0000] "GET /wp-content/plugins/pro-elements/assets/js/taxonomy-filter.a32526f3e4a201b5fce1.bundle.min.js HTTP/2.0" 200 2211 "https://reviverenovation.ae/projects/" "Mozilla/5.0 (Windows NT 10.0; Win64; x64) AppleWebKit/537.36 (KHTML, like Gecko) Chrome/151.0.0.0 Safari/537.36"
91.74.26.36 - - [17/Aug/2026:12:26:22 +0000] "GET /wp-content/plugins/pro-elements/assets/js/load-more.8b46f464e573feab5dd7.bundle.min.js HTTP/2.0" 200 1590 "https://reviverenovation.ae/projects/" "Mozilla/5.0 (Windows NT 10.0; Win64; x64) AppleWebKit/537.36 (KHTML, like Gecko) Chrome/151.0.0.0 Safari/537.36"
91.74.26.36 - - [17/Aug/2026:12:26:22 +0000] "GET /wp-content/plugins/pro-elements/assets/js/ajax-pagination.2090b5f4906bcda1dcc2.bundle.min.js HTTP/2.0" 200 1197 "https://reviverenovation.ae/projects/" "Mozilla/5.0 (Windows NT 10.0; Win64; x64) AppleWebKit/537.36 (KHTML, like Gecko) Chrome/151.0.0.0 Safari/537.36"
91.74.26.36 - - [17/Aug/2026:12:26:22 +0000] "GET /wp-content/plugins/pro-elements/assets/js/loop.89cc81d2188312a17a17.bundle.min.js HTTP/2.0" 200 3220 "https://reviverenovation.ae/projects/" "Mozilla/5.0 (Windows NT 10.0; Win64; x64) AppleWebKit/537.36 (KHTML, like Gecko) Chrome/151.0.0.0 Safari/537.36"
91.74.26.36 - - [17/Aug/2026:12:26:23 +0000] "GET /wp-content/uploads/2026/03/A22-Tilal-Al-Ghaf-10.jpg HTTP/2.0" 200 802549 "https://reviverenovation.ae/projects/" "Mozilla/5.0 (Windows NT 10.0; Win64; x64) AppleWebKit/537.36 (KHTML, like Gecko) Chrome/151.0.0.0 Safari/537.36"
91.74.26.36 - - [17/Aug/2026:12:26:23 +0000] "GET /wp-content/uploads/2026/07/3202-Vida-3.jpg HTTP/2.0" 200 362878 "https://reviverenovation.ae/projects/" "Mozilla/5.0 (Windows NT 10.0; Win64; x64) AppleWebKit/537.36 (KHTML, like Gecko) Chrome/151.0.0.0 Safari/537.36"
91.74.26.36 - - [17/Aug/2026:12:26:23 +0000] "GET /wp-content/uploads/2026/05/207-Canal-Front-Residences-1.jpg HTTP/2.0" 200 159265 "https://reviverenovation.ae/projects/" "Mozilla/5.0 (Windows NT 10.0; Win64; x64) AppleWebKit/537.36 (KHTML, like Gecko) Chrome/151.0.0.0 Safari/537.36"
198.244.240.24 - - [17/Aug/2026:12:26:21 +0000] "GET /sitemap-subitems-1982.xml HTTP/2.0" 200 28212 "-" "Mozilla/5.0 (compatible; AhrefsBot/7.0; +http://ahrefs.com/robot/)"
198.244.168.6 - - [17/Aug/2026:12:26:27 +0000] "GET /sitemap-subitems-1994.xml HTTP/2.0" 200 28331 "-" "Mozilla/5.0 (compatible; AhrefsBot/7.0; +http://ahrefs.com/robot/)"
66.249.79.36 - - [17/Aug/2026:12:26:28 +0000] "GET /?sale/search/detail/?ITMCODE=u7n3s4t2e6e0l97073 HTTP/1.1" 200 31872 "-" "Mozilla/5.0 (Linux; Android 6.0.1; Nexus 5X Build/MMB29P) AppleWebKit/537.36 (KHTML, like Gecko) Chrome/150.0.7871.186 Mobile Safari/537.36 (compatible; Googlebot/2.1; +http://www.google.com/bot.html)"
66.249.79.36 - - [17/Aug/2026:12:26:30 +0000] "GET /?sale/search/detail/?ITMCODE=m7o3o1l1a4h912267 HTTP/1.1" 200 30628 "-" "Mozilla/5.0 (Linux; Android 6.0.1; Nexus 5X Build/MMB29P) AppleWebKit/537.36 (KHTML, like Gecko) Chrome/150.0.7871.186 Mobile Safari/537.36 (compatible; Googlebot/2.1; +http://www.google.com/bot.html)"
66.249.79.36 - - [17/Aug/2026:12:26:31 +0000] "GET /?sale/search/detail/?ITMCODE=c7h1a4r1n1e3c4o1918 HTTP/1.1" 200 32251 "-" "Mozilla/5.0 (Linux; Android 6.0.1; Nexus 5X Build/MMB29P) AppleWebKit/537.36 (KHTML, like Gecko) Chrome/150.0.7871.186 Mobile Safari/537.36 (compatible; Googlebot/2.1; +http://www.google.com/bot.html)"
66.249.79.36 - - [17/Aug/2026:12:26:34 +0000] "GET /?sale/search/detail/?ITMCODE=h7o1t7e5l8m2a3n9n232 HTTP/1.1" 200 30969 "-" "Mozilla/5.0 (Linux; Android 6.0.1; Nexus 5X Build/MMB29P) AppleWebKit/537.36 (KHTML, like Gecko) Chrome/150.0.7871.186 Mobile Safari/537.36 (compatible; Googlebot/2.1; +http://www.google.com/bot.html)"
51.89.129.255 - - [17/Aug/2026:12:26:33 +0000] "GET /sitemap-subitems-2047.xml HTTP/2.0" 200 28383 "-" "Mozilla/5.0 (compatible; AhrefsBot/7.0; +http://ahrefs.com/robot/)"
198.244.226.71 - - [17/Aug/2026:12:26:39 +0000] "GET /sitemap-subitems-2065.xml HTTP/2.0" 200 28522 "-" "Mozilla/5.0 (compatible; AhrefsBot/7.0; +http://ahrefs.com/robot/)"
66.249.79.36 - - [17/Aug/2026:12:26:41 +0000] "GET /?sale/search/detail/?ITMCODE=t7o5g6g2e6r9y2078 HTTP/1.1" 200 30779 "-" "Mozilla/5.0 (Linux; Android 6.0.1; Nexus 5X Build/MMB29P) AppleWebKit/537.36 (KHTML, like Gecko) Chrome/150.0.7871.186 Mobile Safari/537.36 (compatible; Googlebot/2.1; +http://www.google.com/bot.html)"
51.195.244.129 - - [17/Aug/2026:12:26:45 +0000] "GET /sitemap-subitems-2119.xml HTTP/2.0" 200 28356 "-" "Mozilla/5.0 (compatible; AhrefsBot/7.0; +http://ahrefs.com/robot/)"
66.249.79.37 - - [17/Aug/2026:12:26:47 +0000] "GET /?sale/search/detail/?ITMCODE=t7a6r1s2i4a45888 HTTP/1.1" 200 29962 "-" "Mozilla/5.0 (Linux; Android 6.0.1; Nexus 5X Build/MMB29P) AppleWebKit/537.36 (KHTML, like Gecko) Chrome/150.0.7871.186 Mobile Safari/537.36 (compatible; Googlebot/2.1; +http://www.google.com/bot.html)"
51.195.183.36 - - [17/Aug/2026:12:26:51 +0000] "GET /sitemap-subitems-2151.xml HTTP/2.0" 200 28297 "-" "Mozilla/5.0 (compatible; AhrefsBot/7.0; +http://ahrefs.com/robot/)"
66.249.79.32 - - [17/Aug/2026:12:26:56 +0000] "GET /?sale/search/detail/?ITMCODE=t7a2b1e9r8n0a5c5l0e6d2 HTTP/1.1" 200 30416 "-" "Mozilla/5.0 (Linux; Android 6.0.1; Nexus 5X Build/MMB29P) AppleWebKit/537.36 (KHTML, like Gecko) Chrome/150.0.7871.186 Mobile Safari/537.36 (compatible; Googlebot/2.1; +http://www.google.com/bot.html)"
51.195.183.78 - - [17/Aug/2026:12:26:56 +0000] "GET /sitemap-subitems-2168.xml HTTP/2.0" 200 28375 "-" "Mozilla/5.0 (compatible; AhrefsBot/7.0; +http://ahrefs.com/robot/)"
198.244.226.124 - - [17/Aug/2026:12:27:02 +0000] "GET /sitemap-subitems-2180.xml HTTP/2.0" 200 28220 "-" "Mozilla/5.0 (compatible; AhrefsBot/7.0; +http://ahrefs.com/robot/)"
66.249.79.36 - - [17/Aug/2026:12:27:03 +0000] "GET /?sale/search/detail/?ITMCODE=d7u1c3t8i3l8e58980 HTTP/1.1" 200 31023 "-" "Mozilla/5.0 (Linux; Android 6.0.1; Nexus 5X Build/MMB29P) AppleWebKit/537.36 (KHTML, like Gecko) Chrome/150.0.7871.186 Mobile Safari/537.36 (compatible; Googlebot/2.1; +http://www.google.com/bot.html)"
66.249.79.37 - - [17/Aug/2026:12:27:05 +0000] "GET /?sale/search/detail/?ITMCODE=h7a2r7r1e8632539 HTTP/1.1" 200 30506 "-" "Mozilla/5.0 (Linux; Android 6.0.1; Nexus 5X Build/MMB29P) AppleWebKit/537.36 (KHTML, like Gecko) Chrome/150.0.7871.186 Mobile Safari/537.36 (compatible; Googlebot/2.1; +http://www.google.com/bot.html)"
198.244.242.170 - - [17/Aug/2026:12:27:08 +0000] "GET /sitemap-subitems-2189.xml HTTP/2.0" 200 28352 "-" "Mozilla/5.0 (compatible; AhrefsBot/7.0; +http://ahrefs.com/robot/)"
66.249.79.37 - - [17/Aug/2026:12:27:12 +0000] "GET /?sale/search/detail/?ITMCODE=n7o3n3p9a6r0a2s6i4t3i0c HTTP/1.1" 200 30102 "-" "Mozilla/5.0 (Linux; Android 6.0.1; Nexus 5X Build/MMB29P) AppleWebKit/537.36 (KHTML, like Gecko) Chrome/150.0.7871.186 Mobile Safari/537.36 (compatible; Googlebot/2.1; +http://www.google.com/bot.html)"
51.195.215.70 - - [17/Aug/2026:12:27:13 +0000] "GET /sitemap-subitems-2206.xml HTTP/2.0" 200 28330 "-" "Mozilla/5.0 (compatible; AhrefsBot/7.0; +http://ahrefs.com/robot/)"
51.195.244.27 - - [17/Aug/2026:12:27:18 +0000] "GET /sitemap-subitems-2262.xml HTTP/2.0" 200 28264 "-" "Mozilla/5.0 (compatible; AhrefsBot/7.0; +http://ahrefs.com/robot/)"
66.249.79.36 - - [17/Aug/2026:12:27:19 +0000] "GET /?sale/search/detail/?ITMCODE=h7y1o9g0a2n6o1i7d1e9i3 HTTP/1.1" 200 32475 "-" "Mozilla/5.0 (Linux; Android 6.0.1; Nexus 5X Build/MMB29P) AppleWebKit/537.36 (KHTML, like Gecko) Chrome/150.0.7871.186 Mobile Safari/537.36 (compatible; Googlebot/2.1; +http://www.google.com/bot.html)"
51.195.244.140 - - [17/Aug/2026:12:27:24 +0000] "GET /sitemap-subitems-2334.xml HTTP/2.0" 200 28340 "-" "Mozilla/5.0 (compatible; AhrefsBot/7.0; +http://ahrefs.com/robot/)"
114.119.154.87 - - [17/Aug/2026:12:27:28 +0000] "GET /wp-content/uploads/2026/05/407-Canal-Front-Residences-2.jpg HTTP/1.1" 200 202020 "https://reviverenovation.ae/2026/05/20/canal-front-residence-dubai-renovation/" "Mozilla/5.0 (Linux; Android 7.0;) AppleWebKit/537.36 (HTML, like Gecko) Mobile Safari/537.36 (compatible; PetalBot;+https://webmaster.petalsearch.com/site/petalbot)"
66.249.79.36 - - [17/Aug/2026:12:27:28 +0000] "GET /?sale/search/detail/?ITMCODE=s7c3r9a1t3c5h7b2r5u4s4h HTTP/1.1" 200 31045 "-" "Mozilla/5.0 (Linux; Android 6.0.1; Nexus 5X Build/MMB29P) AppleWebKit/537.36 (KHTML, like Gecko) Chrome/150.0.7871.186 Mobile Safari/537.36 (compatible; Googlebot/2.1; +http://www.google.com/bot.html)"
66.249.79.36 - - [17/Aug/2026:12:27:28 +0000] "GET /?sale/search/detail/?ITMCODE=v7e1r9m0i1n4a0t5e094 HTTP/1.1" 200 31476 "-" "Mozilla/5.0 (Linux; Android 6.0.1; Nexus 5X Build/MMB29P) AppleWebKit/537.36 (KHTML, like Gecko) Chrome/150.0.7871.186 Mobile Safari/537.36 (compatible; Googlebot/2.1; +http://www.google.com/bot.html)"
54.38.147.128 - - [17/Aug/2026:12:27:30 +0000] "GET /sitemap-subitems-2396.xml HTTP/2.0" 200 28411 "-" "Mozilla/5.0 (compatible; AhrefsBot/7.0; +http://ahrefs.com/robot/)"
51.195.215.251 - - [17/Aug/2026:12:27:35 +0000] "GET /sitemap-subitems-2460.xml HTTP/2.0" 200 28233 "-" "Mozilla/5.0 (compatible; AhrefsBot/7.0; +http://ahrefs.com/robot/)"
66.249.79.36 - - [17/Aug/2026:12:27:36 +0000] "GET /?sale/search/detail/?ITMCODE=m7i3d6l6a8n8d23431 HTTP/1.1" 200 30130 "-" "Mozilla/5.0 (Linux; Android 6.0.1; Nexus 5X Build/MMB29P) AppleWebKit/537.36 (KHTML, like Gecko) Chrome/150.0.7871.186 Mobile Safari/537.36 (compatible; Googlebot/2.1; +http://www.google.com/bot.html)"
66.249.79.36 - - [17/Aug/2026:12:27:37 +0000] "GET /?sale/search/detail/?ITMCODE=i7m3m9e5r9s7e8d6142 HTTP/1.1" 200 29813 "-" "Mozilla/5.0 (Linux; Android 6.0.1; Nexus 5X Build/MMB29P) AppleWebKit/537.36 (KHTML, like Gecko) Chrome/150.0.7871.186 Mobile Safari/537.36 (compatible; Googlebot/2.1; +http://www.google.com/bot.html)"
66.249.79.36 - - [17/Aug/2026:12:27:40 +0000] "GET /?sale/search/detail/?ITMCODE=b7r4a1v8o4e2s04971 HTTP/1.1" 200 29809 "-" "Mozilla/5.0 (Linux; Android 6.0.1; Nexus 5X Build/MMB29P) AppleWebKit/537.36 (KHTML, like Gecko) Chrome/150.0.7871.186 Mobile Safari/537.36 (compatible; Googlebot/2.1; +http://www.google.com/bot.html)"
198.244.226.153 - - [17/Aug/2026:12:27:41 +0000] "GET /sitemap-subitems-2472.xml HTTP/2.0" 200 28243 "-" "Mozilla/5.0 (compatible; AhrefsBot/7.0; +http://ahrefs.com/robot/)"
66.249.79.36 - - [17/Aug/2026:12:27:43 +0000] "GET /?sale/search/detail/?ITMCODE=f7e2s5c5u0i1n6g7667 HTTP/1.1" 200 29924 "-" "Mozilla/5.0 (Linux; Android 6.0.1; Nexus 5X Build/MMB29P) AppleWebKit/537.36 (KHTML, like Gecko) Chrome/150.0.7871.186 Mobile Safari/537.36 (compatible; Googlebot/2.1; +http://www.google.com/bot.html)"
66.249.79.36 - - [17/Aug/2026:12:27:46 +0000] "GET /?sale/search/detail/?ITMCODE=a7r2c3h2d6e7a3c3o7n2r6y HTTP/1.1" 200 30055 "-" "Mozilla/5.0 (Linux; Android 6.0.1; Nexus 5X Build/MMB29P) AppleWebKit/537.36 (KHTML, like Gecko) Chrome/150.0.7871.186 Mobile Safari/537.36 (compatible; Googlebot/2.1; +http://www.google.com/bot.html)"
198.244.226.10 - - [17/Aug/2026:12:27:47 +0000] "GET /sitemap-subitems-2486.xml HTTP/2.0" 200 28421 "-" "Mozilla/5.0 (compatible; AhrefsBot/7.0; +http://ahrefs.com/robot/)"
66.249.79.36 - - [17/Aug/2026:12:27:49 +0000] "GET /?sale/search/detail/?ITMCODE=c7u3r5b9e0d947185 HTTP/1.1" 200 30388 "-" "Mozilla/5.0 (Linux; Android 6.0.1; Nexus 5X Build/MMB29P) AppleWebKit/537.36 (KHTML, like Gecko) Chrome/150.0.7871.186 Mobile Safari/537.36 (compatible; Googlebot/2.1; +http://www.google.com/bot.html)"
51.195.244.133 - - [17/Aug/2026:12:27:52 +0000] "GET /sitemap-subitems-2492.xml HTTP/2.0" 200 28186 "-" "Mozilla/5.0 (compatible; AhrefsBot/7.0; +http://ahrefs.com/robot/)"
66.249.79.37 - - [17/Aug/2026:12:27:57 +0000] "GET /?sale/search/detail/?ITMCODE=u7n3p1u1r8e288956 HTTP/1.1" 200 31568 "-" "Mozilla/5.0 (Linux; Android 6.0.1; Nexus 5X Build/MMB29P) AppleWebKit/537.36 (KHTML, like Gecko) Chrome/150.0.7871.186 Mobile Safari/537.36 (compatible; Googlebot/2.1; +http://www.google.com/bot.html)"
198.244.183.143 - - [17/Aug/2026:12:27:58 +0000] "GET /sitemap-subitems-2552.xml HTTP/2.0" 200 28326 "-" "Mozilla/5.0 (compatible; AhrefsBot/7.0; +http://ahrefs.com/robot/)"
198.244.240.29 - - [17/Aug/2026:12:28:03 +0000] "GET /sitemap-subitems-2577.xml HTTP/2.0" 200 28387 "-" "Mozilla/5.0 (compatible; AhrefsBot/7.0; +http://ahrefs.com/robot/)"
66.249.79.32 - - [17/Aug/2026:12:28:04 +0000] "GET /?sale/search/detail/?ITMCODE=d7e1c4e9m4v5i6r5s7h2ip HTTP/1.1" 200 30816 "-" "Mozilla/5.0 (Linux; Android 6.0.1; Nexus 5X Build/MMB29P) AppleWebKit/537.36 (KHTML, like Gecko) Chrome/150.0.7871.186 Mobile Safari/537.36 (compatible; Googlebot/2.1; +http://www.google.com/bot.html)"
198.244.242.193 - - [17/Aug/2026:12:28:09 +0000] "GET /sitemap-subitems-2580.xml HTTP/2.0" 200 28348 "-" "Mozilla/5.0 (compatible; AhrefsBot/7.0; +http://ahrefs.com/robot/)"
66.249.79.36 - - [17/Aug/2026:12:28:11 +0000] "GET /?sale/search/detail/?ITMCODE=s7u1s1p8i6r7e41254 HTTP/1.1" 200 29984 "-" "Mozilla/5.0 (Linux; Android 6.0.1; Nexus 5X Build/MMB29P) AppleWebKit/537.36 (KHTML, like Gecko) Chrome/150.0.7871.186 Mobile Safari/537.36 (compatible; Googlebot/2.1; +http://www.google.com/bot.html)"
198.244.168.88 - - [17/Aug/2026:12:28:15 +0000] "GET /sitemap-subitems-2628.xml HTTP/2.0" 200 28370 "-" "Mozilla/5.0 (compatible; AhrefsBot/7.0; +http://ahrefs.com/robot/)"
198.38.94.13 - - [17/Aug/2026:12:28:19 +0000] "POST /wp-cron.php?doing_wp_cron=1786969699.2999720573425292968750 HTTP/1.1" 200 - "-" "WordPress/7.0.4; https://reviverenovation.ae"
66.249.79.36 - - [17/Aug/2026:12:28:17 +0000] "GET /?sale/search/detail/?ITMCODE=h7a1l5v2e7d977349 HTTP/1.1" 301 - "-" "Mozilla/5.0 (Linux; Android 6.0.1; Nexus 5X Build/MMB29P) AppleWebKit/537.36 (KHTML, like Gecko) Chrome/150.0.7871.186 Mobile Safari/537.36 (compatible; GoogleOther)"
66.249.79.36 - - [17/Aug/2026:12:28:18 +0000] "GET /?sale/search/detail/?ITMCODE=n7e1m2a4t3e6l5m4i6a7 HTTP/1.1" 200 32977 "-" "Mozilla/5.0 (Linux; Android 6.0.1; Nexus 5X Build/MMB29P) AppleWebKit/537.36 (KHTML, like Gecko) Chrome/150.0.7871.186 Mobile Safari/537.36 (compatible; Googlebot/2.1; +http://www.google.com/bot.html)"
66.249.79.36 - - [17/Aug/2026:12:28:18 +0000] "GET /?sale/search/detail/?ITMCODE=i7r4r0e4p7r0o0v3a5b0l3y HTTP/1.1" 200 30241 "-" "Mozilla/5.0 (Linux; Android 6.0.1; Nexus 5X Build/MMB29P) AppleWebKit/537.36 (KHTML, like Gecko) Chrome/150.0.7871.186 Mobile Safari/537.36 (compatible; Googlebot/2.1; +http://www.google.com/bot.html)"
66.249.79.36 - - [17/Aug/2026:12:28:19 +0000] "GET /?sale%2Fsearch%2Fdetail%2F%3FITMCODE=h7a1l5v2e7d977349 HTTP/1.1" 200 58126 "-" "Mozilla/5.0 (Linux; Android 6.0.1; Nexus 5X Build/MMB29P) AppleWebKit/537.36 (KHTML, like Gecko) Chrome/150.0.7871.186 Mobile Safari/537.36 (compatible; GoogleOther)"
51.195.244.78 - - [17/Aug/2026:12:28:20 +0000] "GET /sitemap-subitems-2638.xml HTTP/2.0" 200 28456 "-" "Mozilla/5.0 (compatible; AhrefsBot/7.0; +http://ahrefs.com/robot/)"
66.249.79.36 - - [17/Aug/2026:12:28:21 +0000] "GET /?sale/search/detail/?ITMCODE=c7o9a1d9j3u4t5o8r48 HTTP/1.1" 200 31155 "-" "Mozilla/5.0 (Linux; Android 6.0.1; Nexus 5X Build/MMB29P) AppleWebKit/537.36 (KHTML, like Gecko) Chrome/150.0.7871.186 Mobile Safari/537.36 (compatible; Googlebot/2.1; +http://www.google.com/bot.html)"
66.249.79.36 - - [17/Aug/2026:12:28:24 +0000] "GET /?sale/search/detail/?ITMCODE=m7o1o4n4r0a9k7e1r134 HTTP/1.1" 200 30015 "-" "Mozilla/5.0 (Linux; Android 6.0.1; Nexus 5X Build/MMB29P) AppleWebKit/537.36 (KHTML, like Gecko) Chrome/150.0.7871.186 Mobile Safari/537.36 (compatible; Googlebot/2.1; +http://www.google.com/bot.html)"
51.195.183.75 - - [17/Aug/2026:12:28:26 +0000] "GET /sitemap-subitems-2710.xml HTTP/2.0" 200 28407 "-" "Mozilla/5.0 (compatible; AhrefsBot/7.0; +http://ahrefs.com/robot/)"
66.249.79.36 - - [17/Aug/2026:12:28:27 +0000] "GET /?sale/search/detail/?ITMCODE=m7e3t9a3s6o8m9a1t9i9c2 HTTP/1.1" 200 31699 "-" "Mozilla/5.0 (Linux; Android 6.0.1; Nexus 5X Build/MMB29P) AppleWebKit/537.36 (KHTML, like Gecko) Chrome/150.0.7871.186 Mobile Safari/537.36 (compatible; Googlebot/2.1; +http://www.google.com/bot.html)"
198.244.183.202 - - [17/Aug/2026:12:28:31 +0000] "GET /sitemap-subitems-2746.xml HTTP/2.0" 200 28267 "-" "Mozilla/5.0 (compatible; AhrefsBot/7.0; +http://ahrefs.com/robot/)"
66.249.79.37 - - [17/Aug/2026:12:28:37 +0000] "GET /?sale/search/detail/?ITMCODE=f7a1b8a7e2937300 HTTP/1.1" 200 30509 "-" "Mozilla/5.0 (Linux; Android 6.0.1; Nexus 5X Build/MMB29P) AppleWebKit/537.36 (KHTML, like Gecko) Chrome/150.0.7871.186 Mobile Safari/537.36 (compatible; Googlebot/2.1; +http://www.google.com/bot.html)"
51.195.183.195 - - [17/Aug/2026:12:28:37 +0000] "GET /sitemap-subitems-2822.xml HTTP/2.0" 200 28307 "-" "Mozilla/5.0 (compatible; AhrefsBot/7.0; +http://ahrefs.com/robot/)"
66.249.79.37 - - [17/Aug/2026:12:28:42 +0000] "GET /?sale/search/detail/?ITMCODE=m7a1y4f8l4o6w2e9r392 HTTP/1.1" 200 29275 "-" "Mozilla/5.0 (Linux; Android 6.0.1; Nexus 5X Build/MMB29P) AppleWebKit/537.36 (KHTML, like Gecko) Chrome/150.0.7871.186 Mobile Safari/537.36 (compatible; Googlebot/2.1; +http://www.google.com/bot.html)"
51.195.244.113 - - [17/Aug/2026:12:28:43 +0000] "GET /sitemap-subitems-2849.xml HTTP/2.0" 200 28279 "-" "Mozilla/5.0 (compatible; AhrefsBot/7.0; +http://ahrefs.com/robot/)"
114.119.139.148 - - [17/Aug/2026:12:28:48 +0000] "GET /projects/health-clinic-business-bay/ HTTP/1.1" 301 - "https://reviverenovation.ae/2026/04/13/lux-health-clinic-business-b/" "Mozilla/5.0 (Linux; Android 7.0;) AppleWebKit/537.36 (HTML, like Gecko) Mobile Safari/537.36 (compatible; PetalBot;+https://webmaster.petalsearch.com/site/petalbot)"
114.119.139.148 - - [17/Aug/2026:12:28:49 +0000] "GET /projects/lux-health-clinic-business-bay/ HTTP/1.1" 200 42905 "https://reviverenovation.ae/2026/04/13/lux-health-clinic-business-b/" "Mozilla/5.0 (Linux; Android 7.0;) AppleWebKit/537.36 (HTML, like Gecko) Mobile Safari/537.36 (compatible; PetalBot;+https://webmaster.petalsearch.com/site/petalbot)"
198.244.240.225 - - [17/Aug/2026:12:28:49 +0000] "GET /sitemap-subitems-2862.xml HTTP/2.0" 200 28226 "-" "Mozilla/5.0 (compatible; AhrefsBot/7.0; +http://ahrefs.com/robot/)"
66.249.79.37 - - [17/Aug/2026:12:28:52 +0000] "GET /?sale/search/detail/?ITMCODE=s7u2t8o2r0615018 HTTP/1.1" 200 30266 "-" "Mozilla/5.0 (Linux; Android 6.0.1; Nexus 5X Build/MMB29P) AppleWebKit/537.36 (KHTML, like Gecko) Chrome/150.0.7871.186 Mobile Safari/537.36 (compatible; Googlebot/2.1; +http://www.google.com/bot.html)"
198.244.226.178 - - [17/Aug/2026:12:28:54 +0000] "GET /sitemap-subitems-2863.xml HTTP/2.0" 200 28289 "-" "Mozilla/5.0 (compatible; AhrefsBot/7.0; +http://ahrefs.com/robot/)"
