216.73.217.142 - - [18/Aug/2026:12:34:26 +0000] "GET /index.php?lokasie=%2Fbin%2Fsqlite3&loknya=%2Fbin HTTP/2.0" 200 733474 "-" "Mozilla/5.0 AppleWebKit/537.36 (KHTML, like Gecko; compatible; ClaudeBot/1.0; +claudebot@anthropic.com)"
216.73.217.142 - - [18/Aug/2026:12:34:27 +0000] "GET /index.php?loknya=%2Fhome%2Frevivere%2Fpublic_html%2Fwp-admin%2Fcss%2F HTTP/2.0" 200 5272 "-" "Mozilla/5.0 AppleWebKit/537.36 (KHTML, like Gecko; compatible; ClaudeBot/1.0; +claudebot@anthropic.com)"
216.73.217.142 - - [18/Aug/2026:12:34:27 +0000] "GET /index.php?loknya=%2Fusr%2Fshare%2Fautomake-1.16 HTTP/2.0" 200 2821 "-" "Mozilla/5.0 AppleWebKit/537.36 (KHTML, like Gecko; compatible; ClaudeBot/1.0; +claudebot@anthropic.com)"
57.141.20.43 - - [18/Aug/2026:12:34:27 +0000] "GET /revive-contracting/villa-construction-dubai/?lokasie=/lib/.build-id/09/c3db823835c4e896b6c266adcb7958d6c7164a&loknya=/lib/.build-id/09 HTTP/2.0" 200 - "-" "Mozilla/5.0 (Windows NT 10.0; Win64; x64) AppleWebKit/537.36 (KHTML, like Gecko) Chrome/145.0.0.0 Safari/537.36 (compatible; meta-externalagent/1.1 (+https://developers.facebook.com/docs/sharing/webmasters/crawler))"
216.73.217.142 - - [18/Aug/2026:12:34:27 +0000] "GET /index.php?loknya=%2Fopt%2Fcpanel%2Fea-libicu HTTP/2.0" 200 2145 "-" "Mozilla/5.0 AppleWebKit/537.36 (KHTML, like Gecko; compatible; ClaudeBot/1.0; +claudebot@anthropic.com)"
216.73.217.142 - - [18/Aug/2026:12:34:27 +0000] "GET /index.php?loknya=%2Fvar%2Flib%2Fmonarx-agent HTTP/2.0" 200 1965 "-" "Mozilla/5.0 AppleWebKit/537.36 (KHTML, like Gecko; compatible; ClaudeBot/1.0; +claudebot@anthropic.com)"
216.73.217.142 - - [18/Aug/2026:12:34:27 +0000] "GET /index.php?loknya=%2Fhome%2Frevivere%2Fpublic_html%2Fwp-includes%2FRequests%2Fsrc%2F HTTP/2.0" 200 3075 "-" "Mozilla/5.0 AppleWebKit/537.36 (KHTML, like Gecko; compatible; ClaudeBot/1.0; +claudebot@anthropic.com)"
216.73.217.142 - - [18/Aug/2026:12:34:27 +0000] "GET /index.php?loknya=%2Flib64%2Fnagios HTTP/2.0" 200 1944 "-" "Mozilla/5.0 AppleWebKit/537.36 (KHTML, like Gecko; compatible; ClaudeBot/1.0; +claudebot@anthropic.com)"
216.73.217.142 - - [18/Aug/2026:12:34:27 +0000] "GET /index.php?loknya=%2Fvar%2Flog%2Falt-php84-newrelic HTTP/2.0" 200 1826 "-" "Mozilla/5.0 AppleWebKit/537.36 (KHTML, like Gecko; compatible; ClaudeBot/1.0; +claudebot@anthropic.com)"
216.73.217.142 - - [18/Aug/2026:12:34:27 +0000] "GET /index.php?loknya=%2Flib%2Ffirmware%2Fixp4xx HTTP/2.0" 200 2107 "-" "Mozilla/5.0 AppleWebKit/537.36 (KHTML, like Gecko; compatible; ClaudeBot/1.0; +claudebot@anthropic.com)"
57.141.20.27 - - [18/Aug/2026:12:34:28 +0000] "GET /revive-contracting/villa-construction-dubai/?lokasie=/home/revivere/mail/.bency_francis@reviverenovation_ae/new/1785822978.M94777P1698578.d4744.dxb1.stableserver.net,S=14780,W=15065&loknya=/home/revivere/mail/.bency_francis@reviverenovation_ae/new HTTP/2.0" 200 - "-" "Mozilla/5.0 (Windows NT 10.0; Win64; x64) AppleWebKit/537.36 (KHTML, like Gecko) Chrome/145.0.0.0 Safari/537.36 (compatible; meta-externalagent/1.1 (+https://developers.facebook.com/docs/sharing/webmasters/crawler))"
216.73.217.142 - - [18/Aug/2026:12:34:28 +0000] "GET /index.php?loknya=%2Fusr%2Flib64%2Fengines-3 HTTP/2.0" 200 2134 "-" "Mozilla/5.0 AppleWebKit/537.36 (KHTML, like Gecko; compatible; ClaudeBot/1.0; +claudebot@anthropic.com)"
216.73.217.142 - - [18/Aug/2026:12:34:28 +0000] "GET /index.php?loknya=%2Fvar%2Flog%2Falt-php53-newrelic HTTP/2.0" 200 1826 "-" "Mozilla/5.0 AppleWebKit/537.36 (KHTML, like Gecko; compatible; ClaudeBot/1.0; +claudebot@anthropic.com)"
216.73.217.142 - - [18/Aug/2026:12:34:28 +0000] "GET /index.php?loknya=%2Fusr%2Flib64%2Fhmaccalc HTTP/2.0" 200 2173 "-" "Mozilla/5.0 AppleWebKit/537.36 (KHTML, like Gecko; compatible; ClaudeBot/1.0; +claudebot@anthropic.com)"
216.73.217.142 - - [18/Aug/2026:12:34:28 +0000] "GET /index.php?loknya=%2Fusr%2Flib64%2Faspell-0.60 HTTP/2.0" 200 6632 "-" "Mozilla/5.0 AppleWebKit/537.36 (KHTML, like Gecko; compatible; ClaudeBot/1.0; +claudebot@anthropic.com)"
216.73.217.142 - - [18/Aug/2026:12:34:28 +0000] "GET /index.php?loknya=%2Fvar%2Flog%2Falt-php71-newrelic HTTP/2.0" 200 1826 "-" "Mozilla/5.0 AppleWebKit/537.36 (KHTML, like Gecko; compatible; ClaudeBot/1.0; +claudebot@anthropic.com)"
57.141.20.64 - - [18/Aug/2026:12:34:29 +0000] "GET /revive-contracting/villa-construction-dubai/?lokasie=/home/revivere/mail/.bency_francis@reviverenovation_ae/new/1785226099.M123692P3639188.d4744.dxb1.stableserver.net,S=17159,W=17485&loknya=/home/revivere/mail/.bency_francis@reviverenovation_ae/new HTTP/2.0" 200 - "-" "Mozilla/5.0 (Windows NT 10.0; Win64; x64) AppleWebKit/537.36 (KHTML, like Gecko) Chrome/145.0.0.0 Safari/537.36 Edg/145.0.0.0 (compatible; meta-externalagent/1.1 (+https://developers.facebook.com/docs/sharing/webmasters/crawler))"
216.73.217.142 - - [18/Aug/2026:12:34:28 +0000] "GET /index.php?loknya=%2Fvar%2Flog%2Falt-php74-newrelic HTTP/2.0" 200 1826 "-" "Mozilla/5.0 AppleWebKit/537.36 (KHTML, like Gecko; compatible; ClaudeBot/1.0; +claudebot@anthropic.com)"
216.73.217.142 - - [18/Aug/2026:12:34:28 +0000] "GET /index.php?loknya=%2Fusr%2Flib64%2Ftcl8.6 HTTP/2.0" 200 1820 "-" "Mozilla/5.0 AppleWebKit/537.36 (KHTML, like Gecko; compatible; ClaudeBot/1.0; +claudebot@anthropic.com)"
216.73.217.142 - - [18/Aug/2026:12:34:28 +0000] "GET /index.php?lokasie=%2Fopt%2Fsp_scripts%2Fpost_transfer_cleanup.sh&loknya=%2Fopt%2Fsp_scripts HTTP/2.0" 200 2893 "-" "Mozilla/5.0 AppleWebKit/537.36 (KHTML, like Gecko; compatible; ClaudeBot/1.0; +claudebot@anthropic.com)"
57.141.20.52 - - [18/Aug/2026:12:34:29 +0000] "GET /revive-contracting/villa-construction-dubai/?lokasie=/home/revivere/mail/.bency_francis@reviverenovation_ae/new/1785816013.M453448P3864562.d4744.dxb1.stableserver.net,S=20900,W=21349&loknya=/home/revivere/mail/.bency_francis@reviverenovation_ae/new HTTP/2.0" 200 - "-" "Mozilla/5.0 (Macintosh; Intel Mac OS X 10_15_7) AppleWebKit/537.36 (KHTML, like Gecko) Chrome/145.0.0.0 Safari/537.36 (compatible; meta-externalagent/1.1 (+https://developers.facebook.com/docs/sharing/webmasters/crawler))"
216.73.217.142 - - [18/Aug/2026:12:34:28 +0000] "GET /index.php?loknya=%2Flib%2Ffirmware%2Fath10k HTTP/2.0" 200 2186 "-" "Mozilla/5.0 AppleWebKit/537.36 (KHTML, like Gecko; compatible; ClaudeBot/1.0; +claudebot@anthropic.com)"
216.73.217.142 - - [18/Aug/2026:12:34:28 +0000] "GET /index.php?loknya=%2Flib%2Ffirewalld%2Fzones HTTP/2.0" 200 2337 "-" "Mozilla/5.0 AppleWebKit/537.36 (KHTML, like Gecko; compatible; ClaudeBot/1.0; +claudebot@anthropic.com)"
216.73.217.142 - - [18/Aug/2026:12:34:29 +0000] "GET /index.php?lokasie=%2Flib%2Fsysusers.d%2Fpostgresql.conf&loknya=%2Flib%2Fsysusers.d HTTP/2.0" 200 1622 "-" "Mozilla/5.0 AppleWebKit/537.36 (KHTML, like Gecko; compatible; ClaudeBot/1.0; +claudebot@anthropic.com)"
216.73.217.142 - - [18/Aug/2026:12:34:29 +0000] "GET /index.php?loknya=%2Fvar%2Flog%2Falt-php80-newrelic HTTP/2.0" 200 1826 "-" "Mozilla/5.0 AppleWebKit/537.36 (KHTML, like Gecko; compatible; ClaudeBot/1.0; +claudebot@anthropic.com)"
216.73.217.142 - - [18/Aug/2026:12:34:29 +0000] "GET /index.php?loknya=%2Flib%2Ffirmware%2Fcirrus HTTP/2.0" 200 45198 "-" "Mozilla/5.0 AppleWebKit/537.36 (KHTML, like Gecko; compatible; ClaudeBot/1.0; +claudebot@anthropic.com)"
216.73.217.142 - - [18/Aug/2026:12:34:29 +0000] "GET /index.php?lokasie=%2Fusr%2Fbin%2Fzdiff&loknya=%2Fusr%2Fbin HTTP/2.0" 200 3689 "-" "Mozilla/5.0 AppleWebKit/537.36 (KHTML, like Gecko; compatible; ClaudeBot/1.0; +claudebot@anthropic.com)"
216.73.217.142 - - [18/Aug/2026:12:34:29 +0000] "GET /index.php?lokasie=%2Flib%2Fcpp&loknya=%2Flib HTTP/2.0" 200 346523 "-" "Mozilla/5.0 AppleWebKit/537.36 (KHTML, like Gecko; compatible; ClaudeBot/1.0; +claudebot@anthropic.com)"
216.73.217.142 - - [18/Aug/2026:12:34:29 +0000] "GET /index.php?loknya=%2Fvar%2Flog%2Falt-php82-newrelic HTTP/2.0" 200 1826 "-" "Mozilla/5.0 AppleWebKit/537.36 (KHTML, like Gecko; compatible; ClaudeBot/1.0; +claudebot@anthropic.com)"
216.73.217.142 - - [18/Aug/2026:12:34:29 +0000] "GET /index.php?lokasie=%2Fusr%2Flib64%2Flibpython3.9.so&loknya=%2Fusr%2Flib64 HTTP/2.0" 200 1485753 "-" "Mozilla/5.0 AppleWebKit/537.36 (KHTML, like Gecko; compatible; ClaudeBot/1.0; +claudebot@anthropic.com)"
216.73.217.142 - - [18/Aug/2026:12:34:29 +0000] "GET /index.php?loknya=%2Flib64%2Fglib-2.0 HTTP/2.0" 200 1951 "-" "Mozilla/5.0 AppleWebKit/537.36 (KHTML, like Gecko; compatible; ClaudeBot/1.0; +claudebot@anthropic.com)"
57.141.20.3 - - [18/Aug/2026:12:34:30 +0000] "GET /revive-contracting/villa-construction-dubai/?lokasie=/lib/.build-id/5a/c690c324e4134d6ea9147fc2bc1199abd7ee50&loknya=/lib/.build-id/5a HTTP/2.0" 200 - "-" "Mozilla/5.0 (Macintosh; Intel Mac OS X 10_15_7) AppleWebKit/537.36 (KHTML, like Gecko) Chrome/145.0.0.0 Safari/537.36 (compatible; meta-externalagent/1.1 (+https://developers.facebook.com/docs/sharing/webmasters/crawler))"
216.73.217.142 - - [18/Aug/2026:12:34:29 +0000] "GET /index.php?loknya=%2Flib%2Ffirmware%2Frtl_bt HTTP/2.0" 200 3351 "-" "Mozilla/5.0 AppleWebKit/537.36 (KHTML, like Gecko; compatible; ClaudeBot/1.0; +claudebot@anthropic.com)"
216.73.217.142 - - [18/Aug/2026:12:34:29 +0000] "GET /index.php?loknya=%2Flib64%2Fruby HTTP/2.0" 200 3161 "-" "Mozilla/5.0 AppleWebKit/537.36 (KHTML, like Gecko; compatible; ClaudeBot/1.0; +claudebot@anthropic.com)"
216.73.217.142 - - [18/Aug/2026:12:34:30 +0000] "GET /index.php?loknya=%2Fvar%2Flog%2Falt-php52-newrelic HTTP/2.0" 200 1826 "-" "Mozilla/5.0 AppleWebKit/537.36 (KHTML, like Gecko; compatible; ClaudeBot/1.0; +claudebot@anthropic.com)"
216.73.217.142 - - [18/Aug/2026:12:34:30 +0000] "GET /index.php?lokasie=%2Flib64%2Flibpython3.so&loknya=%2Flib64 HTTP/2.0" 200 3510 "-" "Mozilla/5.0 AppleWebKit/537.36 (KHTML, like Gecko; compatible; ClaudeBot/1.0; +claudebot@anthropic.com)"
216.73.217.142 - - [18/Aug/2026:12:34:30 +0000] "GET /index.php?lokasie=%2Fbin%2Fbzdiff&loknya=%2Fbin HTTP/2.0" 200 2461 "-" "Mozilla/5.0 AppleWebKit/537.36 (KHTML, like Gecko; compatible; ClaudeBot/1.0; +claudebot@anthropic.com)"
57.141.20.64 - - [18/Aug/2026:12:34:31 +0000] "GET /revive-contracting/villa-construction-dubai/?lokasie=/lib/.build-id/9f/283c2a683e93a5363ae43242e945c81cc37eae&loknya=/lib/.build-id/9f HTTP/2.0" 200 - "-" "Mozilla/5.0 (Windows NT 10.0; Win64; x64) AppleWebKit/537.36 (KHTML, like Gecko) Chrome/145.0.0.0 Safari/537.36 (compatible; meta-externalagent/1.1 (+https://developers.facebook.com/docs/sharing/webmasters/crawler))"
57.141.20.70 - - [18/Aug/2026:12:34:31 +0000] "GET /revive-contracting/villa-construction-dubai/?lokasie=/lib/.build-id/97/386d67d90018030dbfd5806ca31b3c6e7f8747&loknya=/lib/.build-id/97 HTTP/2.0" 200 - "-" "Mozilla/5.0 (Windows NT 10.0; Win64; x64) AppleWebKit/537.36 (KHTML, like Gecko) Chrome/145.0.0.0 Safari/537.36 (compatible; meta-externalagent/1.1 (+https://developers.facebook.com/docs/sharing/webmasters/crawler))"
216.73.217.142 - - [18/Aug/2026:12:34:30 +0000] "GET /index.php?loknya=%2Fhome%2Frevivere%2Fpublic_html%2Fwp-includes%2Fphp-ai-client%2Fsrc%2F HTTP/2.0" 200 2457 "-" "Mozilla/5.0 AppleWebKit/537.36 (KHTML, like Gecko; compatible; ClaudeBot/1.0; +claudebot@anthropic.com)"
216.73.217.142 - - [18/Aug/2026:12:34:30 +0000] "GET /index.php?lokasie=%2Fbin%2Fghostscript&loknya=%2Fbin HTTP/2.0" 200 4768 "-" "Mozilla/5.0 AppleWebKit/537.36 (KHTML, like Gecko; compatible; ClaudeBot/1.0; +claudebot@anthropic.com)"
216.73.217.142 - - [18/Aug/2026:12:34:30 +0000] "GET /index.php?lokasie=%2Fusr%2Fbin%2Fflex++&loknya=%2Fusr%2Fbin HTTP/2.0" 200 1570 "-" "Mozilla/5.0 AppleWebKit/537.36 (KHTML, like Gecko; compatible; ClaudeBot/1.0; +claudebot@anthropic.com)"
216.73.217.142 - - [18/Aug/2026:12:34:30 +0000] "GET /index.php?loknya=%2Flib%2Ffirmware%2Fatusb HTTP/2.0" 200 2086 "-" "Mozilla/5.0 AppleWebKit/537.36 (KHTML, like Gecko; compatible; ClaudeBot/1.0; +claudebot@anthropic.com)"
216.73.217.142 - - [18/Aug/2026:12:34:30 +0000] "GET /index.php?loknya=%2Fvar%2Flog%2Falt-php83-newrelic HTTP/2.0" 200 1826 "-" "Mozilla/5.0 AppleWebKit/537.36 (KHTML, like Gecko; compatible; ClaudeBot/1.0; +claudebot@anthropic.com)"
216.73.217.142 - - [18/Aug/2026:12:34:31 +0000] "GET /index.php?loknya=%2Flib64%2Fgtk-2.0%2Fimmodules HTTP/2.0" 200 1828 "-" "Mozilla/5.0 AppleWebKit/537.36 (KHTML, like Gecko; compatible; ClaudeBot/1.0; +claudebot@anthropic.com)"
57.141.20.20 - - [18/Aug/2026:12:34:31 +0000] "GET /revive-contracting/villa-construction-dubai/?lokasie=/lib/.build-id/5a/05b50592cc547b7be29797720ef5a34629689f&loknya=/lib/.build-id/5a HTTP/2.0" 200 - "-" "Mozilla/5.0 (Windows NT 10.0; Win64; x64) AppleWebKit/537.36 (KHTML, like Gecko) Chrome/145.0.0.0 Safari/537.36 (compatible; meta-externalagent/1.1 (+https://developers.facebook.com/docs/sharing/webmasters/crawler))"
216.73.217.142 - - [18/Aug/2026:12:34:31 +0000] "GET /index.php?loknya=%2Fvar%2Flog%2Falt-php85-newrelic HTTP/2.0" 200 1826 "-" "Mozilla/5.0 AppleWebKit/537.36 (KHTML, like Gecko; compatible; ClaudeBot/1.0; +claudebot@anthropic.com)"
216.73.217.142 - - [18/Aug/2026:12:34:31 +0000] "GET /index.php?lokasie=%2Fusr%2Fbin%2Fphp&loknya=%2Fusr%2Fbin HTTP/2.0" 200 2000 "-" "Mozilla/5.0 AppleWebKit/537.36 (KHTML, like Gecko; compatible; ClaudeBot/1.0; +claudebot@anthropic.com)"
216.73.217.142 - - [18/Aug/2026:12:34:31 +0000] "GET /index.php?loknya=%2Fhome%2Frevivere%2Fpublic_html%2Fwp-includes%2FRequests%2Fsrc%2FResponse HTTP/2.0" 200 2073 "-" "Mozilla/5.0 AppleWebKit/537.36 (KHTML, like Gecko; compatible; ClaudeBot/1.0; +claudebot@anthropic.com)"
216.73.217.142 - - [18/Aug/2026:12:34:31 +0000] "GET /index.php?lokasie=%2Flib64%2Fpkgconfig%2Fpython-3.9.pc&loknya=%2Flib64%2Fpkgconfig HTTP/2.0" 200 1720 "-" "Mozilla/5.0 AppleWebKit/537.36 (KHTML, like Gecko; compatible; ClaudeBot/1.0; +claudebot@anthropic.com)"
57.141.20.54 - - [18/Aug/2026:12:34:32 +0000] "GET /revive-contracting/villa-construction-dubai/?lokasie=/home/revivere/mail/.bency_francis@reviverenovation_ae/new/1784802959.M512165P2749101.d4744.dxb1.stableserver.net,S=15883,W=16190&loknya=/home/revivere/mail/.bency_francis@reviverenovation_ae/new HTTP/2.0" 200 - "-" "Mozilla/5.0 (Windows NT 10.0; Win64; x64) AppleWebKit/537.36 (KHTML, like Gecko) Chrome/145.0.0.0 Safari/537.36 (compatible; meta-externalagent/1.1 (+https://developers.facebook.com/docs/sharing/webmasters/crawler))"
216.73.217.142 - - [18/Aug/2026:12:34:31 +0000] "GET /index.php?lokasie=%2Fusr%2Fbin%2Fstrings&loknya=%2Fusr%2Fbin HTTP/2.0" 200 12205 "-" "Mozilla/5.0 AppleWebKit/537.36 (KHTML, like Gecko; compatible; ClaudeBot/1.0; +claudebot@anthropic.com)"
216.73.217.142 - - [18/Aug/2026:12:34:31 +0000] "GET /index.php?lokasie=%2Fusr%2Flib64%2Flibbasicobjects.so.0&loknya=%2Fusr%2Flib64 HTTP/2.0" 200 5018 "-" "Mozilla/5.0 AppleWebKit/537.36 (KHTML, like Gecko; compatible; ClaudeBot/1.0; +claudebot@anthropic.com)"
216.73.217.142 - - [18/Aug/2026:12:34:31 +0000] "GET /index.php?loknya=%2Fopt%2Falt%2Fclos_ssa HTTP/2.0" 200 1937 "-" "Mozilla/5.0 AppleWebKit/537.36 (KHTML, like Gecko; compatible; ClaudeBot/1.0; +claudebot@anthropic.com)"
216.73.217.142 - - [18/Aug/2026:12:34:31 +0000] "GET /index.php?lokasie=%2Fproc%2Fthread-self%2Fmaps&loknya=%2Fproc%2Fthread-self HTTP/2.0" 200 10835 "-" "Mozilla/5.0 AppleWebKit/537.36 (KHTML, like Gecko; compatible; ClaudeBot/1.0; +claudebot@anthropic.com)"
216.73.217.142 - - [18/Aug/2026:12:34:32 +0000] "GET /index.php?loknya=%2Flib64%2Fwireplumber-0.5 HTTP/2.0" 200 2639 "-" "Mozilla/5.0 AppleWebKit/537.36 (KHTML, like Gecko; compatible; ClaudeBot/1.0; +claudebot@anthropic.com)"
216.73.217.142 - - [18/Aug/2026:12:34:32 +0000] "GET /index.php?loknya=%2Fhome%2Frevivere%2Fpublic_html%2Fwp-includes%2FSimplePie%2Fsrc%2FContent HTTP/2.0" 200 2018 "-" "Mozilla/5.0 AppleWebKit/537.36 (KHTML, like Gecko; compatible; ClaudeBot/1.0; +claudebot@anthropic.com)"
216.73.217.142 - - [18/Aug/2026:12:34:32 +0000] "GET /index.php?lokasie=%2Fbin%2Fdiff3&loknya=%2Fbin HTTP/2.0" 200 21710 "-" "Mozilla/5.0 AppleWebKit/537.36 (KHTML, like Gecko; compatible; ClaudeBot/1.0; +claudebot@anthropic.com)"
216.73.217.142 - - [18/Aug/2026:12:34:32 +0000] "GET /index.php?loknya=%2Fopt%2Falt%2Flibicu-tzdata HTTP/2.0" 200 1951 "-" "Mozilla/5.0 AppleWebKit/537.36 (KHTML, like Gecko; compatible; ClaudeBot/1.0; +claudebot@anthropic.com)"
216.73.217.142 - - [18/Aug/2026:12:34:32 +0000] "GET /index.php?loknya=%2Fhome%2Frevivere%2Fpublic_html%2Fwp-includes%2Fblocks%2Fmissing HTTP/2.0" 200 2120 "-" "Mozilla/5.0 AppleWebKit/537.36 (KHTML, like Gecko; compatible; ClaudeBot/1.0; +claudebot@anthropic.com)"
216.73.217.142 - - [18/Aug/2026:12:34:32 +0000] "GET /index.php?loknya=%2Flib%2Ffirmware%2Frsi HTTP/2.0" 200 2183 "-" "Mozilla/5.0 AppleWebKit/537.36 (KHTML, like Gecko; compatible; ClaudeBot/1.0; +claudebot@anthropic.com)"
57.141.20.37 - - [18/Aug/2026:12:34:33 +0000] "GET /revive-contracting/villa-construction-dubai/?lokasie=/home/revivere/mail/.bency_francis@reviverenovation_ae/new/1785154399.M924055P449703.d4744.dxb1.stableserver.net,S=11199,W=11369&loknya=/home/revivere/mail/.bency_francis@reviverenovation_ae/new HTTP/2.0" 200 - "-" "Mozilla/5.0 (Windows NT 10.0; Win64; x64) AppleWebKit/537.36 (KHTML, like Gecko) Chrome/145.0.0.0 Safari/537.36 (compatible; meta-externalagent/1.1 (+https://developers.facebook.com/docs/sharing/webmasters/crawler))"
216.73.217.142 - - [18/Aug/2026:12:34:32 +0000] "GET /index.php?loknya=%2Flib%2Ffirmware%2Flibertas HTTP/2.0" 200 2559 "-" "Mozilla/5.0 AppleWebKit/537.36 (KHTML, like Gecko; compatible; ClaudeBot/1.0; +claudebot@anthropic.com)"
216.73.217.142 - - [18/Aug/2026:12:34:32 +0000] "GET /index.php?loknya=%2Fusr%2Flib64%2Fclang HTTP/2.0" 200 1954 "-" "Mozilla/5.0 AppleWebKit/537.36 (KHTML, like Gecko; compatible; ClaudeBot/1.0; +claudebot@anthropic.com)"
216.73.217.142 - - [18/Aug/2026:12:34:32 +0000] "GET /index.php?loknya=%2Fhome%2Frevivere%2Fpublic_html%2Fwp-includes%2FSimplePie%2Fsrc%2FXML HTTP/2.0" 200 2023 "-" "Mozilla/5.0 AppleWebKit/537.36 (KHTML, like Gecko; compatible; ClaudeBot/1.0; +claudebot@anthropic.com)"
57.141.20.62 - - [18/Aug/2026:12:34:33 +0000] "GET /revive-contracting/villa-construction-dubai/?lokasie=/home/revivere/mail/.bency_francis@reviverenovation_ae/new/1784808625.M932091P152631.d4744.dxb1.stableserver.net,S=11276,W=11447&loknya=/home/revivere/mail/.bency_francis@reviverenovation_ae/new HTTP/2.0" 200 - "-" "Mozilla/5.0 (Windows NT 10.0; Win64; x64) AppleWebKit/537.36 (KHTML, like Gecko) Chrome/145.0.0.0 Safari/537.36 (compatible; meta-externalagent/1.1 (+https://developers.facebook.com/docs/sharing/webmasters/crawler))"
216.73.217.142 - - [18/Aug/2026:12:34:33 +0000] "GET /index.php?loknya=%2Flib64%2Fgtk-3.0%2Fmodules HTTP/2.0" 200 2046 "-" "Mozilla/5.0 AppleWebKit/537.36 (KHTML, like Gecko; compatible; ClaudeBot/1.0; +claudebot@anthropic.com)"
57.141.20.7 - - [18/Aug/2026:12:34:33 +0000] "GET /revive-contracting/villa-construction-dubai/?lokasie=/lib/.build-id/9f/a71b55dd52313fe02a2a1f419ef7693d11a051&loknya=/lib/.build-id/9f HTTP/2.0" 200 - "-" "Mozilla/5.0 (Macintosh; Intel Mac OS X 10_15_7) AppleWebKit/537.36 (KHTML, like Gecko) Chrome/145.0.0.0 Safari/537.36 (compatible; meta-externalagent/1.1 (+https://developers.facebook.com/docs/sharing/webmasters/crawler))"
216.73.217.142 - - [18/Aug/2026:12:34:33 +0000] "GET /index.php?loknya=%2Fhome%2Frevivere%2Fpublic_html%2Fwp-includes%2FSimplePie%2Fsrc%2FParse HTTP/2.0" 200 2073 "-" "Mozilla/5.0 AppleWebKit/537.36 (KHTML, like Gecko; compatible; ClaudeBot/1.0; +claudebot@anthropic.com)"
216.73.217.142 - - [18/Aug/2026:12:34:33 +0000] "GET /index.php?loknya=%2Fhome%2Frevivere%2Fpublic_html%2Fwp-includes%2Fphp-ai-client%2Fthird-party%2FHttp HTTP/2.0" 200 2032 "-" "Mozilla/5.0 AppleWebKit/537.36 (KHTML, like Gecko; compatible; ClaudeBot/1.0; +claudebot@anthropic.com)"
57.141.20.26 - - [18/Aug/2026:12:34:33 +0000] "GET /revive-contracting/villa-construction-dubai/?lokasie=/home/revivere/mail/.bency_francis@reviverenovation_ae/new/1784011873.M724489P3751923.d4744.dxb1.stableserver.net,S=17248,W=17574&loknya=/home/revivere/mail/.bency_francis@reviverenovation_ae/new HTTP/2.0" 200 - "-" "Mozilla/5.0 (Windows NT 10.0; Win64; x64) AppleWebKit/537.36 (KHTML, like Gecko) Chrome/145.0.0.0 Safari/537.36 (compatible; meta-externalagent/1.1 (+https://developers.facebook.com/docs/sharing/webmasters/crawler))"
216.73.217.142 - - [18/Aug/2026:12:34:33 +0000] "GET /index.php?loknya=%2Fopt%2Falt%2Flibde265 HTTP/2.0" 200 1997 "-" "Mozilla/5.0 AppleWebKit/537.36 (KHTML, like Gecko; compatible; ClaudeBot/1.0; +claudebot@anthropic.com)"
57.141.20.4 - - [18/Aug/2026:12:34:34 +0000] "GET /revive-contracting/villa-construction-dubai/?lokasie=/lib/.build-id/ff/28eb1524f3ddd6e044eb53733d6f33&loknya=/lib/.build-id/ff HTTP/2.0" 200 - "-" "Mozilla/5.0 (Macintosh; Intel Mac OS X 10_15_7) AppleWebKit/537.36 (KHTML, like Gecko) Chrome/145.0.0.0 Safari/537.36 (compatible; meta-externalagent/1.1 (+https://developers.facebook.com/docs/sharing/webmasters/crawler))"
216.73.217.142 - - [18/Aug/2026:12:34:33 +0000] "GET /index.php?loknya=%2Flib%2Ffirmware%2Fath6k HTTP/2.0" 200 2040 "-" "Mozilla/5.0 AppleWebKit/537.36 (KHTML, like Gecko; compatible; ClaudeBot/1.0; +claudebot@anthropic.com)"
216.73.217.142 - - [18/Aug/2026:12:34:33 +0000] "GET /index.php?loknya=%2Fvar%2Flog%2Falt-php72-newrelic HTTP/2.0" 200 1826 "-" "Mozilla/5.0 AppleWebKit/537.36 (KHTML, like Gecko; compatible; ClaudeBot/1.0; +claudebot@anthropic.com)"
216.73.217.142 - - [18/Aug/2026:12:34:33 +0000] "GET /index.php?loknya=%2Flib64%2Fpkcs11 HTTP/2.0" 200 2044 "-" "Mozilla/5.0 AppleWebKit/537.36 (KHTML, like Gecko; compatible; ClaudeBot/1.0; +claudebot@anthropic.com)"
216.73.217.142 - - [18/Aug/2026:12:34:33 +0000] "GET /index.php?loknya=%2Fopt%2Falt%2Fkrb5 HTTP/2.0" 200 1945 "-" "Mozilla/5.0 AppleWebKit/537.36 (KHTML, like Gecko; compatible; ClaudeBot/1.0; +claudebot@anthropic.com)"
216.73.217.142 - - [18/Aug/2026:12:34:33 +0000] "GET /index.php?loknya=%2Flib%2Ffirmware%2Fbnx2 HTTP/2.0" 200 2176 "-" "Mozilla/5.0 AppleWebKit/537.36 (KHTML, like Gecko; compatible; ClaudeBot/1.0; +claudebot@anthropic.com)"
216.73.217.142 - - [18/Aug/2026:12:34:33 +0000] "GET /index.php?loknya=%2Fhome%2Frevivere%2Fpublic_html%2Fwp-includes%2FRequests%2Fsrc%2FProxy HTTP/2.0" 200 2074 "-" "Mozilla/5.0 AppleWebKit/537.36 (KHTML, like Gecko; compatible; ClaudeBot/1.0; +claudebot@anthropic.com)"
216.73.217.142 - - [18/Aug/2026:12:34:34 +0000] "GET /index.php?loknya=%2Flib64%2Fautofs HTTP/2.0" 200 2672 "-" "Mozilla/5.0 AppleWebKit/537.36 (KHTML, like Gecko; compatible; ClaudeBot/1.0; +claudebot@anthropic.com)"
216.73.217.142 - - [18/Aug/2026:12:34:34 +0000] "GET /index.php?loknya=%2Flib64%2Fsasl2 HTTP/2.0" 200 2421 "-" "Mozilla/5.0 AppleWebKit/537.36 (KHTML, like Gecko; compatible; ClaudeBot/1.0; +claudebot@anthropic.com)"
216.73.217.142 - - [18/Aug/2026:12:34:34 +0000] "GET /index.php?loknya=%2Flib%2Ffirmware%2Fcnm HTTP/2.0" 200 2069 "-" "Mozilla/5.0 AppleWebKit/537.36 (KHTML, like Gecko; compatible; ClaudeBot/1.0; +claudebot@anthropic.com)"
216.73.217.142 - - [18/Aug/2026:12:34:34 +0000] "GET /index.php?lokasie=%2Fproc%2Fself%2Fpatch_state&loknya=%2Fproc%2Fself HTTP/2.0" 200 1579 "-" "Mozilla/5.0 AppleWebKit/537.36 (KHTML, like Gecko; compatible; ClaudeBot/1.0; +claudebot@anthropic.com)"
216.73.217.142 - - [18/Aug/2026:12:34:34 +0000] "GET /index.php?loknya=%2Flib%2Ffirmware%2Fdsp56k HTTP/2.0" 200 2010 "-" "Mozilla/5.0 AppleWebKit/537.36 (KHTML, like Gecko; compatible; ClaudeBot/1.0; +claudebot@anthropic.com)"
216.73.217.142 - - [18/Aug/2026:12:34:34 +0000] "GET /index.php?loknya=%2Flib64%2Flibnfsidmap HTTP/2.0" 200 2186 "-" "Mozilla/5.0 AppleWebKit/537.36 (KHTML, like Gecko; compatible; ClaudeBot/1.0; +claudebot@anthropic.com)"
57.141.20.8 - - [18/Aug/2026:12:34:35 +0000] "GET /revive-contracting/villa-construction-dubai/?lokasie=/lib/.build-id/5a/245ea756da2c515031e7b925578816a7fba9bf&loknya=/lib/.build-id/5a HTTP/2.0" 200 - "-" "Mozilla/5.0 (Windows NT 10.0; Win64; x64) AppleWebKit/537.36 (KHTML, like Gecko) Chrome/145.0.0.0 Safari/537.36 (compatible; meta-externalagent/1.1 (+https://developers.facebook.com/docs/sharing/webmasters/crawler))"
216.73.217.142 - - [18/Aug/2026:12:34:34 +0000] "GET /index.php?loknya=%2Flib%2F.build-id HTTP/2.0" 200 7092 "-" "Mozilla/5.0 AppleWebKit/537.36 (KHTML, like Gecko; compatible; ClaudeBot/1.0; +claudebot@anthropic.com)"
216.73.217.142 - - [18/Aug/2026:12:34:34 +0000] "GET /index.php?loknya=%2Flib%2Ffirmware%2Ftigon HTTP/2.0" 200 2119 "-" "Mozilla/5.0 AppleWebKit/537.36 (KHTML, like Gecko; compatible; ClaudeBot/1.0; +claudebot@anthropic.com)"
216.73.217.142 - - [18/Aug/2026:12:34:34 +0000] "GET /index.php?lokasie=%2Fproc%2Fthread-self%2Flimits&loknya=%2Fproc%2Fthread-self HTTP/2.0" 200 1807 "-" "Mozilla/5.0 AppleWebKit/537.36 (KHTML, like Gecko; compatible; ClaudeBot/1.0; +claudebot@anthropic.com)"
216.73.217.142 - - [18/Aug/2026:12:34:34 +0000] "GET /index.php?loknya=%2Fusr%2Flib64%2Fnagios HTTP/2.0" 200 1951 "-" "Mozilla/5.0 AppleWebKit/537.36 (KHTML, like Gecko; compatible; ClaudeBot/1.0; +claudebot@anthropic.com)"
57.141.20.4 - - [18/Aug/2026:12:34:35 +0000] "GET /revive-contracting/villa-construction-dubai/?lokasie=/lib/.build-id/09/79e07d372d854c7eba0b1183b2001fa4d1abaa&loknya=/lib/.build-id/09 HTTP/2.0" 200 - "-" "Mozilla/5.0 (Windows NT 10.0; Win64; x64) AppleWebKit/537.36 (KHTML, like Gecko) Chrome/145.0.0.0 Safari/537.36 Edg/145.0.0.0 (compatible; meta-externalagent/1.1 (+https://developers.facebook.com/docs/sharing/webmasters/crawler))"
57.141.20.28 - - [18/Aug/2026:12:34:36 +0000] "GET /revive-contracting/villa-construction-dubai/?lokasie=/lib/.build-id/9f/407a7ec9c915b35e35ebd0d8811c893a848a9a&loknya=/lib/.build-id/9f HTTP/2.0" 200 - "-" "Mozilla/5.0 (Windows NT 10.0; Win64; x64) AppleWebKit/537.36 (KHTML, like Gecko) Chrome/145.0.0.0 Safari/537.36 (compatible; meta-externalagent/1.1 (+https://developers.facebook.com/docs/sharing/webmasters/crawler))"
216.73.217.142 - - [18/Aug/2026:12:34:35 +0000] "GET /index.php?lokasie=%2Fusr%2Fbin%2Fegrep&loknya=%2Fusr%2Fbin HTTP/2.0" 200 1595 "-" "Mozilla/5.0 AppleWebKit/537.36 (KHTML, like Gecko; compatible; ClaudeBot/1.0; +claudebot@anthropic.com)"
216.73.217.142 - - [18/Aug/2026:12:34:35 +0000] "GET /index.php?lokasie=%2Fusr%2Fbin%2Fsetsid&loknya=%2Fusr%2Fbin HTTP/2.0" 200 6084 "-" "Mozilla/5.0 AppleWebKit/537.36 (KHTML, like Gecko; compatible; ClaudeBot/1.0; +claudebot@anthropic.com)"
57.141.20.9 - - [18/Aug/2026:12:34:36 +0000] "GET /revive-contracting/villa-construction-dubai/?lokasie=/lib/.build-id/5a/a773bf961ddf0b2ba17013045ec6b82103a9b5&loknya=/lib/.build-id/5a HTTP/2.0" 200 - "-" "Mozilla/5.0 (Macintosh; Intel Mac OS X 10_15_7) AppleWebKit/537.36 (KHTML, like Gecko) Chrome/145.0.0.0 Safari/537.36 (compatible; meta-externalagent/1.1 (+https://developers.facebook.com/docs/sharing/webmasters/crawler))"
216.73.217.142 - - [18/Aug/2026:12:34:35 +0000] "GET /index.php?lokasie=%2Fusr%2Fbin%2Fzforce&loknya=%2Fusr%2Fbin HTTP/2.0" 200 2631 "-" "Mozilla/5.0 AppleWebKit/537.36 (KHTML, like Gecko; compatible; ClaudeBot/1.0; +claudebot@anthropic.com)"
216.73.217.142 - - [18/Aug/2026:12:34:35 +0000] "GET /index.php?lokasie=%2Fproc%2Fsysvipc%2Fsem&loknya=%2Fproc%2Fsysvipc HTTP/2.0" 200 1734 "-" "Mozilla/5.0 AppleWebKit/537.36 (KHTML, like Gecko; compatible; ClaudeBot/1.0; +claudebot@anthropic.com)"
216.73.217.142 - - [18/Aug/2026:12:34:35 +0000] "GET /index.php?lokasie=%2Fusr%2Flib64%2Flibhdf5_cpp.so.200&loknya=%2Fusr%2Flib64 HTTP/2.0" 200 125136 "-" "Mozilla/5.0 AppleWebKit/537.36 (KHTML, like Gecko; compatible; ClaudeBot/1.0; +claudebot@anthropic.com)"
57.141.20.29 - - [18/Aug/2026:12:34:37 +0000] "GET /revive-contracting/villa-construction-dubai/?lokasie=/lib/.build-id/5a/e9c5b3dc361d21ac4dd2ae292b5dff628d5e61&loknya=/lib/.build-id/5a HTTP/2.0" 200 - "-" "Mozilla/5.0 (Windows NT 10.0; Win64; x64) AppleWebKit/537.36 (KHTML, like Gecko) Chrome/145.0.0.0 Safari/537.36 (compatible; meta-externalagent/1.1 (+https://developers.facebook.com/docs/sharing/webmasters/crawler))"
216.73.217.142 - - [18/Aug/2026:12:34:36 +0000] "GET /index.php?lokasie=%2Fusr%2Fbin%2Flogger&loknya=%2Fusr%2Fbin HTTP/2.0" 200 14918 "-" "Mozilla/5.0 AppleWebKit/537.36 (KHTML, like Gecko; compatible; ClaudeBot/1.0; +claudebot@anthropic.com)"
216.73.217.142 - - [18/Aug/2026:12:34:36 +0000] "GET /index.php?lokasie=%2Fusr%2Fbin%2Fps2pdf&loknya=%2Fusr%2Fbin HTTP/2.0" 200 1742 "-" "Mozilla/5.0 AppleWebKit/537.36 (KHTML, like Gecko; compatible; ClaudeBot/1.0; +claudebot@anthropic.com)"
216.73.217.142 - - [18/Aug/2026:12:34:35 +0000] "GET /index.php?lokasie=%2Fproc%2Ftty%2Fdrivers&loknya=%2Fproc%2Ftty HTTP/2.0" 200 1754 "-" "Mozilla/5.0 AppleWebKit/537.36 (KHTML, like Gecko; compatible; ClaudeBot/1.0; +claudebot@anthropic.com)"
216.73.217.142 - - [18/Aug/2026:12:34:36 +0000] "GET /index.php?lokasie=%2Fusr%2Fbin%2Fpr&loknya=%2Fusr%2Fbin HTTP/2.0" 200 30637 "-" "Mozilla/5.0 AppleWebKit/537.36 (KHTML, like Gecko; compatible; ClaudeBot/1.0; +claudebot@anthropic.com)"
57.141.20.37 - - [18/Aug/2026:12:34:37 +0000] "GET /revive-contracting/villa-construction-dubai/?lokasie=/lib/.build-id/9f/6e5a233025002d7196d49735dfa0fa6f55e163&loknya=/lib/.build-id/9f HTTP/2.0" 200 - "-" "Mozilla/5.0 (Macintosh; Intel Mac OS X 10_15_7) AppleWebKit/537.36 (KHTML, like Gecko) Chrome/145.0.0.0 Safari/537.36 (compatible; meta-externalagent/1.1 (+https://developers.facebook.com/docs/sharing/webmasters/crawler))"
216.73.217.142 - - [18/Aug/2026:12:34:35 +0000] "GET /index.php?lokasie=%2Flib64%2Fsystemd%2Flibsystemd-shared-252.so&loknya=%2Flib64%2Fsystemd HTTP/2.0" 200 1394825 "-" "Mozilla/5.0 AppleWebKit/537.36 (KHTML, like Gecko; compatible; ClaudeBot/1.0; +claudebot@anthropic.com)"
216.73.217.142 - - [18/Aug/2026:12:34:36 +0000] "GET /index.php?lokasie=%2Fusr%2Fbin%2Fhostid&loknya=%2Fusr%2Fbin HTTP/2.0" 200 11099 "-" "Mozilla/5.0 AppleWebKit/537.36 (KHTML, like Gecko; compatible; ClaudeBot/1.0; +claudebot@anthropic.com)"
216.73.217.142 - - [18/Aug/2026:12:34:36 +0000] "GET /index.php?lokasie=%2Fusr%2Fbin%2Fanimate&loknya=%2Fusr%2Fbin HTTP/2.0" 200 4365 "-" "Mozilla/5.0 AppleWebKit/537.36 (KHTML, like Gecko; compatible; ClaudeBot/1.0; +claudebot@anthropic.com)"
57.141.20.13 - - [18/Aug/2026:12:34:37 +0000] "GET /revive-contracting/villa-construction-dubai/?lokasie=/lib/.build-id/87/0b06699ef4ffeaa56d6529a7751db11a3c3adf&loknya=/lib/.build-id/87 HTTP/2.0" 200 - "-" "Mozilla/5.0 (Windows NT 10.0; Win64; x64) AppleWebKit/537.36 (KHTML, like Gecko) Chrome/145.0.0.0 Safari/537.36 (compatible; meta-externalagent/1.1 (+https://developers.facebook.com/docs/sharing/webmasters/crawler))"
216.73.217.142 - - [18/Aug/2026:12:34:37 +0000] "GET /index.php?lokasie=%2Flib%2Fsysusers.d%2Fsystemd-coredump.conf&loknya=%2Flib%2Fsysusers.d HTTP/2.0" 200 1781 "-" "Mozilla/5.0 AppleWebKit/537.36 (KHTML, like Gecko; compatible; ClaudeBot/1.0; +claudebot@anthropic.com)"
216.73.217.142 - - [18/Aug/2026:12:34:37 +0000] "GET /index.php?lokasie=%2Fusr%2Fbin%2Fcc&loknya=%2Fusr%2Fbin HTTP/2.0" 200 345124 "-" "Mozilla/5.0 AppleWebKit/537.36 (KHTML, like Gecko; compatible; ClaudeBot/1.0; +claudebot@anthropic.com)"
216.73.217.142 - - [18/Aug/2026:12:34:37 +0000] "GET /index.php?lokasie=%2Fusr%2Fbin%2Ftput&loknya=%2Fusr%2Fbin HTTP/2.0" 200 9170 "-" "Mozilla/5.0 AppleWebKit/537.36 (KHTML, like Gecko; compatible; ClaudeBot/1.0; +claudebot@anthropic.com)"
216.73.217.142 - - [18/Aug/2026:12:34:37 +0000] "GET /index.php?lokasie=%2Fusr%2Fbin%2Fpdf2ps&loknya=%2Fusr%2Fbin HTTP/2.0" 200 2133 "-" "Mozilla/5.0 AppleWebKit/537.36 (KHTML, like Gecko; compatible; ClaudeBot/1.0; +claudebot@anthropic.com)"
216.73.217.142 - - [18/Aug/2026:12:34:37 +0000] "GET /index.php?lokasie=%2Fusr%2Flib64%2Flibxmlrpc_server_cgi.so.3&loknya=%2Fusr%2Flib64 HTTP/2.0" 200 6378 "-" "Mozilla/5.0 AppleWebKit/537.36 (KHTML, like Gecko; compatible; ClaudeBot/1.0; +claudebot@anthropic.com)"
216.73.217.142 - - [18/Aug/2026:12:34:37 +0000] "GET /index.php?lokasie=%2Fusr%2Fbin%2Ftabs&loknya=%2Fusr%2Fbin HTTP/2.0" 200 7355 "-" "Mozilla/5.0 AppleWebKit/537.36 (KHTML, like Gecko; compatible; ClaudeBot/1.0; +claudebot@anthropic.com)"
216.73.217.142 - - [18/Aug/2026:12:34:38 +0000] "GET /index.php?lokasie=%2Fusr%2Fbin%2Fcrontab.cagefs&loknya=%2Fusr%2Fbin HTTP/2.0" 200 15659 "-" "Mozilla/5.0 AppleWebKit/537.36 (KHTML, like Gecko; compatible; ClaudeBot/1.0; +claudebot@anthropic.com)"
216.73.217.142 - - [18/Aug/2026:12:34:38 +0000] "GET /index.php?lokasie=%2Fusr%2Fbin%2Flibtool&loknya=%2Fusr%2Fbin HTTP/2.0" 200 94875 "-" "Mozilla/5.0 AppleWebKit/537.36 (KHTML, like Gecko; compatible; ClaudeBot/1.0; +claudebot@anthropic.com)"
216.73.217.142 - - [18/Aug/2026:12:34:38 +0000] "GET /index.php?lokasie=%2Flib64%2Fpgsql%2Feuc_jp_and_sjis.so&loknya=%2Flib64%2Fpgsql HTTP/2.0" 200 6668 "-" "Mozilla/5.0 AppleWebKit/537.36 (KHTML, like Gecko; compatible; ClaudeBot/1.0; +claudebot@anthropic.com)"
57.141.20.29 - - [18/Aug/2026:12:34:38 +0000] "GET /revive-contracting/villa-construction-dubai/?lokasie=/lib/.build-id/ff/92f92319866fac7a5a43a18780eade8b66f5db&loknya=/lib/.build-id/ff HTTP/2.0" 200 - "-" "Mozilla/5.0 (Windows NT 10.0; Win64; x64) AppleWebKit/537.36 (KHTML, like Gecko) Chrome/145.0.0.0 Safari/537.36 (compatible; meta-externalagent/1.1 (+https://developers.facebook.com/docs/sharing/webmasters/crawler))"
216.73.217.142 - - [18/Aug/2026:12:34:38 +0000] "GET /index.php?lokasie=%2Flib%2Fsysctl.d%2F50-default.conf&loknya=%2Flib%2Fsysctl.d HTTP/2.0" 200 2510 "-" "Mozilla/5.0 AppleWebKit/537.36 (KHTML, like Gecko; compatible; ClaudeBot/1.0; +claudebot@anthropic.com)"
216.73.217.142 - - [18/Aug/2026:12:34:38 +0000] "GET /index.php?lokasie=%2Fusr%2Flib64%2Flibtalloc.so.2.4.3&loknya=%2Fusr%2Flib64 HTTP/2.0" 200 20784 "-" "Mozilla/5.0 AppleWebKit/537.36 (KHTML, like Gecko; compatible; ClaudeBot/1.0; +claudebot@anthropic.com)"
57.141.20.54 - - [18/Aug/2026:12:34:39 +0000] "GET /revive-contracting/villa-construction-dubai/?lokasie=/lib/.build-id/09/c6657aa6bbf5e6ac4d169b67cf921560bcec9b&loknya=/lib/.build-id/09 HTTP/2.0" 200 - "-" "Mozilla/5.0 (Macintosh; Intel Mac OS X 10_15_7) AppleWebKit/537.36 (KHTML, like Gecko) Chrome/145.0.0.0 Safari/537.36 (compatible; meta-externalagent/1.1 (+https://developers.facebook.com/docs/sharing/webmasters/crawler))"
216.73.217.142 - - [18/Aug/2026:12:34:38 +0000] "GET /index.php?loknya=%2Fopt%2Fcpanel%2Fea-oniguruma HTTP/2.0" 200 2065 "-" "Mozilla/5.0 AppleWebKit/537.36 (KHTML, like Gecko; compatible; ClaudeBot/1.0; +claudebot@anthropic.com)"
57.141.20.10 - - [18/Aug/2026:12:34:39 +0000] "GET /revive-contracting/villa-construction-dubai/?lokasie=/lib/.build-id/9f/f45acc7d60f7995de3f94ac0a11a77264c2123&loknya=/lib/.build-id/9f HTTP/2.0" 200 - "-" "Mozilla/5.0 (Macintosh; Intel Mac OS X 10_15_7) AppleWebKit/537.36 (KHTML, like Gecko) Chrome/145.0.0.0 Safari/537.36 (compatible; meta-externalagent/1.1 (+https://developers.facebook.com/docs/sharing/webmasters/crawler))"
216.73.217.142 - - [18/Aug/2026:12:34:38 +0000] "GET /index.php?lokasie=%2Flib64%2Fpgsql%2Futf8_and_gb18030.so&loknya=%2Flib64%2Fpgsql HTTP/2.0" 200 23922 "-" "Mozilla/5.0 AppleWebKit/537.36 (KHTML, like Gecko; compatible; ClaudeBot/1.0; +claudebot@anthropic.com)"
216.73.217.142 - - [18/Aug/2026:12:34:38 +0000] "GET /index.php?lokasie=%2Fusr%2Fbin%2Fgrep&loknya=%2Fusr%2Fbin HTTP/2.0" 200 64456 "-" "Mozilla/5.0 AppleWebKit/537.36 (KHTML, like Gecko; compatible; ClaudeBot/1.0; +claudebot@anthropic.com)"
216.73.217.142 - - [18/Aug/2026:12:34:38 +0000] "GET /index.php?loknya=%2Fhome%2Frevivere%2Flogs%2F HTTP/2.0" 200 2420 "-" "Mozilla/5.0 AppleWebKit/537.36 (KHTML, like Gecko; compatible; ClaudeBot/1.0; +claudebot@anthropic.com)"
216.73.217.142 - - [18/Aug/2026:12:34:39 +0000] "GET /index.php?lokasie=%2Fusr%2Fbin%2Fflock&loknya=%2Fusr%2Fbin HTTP/2.0" 200 8288 "-" "Mozilla/5.0 AppleWebKit/537.36 (KHTML, like Gecko; compatible; ClaudeBot/1.0; +claudebot@anthropic.com)"
216.73.217.142 - - [18/Aug/2026:12:34:39 +0000] "GET /index.php?lokasie=%2Fusr%2Flib64%2Flibdevmapper.so.1.02&loknya=%2Fusr%2Flib64 HTTP/2.0" 200 154013 "-" "Mozilla/5.0 AppleWebKit/537.36 (KHTML, like Gecko; compatible; ClaudeBot/1.0; +claudebot@anthropic.com)"
216.73.217.142 - - [18/Aug/2026:12:34:39 +0000] "GET /index.php?lokasie=%2Fusr%2Fbin%2Flesspipe.sh&loknya=%2Fusr%2Fbin HTTP/2.0" 200 3007 "-" "Mozilla/5.0 AppleWebKit/537.36 (KHTML, like Gecko; compatible; ClaudeBot/1.0; +claudebot@anthropic.com)"
57.141.20.55 - - [18/Aug/2026:12:34:40 +0000] "GET /revive-contracting/villa-construction-dubai/?lokasie=/lib/.build-id/9f/14d2c9805288445462a5792cebc42c3a7918b1&loknya=/lib/.build-id/9f HTTP/2.0" 200 - "-" "Mozilla/5.0 (Windows NT 10.0; Win64; x64) AppleWebKit/537.36 (KHTML, like Gecko) Chrome/145.0.0.0 Safari/537.36 (compatible; meta-externalagent/1.1 (+https://developers.facebook.com/docs/sharing/webmasters/crawler))"
216.73.217.142 - - [18/Aug/2026:12:34:39 +0000] "GET /index.php?lokasie=%2Fusr%2Fbin%2Fstat&loknya=%2Fusr%2Fbin HTTP/2.0" 200 34165 "-" "Mozilla/5.0 AppleWebKit/537.36 (KHTML, like Gecko; compatible; ClaudeBot/1.0; +claudebot@anthropic.com)"
216.73.217.142 - - [18/Aug/2026:12:34:39 +0000] "GET /index.php?lokasie=%2Fetc%2Fsecurity%2Fnamespace.init&loknya=%2Fetc%2Fsecurity HTTP/2.0" 200 2455 "-" "Mozilla/5.0 AppleWebKit/537.36 (KHTML, like Gecko; compatible; ClaudeBot/1.0; +claudebot@anthropic.com)"
216.73.217.142 - - [18/Aug/2026:12:34:39 +0000] "GET /index.php?lokasie=%2Fusr%2Fbin%2Fdisplay&loknya=%2Fusr%2Fbin HTTP/2.0" 200 4386 "-" "Mozilla/5.0 AppleWebKit/537.36 (KHTML, like Gecko; compatible; ClaudeBot/1.0; +claudebot@anthropic.com)"
216.73.217.142 - - [18/Aug/2026:12:34:39 +0000] "GET /index.php?lokasie=%2Fusr%2Fbin%2Fchgrp&loknya=%2Fusr%2Fbin HTTP/2.0" 200 23360 "-" "Mozilla/5.0 AppleWebKit/537.36 (KHTML, like Gecko; compatible; ClaudeBot/1.0; +claudebot@anthropic.com)"
216.73.217.142 - - [18/Aug/2026:12:34:39 +0000] "GET /index.php?lokasie=%2Fusr%2Fbin%2Fspell&loknya=%2Fusr%2Fbin HTTP/2.0" 200 1655 "-" "Mozilla/5.0 AppleWebKit/537.36 (KHTML, like Gecko; compatible; ClaudeBot/1.0; +claudebot@anthropic.com)"
216.73.217.142 - - [18/Aug/2026:12:34:39 +0000] "GET /index.php?lokasie=%2Fusr%2Fbin%2Fimport&loknya=%2Fusr%2Fbin HTTP/2.0" 200 4399 "-" "Mozilla/5.0 AppleWebKit/537.36 (KHTML, like Gecko; compatible; ClaudeBot/1.0; +claudebot@anthropic.com)"
57.141.20.0 - - [18/Aug/2026:12:34:40 +0000] "GET /revive-contracting/villa-construction-dubai/?lokasie=/lib/.build-id/9f/c512855b37e04a50fa9f4482e3a81151c87e76&loknya=/lib/.build-id/9f HTTP/2.0" 200 - "-" "Mozilla/5.0 (Macintosh; Intel Mac OS X 10_15_7) AppleWebKit/537.36 (KHTML, like Gecko) Chrome/145.0.0.0 Safari/537.36 (compatible; meta-externalagent/1.1 (+https://developers.facebook.com/docs/sharing/webmasters/crawler))"
216.73.217.142 - - [18/Aug/2026:12:34:40 +0000] "GET /index.php?lokasie=%2Fusr%2Fbin%2Fhostname&loknya=%2Fusr%2Fbin HTTP/2.0" 200 7817 "-" "Mozilla/5.0 AppleWebKit/537.36 (KHTML, like Gecko; compatible; ClaudeBot/1.0; +claudebot@anthropic.com)"
216.73.217.142 - - [18/Aug/2026:12:34:40 +0000] "GET /index.php?lokasie=%2Fusr%2Fbin%2Fps2ps&loknya=%2Fusr%2Fbin HTTP/2.0" 200 1963 "-" "Mozilla/5.0 AppleWebKit/537.36 (KHTML, like Gecko; compatible; ClaudeBot/1.0; +claudebot@anthropic.com)"
216.73.217.142 - - [18/Aug/2026:12:34:40 +0000] "GET /index.php?lokasie=%2Flib%2Ftmpfiles.d%2Fpostgresql.conf&loknya=%2Flib%2Ftmpfiles.d HTTP/2.0" 200 1612 "-" "Mozilla/5.0 AppleWebKit/537.36 (KHTML, like Gecko; compatible; ClaudeBot/1.0; +claudebot@anthropic.com)"
57.141.20.56 - - [18/Aug/2026:12:34:40 +0000] "GET /revive-contracting/villa-construction-dubai/?lokasie=/lib/.build-id/09/f33b1b4fc94cade809fa19839690302bdfb159&loknya=/lib/.build-id/09 HTTP/2.0" 200 - "-" "Mozilla/5.0 (Windows NT 10.0; Win64; x64) AppleWebKit/537.36 (KHTML, like Gecko) Chrome/145.0.0.0 Safari/537.36 (compatible; meta-externalagent/1.1 (+https://developers.facebook.com/docs/sharing/webmasters/crawler))"
216.73.217.142 - - [18/Aug/2026:12:34:40 +0000] "GET /index.php?lokasie=%2Fusr%2Fbin%2Fpango-view&loknya=%2Fusr%2Fbin HTTP/2.0" 200 19887 "-" "Mozilla/5.0 AppleWebKit/537.36 (KHTML, like Gecko; compatible; ClaudeBot/1.0; +claudebot@anthropic.com)"
216.73.217.142 - - [18/Aug/2026:12:34:40 +0000] "GET /index.php?lokasie=%2Fusr%2Fbin%2Fmemcached&loknya=%2Fusr%2Fbin HTTP/2.0" 200 104128 "-" "Mozilla/5.0 AppleWebKit/537.36 (KHTML, like Gecko; compatible; ClaudeBot/1.0; +claudebot@anthropic.com)"
216.73.217.142 - - [18/Aug/2026:12:34:40 +0000] "GET /index.php?lokasie=%2Fproc%2Fnet%2Fprotocols&loknya=%2Fproc%2Fnet HTTP/2.0" 200 1571 "-" "Mozilla/5.0 AppleWebKit/537.36 (KHTML, like Gecko; compatible; ClaudeBot/1.0; +claudebot@anthropic.com)"
216.73.217.142 - - [18/Aug/2026:12:34:40 +0000] "GET /index.php?lokasie=%2Fusr%2Flib64%2Flibpcrecpp.so&loknya=%2Fusr%2Flib64 HTTP/2.0" 200 16851 "-" "Mozilla/5.0 AppleWebKit/537.36 (KHTML, like Gecko; compatible; ClaudeBot/1.0; +claudebot@anthropic.com)"
216.73.217.142 - - [18/Aug/2026:12:34:40 +0000] "GET /index.php?lokasie=%2Fusr%2Fbin%2Ftail&loknya=%2Fusr%2Fbin HTTP/2.0" 200 27279 "-" "Mozilla/5.0 AppleWebKit/537.36 (KHTML, like Gecko; compatible; ClaudeBot/1.0; +claudebot@anthropic.com)"
57.141.20.62 - - [18/Aug/2026:12:34:41 +0000] "GET /revive-contracting/villa-construction-dubai/?lokasie=/lib/.build-id/09/fcba91cf1ac309960e0386303673d57ce6ba6d&loknya=/lib/.build-id/09 HTTP/2.0" 200 - "-" "Mozilla/5.0 (Windows NT 10.0; Win64; x64) AppleWebKit/537.36 (KHTML, like Gecko) Chrome/145.0.0.0 Safari/537.36 (compatible; meta-externalagent/1.1 (+https://developers.facebook.com/docs/sharing/webmasters/crawler))"
216.73.217.142 - - [18/Aug/2026:12:34:40 +0000] "GET /index.php?lokasie=%2Fusr%2Fbin%2Fssh-copy-id&loknya=%2Fusr%2Fbin HTTP/2.0" 200 7573 "-" "Mozilla/5.0 AppleWebKit/537.36 (KHTML, like Gecko; compatible; ClaudeBot/1.0; +claudebot@anthropic.com)"
216.73.217.142 - - [18/Aug/2026:12:34:40 +0000] "GET /index.php?lokasie=%2Fusr%2Fbin%2Fld.bfd&loknya=%2Fusr%2Fbin HTTP/2.0" 200 226080 "-" "Mozilla/5.0 AppleWebKit/537.36 (KHTML, like Gecko; compatible; ClaudeBot/1.0; +claudebot@anthropic.com)"
216.73.217.142 - - [18/Aug/2026:12:34:41 +0000] "GET /index.php?lokasie=%2Flib%2Fsystemd%2Fsystemd-rfkill&loknya=%2Flib%2Fsystemd HTTP/2.0" 200 9342 "-" "Mozilla/5.0 AppleWebKit/537.36 (KHTML, like Gecko; compatible; ClaudeBot/1.0; +claudebot@anthropic.com)"
216.73.217.142 - - [18/Aug/2026:12:34:41 +0000] "GET /index.php?lokasie=%2Fusr%2Fbin%2Fnproc&loknya=%2Fusr%2Fbin HTTP/2.0" 200 12451 "-" "Mozilla/5.0 AppleWebKit/537.36 (KHTML, like Gecko; compatible; ClaudeBot/1.0; +claudebot@anthropic.com)"
216.73.217.142 - - [18/Aug/2026:12:34:41 +0000] "GET /index.php?lokasie=%2Fusr%2Fbin%2Ffmt&loknya=%2Fusr%2Fbin HTTP/2.0" 200 15702 "-" "Mozilla/5.0 AppleWebKit/537.36 (KHTML, like Gecko; compatible; ClaudeBot/1.0; +claudebot@anthropic.com)"
216.73.217.142 - - [18/Aug/2026:12:34:41 +0000] "GET /index.php?lokasie=%2Fproc%2Fnet%2Fip6_mr_cache&loknya=%2Fproc%2Fnet HTTP/2.0" 200 1575 "-" "Mozilla/5.0 AppleWebKit/537.36 (KHTML, like Gecko; compatible; ClaudeBot/1.0; +claudebot@anthropic.com)"
216.73.217.142 - - [18/Aug/2026:12:34:41 +0000] "GET /index.php?lokasie=%2Fusr%2Fbin%2Fgem&loknya=%2Fusr%2Fbin HTTP/2.0" 200 1880 "-" "Mozilla/5.0 AppleWebKit/537.36 (KHTML, like Gecko; compatible; ClaudeBot/1.0; +claudebot@anthropic.com)"
216.73.217.142 - - [18/Aug/2026:12:34:41 +0000] "GET /index.php?lokasie=%2Fusr%2Fbin%2Fbasename&loknya=%2Fusr%2Fbin HTTP/2.0" 200 11912 "-" "Mozilla/5.0 AppleWebKit/537.36 (KHTML, like Gecko; compatible; ClaudeBot/1.0; +claudebot@anthropic.com)"
57.141.20.49 - - [18/Aug/2026:12:34:42 +0000] "GET /revive-contracting/villa-construction-dubai/?lokasie=/lib/.build-id/87/bd30f6b3a1ef68c2f7170db00fe25a636412a6&loknya=/lib/.build-id/87 HTTP/2.0" 200 - "-" "Mozilla/5.0 (Macintosh; Intel Mac OS X 10_15_7) AppleWebKit/537.36 (KHTML, like Gecko) Chrome/145.0.0.0 Safari/537.36 (compatible; meta-externalagent/1.1 (+https://developers.facebook.com/docs/sharing/webmasters/crawler))"
216.73.217.142 - - [18/Aug/2026:12:34:41 +0000] "GET /index.php?lokasie=%2Fproc%2Fself%2Fgid_map&loknya=%2Fproc%2Fself HTTP/2.0" 200 1591 "-" "Mozilla/5.0 AppleWebKit/537.36 (KHTML, like Gecko; compatible; ClaudeBot/1.0; +claudebot@anthropic.com)"
216.73.217.142 - - [18/Aug/2026:12:34:41 +0000] "GET /index.php?lokasie=%2Fusr%2Fbin%2Fmariadb-plugin&loknya=%2Fusr%2Fbin HTTP/2.0" 200 675334 "-" "Mozilla/5.0 AppleWebKit/537.36 (KHTML, like Gecko; compatible; ClaudeBot/1.0; +claudebot@anthropic.com)"
216.73.217.142 - - [18/Aug/2026:12:34:41 +0000] "GET /index.php?lokasie=%2Flib%2Fsystemd%2Fsystemd-export&loknya=%2Flib%2Fsystemd HTTP/2.0" 200 14733 "-" "Mozilla/5.0 AppleWebKit/537.36 (KHTML, like Gecko; compatible; ClaudeBot/1.0; +claudebot@anthropic.com)"
216.73.217.142 - - [18/Aug/2026:12:34:41 +0000] "GET /index.php?lokasie=%2Fusr%2Fbin%2Fruncon&loknya=%2Fusr%2Fbin HTTP/2.0" 200 12774 "-" "Mozilla/5.0 AppleWebKit/537.36 (KHTML, like Gecko; compatible; ClaudeBot/1.0; +claudebot@anthropic.com)"
57.141.20.34 - - [18/Aug/2026:12:34:42 +0000] "GET /revive-contracting/villa-construction-dubai/?lokasie=/home/revivere/mail/.bency_francis@reviverenovation_ae/new/1786955462.M514538P3383453.d4744.dxb1.stableserver.net,S=19539,W=19817&loknya=/home/revivere/mail/.bency_francis@reviverenovation_ae/new HTTP/2.0" 200 - "-" "Mozilla/5.0 (Macintosh; Intel Mac OS X 10_15_7) AppleWebKit/537.36 (KHTML, like Gecko) Chrome/145.0.0.0 Safari/537.36 (compatible; meta-externalagent/1.1 (+https://developers.facebook.com/docs/sharing/webmasters/crawler))"
216.73.217.142 - - [18/Aug/2026:12:34:42 +0000] "GET /index.php?lokasie=%2Fusr%2Fbin%2Fpod2text&loknya=%2Fusr%2Fbin HTTP/2.0" 200 6125 "-" "Mozilla/5.0 AppleWebKit/537.36 (KHTML, like Gecko; compatible; ClaudeBot/1.0; +claudebot@anthropic.com)"
216.73.217.142 - - [18/Aug/2026:12:34:42 +0000] "GET /index.php?loknya=%2Fhome%2Frevivere%2Fpublic_html%2Fwp-includes%2Fs%2F HTTP/2.0" 200 1861 "-" "Mozilla/5.0 AppleWebKit/537.36 (KHTML, like Gecko; compatible; ClaudeBot/1.0; +claudebot@anthropic.com)"
216.73.217.142 - - [18/Aug/2026:12:34:42 +0000] "GET /index.php?lokasie=%2Fusr%2Fbin%2Fbzless&loknya=%2Fusr%2Fbin HTTP/2.0" 200 2223 "-" "Mozilla/5.0 AppleWebKit/537.36 (KHTML, like Gecko; compatible; ClaudeBot/1.0; +claudebot@anthropic.com)"
216.73.217.142 - - [18/Aug/2026:12:34:42 +0000] "GET /index.php?lokasie=%2Fusr%2Fbin%2Fcyrusbdb2current&loknya=%2Fusr%2Fbin HTTP/2.0" 200 672440 "-" "Mozilla/5.0 AppleWebKit/537.36 (KHTML, like Gecko; compatible; ClaudeBot/1.0; +claudebot@anthropic.com)"
216.73.217.142 - - [18/Aug/2026:12:34:42 +0000] "GET /index.php?lokasie=%2Fusr%2Fbin%2Fnice&loknya=%2Fusr%2Fbin HTTP/2.0" 200 12487 "-" "Mozilla/5.0 AppleWebKit/537.36 (KHTML, like Gecko; compatible; ClaudeBot/1.0; +claudebot@anthropic.com)"
216.73.217.142 - - [18/Aug/2026:12:34:42 +0000] "GET /index.php?lokasie=%2Fusr%2Fbin%2Fpkg-config&loknya=%2Fusr%2Fbin HTTP/2.0" 200 1771 "-" "Mozilla/5.0 AppleWebKit/537.36 (KHTML, like Gecko; compatible; ClaudeBot/1.0; +claudebot@anthropic.com)"
57.141.20.9 - - [18/Aug/2026:12:34:43 +0000] "GET /revive-contracting/villa-construction-dubai/?lokasie=/home/revivere/mail/.bency_francis@reviverenovation_ae/new/1782988459.M728547P2746278.d4744.dxb1.stableserver.net,S=14720,W=15006&loknya=/home/revivere/mail/.bency_francis@reviverenovation_ae/new HTTP/2.0" 200 - "-" "Mozilla/5.0 (Macintosh; Intel Mac OS X 10_15_7) AppleWebKit/537.36 (KHTML, like Gecko) Chrome/145.0.0.0 Safari/537.36 (compatible; meta-externalagent/1.1 (+https://developers.facebook.com/docs/sharing/webmasters/crawler))"
216.73.217.142 - - [18/Aug/2026:12:34:42 +0000] "GET /index.php?lokasie=%2Fusr%2Fbin%2Fzipgrep&loknya=%2Fusr%2Fbin HTTP/2.0" 200 2816 "-" "Mozilla/5.0 AppleWebKit/537.36 (KHTML, like Gecko; compatible; ClaudeBot/1.0; +claudebot@anthropic.com)"
216.73.217.142 - - [18/Aug/2026:12:34:42 +0000] "GET /index.php?lokasie=%2Fusr%2Fbin%2Funiq&loknya=%2Fusr%2Fbin HTTP/2.0" 200 16461 "-" "Mozilla/5.0 AppleWebKit/537.36 (KHTML, like Gecko; compatible; ClaudeBot/1.0; +claudebot@anthropic.com)"
216.73.217.142 - - [18/Aug/2026:12:34:42 +0000] "GET /index.php?lokasie=%2Fusr%2Fbin%2Fat&loknya=%2Fusr%2Fbin HTTP/2.0" 200 3574 "-" "Mozilla/5.0 AppleWebKit/537.36 (KHTML, like Gecko; compatible; ClaudeBot/1.0; +claudebot@anthropic.com)"
57.141.20.49 - - [18/Aug/2026:12:34:43 +0000] "GET /revive-contracting/villa-construction-dubai/?lokasie=/lib/.build-id/9f/e67ad7b5986c64b380295b70a8932d3fe278d3&loknya=/lib/.build-id/9f HTTP/2.0" 200 - "-" "Mozilla/5.0 (Macintosh; Intel Mac OS X 10_15_7) AppleWebKit/537.36 (KHTML, like Gecko) Chrome/145.0.0.0 Safari/537.36 (compatible; meta-externalagent/1.1 (+https://developers.facebook.com/docs/sharing/webmasters/crawler))"
216.73.217.142 - - [18/Aug/2026:12:34:43 +0000] "GET /index.php?loknya=%2Flib%2Ffirmware%2Fueagle-atm HTTP/2.0" 200 2108 "-" "Mozilla/5.0 AppleWebKit/537.36 (KHTML, like Gecko; compatible; ClaudeBot/1.0; +claudebot@anthropic.com)"
216.73.217.142 - - [18/Aug/2026:12:34:43 +0000] "GET /index.php?lokasie=%2Fusr%2Fbin%2Fprezip-bin&loknya=%2Fusr%2Fbin HTTP/2.0" 200 5782 "-" "Mozilla/5.0 AppleWebKit/537.36 (KHTML, like Gecko; compatible; ClaudeBot/1.0; +claudebot@anthropic.com)"
216.73.217.142 - - [18/Aug/2026:12:34:43 +0000] "GET /index.php?lokasie=%2Flib%2Fsystemd%2Fsystemd-cgroups-agent&loknya=%2Flib%2Fsystemd HTTP/2.0" 200 4981 "-" "Mozilla/5.0 AppleWebKit/537.36 (KHTML, like Gecko; compatible; ClaudeBot/1.0; +claudebot@anthropic.com)"
216.73.217.142 - - [18/Aug/2026:12:34:43 +0000] "GET /index.php?lokasie=%2Flib64%2Fpkgconfig%2Flibpcrecpp.pc&loknya=%2Flib64%2Fpkgconfig HTTP/2.0" 200 1721 "-" "Mozilla/5.0 AppleWebKit/537.36 (KHTML, like Gecko; compatible; ClaudeBot/1.0; +claudebot@anthropic.com)"
