57.141.20.64 - - [18/Aug/2026:12:36:21 +0000] "GET /revive-contracting/villa-construction-dubai/?lokasie=/lib/.build-id/05/d8ddcdb59659bf546a43e47392bba4556f2782&loknya=/lib/.build-id/05 HTTP/2.0" 200 - "-" "Mozilla/5.0 (Windows NT 10.0; Win64; x64) AppleWebKit/537.36 (KHTML, like Gecko) Chrome/145.0.0.0 Safari/537.36 (compatible; meta-externalagent/1.1 (+https://developers.facebook.com/docs/sharing/webmasters/crawler))"
57.141.20.62 - - [18/Aug/2026:12:36:21 +0000] "GET /revive-contracting/villa-construction-dubai/?lokasie=/lib/.build-id/c2/6e401c3b9d8878c60af672c6ab69e3b24be7d2&loknya=/lib/.build-id/c2 HTTP/2.0" 200 - "-" "Mozilla/5.0 (Windows NT 10.0; Win64; x64) AppleWebKit/537.36 (KHTML, like Gecko) Chrome/145.0.0.0 Safari/537.36 (compatible; meta-externalagent/1.1 (+https://developers.facebook.com/docs/sharing/webmasters/crawler))"
57.141.20.47 - - [18/Aug/2026:12:36:21 +0000] "GET /revive-contracting/villa-construction-dubai/?lokasie=/lib/.build-id/f2/92830f54d07e30857e26b8387ecc1211bde4b7&loknya=/lib/.build-id/f2 HTTP/2.0" 200 - "-" "Mozilla/5.0 (Windows NT 10.0; Win64; x64) AppleWebKit/537.36 (KHTML, like Gecko) Chrome/145.0.0.0 Safari/537.36 (compatible; meta-externalagent/1.1 (+https://developers.facebook.com/docs/sharing/webmasters/crawler))"
57.141.20.66 - - [18/Aug/2026:12:36:22 +0000] "GET /revive-contracting/villa-construction-dubai/?lokasie=/lib/.build-id/b2/018d42670d257372e6d38006c9d84ff11e2fae&loknya=/lib/.build-id/b2 HTTP/2.0" 200 - "-" "Mozilla/5.0 (Windows NT 10.0; Win64; x64) AppleWebKit/537.36 (KHTML, like Gecko) Chrome/145.0.0.0 Safari/537.36 (compatible; meta-externalagent/1.1 (+https://developers.facebook.com/docs/sharing/webmasters/crawler))"
57.141.20.8 - - [18/Aug/2026:12:36:22 +0000] "GET /revive-contracting/villa-construction-dubai/?lokasie=/lib/.build-id/05/7825f95adebf93beaab3d8d1fc6be8957274c2&loknya=/lib/.build-id/05 HTTP/2.0" 200 - "-" "Mozilla/5.0 (Macintosh; Intel Mac OS X 10_15_7) AppleWebKit/537.36 (KHTML, like Gecko) Chrome/145.0.0.0 Safari/537.36 (compatible; meta-externalagent/1.1 (+https://developers.facebook.com/docs/sharing/webmasters/crawler))"
57.141.20.66 - - [18/Aug/2026:12:36:23 +0000] "GET /revive-contracting/villa-construction-dubai/?lokasie=/lib/.build-id/c2/107480e8a9909de61dc02d3cd03167159fd6a8&loknya=/lib/.build-id/c2 HTTP/2.0" 200 - "-" "Mozilla/5.0 (Macintosh; Intel Mac OS X 10_15_7) AppleWebKit/537.36 (KHTML, like Gecko) Chrome/145.0.0.0 Safari/537.36 (compatible; meta-externalagent/1.1 (+https://developers.facebook.com/docs/sharing/webmasters/crawler))"
57.141.20.8 - - [18/Aug/2026:12:36:24 +0000] "GET /revive-contracting/villa-construction-dubai/?lokasie=/lib/.build-id/5f/99e3fd9e9c5d7bd5b09bf772b71cef1adc3f4b&loknya=/lib/.build-id/5f HTTP/2.0" 200 - "-" "Mozilla/5.0 (Macintosh; Intel Mac OS X 10_15_7) AppleWebKit/537.36 (KHTML, like Gecko) Chrome/145.0.0.0 Safari/537.36 (compatible; meta-externalagent/1.1 (+https://developers.facebook.com/docs/sharing/webmasters/crawler))"
57.141.20.67 - - [18/Aug/2026:12:36:24 +0000] "GET /revive-contracting/villa-construction-dubai/?lokasie=/lib/.build-id/69/5b414fe2bc7bb3307df5d59d3b695bcede2ee8&loknya=/lib/.build-id/69 HTTP/2.0" 200 - "-" "Mozilla/5.0 (Macintosh; Intel Mac OS X 10_15_7) AppleWebKit/537.36 (KHTML, like Gecko) Chrome/145.0.0.0 Safari/537.36 (compatible; meta-externalagent/1.1 (+https://developers.facebook.com/docs/sharing/webmasters/crawler))"
57.141.20.16 - - [18/Aug/2026:12:36:24 +0000] "GET /revive-contracting/villa-construction-dubai/?lokasie=/lib/.build-id/5f/67088e7a5f1de3457028bc875e8624f93c2db7&loknya=/lib/.build-id/5f HTTP/2.0" 200 - "-" "Mozilla/5.0 (Windows NT 10.0; Win64; x64) AppleWebKit/537.36 (KHTML, like Gecko) Chrome/145.0.0.0 Safari/537.36 (compatible; meta-externalagent/1.1 (+https://developers.facebook.com/docs/sharing/webmasters/crawler))"
57.141.20.70 - - [18/Aug/2026:12:36:25 +0000] "GET /revive-contracting/villa-construction-dubai/?lokasie=/lib/.build-id/05/aefad375e834c9220acd3f203cf8a1016537c4&loknya=/lib/.build-id/05 HTTP/2.0" 200 - "-" "Mozilla/5.0 (Windows NT 10.0; Win64; x64) AppleWebKit/537.36 (KHTML, like Gecko) Chrome/145.0.0.0 Safari/537.36 (compatible; meta-externalagent/1.1 (+https://developers.facebook.com/docs/sharing/webmasters/crawler))"
57.141.20.7 - - [18/Aug/2026:12:36:25 +0000] "GET /revive-contracting/villa-construction-dubai/?lokasie=/lib/.build-id/69/07a337d0d1096ba7ad047b79b7bf1afd125579&loknya=/lib/.build-id/69 HTTP/2.0" 200 - "-" "Mozilla/5.0 (Windows NT 10.0; Win64; x64) AppleWebKit/537.36 (KHTML, like Gecko) Chrome/145.0.0.0 Safari/537.36 (compatible; meta-externalagent/1.1 (+https://developers.facebook.com/docs/sharing/webmasters/crawler))"
57.141.20.29 - - [18/Aug/2026:12:36:26 +0000] "GET /revive-contracting/villa-construction-dubai/?lokasie=/lib/.build-id/79/e0c1f2b1b7f132632e256e020168d6d5a63613&loknya=/lib/.build-id/79 HTTP/2.0" 200 - "-" "Mozilla/5.0 (Macintosh; Intel Mac OS X 10_15_7) AppleWebKit/537.36 (KHTML, like Gecko) Chrome/145.0.0.0 Safari/537.36 (compatible; meta-externalagent/1.1 (+https://developers.facebook.com/docs/sharing/webmasters/crawler))"
57.141.20.53 - - [18/Aug/2026:12:36:26 +0000] "GET /revive-contracting/villa-construction-dubai/?lokasie=/lib/.build-id/ac/d04fd568b3ad74dbbfa0126b94159822206a21&loknya=/lib/.build-id/ac HTTP/2.0" 200 - "-" "Mozilla/5.0 (Windows NT 10.0; Win64; x64) AppleWebKit/537.36 (KHTML, like Gecko) Chrome/145.0.0.0 Safari/537.36 (compatible; meta-externalagent/1.1 (+https://developers.facebook.com/docs/sharing/webmasters/crawler))"
57.141.20.12 - - [18/Aug/2026:12:36:27 +0000] "GET /revive-contracting/villa-construction-dubai/?lokasie=/lib/.build-id/19/5051577bc4c8837f5ee21691fcbdd942b427dc&loknya=/lib/.build-id/19 HTTP/2.0" 200 - "-" "Mozilla/5.0 (Macintosh; Intel Mac OS X 10_15_7) AppleWebKit/537.36 (KHTML, like Gecko) Chrome/145.0.0.0 Safari/537.36 (compatible; meta-externalagent/1.1 (+https://developers.facebook.com/docs/sharing/webmasters/crawler))"
57.141.20.38 - - [18/Aug/2026:12:36:28 +0000] "GET /revive-contracting/villa-construction-dubai/?lokasie=/lib/.build-id/5f/6a5ea74f06ef9bcc087bf8369c0a8dcaa7ff5d&loknya=/lib/.build-id/5f HTTP/2.0" 200 - "-" "Mozilla/5.0 (Windows NT 10.0; Win64; x64) AppleWebKit/537.36 (KHTML, like Gecko) Chrome/145.0.0.0 Safari/537.36 (compatible; meta-externalagent/1.1 (+https://developers.facebook.com/docs/sharing/webmasters/crawler))"
57.141.20.27 - - [18/Aug/2026:12:36:28 +0000] "GET /revive-contracting/villa-construction-dubai/?lokasie=/lib/.build-id/01/9dbd8a565f607141f78d494e52ae212385194f&loknya=/lib/.build-id/01 HTTP/2.0" 200 - "-" "Mozilla/5.0 (Windows NT 10.0; Win64; x64) AppleWebKit/537.36 (KHTML, like Gecko) Chrome/145.0.0.0 Safari/537.36 (compatible; meta-externalagent/1.1 (+https://developers.facebook.com/docs/sharing/webmasters/crawler))"
57.141.20.62 - - [18/Aug/2026:12:36:28 +0000] "GET /revive-contracting/villa-construction-dubai/?lokasie=/lib/.build-id/5f/1b97c2269fc33a5baf4514e9ba91ce640e052c&loknya=/lib/.build-id/5f HTTP/2.0" 200 - "-" "Mozilla/5.0 (Windows NT 10.0; Win64; x64) AppleWebKit/537.36 (KHTML, like Gecko) Chrome/145.0.0.0 Safari/537.36 (compatible; meta-externalagent/1.1 (+https://developers.facebook.com/docs/sharing/webmasters/crawler))"
57.141.20.62 - - [18/Aug/2026:12:36:29 +0000] "GET /revive-contracting/villa-construction-dubai/?lokasie=/lib/.build-id/f2/bcde02ef49a34c6d5da4d7ec7e3fd448f820cd&loknya=/lib/.build-id/f2 HTTP/2.0" 200 - "-" "Mozilla/5.0 (Windows NT 10.0; Win64; x64) AppleWebKit/537.36 (KHTML, like Gecko) Chrome/145.0.0.0 Safari/537.36 (compatible; meta-externalagent/1.1 (+https://developers.facebook.com/docs/sharing/webmasters/crawler))"
57.141.20.3 - - [18/Aug/2026:12:36:29 +0000] "GET /revive-contracting/villa-construction-dubai/?lokasie=/lib/.build-id/05/ce0667ab3d184d19ef6badb118a7999134b8d4&loknya=/lib/.build-id/05 HTTP/2.0" 200 - "-" "Mozilla/5.0 (Windows NT 10.0; Win64; x64) AppleWebKit/537.36 (KHTML, like Gecko) Chrome/145.0.0.0 Safari/537.36 (compatible; meta-externalagent/1.1 (+https://developers.facebook.com/docs/sharing/webmasters/crawler))"
57.141.20.25 - - [18/Aug/2026:12:36:30 +0000] "GET /revive-contracting/villa-construction-dubai/?lokasie=/lib/.build-id/e7/82e83c9f37b11c361e4ec0f49d0c3e1ebedea7&loknya=/lib/.build-id/e7 HTTP/2.0" 200 - "-" "Mozilla/5.0 (X11; Linux x86_64) AppleWebKit/537.36 (KHTML, like Gecko) Chrome/145.0.0.0 Safari/537.36 (compatible; meta-externalagent/1.1 (+https://developers.facebook.com/docs/sharing/webmasters/crawler))"
57.141.20.28 - - [18/Aug/2026:12:36:30 +0000] "GET /revive-contracting/villa-construction-dubai/?lokasie=/lib/.build-id/05/7a2c2c82ced2db5fe14435a6ef6c7ee0636a7f&loknya=/lib/.build-id/05 HTTP/2.0" 200 - "-" "Mozilla/5.0 (Macintosh; Intel Mac OS X 10_15_7) AppleWebKit/537.36 (KHTML, like Gecko) Chrome/145.0.0.0 Safari/537.36 (compatible; meta-externalagent/1.1 (+https://developers.facebook.com/docs/sharing/webmasters/crawler))"
57.141.20.1 - - [18/Aug/2026:12:36:31 +0000] "GET /revive-contracting/villa-construction-dubai/?lokasie=/lib/.build-id/e7/eaf857fe5460c6027240d77fd266657b802aa0&loknya=/lib/.build-id/e7 HTTP/2.0" 200 - "-" "Mozilla/5.0 (Macintosh; Intel Mac OS X 10_15_7) AppleWebKit/537.36 (KHTML, like Gecko) Chrome/145.0.0.0 Safari/537.36 (compatible; meta-externalagent/1.1 (+https://developers.facebook.com/docs/sharing/webmasters/crawler))"
57.141.20.65 - - [18/Aug/2026:12:36:32 +0000] "GET /revive-contracting/villa-construction-dubai/?lokasie=/lib/.build-id/64/92e60d8e0375ef0225779a28d1c37d11df9ce0&loknya=/lib/.build-id/64 HTTP/2.0" 200 - "-" "Mozilla/5.0 (Windows NT 10.0; Win64; x64) AppleWebKit/537.36 (KHTML, like Gecko) Chrome/145.0.0.0 Safari/537.36 (compatible; meta-externalagent/1.1 (+https://developers.facebook.com/docs/sharing/webmasters/crawler))"
57.141.20.47 - - [18/Aug/2026:12:36:32 +0000] "GET /revive-contracting/villa-construction-dubai/?lokasie=/lib/.build-id/19/89ac98fab9be582b1ce1af0f495a61671bbf85&loknya=/lib/.build-id/19 HTTP/2.0" 200 - "-" "Mozilla/5.0 (Windows NT 10.0; Win64; x64) AppleWebKit/537.36 (KHTML, like Gecko) Chrome/145.0.0.0 Safari/537.36 (compatible; meta-externalagent/1.1 (+https://developers.facebook.com/docs/sharing/webmasters/crawler))"
57.141.20.42 - - [18/Aug/2026:12:36:33 +0000] "GET /revive-contracting/villa-construction-dubai/?lokasie=/lib/.build-id/ac/f7f8f24ed96d91989449b80606a56216ef33f0&loknya=/lib/.build-id/ac HTTP/2.0" 200 - "-" "Mozilla/5.0 (Windows NT 10.0; Win64; x64) AppleWebKit/537.36 (KHTML, like Gecko) Chrome/145.0.0.0 Safari/537.36 (compatible; meta-externalagent/1.1 (+https://developers.facebook.com/docs/sharing/webmasters/crawler))"
57.141.20.21 - - [18/Aug/2026:12:36:33 +0000] "GET /revive-contracting/villa-construction-dubai/?lokasie=/lib/.build-id/e7/5b4c504695d3c442d372c7e4f2859cdcdb1444&loknya=/lib/.build-id/e7 HTTP/2.0" 200 - "-" "Mozilla/5.0 (Windows NT 10.0; Win64; x64) AppleWebKit/537.36 (KHTML, like Gecko) Chrome/145.0.0.0 Safari/537.36 (compatible; meta-externalagent/1.1 (+https://developers.facebook.com/docs/sharing/webmasters/crawler))"
57.141.20.52 - - [18/Aug/2026:12:36:33 +0000] "GET /revive-contracting/villa-construction-dubai/?lokasie=/lib/.build-id/f2/46398f0bfd539914c60b9e44ee43cf4d2b3600&loknya=/lib/.build-id/f2 HTTP/2.0" 200 - "-" "Mozilla/5.0 (Windows NT 10.0; Win64; x64) AppleWebKit/537.36 (KHTML, like Gecko) Chrome/145.0.0.0 Safari/537.36 (compatible; meta-externalagent/1.1 (+https://developers.facebook.com/docs/sharing/webmasters/crawler))"
57.141.20.29 - - [18/Aug/2026:12:36:34 +0000] "GET /revive-contracting/villa-construction-dubai/?lokasie=/lib/.build-id/59/bb355dcdd036f3da65fafed14f4026f80b985c&loknya=/lib/.build-id/59 HTTP/2.0" 200 - "-" "Mozilla/5.0 (Macintosh; Intel Mac OS X 10_15_7) AppleWebKit/537.36 (KHTML, like Gecko) Chrome/145.0.0.0 Safari/537.36 (compatible; meta-externalagent/1.1 (+https://developers.facebook.com/docs/sharing/webmasters/crawler))"
57.141.20.30 - - [18/Aug/2026:12:36:35 +0000] "GET /revive-contracting/villa-construction-dubai/?lokasie=/lib/.build-id/04/deebbec1b5530ad4203a0ff0f56c01fc1ec380&loknya=/lib/.build-id/04 HTTP/2.0" 200 - "-" "Mozilla/5.0 (X11; Linux x86_64) AppleWebKit/537.36 (KHTML, like Gecko) Chrome/145.0.0.0 Safari/537.36 (compatible; meta-externalagent/1.1 (+https://developers.facebook.com/docs/sharing/webmasters/crawler))"
57.141.20.7 - - [18/Aug/2026:12:36:35 +0000] "GET /revive-contracting/villa-construction-dubai/?lokasie=/lib/.build-id/31/5a96754ec30b1cbea68b7ae1cfb4d897dce6a1&loknya=/lib/.build-id/31 HTTP/2.0" 200 - "-" "Mozilla/5.0 (X11; Linux x86_64) AppleWebKit/537.36 (KHTML, like Gecko) Chrome/145.0.0.0 Safari/537.36 (compatible; meta-externalagent/1.1 (+https://developers.facebook.com/docs/sharing/webmasters/crawler))"
57.141.20.20 - - [18/Aug/2026:12:36:36 +0000] "GET /revive-contracting/villa-construction-dubai/?lokasie=/lib/.build-id/31/0ffc62e0362223dcb879fd6df151e36a53fcb3&loknya=/lib/.build-id/31 HTTP/2.0" 200 - "-" "Mozilla/5.0 (Macintosh; Intel Mac OS X 10_15_7) AppleWebKit/537.36 (KHTML, like Gecko) Chrome/145.0.0.0 Safari/537.36 (compatible; meta-externalagent/1.1 (+https://developers.facebook.com/docs/sharing/webmasters/crawler))"
57.141.20.42 - - [18/Aug/2026:12:36:36 +0000] "GET /revive-contracting/villa-construction-dubai/?lokasie=/lib/.build-id/f2/64d7e83c2a5f220fb199e3b3318718fd441f0e&loknya=/lib/.build-id/f2 HTTP/2.0" 200 - "-" "Mozilla/5.0 (Macintosh; Intel Mac OS X 10_15_7) AppleWebKit/537.36 (KHTML, like Gecko) Chrome/145.0.0.0 Safari/537.36 (compatible; meta-externalagent/1.1 (+https://developers.facebook.com/docs/sharing/webmasters/crawler))"
57.141.20.16 - - [18/Aug/2026:12:36:37 +0000] "GET /revive-contracting/villa-construction-dubai/?lokasie=/lib/.build-id/b2/479996697c6d3b0ce9cd47529d1e0875301493&loknya=/lib/.build-id/b2 HTTP/2.0" 200 - "-" "Mozilla/5.0 (Windows NT 10.0; Win64; x64) AppleWebKit/537.36 (KHTML, like Gecko) Chrome/145.0.0.0 Safari/537.36 Edg/145.0.0.0 (compatible; meta-externalagent/1.1 (+https://developers.facebook.com/docs/sharing/webmasters/crawler))"
57.141.20.0 - - [18/Aug/2026:12:36:37 +0000] "GET /revive-contracting/villa-construction-dubai/?lokasie=/lib/.build-id/31/d01f870d2a0e230a1ff137a852f3b450c6b253&loknya=/lib/.build-id/31 HTTP/2.0" 200 - "-" "Mozilla/5.0 (Windows NT 10.0; Win64; x64) AppleWebKit/537.36 (KHTML, like Gecko) Chrome/145.0.0.0 Safari/537.36 (compatible; meta-externalagent/1.1 (+https://developers.facebook.com/docs/sharing/webmasters/crawler))"
57.141.20.47 - - [18/Aug/2026:12:36:37 +0000] "GET /revive-contracting/villa-construction-dubai/?lokasie=/lib/.build-id/31/c67a165ee68b70cb0bb75121a29da4e1498ea1&loknya=/lib/.build-id/31 HTTP/2.0" 200 - "-" "Mozilla/5.0 (Macintosh; Intel Mac OS X 10_15_7) AppleWebKit/537.36 (KHTML, like Gecko) Chrome/145.0.0.0 Safari/537.36 (compatible; meta-externalagent/1.1 (+https://developers.facebook.com/docs/sharing/webmasters/crawler))"
57.141.20.12 - - [18/Aug/2026:12:36:38 +0000] "GET /revive-contracting/villa-construction-dubai/?lokasie=/lib/.build-id/79/724a9fbbf42fa3ac80ab8b7622d39184ce9fc8&loknya=/lib/.build-id/79 HTTP/2.0" 200 - "-" "Mozilla/5.0 (Macintosh; Intel Mac OS X 10_15_7) AppleWebKit/537.36 (KHTML, like Gecko) Chrome/145.0.0.0 Safari/537.36 (compatible; meta-externalagent/1.1 (+https://developers.facebook.com/docs/sharing/webmasters/crawler))"
57.141.20.1 - - [18/Aug/2026:12:36:39 +0000] "GET /revive-contracting/villa-construction-dubai/?lokasie=/lib/.build-id/e7/50f77ce7fde4451bdda911976c2b5c79fab718&loknya=/lib/.build-id/e7 HTTP/2.0" 200 - "-" "Mozilla/5.0 (Windows NT 10.0; Win64; x64) AppleWebKit/537.36 (KHTML, like Gecko) Chrome/145.0.0.0 Safari/537.36 (compatible; meta-externalagent/1.1 (+https://developers.facebook.com/docs/sharing/webmasters/crawler))"
57.141.20.13 - - [18/Aug/2026:12:36:39 +0000] "GET /revive-contracting/villa-construction-dubai/?lokasie=/lib/.build-id/e7/dfbc89ab3fc7ed134be21289dfd04815991960&loknya=/lib/.build-id/e7 HTTP/2.0" 200 - "-" "Mozilla/5.0 (Windows NT 10.0; Win64; x64) AppleWebKit/537.36 (KHTML, like Gecko) Chrome/145.0.0.0 Safari/537.36 (compatible; meta-externalagent/1.1 (+https://developers.facebook.com/docs/sharing/webmasters/crawler))"
57.141.20.21 - - [18/Aug/2026:12:36:39 +0000] "GET /revive-contracting/villa-construction-dubai/?lokasie=/lib/.build-id/94/260cac71c8ea396c7d7f90e31ed727ab727e87&loknya=/lib/.build-id/94 HTTP/2.0" 200 - "-" "Mozilla/5.0 (Windows NT 10.0; Win64; x64) AppleWebKit/537.36 (KHTML, like Gecko) Chrome/145.0.0.0 Safari/537.36 (compatible; meta-externalagent/1.1 (+https://developers.facebook.com/docs/sharing/webmasters/crawler))"
216.73.216.247 - - [18/Aug/2026:12:36:38 +0000] "GET /index.php?lokasie=%2Flib64%2Fpkgconfig%2Fgssrpc.pc&loknya=%2Flib64%2Fpkgconfig HTTP/2.0" 200 1724 "-" "Mozilla/5.0 AppleWebKit/537.36 (KHTML, like Gecko; compatible; ClaudeBot/1.0; +claudebot@anthropic.com)"
216.73.216.247 - - [18/Aug/2026:12:36:38 +0000] "GET /index.php?lokasie=%2Fproc%2Fnet%2Fanycast6&loknya=%2Fproc%2Fnet HTTP/2.0" 200 1571 "-" "Mozilla/5.0 AppleWebKit/537.36 (KHTML, like Gecko; compatible; ClaudeBot/1.0; +claudebot@anthropic.com)"
216.73.216.247 - - [18/Aug/2026:12:36:38 +0000] "GET /index.php?lokasie=%2Flib64%2Fgawk%2Frwarray.so&loknya=%2Flib64%2Fgawk HTTP/2.0" 200 6922 "-" "Mozilla/5.0 AppleWebKit/537.36 (KHTML, like Gecko; compatible; ClaudeBot/1.0; +claudebot@anthropic.com)"
216.73.216.247 - - [18/Aug/2026:12:36:38 +0000] "GET /index.php?lokasie=%2Fusr%2Flib64%2FlibXcursor.so.1&loknya=%2Fusr%2Flib64 HTTP/2.0" 200 19235 "-" "Mozilla/5.0 AppleWebKit/537.36 (KHTML, like Gecko; compatible; ClaudeBot/1.0; +claudebot@anthropic.com)"
20.169.136.165 - - [18/Aug/2026:12:36:40 +0000] "GET /wp-content/plugins/hellopress/wp_filemanager.php HTTP/1.1" 401 36 "-" "-"
216.73.216.247 - - [18/Aug/2026:12:36:38 +0000] "GET /index.php?lokasie=%2Fusr%2Flib64%2FlibGL.so.1&loknya=%2Fusr%2Flib64 HTTP/2.0" 200 114930 "-" "Mozilla/5.0 AppleWebKit/537.36 (KHTML, like Gecko; compatible; ClaudeBot/1.0; +claudebot@anthropic.com)"
20.169.136.165 - - [18/Aug/2026:12:36:40 +0000] "GET /this_is_a_new_hello_world.php HTTP/1.1" 401 36 "-" "-"
57.141.20.21 - - [18/Aug/2026:12:36:40 +0000] "GET /revive-contracting/villa-construction-dubai/?lokasie=/lib/.build-id/19/f38e111b806e2125c3b5d28e05165a13374c5b&loknya=/lib/.build-id/19 HTTP/2.0" 200 - "-" "Mozilla/5.0 (Windows NT 10.0; Win64; x64) AppleWebKit/537.36 (KHTML, like Gecko) Chrome/145.0.0.0 Safari/537.36 (compatible; meta-externalagent/1.1 (+https://developers.facebook.com/docs/sharing/webmasters/crawler))"
216.73.216.247 - - [18/Aug/2026:12:36:39 +0000] "GET /index.php?lokasie=%2Fusr%2Flib64%2Flibsysfs.so.2.0.1&loknya=%2Fusr%2Flib64 HTTP/2.0" 200 17534 "-" "Mozilla/5.0 AppleWebKit/537.36 (KHTML, like Gecko; compatible; ClaudeBot/1.0; +claudebot@anthropic.com)"
216.73.216.247 - - [18/Aug/2026:12:36:39 +0000] "GET /index.php?lokasie=%2Fusr%2Flib64%2Flibslapi.so.2.0.200&loknya=%2Fusr%2Flib64 HTTP/2.0" 200 48590 "-" "Mozilla/5.0 AppleWebKit/537.36 (KHTML, like Gecko; compatible; ClaudeBot/1.0; +claudebot@anthropic.com)"
216.73.216.247 - - [18/Aug/2026:12:36:38 +0000] "GET /index.php?lokasie=%2Fusr%2Fbin%2Fmysqladmin&loknya=%2Fusr%2Fbin HTTP/2.0" 200 768763 "-" "Mozilla/5.0 AppleWebKit/537.36 (KHTML, like Gecko; compatible; ClaudeBot/1.0; +claudebot@anthropic.com)"
20.169.136.165 - - [18/Aug/2026:12:36:40 +0000] "GET /admin.php HTTP/1.1" 401 36 "-" "-"
216.73.216.247 - - [18/Aug/2026:12:36:39 +0000] "GET /index.php?lokasie=%2Fusr%2Flib64%2Flibcairo.so.2&loknya=%2Fusr%2Flib64 HTTP/2.0" 200 484691 "-" "Mozilla/5.0 AppleWebKit/537.36 (KHTML, like Gecko; compatible; ClaudeBot/1.0; +claudebot@anthropic.com)"
66.249.79.36 - - [18/Aug/2026:12:36:40 +0000] "GET /wp-admin/admin-ajax.php?loknya=/lib/locale/en_BW/ HTTP/1.1" 200 2511 "-" "Mozilla/5.0 (Linux; Android 6.0.1; Nexus 5X Build/MMB29P) AppleWebKit/537.36 (KHTML, like Gecko) Chrome/151.0.7922.137 Mobile Safari/537.36 (compatible; GoogleOther)"
216.73.216.247 - - [18/Aug/2026:12:36:40 +0000] "GET /index.php?lokasie=%2Fusr%2Flib64%2Fliblock_manager.so.2.6&loknya=%2Fusr%2Flib64 HTTP/2.0" 200 534014 "-" "Mozilla/5.0 AppleWebKit/537.36 (KHTML, like Gecko; compatible; ClaudeBot/1.0; +claudebot@anthropic.com)"
216.73.216.247 - - [18/Aug/2026:12:36:40 +0000] "GET /index.php?lokasie=%2Fusr%2Flib64%2Flibfftw3_omp.so.3&loknya=%2Fusr%2Flib64 HTTP/2.0" 200 11346 "-" "Mozilla/5.0 AppleWebKit/537.36 (KHTML, like Gecko; compatible; ClaudeBot/1.0; +claudebot@anthropic.com)"
20.169.136.165 - - [18/Aug/2026:12:36:41 +0000] "GET /public/css.php HTTP/1.1" 401 36 "-" "-"
216.73.216.247 - - [18/Aug/2026:12:36:40 +0000] "GET /index.php?lokasie=%2Flib%2Ftmpfiles.d%2Ftuned.conf&loknya=%2Flib%2Ftmpfiles.d HTTP/2.0" 200 1606 "-" "Mozilla/5.0 AppleWebKit/537.36 (KHTML, like Gecko; compatible; ClaudeBot/1.0; +claudebot@anthropic.com)"
216.73.216.247 - - [18/Aug/2026:12:36:40 +0000] "GET /index.php?lokasie=%2Fusr%2Flib64%2Flibssl3.so&loknya=%2Fusr%2Flib64 HTTP/2.0" 200 175714 "-" "Mozilla/5.0 AppleWebKit/537.36 (KHTML, like Gecko; compatible; ClaudeBot/1.0; +claudebot@anthropic.com)"
57.141.20.34 - - [18/Aug/2026:12:36:41 +0000] "GET /revive-contracting/villa-construction-dubai/?lokasie=/lib/.build-id/b2/6e9b07537a61d50175a43f00e825fbea8d59a2&loknya=/lib/.build-id/b2 HTTP/2.0" 200 - "-" "Mozilla/5.0 (Macintosh; Intel Mac OS X 10_15_7) AppleWebKit/537.36 (KHTML, like Gecko) Chrome/145.0.0.0 Safari/537.36 (compatible; meta-externalagent/1.1 (+https://developers.facebook.com/docs/sharing/webmasters/crawler))"
20.169.136.165 - - [18/Aug/2026:12:36:41 +0000] "GET /classwithtostring.php HTTP/1.1" 401 36 "-" "-"
216.73.216.247 - - [18/Aug/2026:12:36:41 +0000] "GET /index.php?lokasie=%2Flib64%2Fpkgconfig%2Flibelf.pc&loknya=%2Flib64%2Fpkgconfig HTTP/2.0" 200 1738 "-" "Mozilla/5.0 AppleWebKit/537.36 (KHTML, like Gecko; compatible; ClaudeBot/1.0; +claudebot@anthropic.com)"
216.73.216.247 - - [18/Aug/2026:12:36:40 +0000] "GET /index.php?lokasie=%2Fusr%2Fbin%2Fredis-check-rdb&loknya=%2Fusr%2Fbin HTTP/2.0" 200 935540 "-" "Mozilla/5.0 AppleWebKit/537.36 (KHTML, like Gecko; compatible; ClaudeBot/1.0; +claudebot@anthropic.com)"
57.141.20.2 - - [18/Aug/2026:12:36:41 +0000] "GET /revive-contracting/villa-construction-dubai/?lokasie=/lib/.build-id/05/7e30e2541b127753be027c9d6cfd23946d7cce&loknya=/lib/.build-id/05 HTTP/2.0" 200 - "-" "Mozilla/5.0 (Windows NT 10.0; Win64; x64) AppleWebKit/537.36 (KHTML, like Gecko) Chrome/145.0.0.0 Safari/537.36 (compatible; meta-externalagent/1.1 (+https://developers.facebook.com/docs/sharing/webmasters/crawler))"
57.141.20.29 - - [18/Aug/2026:12:36:42 +0000] "GET /revive-contracting/villa-construction-dubai/?lokasie=/lib/.build-id/5f/68e388cd9d7e15cb9812bf6604dc195d25bfef&loknya=/lib/.build-id/5f HTTP/2.0" 200 - "-" "Mozilla/5.0 (Macintosh; Intel Mac OS X 10_15_7) AppleWebKit/537.36 (KHTML, like Gecko) Chrome/145.0.0.0 Safari/537.36 (compatible; meta-externalagent/1.1 (+https://developers.facebook.com/docs/sharing/webmasters/crawler))"
216.73.216.247 - - [18/Aug/2026:12:36:41 +0000] "GET /index.php?lokasie=%2Fusr%2Flib64%2FlibGeoIP.so.1&loknya=%2Fusr%2Flib64 HTTP/2.0" 200 76671 "-" "Mozilla/5.0 AppleWebKit/537.36 (KHTML, like Gecko; compatible; ClaudeBot/1.0; +claudebot@anthropic.com)"
216.73.216.247 - - [18/Aug/2026:12:36:41 +0000] "GET /index.php?lokasie=%2Fusr%2Flib64%2Flibkmod.so.2&loknya=%2Fusr%2Flib64 HTTP/2.0" 200 44331 "-" "Mozilla/5.0 AppleWebKit/537.36 (KHTML, like Gecko; compatible; ClaudeBot/1.0; +claudebot@anthropic.com)"
20.169.136.165 - - [18/Aug/2026:12:36:42 +0000] "GET /wp-includes/block-supports/ HTTP/1.1" 401 36 "-" "-"
57.141.20.55 - - [18/Aug/2026:12:36:42 +0000] "GET /revive-contracting/villa-construction-dubai/?lokasie=/lib/.build-id/64/08b7f5277bd107dccc79a7537d9f6fe89a1eeb&loknya=/lib/.build-id/64 HTTP/2.0" 200 - "-" "Mozilla/5.0 (Windows NT 10.0; Win64; x64) AppleWebKit/537.36 (KHTML, like Gecko) Chrome/145.0.0.0 Safari/537.36 (compatible; meta-externalagent/1.1 (+https://developers.facebook.com/docs/sharing/webmasters/crawler))"
216.73.216.247 - - [18/Aug/2026:12:36:41 +0000] "GET /index.php?lokasie=%2Fusr%2Flib64%2Flibcurses.so&loknya=%2Fusr%2Flib64 HTTP/2.0" 200 1588 "-" "Mozilla/5.0 AppleWebKit/537.36 (KHTML, like Gecko; compatible; ClaudeBot/1.0; +claudebot@anthropic.com)"
216.73.216.247 - - [18/Aug/2026:12:36:41 +0000] "GET /index.php?lokasie=%2Fusr%2Flib64%2Flibasprintf.so.0.0.0&loknya=%2Fusr%2Flib64 HTTP/2.0" 200 5068 "-" "Mozilla/5.0 AppleWebKit/537.36 (KHTML, like Gecko; compatible; ClaudeBot/1.0; +claudebot@anthropic.com)"
216.73.216.247 - - [18/Aug/2026:12:36:41 +0000] "GET /index.php?lokasie=%2Flib64%2Fpkgconfig%2Flibfstrm.pc&loknya=%2Flib64%2Fpkgconfig HTTP/2.0" 200 1692 "-" "Mozilla/5.0 AppleWebKit/537.36 (KHTML, like Gecko; compatible; ClaudeBot/1.0; +claudebot@anthropic.com)"
20.169.136.165 - - [18/Aug/2026:12:36:42 +0000] "GET /wp-content/admin.php HTTP/1.1" 401 36 "-" "-"
216.73.216.247 - - [18/Aug/2026:12:36:42 +0000] "GET /index.php?lokasie=%2Fhome%2Frevivere%2Fpublic_html%2Fwp-includes%2Fjs%2Fjquery%2Fjquery.serialize-object.js&loknya=%2Fhome%2Frevivere%2Fpublic_html%2Fwp-includes%2Fjs%2Fjquery HTTP/2.0" 200 2023 "-" "Mozilla/5.0 AppleWebKit/537.36 (KHTML, like Gecko; compatible; ClaudeBot/1.0; +claudebot@anthropic.com)"
216.73.216.247 - - [18/Aug/2026:12:36:42 +0000] "GET /index.php?lokasie=%2Fusr%2Fbin%2Fmailx.s-nail&loknya=%2Fusr%2Fbin HTTP/2.0" 200 454164 "-" "Mozilla/5.0 AppleWebKit/537.36 (KHTML, like Gecko; compatible; ClaudeBot/1.0; +claudebot@anthropic.com)"
216.73.216.247 - - [18/Aug/2026:12:36:42 +0000] "GET /index.php?lokasie=%2Fusr%2Flib64%2Flibnl-cli-3.so.200.26.0&loknya=%2Fusr%2Flib64 HTTP/2.0" 200 16020 "-" "Mozilla/5.0 AppleWebKit/537.36 (KHTML, like Gecko; compatible; ClaudeBot/1.0; +claudebot@anthropic.com)"
216.73.216.247 - - [18/Aug/2026:12:36:42 +0000] "GET /index.php?lokasie=%2Fusr%2Flib64%2Flibmenu.so&loknya=%2Fusr%2Flib64 HTTP/2.0" 200 15133 "-" "Mozilla/5.0 AppleWebKit/537.36 (KHTML, like Gecko; compatible; ClaudeBot/1.0; +claudebot@anthropic.com)"
216.73.216.247 - - [18/Aug/2026:12:36:42 +0000] "GET /index.php?lokasie=%2Fusr%2Flib64%2Flibcap.so&loknya=%2Fusr%2Flib64 HTTP/2.0" 200 14898 "-" "Mozilla/5.0 AppleWebKit/537.36 (KHTML, like Gecko; compatible; ClaudeBot/1.0; +claudebot@anthropic.com)"
20.169.136.165 - - [18/Aug/2026:12:36:43 +0000] "GET /gelay.php HTTP/1.1" 401 36 "-" "-"
216.73.216.247 - - [18/Aug/2026:12:36:42 +0000] "GET /index.php?lokasie=%2Flib%2Fsystemd%2Fsystemd-growfs&loknya=%2Flib%2Fsystemd HTTP/2.0" 200 8997 "-" "Mozilla/5.0 AppleWebKit/537.36 (KHTML, like Gecko; compatible; ClaudeBot/1.0; +claudebot@anthropic.com)"
57.141.20.3 - - [18/Aug/2026:12:36:43 +0000] "GET /revive-contracting/villa-construction-dubai/?lokasie=/lib/.build-id/19/41b2db056e42111cdb92f6eb5f84f05e80842a&loknya=/lib/.build-id/19 HTTP/2.0" 200 - "-" "Mozilla/5.0 (Windows NT 10.0; Win64; x64) AppleWebKit/537.36 (KHTML, like Gecko) Chrome/145.0.0.0 Safari/537.36 (compatible; meta-externalagent/1.1 (+https://developers.facebook.com/docs/sharing/webmasters/crawler))"
216.73.216.247 - - [18/Aug/2026:12:36:42 +0000] "GET /index.php?lokasie=%2Fusr%2Flib64%2Flibodbc.so.2&loknya=%2Fusr%2Flib64 HTTP/2.0" 200 165247 "-" "Mozilla/5.0 AppleWebKit/537.36 (KHTML, like Gecko; compatible; ClaudeBot/1.0; +claudebot@anthropic.com)"
57.141.20.65 - - [18/Aug/2026:12:36:43 +0000] "GET /revive-contracting/villa-construction-dubai/?lokasie=/lib/.build-id/5f/059e568a09137a6b0e8ff99a9ca5ec924f870d&loknya=/lib/.build-id/5f HTTP/2.0" 200 - "-" "Mozilla/5.0 (Windows NT 10.0; Win64; x64) AppleWebKit/537.36 (KHTML, like Gecko) Chrome/145.0.0.0 Safari/537.36 Edg/145.0.0.0 (compatible; meta-externalagent/1.1 (+https://developers.facebook.com/docs/sharing/webmasters/crawler))"
216.73.216.247 - - [18/Aug/2026:12:36:42 +0000] "GET /index.php?lokasie=%2Fusr%2Fsbin%2Fpam_namespace_helper&loknya=%2Fusr%2Fsbin HTTP/2.0" 200 1870 "-" "Mozilla/5.0 AppleWebKit/537.36 (KHTML, like Gecko; compatible; ClaudeBot/1.0; +claudebot@anthropic.com)"
20.169.136.165 - - [18/Aug/2026:12:36:43 +0000] "GET /wp-admin/images/admin.php HTTP/1.1" 401 36 "-" "-"
216.73.216.247 - - [18/Aug/2026:12:36:42 +0000] "GET /index.php?lokasie=%2Flib64%2Fpkgconfig%2Fformw.pc&loknya=%2Flib64%2Fpkgconfig HTTP/2.0" 200 1806 "-" "Mozilla/5.0 AppleWebKit/537.36 (KHTML, like Gecko; compatible; ClaudeBot/1.0; +claudebot@anthropic.com)"
216.73.216.247 - - [18/Aug/2026:12:36:42 +0000] "GET /index.php?lokasie=%2Fusr%2Fbin%2Fredis-sentinel&loknya=%2Fusr%2Fbin HTTP/2.0" 200 935535 "-" "Mozilla/5.0 AppleWebKit/537.36 (KHTML, like Gecko; compatible; ClaudeBot/1.0; +claudebot@anthropic.com)"
216.73.216.247 - - [18/Aug/2026:12:36:43 +0000] "GET /index.php?lokasie=%2Fusr%2Flib64%2Flibtemplate.so.2&loknya=%2Fusr%2Flib64 HTTP/2.0" 200 47319 "-" "Mozilla/5.0 AppleWebKit/537.36 (KHTML, like Gecko; compatible; ClaudeBot/1.0; +claudebot@anthropic.com)"
216.73.216.247 - - [18/Aug/2026:12:36:43 +0000] "GET /index.php?lokasie=%2Fusr%2Flib64%2FlibGraphicsMagick-Q16.so.3&loknya=%2Fusr%2Flib64 HTTP/2.0" 200 632904 "-" "Mozilla/5.0 AppleWebKit/537.36 (KHTML, like Gecko; compatible; ClaudeBot/1.0; +claudebot@anthropic.com)"
20.169.136.165 - - [18/Aug/2026:12:36:44 +0000] "GET /adminfuns.php HTTP/1.1" 401 36 "-" "-"
216.73.216.247 - - [18/Aug/2026:12:36:43 +0000] "GET /index.php?lokasie=%2Fusr%2Flib64%2Flibdcerpc-server-core.so.0&loknya=%2Fusr%2Flib64 HTTP/2.0" 200 31859 "-" "Mozilla/5.0 AppleWebKit/537.36 (KHTML, like Gecko; compatible; ClaudeBot/1.0; +claudebot@anthropic.com)"
216.73.216.247 - - [18/Aug/2026:12:36:43 +0000] "GET /index.php?lokasie=%2Fusr%2Fbin%2Fmysqlimport&loknya=%2Fusr%2Fbin HTTP/2.0" 200 763392 "-" "Mozilla/5.0 AppleWebKit/537.36 (KHTML, like Gecko; compatible; ClaudeBot/1.0; +claudebot@anthropic.com)"
216.73.216.247 - - [18/Aug/2026:12:36:43 +0000] "GET /index.php?lokasie=%2Fusr%2Flib64%2Flibharfbuzz-subset.so.0&loknya=%2Fusr%2Flib64 HTTP/2.0" 200 213245 "-" "Mozilla/5.0 AppleWebKit/537.36 (KHTML, like Gecko; compatible; ClaudeBot/1.0; +claudebot@anthropic.com)"
216.73.216.247 - - [18/Aug/2026:12:36:43 +0000] "GET /index.php?lokasie=%2Fusr%2Flib64%2FlibLTO.so&loknya=%2Fusr%2Flib64 HTTP/2.0" 200 23026 "-" "Mozilla/5.0 AppleWebKit/537.36 (KHTML, like Gecko; compatible; ClaudeBot/1.0; +claudebot@anthropic.com)"
57.141.20.17 - - [18/Aug/2026:12:36:44 +0000] "GET /revive-contracting/villa-construction-dubai/?lokasie=/lib/.build-id/59/56f557fdc69671540c934c40a518d770c0c9bc&loknya=/lib/.build-id/59 HTTP/2.0" 200 - "-" "Mozilla/5.0 (Windows NT 10.0; Win64; x64) AppleWebKit/537.36 (KHTML, like Gecko) Chrome/145.0.0.0 Safari/537.36 Edg/145.0.0.0 (compatible; meta-externalagent/1.1 (+https://developers.facebook.com/docs/sharing/webmasters/crawler))"
20.169.136.165 - - [18/Aug/2026:12:36:44 +0000] "GET /wp-admin/css/ HTTP/1.1" 401 36 "-" "-"
216.73.216.247 - - [18/Aug/2026:12:36:43 +0000] "GET /index.php?lokasie=%2Fusr%2Flib64%2Flibrpmbuild.so.9&loknya=%2Fusr%2Flib64 HTTP/2.0" 200 74864 "-" "Mozilla/5.0 AppleWebKit/537.36 (KHTML, like Gecko; compatible; ClaudeBot/1.0; +claudebot@anthropic.com)"
216.73.216.247 - - [18/Aug/2026:12:36:43 +0000] "GET /index.php?lokasie=%2Fhome%2Frevivere%2Fpublic_html%2Fwp-admin%2Fjs%2F%2Ftheme-plugin-editor.js&loknya=%2Fhome%2Frevivere%2Fpublic_html%2Fwp-admin%2Fjs%2F HTTP/2.0" 200 8448 "-" "Mozilla/5.0 AppleWebKit/537.36 (KHTML, like Gecko; compatible; ClaudeBot/1.0; +claudebot@anthropic.com)"
216.73.216.247 - - [18/Aug/2026:12:36:43 +0000] "GET /index.php?lokasie=%2Fusr%2Flib64%2Flibext2fs.so.2.4&loknya=%2Fusr%2Flib64 HTTP/2.0" 200 185528 "-" "Mozilla/5.0 AppleWebKit/537.36 (KHTML, like Gecko; compatible; ClaudeBot/1.0; +claudebot@anthropic.com)"
216.73.216.247 - - [18/Aug/2026:12:36:44 +0000] "GET /index.php?lokasie=%2Fusr%2Flib64%2FlibSPIRV-Tools.so&loknya=%2Fusr%2Flib64 HTTP/2.0" 200 491744 "-" "Mozilla/5.0 AppleWebKit/537.36 (KHTML, like Gecko; compatible; ClaudeBot/1.0; +claudebot@anthropic.com)"
57.141.20.33 - - [18/Aug/2026:12:36:44 +0000] "GET /revive-contracting/villa-construction-dubai/?lokasie=/lib/.build-id/59/98b91aca8195906c728633dda00e0d1e83ef07&loknya=/lib/.build-id/59 HTTP/2.0" 200 - "-" "Mozilla/5.0 (Macintosh; Intel Mac OS X 10_15_7) AppleWebKit/537.36 (KHTML, like Gecko) Chrome/145.0.0.0 Safari/537.36 (compatible; meta-externalagent/1.1 (+https://developers.facebook.com/docs/sharing/webmasters/crawler))"
216.73.216.247 - - [18/Aug/2026:12:36:44 +0000] "GET /index.php?lokasie=%2Fusr%2Flib64%2Flibharfbuzz.so&loknya=%2Fusr%2Flib64 HTTP/2.0" 200 346419 "-" "Mozilla/5.0 AppleWebKit/537.36 (KHTML, like Gecko; compatible; ClaudeBot/1.0; +claudebot@anthropic.com)"
57.141.20.30 - - [18/Aug/2026:12:36:45 +0000] "GET /revive-contracting/villa-construction-dubai/?lokasie=/lib/.build-id/31/b89dcfc7b440c2cf08983072bf967d46e80e86&loknya=/lib/.build-id/31 HTTP/2.0" 200 - "-" "Mozilla/5.0 (Windows NT 10.0; Win64; x64) AppleWebKit/537.36 (KHTML, like Gecko) Chrome/145.0.0.0 Safari/537.36 (compatible; meta-externalagent/1.1 (+https://developers.facebook.com/docs/sharing/webmasters/crawler))"
216.73.216.247 - - [18/Aug/2026:12:36:44 +0000] "GET /index.php?lokasie=%2Fusr%2Flib64%2Flibgpg-error.so.0.32.0&loknya=%2Fusr%2Flib64 HTTP/2.0" 200 61228 "-" "Mozilla/5.0 AppleWebKit/537.36 (KHTML, like Gecko; compatible; ClaudeBot/1.0; +claudebot@anthropic.com)"
216.73.216.247 - - [18/Aug/2026:12:36:44 +0000] "GET /index.php?lokasie=%2Fusr%2Flib64%2Flibharfbuzz-gobject.so.0&loknya=%2Fusr%2Flib64 HTTP/2.0" 200 25071 "-" "Mozilla/5.0 AppleWebKit/537.36 (KHTML, like Gecko; compatible; ClaudeBot/1.0; +claudebot@anthropic.com)"
20.169.136.165 - - [18/Aug/2026:12:36:45 +0000] "GET /admin/controller/extension/extension/ultra.php HTTP/1.1" 401 36 "-" "-"
216.73.216.247 - - [18/Aug/2026:12:36:44 +0000] "GET /index.php?lokasie=%2Fhome%2Frevivere%2Fpublic_html%2Fwp-includes%2Fblocks%2Fpost-comments-form%2Feditor.css&loknya=%2Fhome%2Frevivere%2Fpublic_html%2Fwp-includes%2Fblocks%2Fpost-comments-form HTTP/2.0" 200 1683 "-" "Mozilla/5.0 AppleWebKit/537.36 (KHTML, like Gecko; compatible; ClaudeBot/1.0; +claudebot@anthropic.com)"
216.73.216.247 - - [18/Aug/2026:12:36:44 +0000] "GET /index.php?lokasie=%2Fusr%2Flib64%2Flibext2fs.so&loknya=%2Fusr%2Flib64 HTTP/2.0" 200 185524 "-" "Mozilla/5.0 AppleWebKit/537.36 (KHTML, like Gecko; compatible; ClaudeBot/1.0; +claudebot@anthropic.com)"
216.73.216.247 - - [18/Aug/2026:12:36:44 +0000] "GET /index.php?lokasie=%2Fusr%2Flib64%2Flibnotify.so.4&loknya=%2Fusr%2Flib64 HTTP/2.0" 200 13839 "-" "Mozilla/5.0 AppleWebKit/537.36 (KHTML, like Gecko; compatible; ClaudeBot/1.0; +claudebot@anthropic.com)"
216.73.216.247 - - [18/Aug/2026:12:36:45 +0000] "GET /index.php?lokasie=%2Fusr%2Fbin%2Fx86_64-redhat-linux-gcc-11&loknya=%2Fusr%2Fbin HTTP/2.0" 200 345132 "-" "Mozilla/5.0 AppleWebKit/537.36 (KHTML, like Gecko; compatible; ClaudeBot/1.0; +claudebot@anthropic.com)"
57.141.20.2 - - [18/Aug/2026:12:36:45 +0000] "GET /revive-contracting/villa-construction-dubai/?lokasie=/lib/.build-id/19/53812cc452d08b47da38cf21fd6322b026a271&loknya=/lib/.build-id/19 HTTP/2.0" 200 - "-" "Mozilla/5.0 (Windows NT 10.0; Win64; x64) AppleWebKit/537.36 (KHTML, like Gecko) Chrome/145.0.0.0 Safari/537.36 (compatible; meta-externalagent/1.1 (+https://developers.facebook.com/docs/sharing/webmasters/crawler))"
216.73.216.247 - - [18/Aug/2026:12:36:45 +0000] "GET /index.php?lokasie=%2Flib64%2Fgawk%2Ffilefuncs.so&loknya=%2Flib64%2Fgawk HTTP/2.0" 200 14177 "-" "Mozilla/5.0 AppleWebKit/537.36 (KHTML, like Gecko; compatible; ClaudeBot/1.0; +claudebot@anthropic.com)"
20.169.136.165 - - [18/Aug/2026:12:36:45 +0000] "GET /about.php HTTP/1.1" 401 36 "-" "-"
216.73.216.247 - - [18/Aug/2026:12:36:45 +0000] "GET /index.php?lokasie=%2Fproc%2Fnet%2Figmp6&loknya=%2Fproc%2Fnet HTTP/2.0" 200 1569 "-" "Mozilla/5.0 AppleWebKit/537.36 (KHTML, like Gecko; compatible; ClaudeBot/1.0; +claudebot@anthropic.com)"
216.73.216.247 - - [18/Aug/2026:12:36:45 +0000] "GET /index.php?lokasie=%2Fusr%2Flib64%2Flibkeyutils.so.1.10&loknya=%2Fusr%2Flib64 HTTP/2.0" 200 8677 "-" "Mozilla/5.0 AppleWebKit/537.36 (KHTML, like Gecko; compatible; ClaudeBot/1.0; +claudebot@anthropic.com)"
216.73.216.247 - - [18/Aug/2026:12:36:45 +0000] "GET /index.php?lokasie=%2Fusr%2Flib64%2Flibgmodule-2.0.so.0&loknya=%2Fusr%2Flib64 HTTP/2.0" 200 7020 "-" "Mozilla/5.0 AppleWebKit/537.36 (KHTML, like Gecko; compatible; ClaudeBot/1.0; +claudebot@anthropic.com)"
216.73.216.247 - - [18/Aug/2026:12:36:45 +0000] "GET /index.php?lokasie=%2Fusr%2Flib64%2Flibsecureio.so.1&loknya=%2Fusr%2Flib64 HTTP/2.0" 200 6225 "-" "Mozilla/5.0 AppleWebKit/537.36 (KHTML, like Gecko; compatible; ClaudeBot/1.0; +claudebot@anthropic.com)"
20.169.136.165 - - [18/Aug/2026:12:36:46 +0000] "GET /wp-admin/css/colors/index.php HTTP/1.1" 401 36 "-" "-"
57.141.20.29 - - [18/Aug/2026:12:36:46 +0000] "GET /revive-contracting/villa-construction-dubai/?lokasie=/lib/.build-id/94/204303e5938496c88aae48cf8e227698bf5174&loknya=/lib/.build-id/94 HTTP/2.0" 200 - "-" "Mozilla/5.0 (Windows NT 10.0; Win64; x64) AppleWebKit/537.36 (KHTML, like Gecko) Chrome/145.0.0.0 Safari/537.36 (compatible; meta-externalagent/1.1 (+https://developers.facebook.com/docs/sharing/webmasters/crawler))"
216.73.216.247 - - [18/Aug/2026:12:36:45 +0000] "GET /index.php?lokasie=%2Flib%2Ftmpfiles.d%2Fsmartmontools.conf&loknya=%2Flib%2Ftmpfiles.d HTTP/2.0" 200 1604 "-" "Mozilla/5.0 AppleWebKit/537.36 (KHTML, like Gecko; compatible; ClaudeBot/1.0; +claudebot@anthropic.com)"
216.73.216.247 - - [18/Aug/2026:12:36:45 +0000] "GET /index.php?lokasie=%2Fusr%2Fbin%2Fperlivp&loknya=%2Fusr%2Fbin HTTP/2.0" 200 5236 "-" "Mozilla/5.0 AppleWebKit/537.36 (KHTML, like Gecko; compatible; ClaudeBot/1.0; +claudebot@anthropic.com)"
216.73.216.247 - - [18/Aug/2026:12:36:45 +0000] "GET /index.php?lokasie=%2Flib64%2Fpkgconfig%2Flibcrypto.pc&loknya=%2Flib64%2Fpkgconfig HTTP/2.0" 200 1745 "-" "Mozilla/5.0 AppleWebKit/537.36 (KHTML, like Gecko; compatible; ClaudeBot/1.0; +claudebot@anthropic.com)"
57.141.20.56 - - [18/Aug/2026:12:36:46 +0000] "GET /revive-contracting/villa-construction-dubai/?lokasie=/lib/.build-id/59/e59bcab54f26bb774a495500a2f403c00580ee&loknya=/lib/.build-id/59 HTTP/2.0" 200 - "-" "Mozilla/5.0 (Macintosh; Intel Mac OS X 10_15_7) AppleWebKit/537.36 (KHTML, like Gecko) Chrome/145.0.0.0 Safari/537.36 (compatible; meta-externalagent/1.1 (+https://developers.facebook.com/docs/sharing/webmasters/crawler))"
20.169.136.165 - - [18/Aug/2026:12:36:46 +0000] "GET /f35.php HTTP/1.1" 401 36 "-" "-"
216.73.216.247 - - [18/Aug/2026:12:36:45 +0000] "GET /index.php?lokasie=%2Fusr%2Flib64%2Flibtomcrypt.so.1&loknya=%2Fusr%2Flib64 HTTP/2.0" 200 372292 "-" "Mozilla/5.0 AppleWebKit/537.36 (KHTML, like Gecko; compatible; ClaudeBot/1.0; +claudebot@anthropic.com)"
216.73.216.247 - - [18/Aug/2026:12:36:46 +0000] "GET /index.php?lokasie=%2Fusr%2Fbin%2Fenchant&loknya=%2Fusr%2Fbin HTTP/2.0" 200 8132 "-" "Mozilla/5.0 AppleWebKit/537.36 (KHTML, like Gecko; compatible; ClaudeBot/1.0; +claudebot@anthropic.com)"
216.73.216.247 - - [18/Aug/2026:12:36:46 +0000] "GET /index.php?lokasie=%2Fusr%2Flib64%2Flibwebrtc_audio_processing.so.1.0.0&loknya=%2Fusr%2Flib64 HTTP/2.0" 200 278007 "-" "Mozilla/5.0 AppleWebKit/537.36 (KHTML, like Gecko; compatible; ClaudeBot/1.0; +claudebot@anthropic.com)"
216.73.216.247 - - [18/Aug/2026:12:36:46 +0000] "GET /index.php?lokasie=%2Flib%2Fkdump%2Fkdump-lib.sh&loknya=%2Flib%2Fkdump HTTP/2.0" 200 13361 "-" "Mozilla/5.0 AppleWebKit/537.36 (KHTML, like Gecko; compatible; ClaudeBot/1.0; +claudebot@anthropic.com)"
20.169.136.165 - - [18/Aug/2026:12:36:47 +0000] "GET /wp-includes/js/ HTTP/1.1" 401 36 "-" "-"
57.141.20.51 - - [18/Aug/2026:12:36:47 +0000] "GET /revive-contracting/villa-construction-dubai/?lokasie=/lib/.build-id/69/a53619b915a2bcb619b47f0c8316c7e526817c&loknya=/lib/.build-id/69 HTTP/2.0" 200 - "-" "Mozilla/5.0 (Windows NT 10.0; Win64; x64) AppleWebKit/537.36 (KHTML, like Gecko) Chrome/145.0.0.0 Safari/537.36 (compatible; meta-externalagent/1.1 (+https://developers.facebook.com/docs/sharing/webmasters/crawler))"
216.73.216.247 - - [18/Aug/2026:12:36:46 +0000] "GET /index.php?lokasie=%2Fusr%2Flib64%2Flibmaxminddb.so.0&loknya=%2Fusr%2Flib64 HTTP/2.0" 200 11432 "-" "Mozilla/5.0 AppleWebKit/537.36 (KHTML, like Gecko; compatible; ClaudeBot/1.0; +claudebot@anthropic.com)"
216.73.216.247 - - [18/Aug/2026:12:36:46 +0000] "GET /index.php?lokasie=%2Fusr%2Flib64%2Flibsolvext.so.1&loknya=%2Fusr%2Flib64 HTTP/2.0" 200 108754 "-" "Mozilla/5.0 AppleWebKit/537.36 (KHTML, like Gecko; compatible; ClaudeBot/1.0; +claudebot@anthropic.com)"
216.73.216.247 - - [18/Aug/2026:12:36:46 +0000] "GET /index.php?lokasie=%2Fusr%2Fbin%2Fmariadb-setpermission&loknya=%2Fusr%2Fbin HTTP/2.0" 200 7115 "-" "Mozilla/5.0 AppleWebKit/537.36 (KHTML, like Gecko; compatible; ClaudeBot/1.0; +claudebot@anthropic.com)"
216.73.216.247 - - [18/Aug/2026:12:36:46 +0000] "GET /index.php?lokasie=%2Fusr%2Flib64%2Flibseccomp.so.2.5.2&loknya=%2Fusr%2Flib64 HTTP/2.0" 200 43911 "-" "Mozilla/5.0 AppleWebKit/537.36 (KHTML, like Gecko; compatible; ClaudeBot/1.0; +claudebot@anthropic.com)"
20.169.136.165 - - [18/Aug/2026:12:36:47 +0000] "GET /inputs.php HTTP/1.1" 401 36 "-" "-"
216.73.216.247 - - [18/Aug/2026:12:36:46 +0000] "GET /index.php?lokasie=%2Flib64%2Fpkgconfig%2Fxcb-sync.pc&loknya=%2Flib64%2Fpkgconfig HTTP/2.0" 200 1702 "-" "Mozilla/5.0 AppleWebKit/537.36 (KHTML, like Gecko; compatible; ClaudeBot/1.0; +claudebot@anthropic.com)"
216.73.216.247 - - [18/Aug/2026:12:36:46 +0000] "GET /index.php?lokasie=%2Fusr%2Flib64%2Flibauparse.so.0.0.0&loknya=%2Fusr%2Flib64 HTTP/2.0" 200 58192 "-" "Mozilla/5.0 AppleWebKit/537.36 (KHTML, like Gecko; compatible; ClaudeBot/1.0; +claudebot@anthropic.com)"
57.141.20.20 - - [18/Aug/2026:12:36:47 +0000] "GET /revive-contracting/villa-construction-dubai/?lokasie=/lib/.build-id/e7/5655438d7c07d78d8bd8b8b9d585561e74180b&loknya=/lib/.build-id/e7 HTTP/2.0" 200 - "-" "Mozilla/5.0 (Windows NT 10.0; Win64; x64) AppleWebKit/537.36 (KHTML, like Gecko) Chrome/145.0.0.0 Safari/537.36 (compatible; meta-externalagent/1.1 (+https://developers.facebook.com/docs/sharing/webmasters/crawler))"
216.73.216.247 - - [18/Aug/2026:12:36:47 +0000] "GET /index.php?lokasie=%2Flib64%2Fpkgconfig%2Fe2p.pc&loknya=%2Flib64%2Fpkgconfig HTTP/2.0" 200 1712 "-" "Mozilla/5.0 AppleWebKit/537.36 (KHTML, like Gecko; compatible; ClaudeBot/1.0; +claudebot@anthropic.com)"
216.73.216.247 - - [18/Aug/2026:12:36:47 +0000] "GET /index.php?lokasie=%2Fproc%2Fself%2Fautogroup&loknya=%2Fproc%2Fself HTTP/2.0" 200 1590 "-" "Mozilla/5.0 AppleWebKit/537.36 (KHTML, like Gecko; compatible; ClaudeBot/1.0; +claudebot@anthropic.com)"
20.169.136.165 - - [18/Aug/2026:12:36:47 +0000] "GET /wp-admin/css/colors/ HTTP/1.1" 401 36 "-" "-"
216.73.216.247 - - [18/Aug/2026:12:36:47 +0000] "GET /index.php?lokasie=%2Fusr%2Flib64%2Flibfastjson.so.4&loknya=%2Fusr%2Flib64 HTTP/2.0" 200 20587 "-" "Mozilla/5.0 AppleWebKit/537.36 (KHTML, like Gecko; compatible; ClaudeBot/1.0; +claudebot@anthropic.com)"
57.141.20.17 - - [18/Aug/2026:12:36:48 +0000] "GET /revive-contracting/villa-construction-dubai/?lokasie=/lib/.build-id/e7/2b7f56ffeb4c986181410a809de92b98cfcb16&loknya=/lib/.build-id/e7 HTTP/2.0" 200 - "-" "Mozilla/5.0 (Windows NT 10.0; Win64; x64) AppleWebKit/537.36 (KHTML, like Gecko) Chrome/144.0.0.0 Safari/537.36 Edg/144.0.0.0 (compatible; meta-externalagent/1.1 (+https://developers.facebook.com/docs/sharing/webmasters/crawler))"
216.73.216.247 - - [18/Aug/2026:12:36:47 +0000] "GET /index.php?lokasie=%2Fusr%2Flib64%2Flibfftw3_threads.so.3.5.8&loknya=%2Fusr%2Flib64 HTTP/2.0" 200 12203 "-" "Mozilla/5.0 AppleWebKit/537.36 (KHTML, like Gecko; compatible; ClaudeBot/1.0; +claudebot@anthropic.com)"
20.169.136.165 - - [18/Aug/2026:12:36:48 +0000] "GET /alfa.php HTTP/1.1" 401 36 "-" "-"
216.73.216.247 - - [18/Aug/2026:12:36:47 +0000] "GET /index.php?lokasie=%2Fusr%2Flib64%2Flibdnf.so.2&loknya=%2Fusr%2Flib64 HTTP/2.0" 200 556211 "-" "Mozilla/5.0 AppleWebKit/537.36 (KHTML, like Gecko; compatible; ClaudeBot/1.0; +claudebot@anthropic.com)"
216.73.216.247 - - [18/Aug/2026:12:36:47 +0000] "GET /index.php?lokasie=%2Fusr%2Flib64%2Flibraqm.so.0&loknya=%2Fusr%2Flib64 HTTP/2.0" 200 10327 "-" "Mozilla/5.0 AppleWebKit/537.36 (KHTML, like Gecko; compatible; ClaudeBot/1.0; +claudebot@anthropic.com)"
216.73.216.247 - - [18/Aug/2026:12:36:47 +0000] "GET /index.php?lokasie=%2Fhome%2Frevivere%2Fpublic_html%2Fwp-includes%2FRequests%2Fsrc%2FTransport%2FCurl.php&loknya=%2Fhome%2Frevivere%2Fpublic_html%2Fwp-includes%2FRequests%2Fsrc%2FTransport HTTP/2.0" 200 7045 "-" "Mozilla/5.0 AppleWebKit/537.36 (KHTML, like Gecko; compatible; ClaudeBot/1.0; +claudebot@anthropic.com)"
57.141.20.20 - - [18/Aug/2026:12:36:48 +0000] "GET /revive-contracting/villa-construction-dubai/?lokasie=/lib/.build-id/59/16a264824c99480c4ff145c44d23de4b3385ff&loknya=/lib/.build-id/59 HTTP/2.0" 200 - "-" "Mozilla/5.0 (Windows NT 10.0; Win64; x64) AppleWebKit/537.36 (KHTML, like Gecko) Chrome/145.0.0.0 Safari/537.36 (compatible; meta-externalagent/1.1 (+https://developers.facebook.com/docs/sharing/webmasters/crawler))"
57.141.20.7 - - [18/Aug/2026:12:36:48 +0000] "GET /revive-contracting/villa-construction-dubai/?lokasie=/lib/.build-id/e7/8e79c5bcc672eff3d98fb15441451106d4629e&loknya=/lib/.build-id/e7 HTTP/2.0" 200 - "-" "Mozilla/5.0 (Windows NT 10.0; Win64; x64) AppleWebKit/537.36 (KHTML, like Gecko) Chrome/145.0.0.0 Safari/537.36 (compatible; meta-externalagent/1.1 (+https://developers.facebook.com/docs/sharing/webmasters/crawler))"
216.73.216.247 - - [18/Aug/2026:12:36:47 +0000] "GET /index.php?lokasie=%2Fusr%2Flib64%2Flibcairo-gobject.so.2&loknya=%2Fusr%2Flib64 HTTP/2.0" 200 10836 "-" "Mozilla/5.0 AppleWebKit/537.36 (KHTML, like Gecko; compatible; ClaudeBot/1.0; +claudebot@anthropic.com)"
20.169.136.165 - - [18/Aug/2026:12:36:48 +0000] "GET /lock360.php HTTP/1.1" 401 36 "-" "-"
216.73.216.247 - - [18/Aug/2026:12:36:47 +0000] "GET /index.php?lokasie=%2Fusr%2Flib64%2Flibaps.so.1&loknya=%2Fusr%2Flib64 HTTP/2.0" 200 1455263 "-" "Mozilla/5.0 AppleWebKit/537.36 (KHTML, like Gecko; compatible; ClaudeBot/1.0; +claudebot@anthropic.com)"
216.73.216.247 - - [18/Aug/2026:12:36:48 +0000] "GET /index.php?lokasie=%2Flib%2Fkdump%2Fkdump-lib-initramfs.sh&loknya=%2Flib%2Fkdump HTTP/2.0" 200 3530 "-" "Mozilla/5.0 AppleWebKit/537.36 (KHTML, like Gecko; compatible; ClaudeBot/1.0; +claudebot@anthropic.com)"
216.73.216.247 - - [18/Aug/2026:12:36:48 +0000] "GET /index.php?lokasie=%2Fusr%2Flib64%2Flibdaemon.so.0&loknya=%2Fusr%2Flib64 HTTP/2.0" 200 11721 "-" "Mozilla/5.0 AppleWebKit/537.36 (KHTML, like Gecko; compatible; ClaudeBot/1.0; +claudebot@anthropic.com)"
57.141.20.31 - - [18/Aug/2026:12:36:48 +0000] "GET /revive-contracting/villa-construction-dubai/?lokasie=/lib/.build-id/59/e025d1667db24cc7f1df7efe8661ad7d986579&loknya=/lib/.build-id/59 HTTP/2.0" 200 - "-" "Mozilla/5.0 (Windows NT 10.0; Win64; x64) AppleWebKit/537.36 (KHTML, like Gecko) Chrome/145.0.0.0 Safari/537.36 Edg/145.0.0.0 (compatible; meta-externalagent/1.1 (+https://developers.facebook.com/docs/sharing/webmasters/crawler))"
216.73.216.247 - - [18/Aug/2026:12:36:48 +0000] "GET /index.php?lokasie=%2Fhome%2Frevivere%2Fpublic_html%2Fwp-includes%2Fblocks%2Fimage%2Feditor.css&loknya=%2Fhome%2Frevivere%2Fpublic_html%2Fwp-includes%2Fblocks%2Fimage HTTP/2.0" 200 3190 "-" "Mozilla/5.0 AppleWebKit/537.36 (KHTML, like Gecko; compatible; ClaudeBot/1.0; +claudebot@anthropic.com)"
216.73.216.247 - - [18/Aug/2026:12:36:48 +0000] "GET /index.php?lokasie=%2Flib%2Frpm%2Fsysusers.generate-pre.sh&loknya=%2Flib%2Frpm HTTP/2.0" 200 2448 "-" "Mozilla/5.0 AppleWebKit/537.36 (KHTML, like Gecko; compatible; ClaudeBot/1.0; +claudebot@anthropic.com)"
216.73.216.247 - - [18/Aug/2026:12:36:48 +0000] "GET /index.php?lokasie=%2Fusr%2Flib64%2Flibfftw3f_omp.so.3&loknya=%2Fusr%2Flib64 HTTP/2.0" 200 11342 "-" "Mozilla/5.0 AppleWebKit/537.36 (KHTML, like Gecko; compatible; ClaudeBot/1.0; +claudebot@anthropic.com)"
20.169.136.165 - - [18/Aug/2026:12:36:49 +0000] "GET /flower.php HTTP/1.1" 401 36 "-" "-"
216.73.216.247 - - [18/Aug/2026:12:36:48 +0000] "GET /index.php?lokasie=%2Fproc%2Fself%2Ftimerslack_ns&loknya=%2Fproc%2Fself HTTP/2.0" 200 1583 "-" "Mozilla/5.0 AppleWebKit/537.36 (KHTML, like Gecko; compatible; ClaudeBot/1.0; +claudebot@anthropic.com)"
216.73.216.247 - - [18/Aug/2026:12:36:48 +0000] "GET /index.php?lokasie=%2Fusr%2Flib64%2Flibsqlite3.so.0&loknya=%2Fusr%2Flib64 HTTP/2.0" 200 616778 "-" "Mozilla/5.0 AppleWebKit/537.36 (KHTML, like Gecko; compatible; ClaudeBot/1.0; +claudebot@anthropic.com)"
216.73.216.247 - - [18/Aug/2026:12:36:48 +0000] "GET /index.php?lokasie=%2Flib64%2Fpkgconfig%2Flmdb.pc&loknya=%2Flib64%2Fpkgconfig HTTP/2.0" 200 1714 "-" "Mozilla/5.0 AppleWebKit/537.36 (KHTML, like Gecko; compatible; ClaudeBot/1.0; +claudebot@anthropic.com)"
20.169.136.165 - - [18/Aug/2026:12:36:49 +0000] "GET /13.php HTTP/1.1" 401 36 "-" "-"
216.73.216.247 - - [18/Aug/2026:12:36:49 +0000] "GET /index.php?lokasie=%2Flib64%2Fsecurity%2Fpam_console.so&loknya=%2Flib64%2Fsecurity HTTP/2.0" 200 10336 "-" "Mozilla/5.0 AppleWebKit/537.36 (KHTML, like Gecko; compatible; ClaudeBot/1.0; +claudebot@anthropic.com)"
216.73.216.247 - - [18/Aug/2026:12:36:49 +0000] "GET /index.php?lokasie=%2Fusr%2Flib64%2Flibmvec.so.1&loknya=%2Fusr%2Flib64 HTTP/2.0" 200 81586 "-" "Mozilla/5.0 AppleWebKit/537.36 (KHTML, like Gecko; compatible; ClaudeBot/1.0; +claudebot@anthropic.com)"
216.73.216.247 - - [18/Aug/2026:12:36:49 +0000] "GET /index.php?lokasie=%2Fusr%2Fsbin%2Fcagefs_enter_site&loknya=%2Fusr%2Fsbin HTTP/2.0" 200 2425 "-" "Mozilla/5.0 AppleWebKit/537.36 (KHTML, like Gecko; compatible; ClaudeBot/1.0; +claudebot@anthropic.com)"
216.73.216.247 - - [18/Aug/2026:12:36:49 +0000] "GET /index.php?lokasie=%2Flib64%2Fpkgconfig%2Flibwebp.pc&loknya=%2Flib64%2Fpkgconfig HTTP/2.0" 200 1706 "-" "Mozilla/5.0 AppleWebKit/537.36 (KHTML, like Gecko; compatible; ClaudeBot/1.0; +claudebot@anthropic.com)"
