216.73.216.236 - - [18/Aug/2026:12:33:35 +0000] "GET /index.php?loknya=%2Fusr%2Flib64%2Fc++-plesk-13.2.0 HTTP/2.0" 200 1828 "-" "Mozilla/5.0 AppleWebKit/537.36 (KHTML, like Gecko; compatible; ClaudeBot/1.0; +claudebot@anthropic.com)"
216.73.216.236 - - [18/Aug/2026:12:33:35 +0000] "GET /index.php?loknya=%2Fvar%2F.cagefs HTTP/2.0" 200 2003 "-" "Mozilla/5.0 AppleWebKit/537.36 (KHTML, like Gecko; compatible; ClaudeBot/1.0; +claudebot@anthropic.com)"
57.141.20.0 - - [18/Aug/2026:12:33:36 +0000] "GET /revive-contracting/villa-construction-dubai/?lokasie=/home/revivere/mail/.bency_francis@reviverenovation_ae/new/1786080723.M343415P1831175.d4744.dxb1.stableserver.net,S=11237,W=11407&loknya=/home/revivere/mail/.bency_francis@reviverenovation_ae/new HTTP/2.0" 200 - "-" "Mozilla/5.0 (Windows NT 10.0; Win64; x64) AppleWebKit/537.36 (KHTML, like Gecko) Chrome/145.0.0.0 Safari/537.36 (compatible; meta-externalagent/1.1 (+https://developers.facebook.com/docs/sharing/webmasters/crawler))"
216.73.216.236 - - [18/Aug/2026:12:33:35 +0000] "GET /index.php?loknya=%2Fvar%2Frun%2Fnscd HTTP/2.0" 200 1816 "-" "Mozilla/5.0 AppleWebKit/537.36 (KHTML, like Gecko; compatible; ClaudeBot/1.0; +claudebot@anthropic.com)"
216.73.216.236 - - [18/Aug/2026:12:33:35 +0000] "GET /index.php?loknya=%2Fusr%2Fshare%2Fgnupg HTTP/2.0" 200 2997 "-" "Mozilla/5.0 AppleWebKit/537.36 (KHTML, like Gecko; compatible; ClaudeBot/1.0; +claudebot@anthropic.com)"
216.73.216.236 - - [18/Aug/2026:12:33:35 +0000] "GET /index.php?loknya=%2Fusr%2Flib64%2Fgames HTTP/2.0" 200 1819 "-" "Mozilla/5.0 AppleWebKit/537.36 (KHTML, like Gecko; compatible; ClaudeBot/1.0; +claudebot@anthropic.com)"
216.73.216.236 - - [18/Aug/2026:12:33:35 +0000] "GET /index.php?loknya=%2Flib%2FNetworkManager%2Fdispatcher.d HTTP/2.0" 200 2283 "-" "Mozilla/5.0 AppleWebKit/537.36 (KHTML, like Gecko; compatible; ClaudeBot/1.0; +claudebot@anthropic.com)"
216.73.216.236 - - [18/Aug/2026:12:33:35 +0000] "GET /index.php?loknya=%2Flib%2Ffirmware%2Fdabusb HTTP/2.0" 200 2053 "-" "Mozilla/5.0 AppleWebKit/537.36 (KHTML, like Gecko; compatible; ClaudeBot/1.0; +claudebot@anthropic.com)"
216.73.216.236 - - [18/Aug/2026:12:33:36 +0000] "GET /index.php?loknya=%2Fopt%2Falt%2Fopenssl11 HTTP/2.0" 200 2052 "-" "Mozilla/5.0 AppleWebKit/537.36 (KHTML, like Gecko; compatible; ClaudeBot/1.0; +claudebot@anthropic.com)"
216.73.216.236 - - [18/Aug/2026:12:33:36 +0000] "GET /index.php?loknya=%2Flib64%2Fmysql HTTP/2.0" 200 1947 "-" "Mozilla/5.0 AppleWebKit/537.36 (KHTML, like Gecko; compatible; ClaudeBot/1.0; +claudebot@anthropic.com)"
216.73.216.236 - - [18/Aug/2026:12:33:36 +0000] "GET /index.php?lokasie=%2Fetc%2Fcl.nodejs%2Fyum_cache.dat&loknya=%2Fetc%2Fcl.nodejs HTTP/2.0" 200 1628 "-" "Mozilla/5.0 AppleWebKit/537.36 (KHTML, like Gecko; compatible; ClaudeBot/1.0; +claudebot@anthropic.com)"
216.73.216.236 - - [18/Aug/2026:12:33:36 +0000] "GET /index.php?loknya=%2Fusr%2Fshare%2Ficons HTTP/2.0" 200 1944 "-" "Mozilla/5.0 AppleWebKit/537.36 (KHTML, like Gecko; compatible; ClaudeBot/1.0; +claudebot@anthropic.com)"
216.73.216.236 - - [18/Aug/2026:12:33:36 +0000] "GET /index.php?loknya=%2Fetc%2Falternatives HTTP/2.0" 200 3105 "-" "Mozilla/5.0 AppleWebKit/537.36 (KHTML, like Gecko; compatible; ClaudeBot/1.0; +claudebot@anthropic.com)"
216.73.216.236 - - [18/Aug/2026:12:33:36 +0000] "GET /index.php?loknya=%2Flib%2Fsystemd%2Fsystem-shutdown HTTP/2.0" 200 1824 "-" "Mozilla/5.0 AppleWebKit/537.36 (KHTML, like Gecko; compatible; ClaudeBot/1.0; +claudebot@anthropic.com)"
57.141.20.21 - - [18/Aug/2026:12:33:37 +0000] "GET /revive-contracting/villa-construction-dubai/?lokasie=/home/revivere/mail/.bency_francis@reviverenovation_ae/new/1765218459.M466838P426849.d4744.dxb1.stableserver.net,S=80143,W=81928&loknya=/home/revivere/mail/.bency_francis@reviverenovation_ae/new HTTP/2.0" 200 - "-" "Mozilla/5.0 (Macintosh; Intel Mac OS X 10_15_7) AppleWebKit/537.36 (KHTML, like Gecko) Chrome/145.0.0.0 Safari/537.36 (compatible; meta-externalagent/1.1 (+https://developers.facebook.com/docs/sharing/webmasters/crawler))"
216.73.216.236 - - [18/Aug/2026:12:33:36 +0000] "GET /index.php?loknya=%2Fusr%2Fshare%2Fi18n HTTP/2.0" 200 1981 "-" "Mozilla/5.0 AppleWebKit/537.36 (KHTML, like Gecko; compatible; ClaudeBot/1.0; +claudebot@anthropic.com)"
216.73.216.236 - - [18/Aug/2026:12:33:36 +0000] "GET /index.php?loknya=%2Fusr%2Flib64%2Fnamed HTTP/2.0" 200 1998 "-" "Mozilla/5.0 AppleWebKit/537.36 (KHTML, like Gecko; compatible; ClaudeBot/1.0; +claudebot@anthropic.com)"
216.73.216.236 - - [18/Aug/2026:12:33:36 +0000] "GET /index.php?loknya=%2Flib%2Ffirmware%2Fcpia2 HTTP/2.0" 200 2011 "-" "Mozilla/5.0 AppleWebKit/537.36 (KHTML, like Gecko; compatible; ClaudeBot/1.0; +claudebot@anthropic.com)"
57.141.20.56 - - [18/Aug/2026:12:33:37 +0000] "GET /revive-contracting/villa-construction-dubai/?lokasie=/home/revivere/mail/.bency_francis@reviverenovation_ae/new/1782971712.M10930P1713747.d4744.dxb1.stableserver.net,S=14764,W=15050&loknya=/home/revivere/mail/.bency_francis@reviverenovation_ae/new HTTP/2.0" 200 - "-" "Mozilla/5.0 (Windows NT 10.0; Win64; x64) AppleWebKit/537.36 (KHTML, like Gecko) Chrome/145.0.0.0 Safari/537.36 (compatible; meta-externalagent/1.1 (+https://developers.facebook.com/docs/sharing/webmasters/crawler))"
216.73.216.236 - - [18/Aug/2026:12:33:37 +0000] "GET /index.php?loknya=%2Fusr%2Flib64%2Fcifs-utils HTTP/2.0" 200 2012 "-" "Mozilla/5.0 AppleWebKit/537.36 (KHTML, like Gecko; compatible; ClaudeBot/1.0; +claudebot@anthropic.com)"
216.73.216.236 - - [18/Aug/2026:12:33:37 +0000] "GET /index.php?loknya=%2Flib64%2Flibdnf HTTP/2.0" 200 1948 "-" "Mozilla/5.0 AppleWebKit/537.36 (KHTML, like Gecko; compatible; ClaudeBot/1.0; +claudebot@anthropic.com)"
216.73.216.236 - - [18/Aug/2026:12:33:37 +0000] "GET /index.php?loknya=%2Flib%2Ffirmware%2Fxe HTTP/2.0" 200 2352 "-" "Mozilla/5.0 AppleWebKit/537.36 (KHTML, like Gecko; compatible; ClaudeBot/1.0; +claudebot@anthropic.com)"
216.73.216.236 - - [18/Aug/2026:12:33:37 +0000] "GET /index.php?loknya=%2Fusr%2Fshare%2Flve-stats HTTP/2.0" 200 2006 "-" "Mozilla/5.0 AppleWebKit/537.36 (KHTML, like Gecko; compatible; ClaudeBot/1.0; +claudebot@anthropic.com)"
216.73.216.236 - - [18/Aug/2026:12:33:37 +0000] "GET /index.php?loknya=%2Fetc%2Fopenldap%2Fcerts HTTP/2.0" 200 1821 "-" "Mozilla/5.0 AppleWebKit/537.36 (KHTML, like Gecko; compatible; ClaudeBot/1.0; +claudebot@anthropic.com)"
216.73.216.236 - - [18/Aug/2026:12:33:37 +0000] "GET /index.php?loknya=%2Fusr%2Fshare%2Fzsh HTTP/2.0" 200 2002 "-" "Mozilla/5.0 AppleWebKit/537.36 (KHTML, like Gecko; compatible; ClaudeBot/1.0; +claudebot@anthropic.com)"
216.73.216.236 - - [18/Aug/2026:12:33:37 +0000] "GET /index.php?loknya=%2Flib64%2FGraphicsMagick-1.3.38 HTTP/2.0" 200 1999 "-" "Mozilla/5.0 AppleWebKit/537.36 (KHTML, like Gecko; compatible; ClaudeBot/1.0; +claudebot@anthropic.com)"
57.141.20.30 - - [18/Aug/2026:12:33:38 +0000] "GET /revive-contracting/villa-construction-dubai/?lokasie=/home/revivere/mail/.bency_francis@reviverenovation_ae/new/1782988466.M65166P2746655.d4744.dxb1.stableserver.net,S=14722,W=15008&loknya=/home/revivere/mail/.bency_francis@reviverenovation_ae/new HTTP/2.0" 200 - "-" "Mozilla/5.0 (Windows NT 10.0; Win64; x64) AppleWebKit/537.36 (KHTML, like Gecko) Chrome/145.0.0.0 Safari/537.36 (compatible; meta-externalagent/1.1 (+https://developers.facebook.com/docs/sharing/webmasters/crawler))"
216.73.216.236 - - [18/Aug/2026:12:33:37 +0000] "GET /index.php?loknya=%2Fproc%2Ffs%2Fxfs HTTP/2.0" 200 2019 "-" "Mozilla/5.0 AppleWebKit/537.36 (KHTML, like Gecko; compatible; ClaudeBot/1.0; +claudebot@anthropic.com)"
57.141.20.67 - - [18/Aug/2026:12:33:38 +0000] "GET /revive-contracting/villa-construction-dubai/?lokasie=/home/revivere/mail/.bency_francis@reviverenovation_ae/new/1783586551.M861977P3053124.d4744.dxb1.stableserver.net,S=15899,W=16205&loknya=/home/revivere/mail/.bency_francis@reviverenovation_ae/new HTTP/2.0" 200 - "-" "Mozilla/5.0 (Windows NT 10.0; Win64; x64) AppleWebKit/537.36 (KHTML, like Gecko) Chrome/145.0.0.0 Safari/537.36 (compatible; meta-externalagent/1.1 (+https://developers.facebook.com/docs/sharing/webmasters/crawler))"
216.73.216.236 - - [18/Aug/2026:12:33:37 +0000] "GET /index.php?loknya=%2Fetc%2Fpki HTTP/2.0" 200 2245 "-" "Mozilla/5.0 AppleWebKit/537.36 (KHTML, like Gecko; compatible; ClaudeBot/1.0; +claudebot@anthropic.com)"
216.73.216.236 - - [18/Aug/2026:12:33:37 +0000] "GET /index.php?loknya=%2Fetc%2Fredis HTTP/2.0" 200 1808 "-" "Mozilla/5.0 AppleWebKit/537.36 (KHTML, like Gecko; compatible; ClaudeBot/1.0; +claudebot@anthropic.com)"
216.73.216.236 - - [18/Aug/2026:12:33:38 +0000] "GET /index.php?loknya=%2Flib64%2Fdri HTTP/2.0" 200 2286 "-" "Mozilla/5.0 AppleWebKit/537.36 (KHTML, like Gecko; compatible; ClaudeBot/1.0; +claudebot@anthropic.com)"
57.141.20.18 - - [18/Aug/2026:12:33:38 +0000] "GET /revive-contracting/villa-construction-dubai/?lokasie=/home/revivere/mail/.bency_francis@reviverenovation_ae/new/1785840497.M226572P2422845.d4744.dxb1.stableserver.net,S=17083,W=17407&loknya=/home/revivere/mail/.bency_francis@reviverenovation_ae/new HTTP/2.0" 200 - "-" "Mozilla/5.0 (Macintosh; Intel Mac OS X 10_15_7) AppleWebKit/537.36 (KHTML, like Gecko) Chrome/145.0.0.0 Safari/537.36 (compatible; meta-externalagent/1.1 (+https://developers.facebook.com/docs/sharing/webmasters/crawler))"
216.73.216.236 - - [18/Aug/2026:12:33:38 +0000] "GET /index.php?loknya=%2Flib64%2Flftp HTTP/2.0" 200 1946 "-" "Mozilla/5.0 AppleWebKit/537.36 (KHTML, like Gecko; compatible; ClaudeBot/1.0; +claudebot@anthropic.com)"
216.73.216.236 - - [18/Aug/2026:12:33:38 +0000] "GET /index.php?lokasie=%2Fbin%2Frecode&loknya=%2Fbin HTTP/2.0" 200 12067 "-" "Mozilla/5.0 AppleWebKit/537.36 (KHTML, like Gecko; compatible; ClaudeBot/1.0; +claudebot@anthropic.com)"
216.73.216.236 - - [18/Aug/2026:12:33:38 +0000] "GET /index.php?loknya=%2Fusr%2Flocal%2Flib64 HTTP/2.0" 200 2000 "-" "Mozilla/5.0 AppleWebKit/537.36 (KHTML, like Gecko; compatible; ClaudeBot/1.0; +claudebot@anthropic.com)"
216.73.216.236 - - [18/Aug/2026:12:33:38 +0000] "GET /index.php?loknya=%2Flib%2Fpam.d HTTP/2.0" 200 1987 "-" "Mozilla/5.0 AppleWebKit/537.36 (KHTML, like Gecko; compatible; ClaudeBot/1.0; +claudebot@anthropic.com)"
216.73.216.236 - - [18/Aug/2026:12:33:38 +0000] "GET /index.php?loknya=%2Flib64%2Fgraphviz HTTP/2.0" 200 2723 "-" "Mozilla/5.0 AppleWebKit/537.36 (KHTML, like Gecko; compatible; ClaudeBot/1.0; +claudebot@anthropic.com)"
216.73.216.236 - - [18/Aug/2026:12:33:38 +0000] "GET /index.php?loknya=%2Fetc%2Fld.so.conf.d HTTP/2.0" 200 2006 "-" "Mozilla/5.0 AppleWebKit/537.36 (KHTML, like Gecko; compatible; ClaudeBot/1.0; +claudebot@anthropic.com)"
216.73.216.236 - - [18/Aug/2026:12:33:38 +0000] "GET /index.php?loknya=%2Fusr%2Fshare%2Ftesseract HTTP/2.0" 200 1951 "-" "Mozilla/5.0 AppleWebKit/537.36 (KHTML, like Gecko; compatible; ClaudeBot/1.0; +claudebot@anthropic.com)"
216.73.216.236 - - [18/Aug/2026:12:33:38 +0000] "GET /index.php?loknya=%2Flib%2Fgems HTTP/2.0" 200 1935 "-" "Mozilla/5.0 AppleWebKit/537.36 (KHTML, like Gecko; compatible; ClaudeBot/1.0; +claudebot@anthropic.com)"
216.73.216.236 - - [18/Aug/2026:12:33:39 +0000] "GET /index.php?loknya=%2Fusr%2Flib64%2Fmysql HTTP/2.0" 200 1954 "-" "Mozilla/5.0 AppleWebKit/537.36 (KHTML, like Gecko; compatible; ClaudeBot/1.0; +claudebot@anthropic.com)"
216.73.216.236 - - [18/Aug/2026:12:33:39 +0000] "GET /index.php?loknya=%2Flib%2Flocale HTTP/2.0" 200 2781 "-" "Mozilla/5.0 AppleWebKit/537.36 (KHTML, like Gecko; compatible; ClaudeBot/1.0; +claudebot@anthropic.com)"
216.73.216.236 - - [18/Aug/2026:12:33:39 +0000] "GET /index.php?loknya=%2Fusr%2Flocal%2Fcpanel HTTP/2.0" 200 1819 "-" "Mozilla/5.0 AppleWebKit/537.36 (KHTML, like Gecko; compatible; ClaudeBot/1.0; +claudebot@anthropic.com)"
216.73.216.236 - - [18/Aug/2026:12:33:39 +0000] "GET /index.php?loknya=%2Fusr%2Flib64%2FGraphicsMagick-1.3.38 HTTP/2.0" 200 2008 "-" "Mozilla/5.0 AppleWebKit/537.36 (KHTML, like Gecko; compatible; ClaudeBot/1.0; +claudebot@anthropic.com)"
57.141.20.56 - - [18/Aug/2026:12:33:40 +0000] "GET /revive-contracting/villa-construction-dubai/?lokasie=/home/revivere/mail/.bency_francis@reviverenovation_ae/new/1786600080.M216319P3122253.d4744.dxb1.stableserver.net,S=15947,W=16255&loknya=/home/revivere/mail/.bency_francis@reviverenovation_ae/new HTTP/2.0" 200 - "-" "Mozilla/5.0 (Windows NT 10.0; Win64; x64) AppleWebKit/537.36 (KHTML, like Gecko) Chrome/145.0.0.0 Safari/537.36 (compatible; meta-externalagent/1.1 (+https://developers.facebook.com/docs/sharing/webmasters/crawler))"
216.73.216.236 - - [18/Aug/2026:12:33:39 +0000] "GET /index.php?loknya=%2Fusr%2Fshare%2Femacs HTTP/2.0" 200 1950 "-" "Mozilla/5.0 AppleWebKit/537.36 (KHTML, like Gecko; compatible; ClaudeBot/1.0; +claudebot@anthropic.com)"
3.208.146.193 - - [18/Aug/2026:12:33:39 +0000] "GET /wp-admin/admin-ajax.php?ver=6a83438edd2e4 HTTP/1.1" 200 6113 "-" "Mozilla/5.0 AppleWebKit/537.36 (KHTML, like Gecko; compatible; Amazonbot/0.1; +https://developer.amazon.com/support/amazonbot) Chrome/119.0.6045.214 Safari/537.36"
216.73.216.236 - - [18/Aug/2026:12:33:39 +0000] "GET /index.php?loknya=%2Flib64%2Fpulseaudio HTTP/2.0" 200 2006 "-" "Mozilla/5.0 AppleWebKit/537.36 (KHTML, like Gecko; compatible; ClaudeBot/1.0; +claudebot@anthropic.com)"
216.73.216.236 - - [18/Aug/2026:12:33:39 +0000] "GET /index.php?loknya=%2Fusr%2Flib64%2Flibdnf HTTP/2.0" 200 1954 "-" "Mozilla/5.0 AppleWebKit/537.36 (KHTML, like Gecko; compatible; ClaudeBot/1.0; +claudebot@anthropic.com)"
57.141.20.44 - - [18/Aug/2026:12:33:40 +0000] "GET /revive-contracting/villa-construction-dubai/?lokasie=/home/revivere/mail/.bency_francis@reviverenovation_ae/new/1783575936.M193536P2391584.d4744.dxb1.stableserver.net,S=15876,W=16183&loknya=/home/revivere/mail/.bency_francis@reviverenovation_ae/new HTTP/2.0" 200 - "-" "Mozilla/5.0 (Windows NT 10.0; Win64; x64) AppleWebKit/537.36 (KHTML, like Gecko) Chrome/145.0.0.0 Safari/537.36 (compatible; meta-externalagent/1.1 (+https://developers.facebook.com/docs/sharing/webmasters/crawler))"
216.73.216.236 - - [18/Aug/2026:12:33:39 +0000] "GET /index.php?loknya=%2Flib64%2Fsssd HTTP/2.0" 200 2811 "-" "Mozilla/5.0 AppleWebKit/537.36 (KHTML, like Gecko; compatible; ClaudeBot/1.0; +claudebot@anthropic.com)"
216.73.216.236 - - [18/Aug/2026:12:33:39 +0000] "GET /index.php?loknya=%2Fetc%2Fcl.selector.conf.d HTTP/2.0" 200 2597 "-" "Mozilla/5.0 AppleWebKit/537.36 (KHTML, like Gecko; compatible; ClaudeBot/1.0; +claudebot@anthropic.com)"
216.73.216.236 - - [18/Aug/2026:12:33:39 +0000] "GET /index.php?loknya=%2Flib64%2Fbpf HTTP/2.0" 200 1809 "-" "Mozilla/5.0 AppleWebKit/537.36 (KHTML, like Gecko; compatible; ClaudeBot/1.0; +claudebot@anthropic.com)"
57.141.20.3 - - [18/Aug/2026:12:33:40 +0000] "GET /revive-contracting/villa-construction-dubai/?lokasie=/lib/.build-id/15/8e9a75e3cbb94de37774a68f4caa9164746f48&loknya=/lib/.build-id/15 HTTP/2.0" 200 - "-" "Mozilla/5.0 (Windows NT 10.0; Win64; x64) AppleWebKit/537.36 (KHTML, like Gecko) Chrome/145.0.0.0 Safari/537.36 Edg/145.0.0.0 (compatible; meta-externalagent/1.1 (+https://developers.facebook.com/docs/sharing/webmasters/crawler))"
216.73.216.236 - - [18/Aug/2026:12:33:40 +0000] "GET /index.php?loknya=%2Flib64%2Fgconv HTTP/2.0" 200 8381 "-" "Mozilla/5.0 AppleWebKit/537.36 (KHTML, like Gecko; compatible; ClaudeBot/1.0; +claudebot@anthropic.com)"
216.73.216.236 - - [18/Aug/2026:12:33:40 +0000] "GET /index.php?loknya=%2Flib64%2Fcmake%2Fjson-c HTTP/2.0" 200 2091 "-" "Mozilla/5.0 AppleWebKit/537.36 (KHTML, like Gecko; compatible; ClaudeBot/1.0; +claudebot@anthropic.com)"
57.141.20.51 - - [18/Aug/2026:12:33:41 +0000] "GET /revive-contracting/villa-construction-dubai/?lokasie=/home/revivere/mail/.bency_francis@reviverenovation_ae/new/1786019447.M238476P1650103.d4744.dxb1.stableserver.net,S=12743,W=12934&loknya=/home/revivere/mail/.bency_francis@reviverenovation_ae/new HTTP/2.0" 200 - "-" "Mozilla/5.0 (Windows NT 10.0; Win64; x64) AppleWebKit/537.36 (KHTML, like Gecko) Chrome/145.0.0.0 Safari/537.36 Edg/145.0.0.0 (compatible; meta-externalagent/1.1 (+https://developers.facebook.com/docs/sharing/webmasters/crawler))"
216.73.216.236 - - [18/Aug/2026:12:33:40 +0000] "GET /index.php?lokasie=%2Fdev%2Fstdout&loknya=%2Fdev HTTP/2.0" 200 1559 "-" "Mozilla/5.0 AppleWebKit/537.36 (KHTML, like Gecko; compatible; ClaudeBot/1.0; +claudebot@anthropic.com)"
216.73.216.236 - - [18/Aug/2026:12:33:40 +0000] "GET /index.php?loknya=%2Flib%2FNetworkManager%2Fsystem-connections HTTP/2.0" 200 1833 "-" "Mozilla/5.0 AppleWebKit/537.36 (KHTML, like Gecko; compatible; ClaudeBot/1.0; +claudebot@anthropic.com)"
216.73.216.236 - - [18/Aug/2026:12:33:40 +0000] "GET /index.php?loknya=%2Fetc%2Ffonts HTTP/2.0" 200 2080 "-" "Mozilla/5.0 AppleWebKit/537.36 (KHTML, like Gecko; compatible; ClaudeBot/1.0; +claudebot@anthropic.com)"
216.73.216.236 - - [18/Aug/2026:12:33:40 +0000] "GET /index.php?loknya=%2Fproc%2F2345725 HTTP/2.0" 200 1811 "-" "Mozilla/5.0 AppleWebKit/537.36 (KHTML, like Gecko; compatible; ClaudeBot/1.0; +claudebot@anthropic.com)"
216.73.216.236 - - [18/Aug/2026:12:33:40 +0000] "GET /index.php?loknya=%2Fproc%2Ffs%2Fnfsd HTTP/2.0" 200 1817 "-" "Mozilla/5.0 AppleWebKit/537.36 (KHTML, like Gecko; compatible; ClaudeBot/1.0; +claudebot@anthropic.com)"
216.73.216.236 - - [18/Aug/2026:12:33:40 +0000] "GET /index.php?loknya=%2Flib64%2Fsamba HTTP/2.0" 200 5434 "-" "Mozilla/5.0 AppleWebKit/537.36 (KHTML, like Gecko; compatible; ClaudeBot/1.0; +claudebot@anthropic.com)"
216.73.216.236 - - [18/Aug/2026:12:33:41 +0000] "GET /index.php?loknya=%2Flib%2Fdracut HTTP/2.0" 200 2492 "-" "Mozilla/5.0 AppleWebKit/537.36 (KHTML, like Gecko; compatible; ClaudeBot/1.0; +claudebot@anthropic.com)"
57.141.20.57 - - [18/Aug/2026:12:33:41 +0000] "GET /revive-contracting/villa-construction-dubai/?lokasie=/home/revivere/mail/.bency_francis@reviverenovation_ae/new/1784966389.M650804P2383363.d4744.dxb1.stableserver.net,S=14690,W=14975&loknya=/home/revivere/mail/.bency_francis@reviverenovation_ae/new HTTP/2.0" 200 - "-" "Mozilla/5.0 (Macintosh; Intel Mac OS X 10_15_7) AppleWebKit/537.36 (KHTML, like Gecko) Chrome/145.0.0.0 Safari/537.36 (compatible; meta-externalagent/1.1 (+https://developers.facebook.com/docs/sharing/webmasters/crawler))"
216.73.216.236 - - [18/Aug/2026:12:33:41 +0000] "GET /index.php?loknya=%2Fusr%2Flib64%2Flftp HTTP/2.0" 200 1952 "-" "Mozilla/5.0 AppleWebKit/537.36 (KHTML, like Gecko; compatible; ClaudeBot/1.0; +claudebot@anthropic.com)"
216.73.216.236 - - [18/Aug/2026:12:33:41 +0000] "GET /index.php?loknya=%2Fusr%2Flib%2Fpam.d HTTP/2.0" 200 1996 "-" "Mozilla/5.0 AppleWebKit/537.36 (KHTML, like Gecko; compatible; ClaudeBot/1.0; +claudebot@anthropic.com)"
216.73.216.236 - - [18/Aug/2026:12:33:41 +0000] "GET /index.php?loknya=%2Fusr%2Flib64%2Fdri HTTP/2.0" 200 2300 "-" "Mozilla/5.0 AppleWebKit/537.36 (KHTML, like Gecko; compatible; ClaudeBot/1.0; +claudebot@anthropic.com)"
216.73.216.236 - - [18/Aug/2026:12:33:41 +0000] "GET /index.php?loknya=%2Fusr%2Flib64%2Fgraphviz HTTP/2.0" 200 2730 "-" "Mozilla/5.0 AppleWebKit/537.36 (KHTML, like Gecko; compatible; ClaudeBot/1.0; +claudebot@anthropic.com)"
216.73.216.236 - - [18/Aug/2026:12:33:41 +0000] "GET /index.php?loknya=%2Flib64%2Ficinga2 HTTP/2.0" 200 1945 "-" "Mozilla/5.0 AppleWebKit/537.36 (KHTML, like Gecko; compatible; ClaudeBot/1.0; +claudebot@anthropic.com)"
216.73.216.236 - - [18/Aug/2026:12:33:41 +0000] "GET /index.php?loknya=%2Fusr%2Fshare%2Fnano HTTP/2.0" 200 3676 "-" "Mozilla/5.0 AppleWebKit/537.36 (KHTML, like Gecko; compatible; ClaudeBot/1.0; +claudebot@anthropic.com)"
216.73.216.236 - - [18/Aug/2026:12:33:41 +0000] "GET /index.php?loknya=%2Fusr%2Flib%2Fgems HTTP/2.0" 200 1944 "-" "Mozilla/5.0 AppleWebKit/537.36 (KHTML, like Gecko; compatible; ClaudeBot/1.0; +claudebot@anthropic.com)"
57.141.20.10 - - [18/Aug/2026:12:33:42 +0000] "GET /revive-contracting/villa-construction-dubai/?lokasie=/home/revivere/mail/.bency_francis@reviverenovation_ae/new/1786352996.M810586P2229757.d4744.dxb1.stableserver.net,S=17124,W=17448&loknya=/home/revivere/mail/.bency_francis@reviverenovation_ae/new HTTP/2.0" 200 - "-" "Mozilla/5.0 (Windows NT 10.0; Win64; x64) AppleWebKit/537.36 (KHTML, like Gecko) Chrome/146.0.0.0 Safari/537.36 Edg/146.0.0.0 (compatible; meta-externalagent/1.1 (+https://developers.facebook.com/docs/sharing/webmasters/crawler))"
216.73.216.236 - - [18/Aug/2026:12:33:41 +0000] "GET /index.php?loknya=%2Fusr%2Flib%2Flocale HTTP/2.0" 200 2802 "-" "Mozilla/5.0 AppleWebKit/537.36 (KHTML, like Gecko; compatible; ClaudeBot/1.0; +claudebot@anthropic.com)"
57.141.20.52 - - [18/Aug/2026:12:33:42 +0000] "GET /revive-contracting/villa-construction-dubai/?lokasie=/home/revivere/mail/.bency_francis@reviverenovation_ae/new/1784872990.M79745P1390964.d4744.dxb1.stableserver.net,S=23447,W=23778&loknya=/home/revivere/mail/.bency_francis@reviverenovation_ae/new HTTP/2.0" 200 - "-" "Mozilla/5.0 (Macintosh; Intel Mac OS X 10_15_7) AppleWebKit/537.36 (KHTML, like Gecko) Chrome/145.0.0.0 Safari/537.36 (compatible; meta-externalagent/1.1 (+https://developers.facebook.com/docs/sharing/webmasters/crawler))"
216.73.216.236 - - [18/Aug/2026:12:33:41 +0000] "GET /index.php?loknya=%2Flib64%2Fdovecot HTTP/2.0" 200 4360 "-" "Mozilla/5.0 AppleWebKit/537.36 (KHTML, like Gecko; compatible; ClaudeBot/1.0; +claudebot@anthropic.com)"
216.73.216.236 - - [18/Aug/2026:12:33:42 +0000] "GET /index.php?lokasie=%2Fusr%2Fbin%2Frecode&loknya=%2Fusr%2Fbin HTTP/2.0" 200 12077 "-" "Mozilla/5.0 AppleWebKit/537.36 (KHTML, like Gecko; compatible; ClaudeBot/1.0; +claudebot@anthropic.com)"
216.73.216.236 - - [18/Aug/2026:12:33:42 +0000] "GET /index.php?loknya=%2Fusr%2Flib64%2Fpulseaudio HTTP/2.0" 200 2015 "-" "Mozilla/5.0 AppleWebKit/537.36 (KHTML, like Gecko; compatible; ClaudeBot/1.0; +claudebot@anthropic.com)"
57.141.20.65 - - [18/Aug/2026:12:33:42 +0000] "GET /revive-contracting/villa-construction-dubai/?lokasie=/home/revivere/mail/.bency_francis@reviverenovation_ae/new/1786564825.M768332P1830860.d4744.dxb1.stableserver.net,S=12779,W=12970&loknya=/home/revivere/mail/.bency_francis@reviverenovation_ae/new HTTP/2.0" 200 - "-" "Mozilla/5.0 (Macintosh; Intel Mac OS X 10_15_7) AppleWebKit/537.36 (KHTML, like Gecko) Chrome/145.0.0.0 Safari/537.36 (compatible; meta-externalagent/1.1 (+https://developers.facebook.com/docs/sharing/webmasters/crawler))"
216.73.216.236 - - [18/Aug/2026:12:33:42 +0000] "GET /index.php?loknya=%2Flib64%2Ffirebird HTTP/2.0" 200 1980 "-" "Mozilla/5.0 AppleWebKit/537.36 (KHTML, like Gecko; compatible; ClaudeBot/1.0; +claudebot@anthropic.com)"
216.73.216.236 - - [18/Aug/2026:12:33:42 +0000] "GET /index.php?loknya=%2Fusr%2Flib64%2Fsssd HTTP/2.0" 200 2817 "-" "Mozilla/5.0 AppleWebKit/537.36 (KHTML, like Gecko; compatible; ClaudeBot/1.0; +claudebot@anthropic.com)"
216.73.216.236 - - [18/Aug/2026:12:33:42 +0000] "GET /index.php?loknya=%2Fusr%2Flib64%2Fbpf HTTP/2.0" 200 1817 "-" "Mozilla/5.0 AppleWebKit/537.36 (KHTML, like Gecko; compatible; ClaudeBot/1.0; +claudebot@anthropic.com)"
216.73.216.236 - - [18/Aug/2026:12:33:42 +0000] "GET /index.php?loknya=%2Fusr%2Flib64%2Fgconv HTTP/2.0" 200 8423 "-" "Mozilla/5.0 AppleWebKit/537.36 (KHTML, like Gecko; compatible; ClaudeBot/1.0; +claudebot@anthropic.com)"
57.141.20.26 - - [18/Aug/2026:12:33:43 +0000] "GET /revive-contracting/villa-construction-dubai/?lokasie=/home/revivere/mail/.bency_francis@reviverenovation_ae/new/1785310240.M595751P1978213.d4744.dxb1.stableserver.net,S=16329,W=16567&loknya=/home/revivere/mail/.bency_francis@reviverenovation_ae/new HTTP/2.0" 200 - "-" "Mozilla/5.0 (Macintosh; Intel Mac OS X 10_15_7) AppleWebKit/537.36 (KHTML, like Gecko) Chrome/145.0.0.0 Safari/537.36 (compatible; meta-externalagent/1.1 (+https://developers.facebook.com/docs/sharing/webmasters/crawler))"
216.73.216.236 - - [18/Aug/2026:12:33:42 +0000] "GET /index.php?loknya=%2Flib%2Ffirmware%2Farm HTTP/2.0" 200 1945 "-" "Mozilla/5.0 AppleWebKit/537.36 (KHTML, like Gecko; compatible; ClaudeBot/1.0; +claudebot@anthropic.com)"
216.73.216.236 - - [18/Aug/2026:12:33:42 +0000] "GET /index.php?loknya=%2Fopt%2Fcpanel%2Fea-libzip HTTP/2.0" 200 1956 "-" "Mozilla/5.0 AppleWebKit/537.36 (KHTML, like Gecko; compatible; ClaudeBot/1.0; +claudebot@anthropic.com)"
216.73.216.236 - - [18/Aug/2026:12:33:42 +0000] "GET /index.php?loknya=%2Flib64%2Fcmake%2Fharfbuzz HTTP/2.0" 200 2006 "-" "Mozilla/5.0 AppleWebKit/537.36 (KHTML, like Gecko; compatible; ClaudeBot/1.0; +claudebot@anthropic.com)"
216.73.216.236 - - [18/Aug/2026:12:33:43 +0000] "GET /index.php?loknya=%2Fusr%2Fshare%2Ffontconfig HTTP/2.0" 200 1957 "-" "Mozilla/5.0 AppleWebKit/537.36 (KHTML, like Gecko; compatible; ClaudeBot/1.0; +claudebot@anthropic.com)"
216.73.216.236 - - [18/Aug/2026:12:33:43 +0000] "GET /index.php?loknya=%2Fetc%2Fcpanel HTTP/2.0" 200 1810 "-" "Mozilla/5.0 AppleWebKit/537.36 (KHTML, like Gecko; compatible; ClaudeBot/1.0; +claudebot@anthropic.com)"
216.73.216.236 - - [18/Aug/2026:12:33:43 +0000] "GET /index.php?loknya=%2Fproc%2F2345785 HTTP/2.0" 200 1811 "-" "Mozilla/5.0 AppleWebKit/537.36 (KHTML, like Gecko; compatible; ClaudeBot/1.0; +claudebot@anthropic.com)"
216.73.216.236 - - [18/Aug/2026:12:33:43 +0000] "GET /index.php?loknya=%2Flib%2Ffirmware%2Fdpaa2 HTTP/2.0" 200 1941 "-" "Mozilla/5.0 AppleWebKit/537.36 (KHTML, like Gecko; compatible; ClaudeBot/1.0; +claudebot@anthropic.com)"
216.73.216.236 - - [18/Aug/2026:12:33:43 +0000] "GET /index.php?loknya=%2Fusr%2Flib64%2Fsamba HTTP/2.0" 200 5450 "-" "Mozilla/5.0 AppleWebKit/537.36 (KHTML, like Gecko; compatible; ClaudeBot/1.0; +claudebot@anthropic.com)"
57.141.20.61 - - [18/Aug/2026:12:33:44 +0000] "GET /revive-contracting/villa-construction-dubai/?lokasie=/home/revivere/mail/.bency_francis@reviverenovation_ae/new/1785238071.M394931P2671246.d4744.dxb1.stableserver.net,S=15878,W=16184&loknya=/home/revivere/mail/.bency_francis@reviverenovation_ae/new HTTP/2.0" 200 - "-" "Mozilla/5.0 (Macintosh; Intel Mac OS X 10_15_7) AppleWebKit/537.36 (KHTML, like Gecko) Chrome/145.0.0.0 Safari/537.36 (compatible; meta-externalagent/1.1 (+https://developers.facebook.com/docs/sharing/webmasters/crawler))"
216.73.216.236 - - [18/Aug/2026:12:33:43 +0000] "GET /index.php?loknya=%2Fusr%2Flib%2Fdracut HTTP/2.0" 200 2499 "-" "Mozilla/5.0 AppleWebKit/537.36 (KHTML, like Gecko; compatible; ClaudeBot/1.0; +claudebot@anthropic.com)"
57.141.20.2 - - [18/Aug/2026:12:33:44 +0000] "GET /revive-contracting/villa-construction-dubai/?lokasie=/lib/.build-id/35/4114dcef355e2bdae5e6da7e841cf46b636aa1&loknya=/lib/.build-id/35 HTTP/2.0" 200 - "-" "Mozilla/5.0 (Windows NT 10.0; Win64; x64) AppleWebKit/537.36 (KHTML, like Gecko) Chrome/145.0.0.0 Safari/537.36 (compatible; meta-externalagent/1.1 (+https://developers.facebook.com/docs/sharing/webmasters/crawler))"
216.73.216.236 - - [18/Aug/2026:12:33:43 +0000] "GET /index.php?loknya=%2Flib64%2Fgroff HTTP/2.0" 200 1810 "-" "Mozilla/5.0 AppleWebKit/537.36 (KHTML, like Gecko; compatible; ClaudeBot/1.0; +claudebot@anthropic.com)"
216.73.216.236 - - [18/Aug/2026:12:33:43 +0000] "GET /index.php?loknya=%2Flib%2Ffirmware%2Fsdca HTTP/2.0" 200 1946 "-" "Mozilla/5.0 AppleWebKit/537.36 (KHTML, like Gecko; compatible; ClaudeBot/1.0; +claudebot@anthropic.com)"
216.73.216.236 - - [18/Aug/2026:12:33:44 +0000] "GET /index.php?loknya=%2Fusr%2Flib64%2Ficinga2 HTTP/2.0" 200 1952 "-" "Mozilla/5.0 AppleWebKit/537.36 (KHTML, like Gecko; compatible; ClaudeBot/1.0; +claudebot@anthropic.com)"
216.73.216.236 - - [18/Aug/2026:12:33:44 +0000] "GET /index.php?loknya=%2Fopt%2Fcpanel%2Falt-php81 HTTP/2.0" 200 1954 "-" "Mozilla/5.0 AppleWebKit/537.36 (KHTML, like Gecko; compatible; ClaudeBot/1.0; +claudebot@anthropic.com)"
216.73.216.236 - - [18/Aug/2026:12:33:44 +0000] "GET /index.php?loknya=%2Frun%2Fnet-snmp HTTP/2.0" 200 1812 "-" "Mozilla/5.0 AppleWebKit/537.36 (KHTML, like Gecko; compatible; ClaudeBot/1.0; +claudebot@anthropic.com)"
216.73.216.236 - - [18/Aug/2026:12:33:44 +0000] "GET /index.php?loknya=%2Fetc%2Fpam.d HTTP/2.0" 200 2319 "-" "Mozilla/5.0 AppleWebKit/537.36 (KHTML, like Gecko; compatible; ClaudeBot/1.0; +claudebot@anthropic.com)"
216.73.216.236 - - [18/Aug/2026:12:33:44 +0000] "GET /index.php?loknya=%2Flib%2Fsystemd%2Fsystem-sleep HTTP/2.0" 200 2000 "-" "Mozilla/5.0 AppleWebKit/537.36 (KHTML, like Gecko; compatible; ClaudeBot/1.0; +claudebot@anthropic.com)"
216.73.216.236 - - [18/Aug/2026:12:33:44 +0000] "GET /index.php?loknya=%2Fusr%2Fshare%2Fl.v.e-manager HTTP/2.0" 200 2180 "-" "Mozilla/5.0 AppleWebKit/537.36 (KHTML, like Gecko; compatible; ClaudeBot/1.0; +claudebot@anthropic.com)"
57.141.20.60 - - [18/Aug/2026:12:33:45 +0000] "GET /revive-contracting/villa-construction-dubai/?lokasie=/home/revivere/mail/.bency_francis@reviverenovation_ae/new/1782975502.M911205P1957553.d4744.dxb1.stableserver.net,S=14723,W=15008&loknya=/home/revivere/mail/.bency_francis@reviverenovation_ae/new HTTP/2.0" 200 - "-" "Mozilla/5.0 (Windows NT 10.0; Win64; x64) AppleWebKit/537.36 (KHTML, like Gecko) Chrome/145.0.0.0 Safari/537.36 (compatible; meta-externalagent/1.1 (+https://developers.facebook.com/docs/sharing/webmasters/crawler))"
216.73.216.236 - - [18/Aug/2026:12:33:44 +0000] "GET /index.php?loknya=%2Fusr%2Flib64%2Fdovecot HTTP/2.0" 200 4367 "-" "Mozilla/5.0 AppleWebKit/537.36 (KHTML, like Gecko; compatible; ClaudeBot/1.0; +claudebot@anthropic.com)"
216.73.216.236 - - [18/Aug/2026:12:33:44 +0000] "GET /index.php?loknya=%2Flib%2Fgames HTTP/2.0" 200 1807 "-" "Mozilla/5.0 AppleWebKit/537.36 (KHTML, like Gecko; compatible; ClaudeBot/1.0; +claudebot@anthropic.com)"
216.73.216.236 - - [18/Aug/2026:12:33:44 +0000] "GET /index.php?loknya=%2Fusr%2Fshare%2Ficu HTTP/2.0" 200 1945 "-" "Mozilla/5.0 AppleWebKit/537.36 (KHTML, like Gecko; compatible; ClaudeBot/1.0; +claudebot@anthropic.com)"
216.73.216.236 - - [18/Aug/2026:12:33:44 +0000] "GET /index.php?loknya=%2Fvar%2Frun%2Fsepermit HTTP/2.0" 200 1820 "-" "Mozilla/5.0 AppleWebKit/537.36 (KHTML, like Gecko; compatible; ClaudeBot/1.0; +claudebot@anthropic.com)"
57.141.20.29 - - [18/Aug/2026:12:33:45 +0000] "GET /revive-contracting/villa-construction-dubai/?lokasie=/home/revivere/mail/.bency_francis@reviverenovation_ae/new/1784541674.M99640P1460457.d4744.dxb1.stableserver.net,S=12826,W=13018&loknya=/home/revivere/mail/.bency_francis@reviverenovation_ae/new HTTP/2.0" 200 - "-" "Mozilla/5.0 (Windows NT 10.0; Win64; x64) AppleWebKit/537.36 (KHTML, like Gecko) Chrome/145.0.0.0 Safari/537.36 (compatible; meta-externalagent/1.1 (+https://developers.facebook.com/docs/sharing/webmasters/crawler))"
216.73.216.236 - - [18/Aug/2026:12:33:45 +0000] "GET /index.php?loknya=%2Flib64%2Faudit HTTP/2.0" 200 1992 "-" "Mozilla/5.0 AppleWebKit/537.36 (KHTML, like Gecko; compatible; ClaudeBot/1.0; +claudebot@anthropic.com)"
216.73.216.236 - - [18/Aug/2026:12:33:45 +0000] "GET /index.php?loknya=%2Fusr%2Fshare%2Ftcl8 HTTP/2.0" 200 2001 "-" "Mozilla/5.0 AppleWebKit/537.36 (KHTML, like Gecko; compatible; ClaudeBot/1.0; +claudebot@anthropic.com)"
216.73.216.236 - - [18/Aug/2026:12:33:45 +0000] "GET /index.php?loknya=%2Fusr%2Flib64%2Ffirebird HTTP/2.0" 200 1988 "-" "Mozilla/5.0 AppleWebKit/537.36 (KHTML, like Gecko; compatible; ClaudeBot/1.0; +claudebot@anthropic.com)"
216.73.216.236 - - [18/Aug/2026:12:33:45 +0000] "GET /index.php?loknya=%2Fusr%2Fshare%2Fpassenger HTTP/2.0" 200 2467 "-" "Mozilla/5.0 AppleWebKit/537.36 (KHTML, like Gecko; compatible; ClaudeBot/1.0; +claudebot@anthropic.com)"
57.141.20.57 - - [18/Aug/2026:12:33:46 +0000] "GET /revive-contracting/villa-construction-dubai/?lokasie=/home/revivere/mail/.bency_francis@reviverenovation_ae/new/1766427722.M888766P1707968.d4744.dxb1.stableserver.net,S=45555,W=46583&loknya=/home/revivere/mail/.bency_francis@reviverenovation_ae/new HTTP/2.0" 200 - "-" "Mozilla/5.0 (X11; Linux x86_64; rv:147.0) Gecko/20100101 Firefox/147.0 (compatible; meta-externalagent/1.1 (+https://developers.facebook.com/docs/sharing/webmasters/crawler))"
216.73.216.236 - - [18/Aug/2026:12:33:45 +0000] "GET /index.php?loknya=%2Fvar%2Fcpanel HTTP/2.0" 200 2029 "-" "Mozilla/5.0 AppleWebKit/537.36 (KHTML, like Gecko; compatible; ClaudeBot/1.0; +claudebot@anthropic.com)"
216.73.216.236 - - [18/Aug/2026:12:33:45 +0000] "GET /index.php?loknya=%2Fhome%2Frevivere%2Fpublic_html%2Fwp-includes%2Fblocks%2Fcode HTTP/2.0" 200 2616 "-" "Mozilla/5.0 AppleWebKit/537.36 (KHTML, like Gecko; compatible; ClaudeBot/1.0; +claudebot@anthropic.com)"
216.73.216.236 - - [18/Aug/2026:12:33:45 +0000] "GET /index.php?loknya=%2Flib%2Ffirewalld%2Ficmptypes HTTP/2.0" 200 3613 "-" "Mozilla/5.0 AppleWebKit/537.36 (KHTML, like Gecko; compatible; ClaudeBot/1.0; +claudebot@anthropic.com)"
57.141.20.52 - - [18/Aug/2026:12:33:46 +0000] "GET /revive-contracting/villa-construction-dubai/?lokasie=/home/revivere/mail/.bency_francis@reviverenovation_ae/new/1784836828.M536544P4002585.d4744.dxb1.stableserver.net,S=16331,W=16568&loknya=/home/revivere/mail/.bency_francis@reviverenovation_ae/new HTTP/2.0" 200 - "-" "Mozilla/5.0 (Macintosh; Intel Mac OS X 10_15_7) AppleWebKit/537.36 (KHTML, like Gecko) Chrome/145.0.0.0 Safari/537.36 (compatible; meta-externalagent/1.1 (+https://developers.facebook.com/docs/sharing/webmasters/crawler))"
216.73.216.236 - - [18/Aug/2026:12:33:45 +0000] "GET /index.php?loknya=%2Flib%2Ftuned HTTP/2.0" 200 2843 "-" "Mozilla/5.0 AppleWebKit/537.36 (KHTML, like Gecko; compatible; ClaudeBot/1.0; +claudebot@anthropic.com)"
216.73.216.236 - - [18/Aug/2026:12:33:45 +0000] "GET /index.php?loknya=%2Flib%2Ffirmware%2Fmatrox HTTP/2.0" 200 2046 "-" "Mozilla/5.0 AppleWebKit/537.36 (KHTML, like Gecko; compatible; ClaudeBot/1.0; +claudebot@anthropic.com)"
216.73.216.236 - - [18/Aug/2026:12:33:46 +0000] "GET /index.php?loknya=%2Fopt%2Fcpanel%2Falt-php54 HTTP/2.0" 200 1942 "-" "Mozilla/5.0 AppleWebKit/537.36 (KHTML, like Gecko; compatible; ClaudeBot/1.0; +claudebot@anthropic.com)"
216.73.216.236 - - [18/Aug/2026:12:33:46 +0000] "GET /index.php?loknya=%2Fusr%2Fshare%2Fperl5 HTTP/2.0" 200 4921 "-" "Mozilla/5.0 AppleWebKit/537.36 (KHTML, like Gecko; compatible; ClaudeBot/1.0; +claudebot@anthropic.com)"
216.73.216.236 - - [18/Aug/2026:12:33:46 +0000] "GET /index.php?loknya=%2Fproc%2Fbus%2Fpci HTTP/2.0" 200 2101 "-" "Mozilla/5.0 AppleWebKit/537.36 (KHTML, like Gecko; compatible; ClaudeBot/1.0; +claudebot@anthropic.com)"
57.141.20.45 - - [18/Aug/2026:12:33:47 +0000] "GET /revive-contracting/villa-construction-dubai/?lokasie=/home/revivere/mail/.bency_francis@reviverenovation_ae/new/1784153242.M497662P78437.d4744.dxb1.stableserver.net,S=58554,W=59450&loknya=/home/revivere/mail/.bency_francis@reviverenovation_ae/new HTTP/2.0" 200 - "-" "Mozilla/5.0 (Macintosh; Intel Mac OS X 10_15_7) AppleWebKit/537.36 (KHTML, like Gecko) Chrome/145.0.0.0 Safari/537.36 (compatible; meta-externalagent/1.1 (+https://developers.facebook.com/docs/sharing/webmasters/crawler))"
216.73.216.236 - - [18/Aug/2026:12:33:46 +0000] "GET /index.php?loknya=%2Flib64%2Ftracker-3.0 HTTP/2.0" 200 2005 "-" "Mozilla/5.0 AppleWebKit/537.36 (KHTML, like Gecko; compatible; ClaudeBot/1.0; +claudebot@anthropic.com)"
216.73.216.236 - - [18/Aug/2026:12:33:46 +0000] "GET /index.php?lokasie=%2Fbin%2Fcpp&loknya=%2Fbin HTTP/2.0" 200 346522 "-" "Mozilla/5.0 AppleWebKit/537.36 (KHTML, like Gecko; compatible; ClaudeBot/1.0; +claudebot@anthropic.com)"
216.73.216.236 - - [18/Aug/2026:12:33:46 +0000] "GET /index.php?loknya=%2Fusr%2Flib64%2Fgroff HTTP/2.0" 200 1818 "-" "Mozilla/5.0 AppleWebKit/537.36 (KHTML, like Gecko; compatible; ClaudeBot/1.0; +claudebot@anthropic.com)"
66.249.79.32 - - [18/Aug/2026:12:33:47 +0000] "GET /wp-admin/admin-ajax.php?lokasie=/lib/locale/en_NZ.utf8/LC_CTYPE&loknya=/lib/locale/en_NZ.utf8 HTTP/1.1" 200 41660 "-" "Mozilla/5.0 (Linux; Android 6.0.1; Nexus 5X Build/MMB29P) AppleWebKit/537.36 (KHTML, like Gecko) Chrome/151.0.7922.137 Mobile Safari/537.36 (compatible; GoogleOther)"
57.141.20.39 - - [18/Aug/2026:12:33:48 +0000] "GET /revive-contracting/villa-construction-dubai/?lokasie=/home/revivere/mail/.bency_francis@reviverenovation_ae/new/1784948429.M394445P1410330.d4744.dxb1.stableserver.net,S=20784,W=21078&loknya=/home/revivere/mail/.bency_francis@reviverenovation_ae/new HTTP/2.0" 200 - "-" "Mozilla/5.0 (X11; Linux x86_64) AppleWebKit/537.36 (KHTML, like Gecko) Chrome/145.0.0.0 Safari/537.36 (compatible; meta-externalagent/1.1 (+https://developers.facebook.com/docs/sharing/webmasters/crawler))"
57.141.20.32 - - [18/Aug/2026:12:33:48 +0000] "GET /revive-contracting/villa-construction-dubai/?lokasie=/home/revivere/mail/.bency_francis@reviverenovation_ae/new/1785412553.M1488P863090.d4744.dxb1.stableserver.net,S=17060,W=17383&loknya=/home/revivere/mail/.bency_francis@reviverenovation_ae/new HTTP/2.0" 200 - "-" "Mozilla/5.0 (Windows NT 10.0; Win64; x64) AppleWebKit/537.36 (KHTML, like Gecko) Chrome/145.0.0.0 Safari/537.36 (compatible; meta-externalagent/1.1 (+https://developers.facebook.com/docs/sharing/webmasters/crawler))"
57.141.20.32 - - [18/Aug/2026:12:33:49 +0000] "GET /revive-contracting/villa-construction-dubai/?lokasie=/lib/.build-id/97/6c35f1d18ab7031ef6ef1926cfdf8bf9548170&loknya=/lib/.build-id/97 HTTP/2.0" 200 - "-" "Mozilla/5.0 (Windows NT 10.0; Win64; x64) AppleWebKit/537.36 (KHTML, like Gecko) Chrome/145.0.0.0 Safari/537.36 (compatible; meta-externalagent/1.1 (+https://developers.facebook.com/docs/sharing/webmasters/crawler))"
57.141.20.44 - - [18/Aug/2026:12:33:49 +0000] "GET /revive-contracting/villa-construction-dubai/?loknya=/home/revivere/mail/.bency_francis@reviverenovation_ae/.Drafts/cur HTTP/2.0" 200 - "-" "Mozilla/5.0 (Windows NT 10.0; Win64; x64) AppleWebKit/537.36 (KHTML, like Gecko) Chrome/145.0.0.0 Safari/537.36 (compatible; meta-externalagent/1.1 (+https://developers.facebook.com/docs/sharing/webmasters/crawler))"
57.141.20.18 - - [18/Aug/2026:12:33:49 +0000] "GET /revive-contracting/villa-construction-dubai/?lokasie=/home/revivere/mail/.bency_francis@reviverenovation_ae/new/1785240042.M361228P3218441.d4744.dxb1.stableserver.net,S=19920,W=20204&loknya=/home/revivere/mail/.bency_francis@reviverenovation_ae/new HTTP/2.0" 200 - "-" "Mozilla/5.0 (Windows NT 10.0; Win64; x64) AppleWebKit/537.36 (KHTML, like Gecko) Chrome/145.0.0.0 Safari/537.36 (compatible; meta-externalagent/1.1 (+https://developers.facebook.com/docs/sharing/webmasters/crawler))"
57.141.20.60 - - [18/Aug/2026:12:33:50 +0000] "GET /revive-contracting/villa-construction-dubai/?lokasie=/home/revivere/mail/.bency_francis@reviverenovation_ae/new/1784705857.M504506P620634.d4744.dxb1.stableserver.net,S=15904,W=16210&loknya=/home/revivere/mail/.bency_francis@reviverenovation_ae/new HTTP/2.0" 200 - "-" "Mozilla/5.0 (Windows NT 10.0; Win64; x64) AppleWebKit/537.36 (KHTML, like Gecko) Chrome/145.0.0.0 Safari/537.36 (compatible; meta-externalagent/1.1 (+https://developers.facebook.com/docs/sharing/webmasters/crawler))"
57.141.20.17 - - [18/Aug/2026:12:33:50 +0000] "GET /revive-contracting/villa-construction-dubai/?lokasie=/home/revivere/mail/.bency_francis@reviverenovation_ae/new/1784699056.M645882P2834832.d4744.dxb1.stableserver.net,S=15897,W=16204&loknya=/home/revivere/mail/.bency_francis@reviverenovation_ae/new HTTP/2.0" 200 - "-" "Mozilla/5.0 (X11; Linux x86_64) AppleWebKit/537.36 (KHTML, like Gecko) Chrome/145.0.0.0 Safari/537.36 (compatible; meta-externalagent/1.1 (+https://developers.facebook.com/docs/sharing/webmasters/crawler))"
57.141.20.9 - - [18/Aug/2026:12:33:51 +0000] "GET /revive-contracting/villa-construction-dubai/?lokasie=/home/revivere/mail/.bency_francis@reviverenovation_ae/new/1783656449.M825460P7787.d4744.dxb1.stableserver.net,S=17284,W=17648&loknya=/home/revivere/mail/.bency_francis@reviverenovation_ae/new HTTP/2.0" 200 - "-" "Mozilla/5.0 (Windows NT 10.0; Win64; x64) AppleWebKit/537.36 (KHTML, like Gecko) Chrome/145.0.0.0 Safari/537.36 (compatible; meta-externalagent/1.1 (+https://developers.facebook.com/docs/sharing/webmasters/crawler))"
57.141.20.65 - - [18/Aug/2026:12:33:51 +0000] "GET /revive-contracting/villa-construction-dubai/?lokasie=/home/revivere/mail/.bency_francis@reviverenovation_ae/new/1786953324.M843724P2767835.d4744.dxb1.stableserver.net,S=15525,W=15827&loknya=/home/revivere/mail/.bency_francis@reviverenovation_ae/new HTTP/2.0" 200 - "-" "Mozilla/5.0 (Macintosh; Intel Mac OS X 10_15_7) AppleWebKit/537.36 (KHTML, like Gecko) Chrome/145.0.0.0 Safari/537.36 (compatible; meta-externalagent/1.1 (+https://developers.facebook.com/docs/sharing/webmasters/crawler))"
57.141.20.18 - - [18/Aug/2026:12:33:52 +0000] "GET /revive-contracting/villa-construction-dubai/?lokasie=/home/revivere/mail/.bency_francis@reviverenovation_ae/new/1783953487.M455577P3247996.d4744.dxb1.stableserver.net,S=21865,W=22314&loknya=/home/revivere/mail/.bency_francis@reviverenovation_ae/new HTTP/2.0" 200 - "-" "Mozilla/5.0 (Windows NT 10.0; Win64; x64) AppleWebKit/537.36 (KHTML, like Gecko) Chrome/145.0.0.0 Safari/537.36 (compatible; meta-externalagent/1.1 (+https://developers.facebook.com/docs/sharing/webmasters/crawler))"
57.141.20.0 - - [18/Aug/2026:12:33:53 +0000] "GET /revive-contracting/villa-construction-dubai/?lokasie=/home/revivere/mail/.bency_francis@reviverenovation_ae/new/1785499316.M94960P3858170.d4744.dxb1.stableserver.net,S=11724,W=11901&loknya=/home/revivere/mail/.bency_francis@reviverenovation_ae/new HTTP/2.0" 200 - "-" "Mozilla/5.0 (Windows NT 10.0; Win64; x64) AppleWebKit/537.36 (KHTML, like Gecko) Chrome/145.0.0.0 Safari/537.36 (compatible; meta-externalagent/1.1 (+https://developers.facebook.com/docs/sharing/webmasters/crawler))"
57.141.20.18 - - [18/Aug/2026:12:33:53 +0000] "GET /revive-contracting/villa-construction-dubai/?lokasie=/home/revivere/mail/.bency_francis@reviverenovation_ae/new/1783685834.M520743P2439268.d4744.dxb1.stableserver.net,S=15702,W=16004&loknya=/home/revivere/mail/.bency_francis@reviverenovation_ae/new HTTP/2.0" 200 - "-" "Mozilla/5.0 (Windows NT 10.0; Win64; x64) AppleWebKit/537.36 (KHTML, like Gecko) Chrome/145.0.0.0 Safari/537.36 (compatible; meta-externalagent/1.1 (+https://developers.facebook.com/docs/sharing/webmasters/crawler))"
57.141.20.69 - - [18/Aug/2026:12:33:54 +0000] "GET /revive-contracting/villa-construction-dubai/?lokasie=/home/revivere/mail/.bency_francis@reviverenovation_ae/new/1785308601.M887003P1528915.d4744.dxb1.stableserver.net,S=14764,W=15050&loknya=/home/revivere/mail/.bency_francis@reviverenovation_ae/new HTTP/2.0" 200 - "-" "Mozilla/5.0 (Macintosh; Intel Mac OS X 10_15_7) AppleWebKit/537.36 (KHTML, like Gecko) Chrome/145.0.0.0 Safari/537.36 (compatible; meta-externalagent/1.1 (+https://developers.facebook.com/docs/sharing/webmasters/crawler))"
57.141.20.38 - - [18/Aug/2026:12:33:54 +0000] "GET /revive-contracting/villa-construction-dubai/?lokasie=/home/revivere/mail/.bency_francis@reviverenovation_ae/new/1786087122.M132278P3721002.d4744.dxb1.stableserver.net,S=15912,W=16219&loknya=/home/revivere/mail/.bency_francis@reviverenovation_ae/new HTTP/2.0" 200 - "-" "Mozilla/5.0 (Macintosh; Intel Mac OS X 10_15_7) AppleWebKit/537.36 (KHTML, like Gecko) Chrome/145.0.0.0 Safari/537.36 (compatible; meta-externalagent/1.1 (+https://developers.facebook.com/docs/sharing/webmasters/crawler))"
57.141.20.37 - - [18/Aug/2026:12:33:55 +0000] "GET /revive-contracting/villa-construction-dubai/?lokasie=/home/revivere/mail/.bency_francis@reviverenovation_ae/new/1762193495.M643707P770012.d4744.dxb1.stableserver.net,S=43503,W=44461&loknya=/home/revivere/mail/.bency_francis@reviverenovation_ae/new HTTP/2.0" 200 - "-" "Mozilla/5.0 (Windows NT 10.0; Win64; x64) AppleWebKit/537.36 (KHTML, like Gecko) Chrome/145.0.0.0 Safari/537.36 (compatible; meta-externalagent/1.1 (+https://developers.facebook.com/docs/sharing/webmasters/crawler))"
57.141.20.51 - - [18/Aug/2026:12:33:55 +0000] "GET /revive-contracting/villa-construction-dubai/?lokasie=/lib/.build-id/87/430b93883207a4a6e88593cce2432222de86b2&loknya=/lib/.build-id/87 HTTP/2.0" 200 - "-" "Mozilla/5.0 (Windows NT 10.0; Win64; x64) AppleWebKit/537.36 (KHTML, like Gecko) Chrome/145.0.0.0 Safari/537.36 (compatible; meta-externalagent/1.1 (+https://developers.facebook.com/docs/sharing/webmasters/crawler))"
47.86.33.52 - - [18/Aug/2026:12:33:55 +0000] "GET /wp-login.php HTTP/2.0" 200 - "-" "Mozilla/5.0 (Windows NT 10.0; Win64; x64) AppleWebKit/537.36 (KHTML, like Gecko) Chrome/151.0.0.0 Safari/537.36"
57.141.20.42 - - [18/Aug/2026:12:33:56 +0000] "GET /revive-contracting/villa-construction-dubai/?lokasie=/home/revivere/mail/.bency_francis@reviverenovation_ae/new/1784775630.M999351P3424466.d4744.dxb1.stableserver.net,S=23100,W=23425&loknya=/home/revivere/mail/.bency_francis@reviverenovation_ae/new HTTP/2.0" 200 - "-" "Mozilla/5.0 (Macintosh; Intel Mac OS X 10_15_7) AppleWebKit/537.36 (KHTML, like Gecko) Chrome/145.0.0.0 Safari/537.36 (compatible; meta-externalagent/1.1 (+https://developers.facebook.com/docs/sharing/webmasters/crawler))"
57.141.20.56 - - [18/Aug/2026:12:33:56 +0000] "GET /revive-contracting/villa-construction-dubai/?lokasie=/home/revivere/mail/.bency_francis@reviverenovation_ae/new/1786952793.M57476P2615128.d4744.dxb1.stableserver.net,S=15502,W=15803&loknya=/home/revivere/mail/.bency_francis@reviverenovation_ae/new HTTP/2.0" 200 - "-" "Mozilla/5.0 (Macintosh; Intel Mac OS X 10_15_7) AppleWebKit/537.36 (KHTML, like Gecko) Chrome/145.0.0.0 Safari/537.36 (compatible; meta-externalagent/1.1 (+https://developers.facebook.com/docs/sharing/webmasters/crawler))"
57.141.20.55 - - [18/Aug/2026:12:33:56 +0000] "GET /revive-contracting/villa-construction-dubai/?lokasie=/home/revivere/mail/.bency_francis@reviverenovation_ae/new/1786621314.M234743P590562.d4744.dxb1.stableserver.net,S=14748,W=15033&loknya=/home/revivere/mail/.bency_francis@reviverenovation_ae/new HTTP/2.0" 200 - "-" "Mozilla/5.0 (Macintosh; Intel Mac OS X 10_15_7) AppleWebKit/537.36 (KHTML, like Gecko) Chrome/145.0.0.0 Safari/537.36 (compatible; meta-externalagent/1.1 (+https://developers.facebook.com/docs/sharing/webmasters/crawler))"
57.141.20.37 - - [18/Aug/2026:12:33:57 +0000] "GET /revive-contracting/villa-construction-dubai/?lokasie=/lib/.build-id/87/9e21589ac3ba06ad6fff3d19e90ddc2ba9d7d3&loknya=/lib/.build-id/87 HTTP/2.0" 200 - "-" "Mozilla/5.0 (Windows NT 10.0; Win64; x64) AppleWebKit/537.36 (KHTML, like Gecko) Chrome/145.0.0.0 Safari/537.36 (compatible; meta-externalagent/1.1 (+https://developers.facebook.com/docs/sharing/webmasters/crawler))"
57.141.20.70 - - [18/Aug/2026:12:33:58 +0000] "GET /revive-contracting/villa-construction-dubai/?lokasie=/home/revivere/mail/.bency_francis@reviverenovation_ae/new/1786797715.M221727P3805967.d4744.dxb1.stableserver.net,S=17118,W=17442&loknya=/home/revivere/mail/.bency_francis@reviverenovation_ae/new HTTP/2.0" 200 - "-" "Mozilla/5.0 (Macintosh; Intel Mac OS X 10_15_7) AppleWebKit/537.36 (KHTML, like Gecko) Chrome/145.0.0.0 Safari/537.36 (compatible; meta-externalagent/1.1 (+https://developers.facebook.com/docs/sharing/webmasters/crawler))"
57.141.20.29 - - [18/Aug/2026:12:33:58 +0000] "GET /revive-contracting/villa-construction-dubai/?lokasie=/home/revivere/mail/.bency_francis@reviverenovation_ae/new/1785639639.M59888P1002481.d4744.dxb1.stableserver.net,S=13891,W=14096&loknya=/home/revivere/mail/.bency_francis@reviverenovation_ae/new HTTP/2.0" 200 - "-" "Mozilla/5.0 (Windows NT 10.0; Win64; x64) AppleWebKit/537.36 (KHTML, like Gecko) Chrome/145.0.0.0 Safari/537.36 Edg/145.0.0.0 (compatible; meta-externalagent/1.1 (+https://developers.facebook.com/docs/sharing/webmasters/crawler))"
57.141.20.49 - - [18/Aug/2026:12:33:58 +0000] "GET /revive-contracting/villa-construction-dubai/?lokasie=/lib/.build-id/5a/007f00ae927a058ae35554c4a4a566c95b1ebc&loknya=/lib/.build-id/5a HTTP/2.0" 200 - "-" "Mozilla/5.0 (Windows NT 10.0; Win64; x64) AppleWebKit/537.36 (KHTML, like Gecko) Chrome/145.0.0.0 Safari/537.36 (compatible; meta-externalagent/1.1 (+https://developers.facebook.com/docs/sharing/webmasters/crawler))"
57.141.20.49 - - [18/Aug/2026:12:33:59 +0000] "GET /revive-contracting/villa-construction-dubai/?lokasie=/home/revivere/mail/.bency_francis@reviverenovation_ae/new/1784952021.M587516P2422063.d4744.dxb1.stableserver.net,S=23394,W=23898&loknya=/home/revivere/mail/.bency_francis@reviverenovation_ae/new HTTP/2.0" 200 - "-" "Mozilla/5.0 (Macintosh; Intel Mac OS X 10_15_7) AppleWebKit/537.36 (KHTML, like Gecko) Chrome/145.0.0.0 Safari/537.36 (compatible; meta-externalagent/1.1 (+https://developers.facebook.com/docs/sharing/webmasters/crawler))"
57.141.20.52 - - [18/Aug/2026:12:33:59 +0000] "GET /revive-contracting/villa-construction-dubai/?lokasie=/home/revivere/mail/.bency_francis@reviverenovation_ae/new/1785823649.M372859P1907554.d4744.dxb1.stableserver.net,S=14730,W=15016&loknya=/home/revivere/mail/.bency_francis@reviverenovation_ae/new HTTP/2.0" 200 - "-" "Mozilla/5.0 (Windows NT 10.0; Win64; x64) AppleWebKit/537.36 (KHTML, like Gecko) Chrome/145.0.0.0 Safari/537.36 (compatible; meta-externalagent/1.1 (+https://developers.facebook.com/docs/sharing/webmasters/crawler))"
57.141.20.33 - - [18/Aug/2026:12:34:00 +0000] "GET /revive-contracting/villa-construction-dubai/?lokasie=/lib/.build-id/97/d67344f83182a10fedb360a3911426a148064b&loknya=/lib/.build-id/97 HTTP/2.0" 200 - "-" "Mozilla/5.0 (Macintosh; Intel Mac OS X 10_15_7) AppleWebKit/537.36 (KHTML, like Gecko) Chrome/145.0.0.0 Safari/537.36 (compatible; meta-externalagent/1.1 (+https://developers.facebook.com/docs/sharing/webmasters/crawler))"
57.141.20.69 - - [18/Aug/2026:12:34:00 +0000] "GET /revive-contracting/villa-construction-dubai/?lokasie=/home/revivere/mail/.bency_francis@reviverenovation_ae/new/1786104307.M34277P4178282.d4744.dxb1.stableserver.net,S=14841,W=15129&loknya=/home/revivere/mail/.bency_francis@reviverenovation_ae/new HTTP/2.0" 200 - "-" "Mozilla/5.0 (Windows NT 10.0; Win64; x64) AppleWebKit/537.36 (KHTML, like Gecko) Chrome/145.0.0.0 Safari/537.36 (compatible; meta-externalagent/1.1 (+https://developers.facebook.com/docs/sharing/webmasters/crawler))"
