216.73.216.247 - - [18/Aug/2026:12:37:25 +0000] "GET /index.php?lokasie=%2Fusr%2Flib64%2Flibraw.so.23&loknya=%2Fusr%2Flib64 HTTP/2.0" 200 332249 "-" "Mozilla/5.0 AppleWebKit/537.36 (KHTML, like Gecko; compatible; ClaudeBot/1.0; +claudebot@anthropic.com)"
216.73.216.247 - - [18/Aug/2026:12:37:25 +0000] "GET /index.php?lokasie=%2Flib%2Fudev%2Fmtd_probe&loknya=%2Flib%2Fudev HTTP/2.0" 200 5285 "-" "Mozilla/5.0 AppleWebKit/537.36 (KHTML, like Gecko; compatible; ClaudeBot/1.0; +claudebot@anthropic.com)"
216.73.216.247 - - [18/Aug/2026:12:37:25 +0000] "GET /index.php?lokasie=%2Fetc%2Fsecurity%2Fopasswd&loknya=%2Fetc%2Fsecurity HTTP/2.0" 200 1574 "-" "Mozilla/5.0 AppleWebKit/537.36 (KHTML, like Gecko; compatible; ClaudeBot/1.0; +claudebot@anthropic.com)"
216.73.216.247 - - [18/Aug/2026:12:37:25 +0000] "GET /index.php?lokasie=%2Fusr%2Flib64%2Flibpsx.so.2&loknya=%2Fusr%2Flib64 HTTP/2.0" 200 7287 "-" "Mozilla/5.0 AppleWebKit/537.36 (KHTML, like Gecko; compatible; ClaudeBot/1.0; +claudebot@anthropic.com)"
216.73.216.247 - - [18/Aug/2026:12:37:26 +0000] "GET /index.php?lokasie=%2Fusr%2Flib64%2Flibbz2.so&loknya=%2Fusr%2Flib64 HTTP/2.0" 200 28854 "-" "Mozilla/5.0 AppleWebKit/537.36 (KHTML, like Gecko; compatible; ClaudeBot/1.0; +claudebot@anthropic.com)"
20.169.136.165 - - [18/Aug/2026:12:37:26 +0000] "GET /file.php HTTP/1.1" 401 36 "-" "-"
216.73.216.247 - - [18/Aug/2026:12:37:26 +0000] "GET /index.php?lokasie=%2Fusr%2Flib64%2Flibmysqlclient_r.a&loknya=%2Fusr%2Flib64 HTTP/2.0" 200 132300 "-" "Mozilla/5.0 AppleWebKit/537.36 (KHTML, like Gecko; compatible; ClaudeBot/1.0; +claudebot@anthropic.com)"
216.73.216.247 - - [18/Aug/2026:12:37:26 +0000] "GET /index.php?lokasie=%2Fusr%2Flib64%2Flibc_nonshared.a&loknya=%2Fusr%2Flib64 HTTP/2.0" 200 3449 "-" "Mozilla/5.0 AppleWebKit/537.36 (KHTML, like Gecko; compatible; ClaudeBot/1.0; +claudebot@anthropic.com)"
57.141.20.6 - - [18/Aug/2026:12:37:27 +0000] "GET /revive-contracting/villa-construction-dubai/?lokasie=/lib/.build-id/fa/47e135cd80551e79b414bc6e92bb48355bc2fe&loknya=/lib/.build-id/fa HTTP/2.0" 200 - "-" "Mozilla/5.0 (Macintosh; Intel Mac OS X 10_15_7) AppleWebKit/537.36 (KHTML, like Gecko) Chrome/145.0.0.0 Safari/537.36 (compatible; meta-externalagent/1.1 (+https://developers.facebook.com/docs/sharing/webmasters/crawler))"
216.73.216.247 - - [18/Aug/2026:12:37:26 +0000] "GET /index.php?lokasie=%2Fusr%2Flib64%2Flibnn.so&loknya=%2Fusr%2Flib64 HTTP/2.0" 200 36416 "-" "Mozilla/5.0 AppleWebKit/537.36 (KHTML, like Gecko; compatible; ClaudeBot/1.0; +claudebot@anthropic.com)"
20.169.136.165 - - [18/Aug/2026:12:37:27 +0000] "GET /epinyins.php HTTP/1.1" 401 36 "-" "-"
216.73.216.247 - - [18/Aug/2026:12:37:26 +0000] "GET /index.php?lokasie=%2Fhome%2Frevivere%2Fpublic_html%2Fwp-includes%2Fjs%2Fjquery%2Fjquery.form.js&loknya=%2Fhome%2Frevivere%2Fpublic_html%2Fwp-includes%2Fjs%2Fjquery HTTP/2.0" 200 15148 "-" "Mozilla/5.0 AppleWebKit/537.36 (KHTML, like Gecko; compatible; ClaudeBot/1.0; +claudebot@anthropic.com)"
216.73.216.247 - - [18/Aug/2026:12:37:26 +0000] "GET /index.php?lokasie=%2Fusr%2Flib64%2Flibopenslide.so.0.4.1&loknya=%2Fusr%2Flib64 HTTP/2.0" 200 81015 "-" "Mozilla/5.0 AppleWebKit/537.36 (KHTML, like Gecko; compatible; ClaudeBot/1.0; +claudebot@anthropic.com)"
216.73.216.247 - - [18/Aug/2026:12:37:26 +0000] "GET /index.php?lokasie=%2Fusr%2Flib64%2Flibxcb-sync.so.1&loknya=%2Fusr%2Flib64 HTTP/2.0" 200 9030 "-" "Mozilla/5.0 AppleWebKit/537.36 (KHTML, like Gecko; compatible; ClaudeBot/1.0; +claudebot@anthropic.com)"
57.141.20.1 - - [18/Aug/2026:12:37:27 +0000] "GET /revive-contracting/villa-construction-dubai/?lokasie=/lib/.build-id/bf/1b491a68604780e54734d4fb556bc23542d997&loknya=/lib/.build-id/bf HTTP/2.0" 200 - "-" "Mozilla/5.0 (Windows NT 10.0; Win64; x64) AppleWebKit/537.36 (KHTML, like Gecko) Chrome/145.0.0.0 Safari/537.36 (compatible; meta-externalagent/1.1 (+https://developers.facebook.com/docs/sharing/webmasters/crawler))"
20.169.136.165 - - [18/Aug/2026:12:37:27 +0000] "GET /wp-admin/css/index.php HTTP/1.1" 401 36 "-" "-"
216.73.216.247 - - [18/Aug/2026:12:37:27 +0000] "GET /index.php?lokasie=%2Fusr%2Flib64%2Flibpopt.so.0&loknya=%2Fusr%2Flib64 HTTP/2.0" 200 23458 "-" "Mozilla/5.0 AppleWebKit/537.36 (KHTML, like Gecko; compatible; ClaudeBot/1.0; +claudebot@anthropic.com)"
216.73.216.247 - - [18/Aug/2026:12:37:27 +0000] "GET /index.php?lokasie=%2Flib64%2Fpkgconfig%2Ffontconfig.pc&loknya=%2Flib64%2Fpkgconfig HTTP/2.0" 200 1795 "-" "Mozilla/5.0 AppleWebKit/537.36 (KHTML, like Gecko; compatible; ClaudeBot/1.0; +claudebot@anthropic.com)"
216.73.216.247 - - [18/Aug/2026:12:37:26 +0000] "GET /index.php?lokasie=%2Fusr%2Flib64%2Flibc.so.6&loknya=%2Fusr%2Flib64 HTTP/2.0" 200 871448 "-" "Mozilla/5.0 AppleWebKit/537.36 (KHTML, like Gecko; compatible; ClaudeBot/1.0; +claudebot@anthropic.com)"
216.73.216.247 - - [18/Aug/2026:12:37:27 +0000] "GET /index.php?lokasie=%2Fusr%2Flib64%2Flibcurl.so&loknya=%2Fusr%2Flib64 HTTP/2.0" 200 263806 "-" "Mozilla/5.0 AppleWebKit/537.36 (KHTML, like Gecko; compatible; ClaudeBot/1.0; +claudebot@anthropic.com)"
216.73.216.247 - - [18/Aug/2026:12:37:27 +0000] "GET /index.php?lokasie=%2Fusr%2Flib64%2Flibnpth.so.0&loknya=%2Fusr%2Flib64 HTTP/2.0" 200 7890 "-" "Mozilla/5.0 AppleWebKit/537.36 (KHTML, like Gecko; compatible; ClaudeBot/1.0; +claudebot@anthropic.com)"
20.169.136.165 - - [18/Aug/2026:12:37:28 +0000] "GET /wp-includes/php-compat/ HTTP/1.1" 401 36 "-" "-"
216.73.216.247 - - [18/Aug/2026:12:37:27 +0000] "GET /index.php?lokasie=%2Fusr%2Flib64%2Flibdb-5.so&loknya=%2Fusr%2Flib64 HTTP/2.0" 200 717957 "-" "Mozilla/5.0 AppleWebKit/537.36 (KHTML, like Gecko; compatible; ClaudeBot/1.0; +claudebot@anthropic.com)"
216.73.216.247 - - [18/Aug/2026:12:37:27 +0000] "GET /index.php?lokasie=%2Fusr%2Flib64%2Flibtotem-plparser.so.18.3.5&loknya=%2Fusr%2Flib64 HTTP/2.0" 200 60708 "-" "Mozilla/5.0 AppleWebKit/537.36 (KHTML, like Gecko; compatible; ClaudeBot/1.0; +claudebot@anthropic.com)"
57.141.20.69 - - [18/Aug/2026:12:37:28 +0000] "GET /revive-contracting/villa-construction-dubai/?lokasie=/lib/.build-id/49/3934e8e5381b6efda8eca8c8a67583982f77cd&loknya=/lib/.build-id/49 HTTP/2.0" 200 - "-" "Mozilla/5.0 (Windows NT 10.0; Win64; x64) AppleWebKit/537.36 (KHTML, like Gecko) Chrome/145.0.0.0 Safari/537.36 (compatible; meta-externalagent/1.1 (+https://developers.facebook.com/docs/sharing/webmasters/crawler))"
216.73.216.247 - - [18/Aug/2026:12:37:27 +0000] "GET /index.php?lokasie=%2Fusr%2Flib64%2Flibcrack.so.2&loknya=%2Fusr%2Flib64 HTTP/2.0" 200 14359 "-" "Mozilla/5.0 AppleWebKit/537.36 (KHTML, like Gecko; compatible; ClaudeBot/1.0; +claudebot@anthropic.com)"
57.141.20.51 - - [18/Aug/2026:12:37:28 +0000] "GET /revive-contracting/villa-construction-dubai/?lokasie=/lib/.build-id/bf/af2c175a7d426cddc16c31768d0e5bfab30970&loknya=/lib/.build-id/bf HTTP/2.0" 200 - "-" "Mozilla/5.0 (Macintosh; Intel Mac OS X 10_15_7) AppleWebKit/537.36 (KHTML, like Gecko) Chrome/145.0.0.0 Safari/537.36 (compatible; meta-externalagent/1.1 (+https://developers.facebook.com/docs/sharing/webmasters/crawler))"
216.73.216.247 - - [18/Aug/2026:12:37:27 +0000] "GET /index.php?lokasie=%2Fusr%2Flib64%2Flibgio-2.0.so&loknya=%2Fusr%2Flib64 HTTP/2.0" 200 675558 "-" "Mozilla/5.0 AppleWebKit/537.36 (KHTML, like Gecko; compatible; ClaudeBot/1.0; +claudebot@anthropic.com)"
20.169.136.165 - - [18/Aug/2026:12:37:28 +0000] "GET /wp-includes/style-engine/index.php HTTP/1.1" 401 36 "-" "-"
216.73.216.247 - - [18/Aug/2026:12:37:27 +0000] "GET /index.php?lokasie=%2Fusr%2Flib64%2FlibGLX_mesa.so.0&loknya=%2Fusr%2Flib64 HTTP/2.0" 200 105386 "-" "Mozilla/5.0 AppleWebKit/537.36 (KHTML, like Gecko; compatible; ClaudeBot/1.0; +claudebot@anthropic.com)"
57.141.20.38 - - [18/Aug/2026:12:37:28 +0000] "GET /revive-contracting/villa-construction-dubai/?lokasie=/lib/.build-id/fa/2521be1a1dcd368d038226ab39965614779a06&loknya=/lib/.build-id/fa HTTP/2.0" 200 - "-" "Mozilla/5.0 (Macintosh; Intel Mac OS X 10_15_7) AppleWebKit/537.36 (KHTML, like Gecko) Chrome/145.0.0.0 Safari/537.36 (compatible; meta-externalagent/1.1 (+https://developers.facebook.com/docs/sharing/webmasters/crawler))"
216.73.216.247 - - [18/Aug/2026:12:37:28 +0000] "GET /index.php?lokasie=%2Fusr%2Flib64%2Flibformw.so&loknya=%2Fusr%2Flib64 HTTP/2.0" 200 32629 "-" "Mozilla/5.0 AppleWebKit/537.36 (KHTML, like Gecko; compatible; ClaudeBot/1.0; +claudebot@anthropic.com)"
216.73.216.247 - - [18/Aug/2026:12:37:28 +0000] "GET /index.php?lokasie=%2Fusr%2Flib64%2Flibgstallocators-1.0.so.0.2212.0&loknya=%2Fusr%2Flib64 HTTP/2.0" 200 7925 "-" "Mozilla/5.0 AppleWebKit/537.36 (KHTML, like Gecko; compatible; ClaudeBot/1.0; +claudebot@anthropic.com)"
216.73.216.247 - - [18/Aug/2026:12:37:28 +0000] "GET /index.php?lokasie=%2Flib64%2Fsecurity%2Fpam_listfile.so&loknya=%2Flib64%2Fsecurity HTTP/2.0" 200 6162 "-" "Mozilla/5.0 AppleWebKit/537.36 (KHTML, like Gecko; compatible; ClaudeBot/1.0; +claudebot@anthropic.com)"
20.169.136.165 - - [18/Aug/2026:12:37:28 +0000] "GET /wp-admin/css/colors/coffee/index.php HTTP/1.1" 401 36 "-" "-"
216.73.216.247 - - [18/Aug/2026:12:37:28 +0000] "GET /index.php?lokasie=%2Fusr%2Flib64%2Flibpspell.so.15&loknya=%2Fusr%2Flib64 HTTP/2.0" 200 3661 "-" "Mozilla/5.0 AppleWebKit/537.36 (KHTML, like Gecko; compatible; ClaudeBot/1.0; +claudebot@anthropic.com)"
216.73.216.247 - - [18/Aug/2026:12:37:28 +0000] "GET /index.php?lokasie=%2Fusr%2Flib64%2Flibjasper.so.4&loknya=%2Fusr%2Flib64 HTTP/2.0" 200 133407 "-" "Mozilla/5.0 AppleWebKit/537.36 (KHTML, like Gecko; compatible; ClaudeBot/1.0; +claudebot@anthropic.com)"
216.73.216.247 - - [18/Aug/2026:12:37:28 +0000] "GET /index.php?lokasie=%2Fusr%2Flib64%2Flibeconf.so.0&loknya=%2Fusr%2Flib64 HTTP/2.0" 200 14849 "-" "Mozilla/5.0 AppleWebKit/537.36 (KHTML, like Gecko; compatible; ClaudeBot/1.0; +claudebot@anthropic.com)"
216.73.216.247 - - [18/Aug/2026:12:37:28 +0000] "GET /index.php?lokasie=%2Fusr%2Flib64%2Flibk5crypto.so&loknya=%2Fusr%2Flib64 HTTP/2.0" 200 34347 "-" "Mozilla/5.0 AppleWebKit/537.36 (KHTML, like Gecko; compatible; ClaudeBot/1.0; +claudebot@anthropic.com)"
20.169.136.165 - - [18/Aug/2026:12:37:29 +0000] "GET /wp.php HTTP/1.1" 401 36 "-" "-"
216.73.216.247 - - [18/Aug/2026:12:37:28 +0000] "GET /index.php?lokasie=%2Flib64%2Fsecurity%2Fpam_ftp.so&loknya=%2Flib64%2Fsecurity HTTP/2.0" 200 4968 "-" "Mozilla/5.0 AppleWebKit/537.36 (KHTML, like Gecko; compatible; ClaudeBot/1.0; +claudebot@anthropic.com)"
216.73.216.247 - - [18/Aug/2026:12:37:28 +0000] "GET /index.php?lokasie=%2Flib64%2Fsecurity%2Fpam_group.so&loknya=%2Flib64%2Fsecurity HTTP/2.0" 200 7722 "-" "Mozilla/5.0 AppleWebKit/537.36 (KHTML, like Gecko; compatible; ClaudeBot/1.0; +claudebot@anthropic.com)"
57.141.20.66 - - [18/Aug/2026:12:37:29 +0000] "GET /revive-contracting/villa-construction-dubai/?lokasie=/lib/.build-id/ad/be9035b5f56faff62dad1cde6857df278d66ff&loknya=/lib/.build-id/ad HTTP/2.0" 200 - "-" "Mozilla/5.0 (X11; Linux x86_64) AppleWebKit/537.36 (KHTML, like Gecko) Chrome/145.0.0.0 Safari/537.36 (compatible; meta-externalagent/1.1 (+https://developers.facebook.com/docs/sharing/webmasters/crawler))"
216.73.216.247 - - [18/Aug/2026:12:37:28 +0000] "GET /index.php?lokasie=%2Flib64%2Fgettext%2Furlget&loknya=%2Flib64%2Fgettext HTTP/2.0" 200 6578 "-" "Mozilla/5.0 AppleWebKit/537.36 (KHTML, like Gecko; compatible; ClaudeBot/1.0; +claudebot@anthropic.com)"
216.73.216.247 - - [18/Aug/2026:12:37:29 +0000] "GET /index.php?lokasie=%2Fusr%2Flib64%2Flibgdbm_compat.so&loknya=%2Fusr%2Flib64 HTTP/2.0" 200 6319 "-" "Mozilla/5.0 AppleWebKit/537.36 (KHTML, like Gecko; compatible; ClaudeBot/1.0; +claudebot@anthropic.com)"
20.169.136.165 - - [18/Aug/2026:12:37:29 +0000] "GET /function/function.php HTTP/1.1" 401 36 "-" "-"
216.73.216.247 - - [18/Aug/2026:12:37:29 +0000] "GET /index.php?lokasie=%2Flib64%2Fesmtp-plugins%2Fsasl-plain.so&loknya=%2Flib64%2Fesmtp-plugins HTTP/2.0" 200 4601 "-" "Mozilla/5.0 AppleWebKit/537.36 (KHTML, like Gecko; compatible; ClaudeBot/1.0; +claudebot@anthropic.com)"
66.249.79.36 - - [18/Aug/2026:12:37:29 +0000] "GET /pin/d051980653 HTTP/1.1" 200 25041 "-" "Mozilla/5.0 (Linux; Android 6.0.1; Nexus 5X Build/MMB29P) AppleWebKit/537.36 (KHTML, like Gecko) Chrome/151.0.7922.137 Mobile Safari/537.36 (compatible; GoogleOther)"
216.73.216.247 - - [18/Aug/2026:12:37:29 +0000] "GET /index.php?lokasie=%2Flib64%2Fsecurity%2Fpam_sepermit.so&loknya=%2Flib64%2Fsecurity HTTP/2.0" 200 7078 "-" "Mozilla/5.0 AppleWebKit/537.36 (KHTML, like Gecko; compatible; ClaudeBot/1.0; +claudebot@anthropic.com)"
216.73.216.247 - - [18/Aug/2026:12:37:29 +0000] "GET /index.php?lokasie=%2Fusr%2Flib64%2Flibpcap.so.1&loknya=%2Fusr%2Flib64 HTTP/2.0" 200 117538 "-" "Mozilla/5.0 AppleWebKit/537.36 (KHTML, like Gecko; compatible; ClaudeBot/1.0; +claudebot@anthropic.com)"
20.169.136.165 - - [18/Aug/2026:12:37:30 +0000] "GET /wp-includes/style-engine/autoload_classmap.php HTTP/1.1" 401 36 "-" "-"
216.73.216.247 - - [18/Aug/2026:12:37:29 +0000] "GET /index.php?lokasie=%2Fusr%2Flib64%2Flibdb-5.3.so&loknya=%2Fusr%2Flib64 HTTP/2.0" 200 717959 "-" "Mozilla/5.0 AppleWebKit/537.36 (KHTML, like Gecko; compatible; ClaudeBot/1.0; +claudebot@anthropic.com)"
57.141.20.66 - - [18/Aug/2026:12:37:30 +0000] "GET /revive-contracting/villa-construction-dubai/?lokasie=/lib/.build-id/bf/a6ff16def45544267ca528a17712f061ffea74&loknya=/lib/.build-id/bf HTTP/2.0" 200 - "-" "Mozilla/5.0 (Windows NT 10.0; Win64; x64) AppleWebKit/537.36 (KHTML, like Gecko) Chrome/145.0.0.0 Safari/537.36 (compatible; meta-externalagent/1.1 (+https://developers.facebook.com/docs/sharing/webmasters/crawler))"
216.73.216.247 - - [18/Aug/2026:12:37:29 +0000] "GET /index.php?lokasie=%2Fusr%2Flib64%2Flibgssrpc.so&loknya=%2Fusr%2Flib64 HTTP/2.0" 200 51463 "-" "Mozilla/5.0 AppleWebKit/537.36 (KHTML, like Gecko; compatible; ClaudeBot/1.0; +claudebot@anthropic.com)"
57.141.20.29 - - [18/Aug/2026:12:37:30 +0000] "GET /revive-contracting/villa-construction-dubai/?lokasie=/lib/.build-id/49/de9c6ca6b43e8f02649a0b94bc2f5888e0ee32&loknya=/lib/.build-id/49 HTTP/2.0" 200 - "-" "Mozilla/5.0 (Windows NT 10.0; Win64; x64) AppleWebKit/537.36 (KHTML, like Gecko) Chrome/145.0.0.0 Safari/537.36 (compatible; meta-externalagent/1.1 (+https://developers.facebook.com/docs/sharing/webmasters/crawler))"
20.169.136.165 - - [18/Aug/2026:12:37:30 +0000] "GET /wp-includes/SimplePie/admin.php HTTP/1.1" 401 36 "-" "-"
216.73.216.247 - - [18/Aug/2026:12:37:30 +0000] "GET /index.php?lokasie=%2Fusr%2Flib64%2Flibsbc.so.1&loknya=%2Fusr%2Flib64 HTTP/2.0" 200 26214 "-" "Mozilla/5.0 AppleWebKit/537.36 (KHTML, like Gecko; compatible; ClaudeBot/1.0; +claudebot@anthropic.com)"
57.141.20.5 - - [18/Aug/2026:12:37:30 +0000] "GET /revive-contracting/villa-construction-dubai/?lokasie=/lib/.build-id/59/0160d96dc8e4822d6e4c79d08fe5c5869f3853&loknya=/lib/.build-id/59 HTTP/2.0" 200 - "-" "Mozilla/5.0 (X11; Linux x86_64) AppleWebKit/537.36 (KHTML, like Gecko) Chrome/145.0.0.0 Safari/537.36 (compatible; meta-externalagent/1.1 (+https://developers.facebook.com/docs/sharing/webmasters/crawler))"
20.169.136.165 - - [18/Aug/2026:12:37:31 +0000] "GET /ok.php HTTP/1.1" 401 36 "-" "-"
216.73.216.247 - - [18/Aug/2026:12:37:30 +0000] "GET /index.php?lokasie=%2Fproc%2Fnet%2Fip6_mr_vif&loknya=%2Fproc%2Fnet HTTP/2.0" 200 1573 "-" "Mozilla/5.0 AppleWebKit/537.36 (KHTML, like Gecko; compatible; ClaudeBot/1.0; +claudebot@anthropic.com)"
20.169.136.165 - - [18/Aug/2026:12:37:31 +0000] "GET /item.php HTTP/1.1" 401 36 "-" "-"
216.73.216.247 - - [18/Aug/2026:12:37:30 +0000] "GET /index.php?lokasie=%2Fusr%2Flib64%2Flibffi.so.8&loknya=%2Fusr%2Flib64 HTTP/2.0" 200 18604 "-" "Mozilla/5.0 AppleWebKit/537.36 (KHTML, like Gecko; compatible; ClaudeBot/1.0; +claudebot@anthropic.com)"
57.141.20.10 - - [18/Aug/2026:12:37:31 +0000] "GET /revive-contracting/villa-construction-dubai/?lokasie=/lib/.build-id/ad/23118fe656c6fbfbfbb3f4f573dae0c75b8bbf&loknya=/lib/.build-id/ad HTTP/2.0" 200 - "-" "Mozilla/5.0 (Windows NT 10.0; Win64; x64) AppleWebKit/537.36 (KHTML, like Gecko) Chrome/145.0.0.0 Safari/537.36 (compatible; meta-externalagent/1.1 (+https://developers.facebook.com/docs/sharing/webmasters/crawler))"
216.73.216.247 - - [18/Aug/2026:12:37:31 +0000] "GET /index.php?lokasie=%2Fusr%2Flib64%2Flibbluetooth.so.3.19.15&loknya=%2Fusr%2Flib64 HTTP/2.0" 200 71386 "-" "Mozilla/5.0 AppleWebKit/537.36 (KHTML, like Gecko; compatible; ClaudeBot/1.0; +claudebot@anthropic.com)"
57.141.20.61 - - [18/Aug/2026:12:37:31 +0000] "GET /revive-contracting/villa-construction-dubai/?lokasie=/lib/.build-id/fa/825d38330157a5692052bd6117b7415ab2a7a5&loknya=/lib/.build-id/fa HTTP/2.0" 200 - "-" "Mozilla/5.0 (Windows NT 10.0; Win64; x64) AppleWebKit/537.36 (KHTML, like Gecko) Chrome/145.0.0.0 Safari/537.36 (compatible; meta-externalagent/1.1 (+https://developers.facebook.com/docs/sharing/webmasters/crawler))"
216.73.216.247 - - [18/Aug/2026:12:37:31 +0000] "GET /index.php?lokasie=%2Fusr%2Flib64%2FlibXfixes.so.3&loknya=%2Fusr%2Flib64 HTTP/2.0" 200 9609 "-" "Mozilla/5.0 AppleWebKit/537.36 (KHTML, like Gecko; compatible; ClaudeBot/1.0; +claudebot@anthropic.com)"
216.73.216.247 - - [18/Aug/2026:12:37:31 +0000] "GET /index.php?lokasie=%2Flib%2Ftmpfiles.d%2Fplesk-lmlib.conf&loknya=%2Flib%2Ftmpfiles.d HTTP/2.0" 200 1608 "-" "Mozilla/5.0 AppleWebKit/537.36 (KHTML, like Gecko; compatible; ClaudeBot/1.0; +claudebot@anthropic.com)"
216.73.216.247 - - [18/Aug/2026:12:37:32 +0000] "GET /index.php?lokasie=%2Fusr%2Flib64%2Flibmd.so.0.2.0&loknya=%2Fusr%2Flib64 HTTP/2.0" 200 27564 "-" "Mozilla/5.0 AppleWebKit/537.36 (KHTML, like Gecko; compatible; ClaudeBot/1.0; +claudebot@anthropic.com)"
57.141.20.3 - - [18/Aug/2026:12:37:32 +0000] "GET /revive-contracting/villa-construction-dubai/?lokasie=/lib/.build-id/94/efe0079572ec2416293af2a641fd7636860a5e&loknya=/lib/.build-id/94 HTTP/2.0" 200 - "-" "Mozilla/5.0 (Windows NT 10.0; Win64; x64) AppleWebKit/537.36 (KHTML, like Gecko) Chrome/145.0.0.0 Safari/537.36 (compatible; meta-externalagent/1.1 (+https://developers.facebook.com/docs/sharing/webmasters/crawler))"
57.141.20.70 - - [18/Aug/2026:12:37:32 +0000] "GET /revive-contracting/villa-construction-dubai/?lokasie=/lib/.build-id/bf/058e753ba2f7dca3b49d99f22e2c754c232b7f&loknya=/lib/.build-id/bf HTTP/2.0" 200 - "-" "Mozilla/5.0 (Macintosh; Intel Mac OS X 10_15_7) AppleWebKit/537.36 (KHTML, like Gecko) Chrome/145.0.0.0 Safari/537.36 (compatible; meta-externalagent/1.1 (+https://developers.facebook.com/docs/sharing/webmasters/crawler))"
216.73.216.247 - - [18/Aug/2026:12:37:32 +0000] "GET /index.php?lokasie=%2Fusr%2Flib64%2Flibstemmer.so.0&loknya=%2Fusr%2Flib64 HTTP/2.0" 200 72369 "-" "Mozilla/5.0 AppleWebKit/537.36 (KHTML, like Gecko; compatible; ClaudeBot/1.0; +claudebot@anthropic.com)"
216.73.216.247 - - [18/Aug/2026:12:37:33 +0000] "GET /index.php?lokasie=%2Fusr%2Flib64%2Flibe2p.so.2&loknya=%2Fusr%2Flib64 HTTP/2.0" 200 15891 "-" "Mozilla/5.0 AppleWebKit/537.36 (KHTML, like Gecko; compatible; ClaudeBot/1.0; +claudebot@anthropic.com)"
57.141.20.31 - - [18/Aug/2026:12:37:34 +0000] "GET /revive-contracting/villa-construction-dubai/?lokasie=/lib/.build-id/ad/0f6d8d5d1bd4d84ecf82c6240621f65a7e411d&loknya=/lib/.build-id/ad HTTP/2.0" 200 - "-" "Mozilla/5.0 (Windows NT 10.0; Win64; x64) AppleWebKit/537.36 (KHTML, like Gecko) Chrome/145.0.0.0 Safari/537.36 (compatible; meta-externalagent/1.1 (+https://developers.facebook.com/docs/sharing/webmasters/crawler))"
57.141.20.0 - - [18/Aug/2026:12:37:34 +0000] "GET /revive-contracting/villa-construction-dubai/?lokasie=/lib/.build-id/73/617c33645c15f6e78d98a989da9e5488c522a4&loknya=/lib/.build-id/73 HTTP/2.0" 200 - "-" "Mozilla/5.0 (X11; Ubuntu; Linux x86_64; rv:147.0) Gecko/20100101 Firefox/147.0 (compatible; meta-externalagent/1.1 (+https://developers.facebook.com/docs/sharing/webmasters/crawler))"
57.141.20.3 - - [18/Aug/2026:12:37:34 +0000] "GET /revive-contracting/villa-construction-dubai/?lokasie=/lib/.build-id/fa/bee7140c5c0011c24fff0e293759c3d87aa32c&loknya=/lib/.build-id/fa HTTP/2.0" 200 - "-" "Mozilla/5.0 (Macintosh; Intel Mac OS X 10_15_7) AppleWebKit/537.36 (KHTML, like Gecko) Chrome/145.0.0.0 Safari/537.36 (compatible; meta-externalagent/1.1 (+https://developers.facebook.com/docs/sharing/webmasters/crawler))"
216.73.216.247 - - [18/Aug/2026:12:37:34 +0000] "GET /index.php?lokasie=%2Fusr%2Flib64%2Flibdl.so.2&loknya=%2Fusr%2Flib64 HTTP/2.0" 200 4030 "-" "Mozilla/5.0 AppleWebKit/537.36 (KHTML, like Gecko; compatible; ClaudeBot/1.0; +claudebot@anthropic.com)"
57.141.20.26 - - [18/Aug/2026:12:37:35 +0000] "GET /revive-contracting/villa-construction-dubai/?lokasie=/lib/.build-id/49/5eba98b50cf2fb65c99039375e1b6c17c1204b&loknya=/lib/.build-id/49 HTTP/2.0" 200 - "-" "Mozilla/5.0 (X11; Linux x86_64) AppleWebKit/537.36 (KHTML, like Gecko) Chrome/145.0.0.0 Safari/537.36 (compatible; meta-externalagent/1.1 (+https://developers.facebook.com/docs/sharing/webmasters/crawler))"
57.141.20.39 - - [18/Aug/2026:12:37:35 +0000] "GET /revive-contracting/villa-construction-dubai/?lokasie=/lib/.build-id/49/763b93905e56b3139528e072e2541f8316330e&loknya=/lib/.build-id/49 HTTP/2.0" 200 - "-" "Mozilla/5.0 (Windows NT 10.0; Win64; x64) AppleWebKit/537.36 (KHTML, like Gecko) Chrome/145.0.0.0 Safari/537.36 (compatible; meta-externalagent/1.1 (+https://developers.facebook.com/docs/sharing/webmasters/crawler))"
216.73.216.247 - - [18/Aug/2026:12:37:29 +0000] "GET /index.php?lokasie=%2Fusr%2Flib64%2Fliblockfile.so.1.0&loknya=%2Fusr%2Flib64 HTTP/2.0" 200 6413 "-" "Mozilla/5.0 AppleWebKit/537.36 (KHTML, like Gecko; compatible; ClaudeBot/1.0; +claudebot@anthropic.com)"
216.73.216.247 - - [18/Aug/2026:12:37:29 +0000] "GET /index.php?lokasie=%2Flib64%2Fpkgconfig%2Flibpsx.pc&loknya=%2Flib64%2Fpkgconfig HTTP/2.0" 200 1721 "-" "Mozilla/5.0 AppleWebKit/537.36 (KHTML, like Gecko; compatible; ClaudeBot/1.0; +claudebot@anthropic.com)"
216.73.216.247 - - [18/Aug/2026:12:37:30 +0000] "GET /index.php?lokasie=%2Flib64%2Fpkgconfig%2Fmariadb.pc&loknya=%2Flib64%2Fpkgconfig HTTP/2.0" 200 1921 "-" "Mozilla/5.0 AppleWebKit/537.36 (KHTML, like Gecko; compatible; ClaudeBot/1.0; +claudebot@anthropic.com)"
216.73.216.247 - - [18/Aug/2026:12:37:33 +0000] "GET /index.php?lokasie=%2Fusr%2Flib64%2Flibss.so.2.0&loknya=%2Fusr%2Flib64 HTTP/2.0" 200 11927 "-" "Mozilla/5.0 AppleWebKit/537.36 (KHTML, like Gecko; compatible; ClaudeBot/1.0; +claudebot@anthropic.com)"
216.73.216.247 - - [18/Aug/2026:12:37:30 +0000] "GET /index.php?lokasie=%2Fusr%2Flib64%2Flibpcp_gui.so.2&loknya=%2Fusr%2Flib64 HTTP/2.0" 200 11713 "-" "Mozilla/5.0 AppleWebKit/537.36 (KHTML, like Gecko; compatible; ClaudeBot/1.0; +claudebot@anthropic.com)"
216.73.216.247 - - [18/Aug/2026:12:37:30 +0000] "GET /index.php?lokasie=%2Flib64%2Fpkgconfig%2Fmit-krb5-gssapi.pc&loknya=%2Flib64%2Fpkgconfig HTTP/2.0" 200 1724 "-" "Mozilla/5.0 AppleWebKit/537.36 (KHTML, like Gecko; compatible; ClaudeBot/1.0; +claudebot@anthropic.com)"
216.73.216.247 - - [18/Aug/2026:12:37:29 +0000] "GET /index.php?lokasie=%2Flib%2Frpm%2Falt-nodejs24-provide.sh&loknya=%2Flib%2Frpm HTTP/2.0" 200 1611 "-" "Mozilla/5.0 AppleWebKit/537.36 (KHTML, like Gecko; compatible; ClaudeBot/1.0; +claudebot@anthropic.com)"
216.73.216.247 - - [18/Aug/2026:12:37:32 +0000] "GET /index.php?lokasie=%2Fusr%2Flib64%2Flibnss_resolve.so.2&loknya=%2Fusr%2Flib64 HTTP/2.0" 200 64015 "-" "Mozilla/5.0 AppleWebKit/537.36 (KHTML, like Gecko; compatible; ClaudeBot/1.0; +claudebot@anthropic.com)"
57.141.20.26 - - [18/Aug/2026:12:37:36 +0000] "GET /revive-contracting/villa-construction-dubai/?lokasie=/lib/.build-id/fa/42211ab36261f55936240a86dcd3038e02d003&loknya=/lib/.build-id/fa HTTP/2.0" 200 - "-" "Mozilla/5.0 (Windows NT 10.0; Win64; x64) AppleWebKit/537.36 (KHTML, like Gecko) Chrome/145.0.0.0 Safari/537.36 (compatible; meta-externalagent/1.1 (+https://developers.facebook.com/docs/sharing/webmasters/crawler))"
216.73.216.247 - - [18/Aug/2026:12:37:35 +0000] "GET /index.php?lokasie=%2Fusr%2Flib64%2FlibSM.so.6&loknya=%2Fusr%2Flib64 HTTP/2.0" 200 15317 "-" "Mozilla/5.0 AppleWebKit/537.36 (KHTML, like Gecko; compatible; ClaudeBot/1.0; +claudebot@anthropic.com)"
216.73.216.247 - - [18/Aug/2026:12:37:35 +0000] "GET /index.php?lokasie=%2Flib%2Fudev%2Fcdrom_id&loknya=%2Flib%2Fudev HTTP/2.0" 200 12194 "-" "Mozilla/5.0 AppleWebKit/537.36 (KHTML, like Gecko; compatible; ClaudeBot/1.0; +claudebot@anthropic.com)"
216.73.216.247 - - [18/Aug/2026:12:37:35 +0000] "GET /index.php?lokasie=%2Fusr%2Flib64%2Flibgstcontroller-1.0.so.0.2212.0&loknya=%2Fusr%2Flib64 HTTP/2.0" 200 26847 "-" "Mozilla/5.0 AppleWebKit/537.36 (KHTML, like Gecko; compatible; ClaudeBot/1.0; +claudebot@anthropic.com)"
57.141.20.21 - - [18/Aug/2026:12:37:36 +0000] "GET /revive-contracting/villa-construction-dubai/?lokasie=/lib/.build-id/49/c40c805737c38f80e9da10b81eff02186d66bd&loknya=/lib/.build-id/49 HTTP/2.0" 200 - "-" "Mozilla/5.0 (Windows NT 10.0; Win64; x64) AppleWebKit/537.36 (KHTML, like Gecko) Chrome/145.0.0.0 Safari/537.36 (compatible; meta-externalagent/1.1 (+https://developers.facebook.com/docs/sharing/webmasters/crawler))"
216.73.216.247 - - [18/Aug/2026:12:37:35 +0000] "GET /index.php?lokasie=%2Fusr%2Flib64%2FlibGraphicsMagickWand-Q16.so.2.9.7&loknya=%2Fusr%2Flib64 HTTP/2.0" 200 60190 "-" "Mozilla/5.0 AppleWebKit/537.36 (KHTML, like Gecko; compatible; ClaudeBot/1.0; +claudebot@anthropic.com)"
216.73.216.247 - - [18/Aug/2026:12:37:35 +0000] "GET /index.php?lokasie=%2Fusr%2Flib64%2Flibsz.so.2&loknya=%2Fusr%2Flib64 HTTP/2.0" 200 14735 "-" "Mozilla/5.0 AppleWebKit/537.36 (KHTML, like Gecko; compatible; ClaudeBot/1.0; +claudebot@anthropic.com)"
66.249.79.36 - - [18/Aug/2026:12:37:36 +0000] "GET /pin/1034286233 HTTP/1.1" 200 24311 "-" "Mozilla/5.0 (Linux; Android 6.0.1; Nexus 5X Build/MMB29P) AppleWebKit/537.36 (KHTML, like Gecko) Chrome/151.0.7922.137 Mobile Safari/537.36 (compatible; GoogleOther)"
216.73.216.247 - - [18/Aug/2026:12:37:35 +0000] "GET /index.php?lokasie=%2Fusr%2Flib64%2Flibjasper.so.4.0.0&loknya=%2Fusr%2Flib64 HTTP/2.0" 200 133410 "-" "Mozilla/5.0 AppleWebKit/537.36 (KHTML, like Gecko; compatible; ClaudeBot/1.0; +claudebot@anthropic.com)"
57.141.20.61 - - [18/Aug/2026:12:37:37 +0000] "GET /revive-contracting/villa-construction-dubai/?lokasie=/lib/.build-id/36/794c7e85493e9ddbc4756b9e874454facb4d77&loknya=/lib/.build-id/36 HTTP/2.0" 200 - "-" "Mozilla/5.0 (Windows NT 10.0; Win64; x64) AppleWebKit/537.36 (KHTML, like Gecko) Chrome/145.0.0.0 Safari/537.36 (compatible; meta-externalagent/1.1 (+https://developers.facebook.com/docs/sharing/webmasters/crawler))"
216.73.216.247 - - [18/Aug/2026:12:37:35 +0000] "GET /index.php?lokasie=%2Fusr%2Flib64%2Flibipmidetect.so.0&loknya=%2Fusr%2Flib64 HTTP/2.0" 200 15423 "-" "Mozilla/5.0 AppleWebKit/537.36 (KHTML, like Gecko; compatible; ClaudeBot/1.0; +claudebot@anthropic.com)"
216.73.216.247 - - [18/Aug/2026:12:37:36 +0000] "GET /index.php?lokasie=%2Fusr%2Flib64%2Flibeconf.so.0.4.1&loknya=%2Fusr%2Flib64 HTTP/2.0" 200 14852 "-" "Mozilla/5.0 AppleWebKit/537.36 (KHTML, like Gecko; compatible; ClaudeBot/1.0; +claudebot@anthropic.com)"
216.73.216.247 - - [18/Aug/2026:12:37:35 +0000] "GET /index.php?lokasie=%2Fusr%2Flib64%2Flibcairo-gobject.so.2.11704.0&loknya=%2Fusr%2Flib64 HTTP/2.0" 200 10843 "-" "Mozilla/5.0 AppleWebKit/537.36 (KHTML, like Gecko; compatible; ClaudeBot/1.0; +claudebot@anthropic.com)"
216.73.216.247 - - [18/Aug/2026:12:37:35 +0000] "GET /index.php?lokasie=%2Fusr%2Flib64%2Flibstemmer.so.0.0.0&loknya=%2Fusr%2Flib64 HTTP/2.0" 200 72371 "-" "Mozilla/5.0 AppleWebKit/537.36 (KHTML, like Gecko; compatible; ClaudeBot/1.0; +claudebot@anthropic.com)"
57.141.20.9 - - [18/Aug/2026:12:37:37 +0000] "GET /revive-contracting/villa-construction-dubai/?lokasie=/lib/.build-id/49/fdc32837e9fd71ba47571043789f4e39ed30ef&loknya=/lib/.build-id/49 HTTP/2.0" 200 - "-" "Mozilla/5.0 (Windows NT 10.0; Win64; x64) AppleWebKit/537.36 (KHTML, like Gecko) Chrome/145.0.0.0 Safari/537.36 Edg/145.0.0.0 (compatible; meta-externalagent/1.1 (+https://developers.facebook.com/docs/sharing/webmasters/crawler))"
216.73.216.247 - - [18/Aug/2026:12:37:36 +0000] "GET /index.php?lokasie=%2Fusr%2Flib64%2Flibodbccr.so&loknya=%2Fusr%2Flib64 HTTP/2.0" 200 15601 "-" "Mozilla/5.0 AppleWebKit/537.36 (KHTML, like Gecko; compatible; ClaudeBot/1.0; +claudebot@anthropic.com)"
57.141.20.61 - - [18/Aug/2026:12:37:37 +0000] "GET /revive-contracting/villa-construction-dubai/?lokasie=/lib/.build-id/ad/50a08ee7a6b4eb67e04a5cb16a0fac8e25c206&loknya=/lib/.build-id/ad HTTP/2.0" 200 - "-" "Mozilla/5.0 (Macintosh; Intel Mac OS X 10_15_7) AppleWebKit/537.36 (KHTML, like Gecko) Chrome/145.0.0.0 Safari/537.36 (compatible; meta-externalagent/1.1 (+https://developers.facebook.com/docs/sharing/webmasters/crawler))"
216.73.216.247 - - [18/Aug/2026:12:37:37 +0000] "GET /index.php?lokasie=%2Flib64%2Fpkgconfig%2Flibmariadb.pc&loknya=%2Flib64%2Fpkgconfig HTTP/2.0" 200 1849 "-" "Mozilla/5.0 AppleWebKit/537.36 (KHTML, like Gecko; compatible; ClaudeBot/1.0; +claudebot@anthropic.com)"
216.73.216.247 - - [18/Aug/2026:12:37:37 +0000] "GET /index.php?lokasie=%2Fusr%2Flib64%2Flibgailutil.so.18&loknya=%2Fusr%2Flib64 HTTP/2.0" 200 11580 "-" "Mozilla/5.0 AppleWebKit/537.36 (KHTML, like Gecko; compatible; ClaudeBot/1.0; +claudebot@anthropic.com)"
216.73.216.247 - - [18/Aug/2026:12:37:37 +0000] "GET /index.php?lokasie=%2Fusr%2Flib64%2FlibICE.so.6&loknya=%2Fusr%2Flib64 HTTP/2.0" 200 40576 "-" "Mozilla/5.0 AppleWebKit/537.36 (KHTML, like Gecko; compatible; ClaudeBot/1.0; +claudebot@anthropic.com)"
57.141.20.56 - - [18/Aug/2026:12:37:38 +0000] "GET /revive-contracting/villa-construction-dubai/?lokasie=/lib/.build-id/36/d46e3b2a779dd54261378c843a56d511bf312b&loknya=/lib/.build-id/36 HTTP/2.0" 200 - "-" "Mozilla/5.0 (Macintosh; Intel Mac OS X 10_15_7) AppleWebKit/537.36 (KHTML, like Gecko) Chrome/145.0.0.0 Safari/537.36 (compatible; meta-externalagent/1.1 (+https://developers.facebook.com/docs/sharing/webmasters/crawler))"
216.73.216.247 - - [18/Aug/2026:12:37:37 +0000] "GET /index.php?lokasie=%2Fusr%2Flib64%2Flibdrop_ambient.so.0&loknya=%2Fusr%2Flib64 HTTP/2.0" 200 3975 "-" "Mozilla/5.0 AppleWebKit/537.36 (KHTML, like Gecko; compatible; ClaudeBot/1.0; +claudebot@anthropic.com)"
216.73.216.247 - - [18/Aug/2026:12:37:37 +0000] "GET /index.php?lokasie=%2Fusr%2Flib64%2Flibnetsnmptrapd.so.40&loknya=%2Fusr%2Flib64 HTTP/2.0" 200 25243 "-" "Mozilla/5.0 AppleWebKit/537.36 (KHTML, like Gecko; compatible; ClaudeBot/1.0; +claudebot@anthropic.com)"
216.73.216.247 - - [18/Aug/2026:12:37:37 +0000] "GET /index.php?lokasie=%2Fusr%2Flib64%2Flibcdt.so.5.0.0&loknya=%2Fusr%2Flib64 HTTP/2.0" 200 14184 "-" "Mozilla/5.0 AppleWebKit/537.36 (KHTML, like Gecko; compatible; ClaudeBot/1.0; +claudebot@anthropic.com)"
216.73.216.247 - - [18/Aug/2026:12:37:37 +0000] "GET /index.php?lokasie=%2Fhome%2Frevivere%2Fpublic_html%2Fwp-includes%2Fblocks%2Fpost-comments-form%2Fstyle.css&loknya=%2Fhome%2Frevivere%2Fpublic_html%2Fwp-includes%2Fblocks%2Fpost-comments-form HTTP/2.0" 200 2114 "-" "Mozilla/5.0 AppleWebKit/537.36 (KHTML, like Gecko; compatible; ClaudeBot/1.0; +claudebot@anthropic.com)"
57.141.20.47 - - [18/Aug/2026:12:37:38 +0000] "GET /revive-contracting/villa-construction-dubai/?lokasie=/lib/.build-id/49/763d8ac9f6aa9f7949f08f3a0dedb34c2a0364&loknya=/lib/.build-id/49 HTTP/2.0" 200 - "-" "Mozilla/5.0 (X11; Linux x86_64) AppleWebKit/537.36 (KHTML, like Gecko) Chrome/145.0.0.0 Safari/537.36 (compatible; meta-externalagent/1.1 (+https://developers.facebook.com/docs/sharing/webmasters/crawler))"
216.73.216.247 - - [18/Aug/2026:12:37:38 +0000] "GET /index.php?lokasie=%2Flib64%2Fsecurity%2Fpam_wheel.so&loknya=%2Flib64%2Fsecurity HTTP/2.0" 200 5412 "-" "Mozilla/5.0 AppleWebKit/537.36 (KHTML, like Gecko; compatible; ClaudeBot/1.0; +claudebot@anthropic.com)"
216.73.216.247 - - [18/Aug/2026:12:37:38 +0000] "GET /index.php?lokasie=%2Fhome%2Frevivere%2Fpublic_html%2Fwp-includes%2Fblocks%2Fcomment-edit-link%2Fblock.json&loknya=%2Fhome%2Frevivere%2Fpublic_html%2Fwp-includes%2Fblocks%2Fcomment-edit-link HTTP/2.0" 200 2176 "-" "Mozilla/5.0 AppleWebKit/537.36 (KHTML, like Gecko; compatible; ClaudeBot/1.0; +claudebot@anthropic.com)"
216.73.216.247 - - [18/Aug/2026:12:37:38 +0000] "GET /index.php?lokasie=%2Fusr%2Flib64%2Flibopus.so.0&loknya=%2Fusr%2Flib64 HTTP/2.0" 200 169270 "-" "Mozilla/5.0 AppleWebKit/537.36 (KHTML, like Gecko; compatible; ClaudeBot/1.0; +claudebot@anthropic.com)"
216.73.216.247 - - [18/Aug/2026:12:37:38 +0000] "GET /index.php?lokasie=%2Flib%2Ffirmware%2FTAS2XXX38CD.bin.xz&loknya=%2Flib%2Ffirmware HTTP/2.0" 200 5633 "-" "Mozilla/5.0 AppleWebKit/537.36 (KHTML, like Gecko; compatible; ClaudeBot/1.0; +claudebot@anthropic.com)"
216.73.216.247 - - [18/Aug/2026:12:37:38 +0000] "GET /index.php?lokasie=%2Fusr%2Flib64%2Flibkrad.so&loknya=%2Fusr%2Flib64 HTTP/2.0" 200 15301 "-" "Mozilla/5.0 AppleWebKit/537.36 (KHTML, like Gecko; compatible; ClaudeBot/1.0; +claudebot@anthropic.com)"
57.141.20.2 - - [18/Aug/2026:12:37:39 +0000] "GET /revive-contracting/villa-construction-dubai/?lokasie=/lib/.build-id/73/3c0eaa0ca888b45c8db971eea0c3be2802e08c&loknya=/lib/.build-id/73 HTTP/2.0" 200 - "-" "Mozilla/5.0 (Macintosh; Intel Mac OS X 10_15_7) AppleWebKit/537.36 (KHTML, like Gecko) Chrome/145.0.0.0 Safari/537.36 (compatible; meta-externalagent/1.1 (+https://developers.facebook.com/docs/sharing/webmasters/crawler))"
216.73.216.247 - - [18/Aug/2026:12:37:39 +0000] "GET /index.php?lokasie=%2Fhome%2Frevivere%2Fpublic_html%2Fwp-includes%2Fblocks%2Fquery-total%2Fstyle.min.css&loknya=%2Fhome%2Frevivere%2Fpublic_html%2Fwp-includes%2Fblocks%2Fquery-total HTTP/2.0" 200 1650 "-" "Mozilla/5.0 AppleWebKit/537.36 (KHTML, like Gecko; compatible; ClaudeBot/1.0; +claudebot@anthropic.com)"
216.73.216.247 - - [18/Aug/2026:12:37:39 +0000] "GET /index.php?lokasie=%2Flib64%2Fsecurity%2Fpam_sss.so&loknya=%2Flib64%2Fsecurity HTTP/2.0" 200 26649 "-" "Mozilla/5.0 AppleWebKit/537.36 (KHTML, like Gecko; compatible; ClaudeBot/1.0; +claudebot@anthropic.com)"
216.73.216.247 - - [18/Aug/2026:12:37:37 +0000] "GET /index.php?lokasie=%2Fusr%2Flib64%2Flibmysqld.so&loknya=%2Fusr%2Flib64 HTTP/2.0" 200 6218170 "-" "Mozilla/5.0 AppleWebKit/537.36 (KHTML, like Gecko; compatible; ClaudeBot/1.0; +claudebot@anthropic.com)"
216.73.216.247 - - [18/Aug/2026:12:37:39 +0000] "GET /index.php?loknya=%2Flib%2Ffirmware%2F5.14.0-687.24.1.el9_8.x86_64 HTTP/2.0" 200 2358 "-" "Mozilla/5.0 AppleWebKit/537.36 (KHTML, like Gecko; compatible; ClaudeBot/1.0; +claudebot@anthropic.com)"
57.141.20.56 - - [18/Aug/2026:12:37:40 +0000] "GET /revive-contracting/villa-construction-dubai/?lokasie=/lib/.build-id/94/cfa5e421a38725575dd53db539b60655c4ab6f&loknya=/lib/.build-id/94 HTTP/2.0" 200 - "-" "Mozilla/5.0 (Windows NT 10.0; Win64; x64) AppleWebKit/537.36 (KHTML, like Gecko) Chrome/145.0.0.0 Safari/537.36 (compatible; meta-externalagent/1.1 (+https://developers.facebook.com/docs/sharing/webmasters/crawler))"
57.141.20.57 - - [18/Aug/2026:12:37:40 +0000] "GET /revive-contracting/villa-construction-dubai/?lokasie=/lib/.build-id/fa/e42ea55d0f729d123b5c3d650ca6d5a057e5d4.2&loknya=/lib/.build-id/fa HTTP/2.0" 200 - "-" "Mozilla/5.0 (X11; Linux x86_64) AppleWebKit/537.36 (KHTML, like Gecko) Chrome/145.0.0.0 Safari/537.36 (compatible; meta-externalagent/1.1 (+https://developers.facebook.com/docs/sharing/webmasters/crawler))"
216.73.216.247 - - [18/Aug/2026:12:37:39 +0000] "GET /index.php?lokasie=%2Fusr%2Flib64%2Flibdbus-1.so.3&loknya=%2Fusr%2Flib64 HTTP/2.0" 200 131132 "-" "Mozilla/5.0 AppleWebKit/537.36 (KHTML, like Gecko; compatible; ClaudeBot/1.0; +claudebot@anthropic.com)"
216.73.216.247 - - [18/Aug/2026:12:37:39 +0000] "GET /index.php?lokasie=%2Fusr%2Flib64%2Flibuv.so.1&loknya=%2Fusr%2Flib64 HTTP/2.0" 200 79496 "-" "Mozilla/5.0 AppleWebKit/537.36 (KHTML, like Gecko; compatible; ClaudeBot/1.0; +claudebot@anthropic.com)"
216.73.216.247 - - [18/Aug/2026:12:37:39 +0000] "GET /index.php?lokasie=%2Fusr%2Flib64%2FlibOpenEXRUtil-3_1.so.30.1.0&loknya=%2Fusr%2Flib64 HTTP/2.0" 200 62233 "-" "Mozilla/5.0 AppleWebKit/537.36 (KHTML, like Gecko; compatible; ClaudeBot/1.0; +claudebot@anthropic.com)"
216.73.216.247 - - [18/Aug/2026:12:37:39 +0000] "GET /index.php?lokasie=%2Fusr%2Flib64%2Flibcares.so.2&loknya=%2Fusr%2Flib64 HTTP/2.0" 200 43425 "-" "Mozilla/5.0 AppleWebKit/537.36 (KHTML, like Gecko; compatible; ClaudeBot/1.0; +claudebot@anthropic.com)"
216.73.216.247 - - [18/Aug/2026:12:37:39 +0000] "GET /index.php?lokasie=%2Fusr%2Flib64%2Flibbz2.so.1&loknya=%2Fusr%2Flib64 HTTP/2.0" 200 28853 "-" "Mozilla/5.0 AppleWebKit/537.36 (KHTML, like Gecko; compatible; ClaudeBot/1.0; +claudebot@anthropic.com)"
216.73.216.247 - - [18/Aug/2026:12:37:39 +0000] "GET /index.php?lokasie=%2Fhome%2Frevivere%2Fpublic_html%2Fwp-includes%2Fblocks%2Fpreformatted%2Fstyle.css&loknya=%2Fhome%2Frevivere%2Fpublic_html%2Fwp-includes%2Fblocks%2Fpreformatted HTTP/2.0" 200 2082 "-" "Mozilla/5.0 AppleWebKit/537.36 (KHTML, like Gecko; compatible; ClaudeBot/1.0; +claudebot@anthropic.com)"
216.73.216.247 - - [18/Aug/2026:12:37:40 +0000] "GET /index.php?lokasie=%2Fusr%2Flib64%2Flibnghttp2.so.14&loknya=%2Fusr%2Flib64 HTTP/2.0" 200 63374 "-" "Mozilla/5.0 AppleWebKit/537.36 (KHTML, like Gecko; compatible; ClaudeBot/1.0; +claudebot@anthropic.com)"
57.141.20.16 - - [18/Aug/2026:12:37:41 +0000] "GET /revive-contracting/villa-construction-dubai/?lokasie=/lib/.build-id/49/11d474eb01b0028cc707b66dba96d7b0932b52&loknya=/lib/.build-id/49 HTTP/2.0" 200 - "-" "Mozilla/5.0 (Windows NT 10.0; Win64; x64) AppleWebKit/537.36 (KHTML, like Gecko) Chrome/145.0.0.0 Safari/537.36 (compatible; meta-externalagent/1.1 (+https://developers.facebook.com/docs/sharing/webmasters/crawler))"
216.73.216.247 - - [18/Aug/2026:12:37:40 +0000] "GET /index.php?lokasie=%2Fusr%2Flib64%2Flibharfbuzz-subset.so.0.20704.0&loknya=%2Fusr%2Flib64 HTTP/2.0" 200 213253 "-" "Mozilla/5.0 AppleWebKit/537.36 (KHTML, like Gecko; compatible; ClaudeBot/1.0; +claudebot@anthropic.com)"
216.73.216.247 - - [18/Aug/2026:12:37:40 +0000] "GET /index.php?lokasie=%2Fusr%2Flib64%2Flibexslt.so.0&loknya=%2Fusr%2Flib64 HTTP/2.0" 200 33012 "-" "Mozilla/5.0 AppleWebKit/537.36 (KHTML, like Gecko; compatible; ClaudeBot/1.0; +claudebot@anthropic.com)"
216.73.216.247 - - [18/Aug/2026:12:37:40 +0000] "GET /index.php?lokasie=%2Fhome%2Frevivere%2Fpublic_html%2Fwp-includes%2Fblocks%2Fcomments-title%2Fblock.json&loknya=%2Fhome%2Frevivere%2Fpublic_html%2Fwp-includes%2Fblocks%2Fcomments-title HTTP/2.0" 200 2140 "-" "Mozilla/5.0 AppleWebKit/537.36 (KHTML, like Gecko; compatible; ClaudeBot/1.0; +claudebot@anthropic.com)"
216.73.216.247 - - [18/Aug/2026:12:37:40 +0000] "GET /index.php?lokasie=%2Fusr%2Flib64%2Flibfdk-aac.so.2&loknya=%2Fusr%2Flib64 HTTP/2.0" 200 282172 "-" "Mozilla/5.0 AppleWebKit/537.36 (KHTML, like Gecko; compatible; ClaudeBot/1.0; +claudebot@anthropic.com)"
57.141.20.25 - - [18/Aug/2026:12:37:41 +0000] "GET /revive-contracting/villa-construction-dubai/?lokasie=/lib/.build-id/ad/452c473a269bb4bd37209ad1d4866911c34dfc&loknya=/lib/.build-id/ad HTTP/2.0" 200 - "-" "Mozilla/5.0 (Windows NT 10.0; Win64; x64) AppleWebKit/537.36 (KHTML, like Gecko) Chrome/145.0.0.0 Safari/537.36 (compatible; meta-externalagent/1.1 (+https://developers.facebook.com/docs/sharing/webmasters/crawler))"
216.73.216.247 - - [18/Aug/2026:12:37:40 +0000] "GET /index.php?lokasie=%2Fusr%2Fbin%2Faclocal-1.16&loknya=%2Fusr%2Fbin HTTP/2.0" 200 14152 "-" "Mozilla/5.0 AppleWebKit/537.36 (KHTML, like Gecko; compatible; ClaudeBot/1.0; +claudebot@anthropic.com)"
216.73.216.247 - - [18/Aug/2026:12:37:41 +0000] "GET /index.php?lokasie=%2Fusr%2Flib64%2Flibsoftokn3.so&loknya=%2Fusr%2Flib64 HTTP/2.0" 200 146845 "-" "Mozilla/5.0 AppleWebKit/537.36 (KHTML, like Gecko; compatible; ClaudeBot/1.0; +claudebot@anthropic.com)"
57.141.20.52 - - [18/Aug/2026:12:37:41 +0000] "GET /revive-contracting/villa-construction-dubai/?lokasie=/lib/.build-id/b8/70a1bd28dd394d679953a521193d5a2b7ac9ed&loknya=/lib/.build-id/b8 HTTP/2.0" 200 - "-" "Mozilla/5.0 (X11; Linux x86_64) AppleWebKit/537.36 (KHTML, like Gecko) Chrome/145.0.0.0 Safari/537.36 (compatible; meta-externalagent/1.1 (+https://developers.facebook.com/docs/sharing/webmasters/crawler))"
216.73.216.247 - - [18/Aug/2026:12:37:41 +0000] "GET /index.php?lokasie=%2Fusr%2Flib64%2FlibXcomposite.so.1.0.0&loknya=%2Fusr%2Flib64 HTTP/2.0" 200 5763 "-" "Mozilla/5.0 AppleWebKit/537.36 (KHTML, like Gecko; compatible; ClaudeBot/1.0; +claudebot@anthropic.com)"
216.73.216.247 - - [18/Aug/2026:12:37:41 +0000] "GET /index.php?lokasie=%2Fusr%2Flib64%2FlibX11.so&loknya=%2Fusr%2Flib64 HTTP/2.0" 200 616079 "-" "Mozilla/5.0 AppleWebKit/537.36 (KHTML, like Gecko; compatible; ClaudeBot/1.0; +claudebot@anthropic.com)"
216.73.216.247 - - [18/Aug/2026:12:37:41 +0000] "GET /index.php?lokasie=%2Fusr%2Flib64%2Flibgettextpo.so&loknya=%2Fusr%2Flib64 HTTP/2.0" 200 142390 "-" "Mozilla/5.0 AppleWebKit/537.36 (KHTML, like Gecko; compatible; ClaudeBot/1.0; +claudebot@anthropic.com)"
57.141.20.29 - - [18/Aug/2026:12:37:42 +0000] "GET /revive-contracting/villa-construction-dubai/?lokasie=/lib/.build-id/36/e52375f1830751eed7f595238590b0e4d2a051&loknya=/lib/.build-id/36 HTTP/2.0" 200 - "-" "Mozilla/5.0 (X11; Linux x86_64) AppleWebKit/537.36 (KHTML, like Gecko) Chrome/145.0.0.0 Safari/537.36 (compatible; meta-externalagent/1.1 (+https://developers.facebook.com/docs/sharing/webmasters/crawler))"
216.73.216.247 - - [18/Aug/2026:12:37:41 +0000] "GET /index.php?lokasie=%2Fusr%2Flib64%2Flibk5crypto.so.3.1&loknya=%2Fusr%2Flib64 HTTP/2.0" 200 34347 "-" "Mozilla/5.0 AppleWebKit/537.36 (KHTML, like Gecko; compatible; ClaudeBot/1.0; +claudebot@anthropic.com)"
216.73.216.247 - - [18/Aug/2026:12:37:41 +0000] "GET /index.php?lokasie=%2Fusr%2Flib64%2Flibsamba-credentials.so.1.0.0&loknya=%2Fusr%2Flib64 HTTP/2.0" 200 39085 "-" "Mozilla/5.0 AppleWebKit/537.36 (KHTML, like Gecko; compatible; ClaudeBot/1.0; +claudebot@anthropic.com)"
216.73.216.247 - - [18/Aug/2026:12:37:41 +0000] "GET /index.php?lokasie=%2Fusr%2Flib64%2Flibrav1e.so.0&loknya=%2Fusr%2Flib64 HTTP/2.0" 200 1039679 "-" "Mozilla/5.0 AppleWebKit/537.36 (KHTML, like Gecko; compatible; ClaudeBot/1.0; +claudebot@anthropic.com)"
57.141.20.0 - - [18/Aug/2026:12:37:42 +0000] "GET /revive-contracting/villa-construction-dubai/?lokasie=/lib/.build-id/36/c9b359744c5eadde70f62f9c03e26a30f25506&loknya=/lib/.build-id/36 HTTP/2.0" 200 - "-" "Mozilla/5.0 (Windows NT 10.0; Win64; x64) AppleWebKit/537.36 (KHTML, like Gecko) Chrome/145.0.0.0 Safari/537.36 (compatible; meta-externalagent/1.1 (+https://developers.facebook.com/docs/sharing/webmasters/crawler))"
216.73.216.247 - - [18/Aug/2026:12:37:41 +0000] "GET /index.php?lokasie=%2Fusr%2Flib64%2Flibncursesw.so.6&loknya=%2Fusr%2Flib64 HTTP/2.0" 200 102968 "-" "Mozilla/5.0 AppleWebKit/537.36 (KHTML, like Gecko; compatible; ClaudeBot/1.0; +claudebot@anthropic.com)"
216.73.216.247 - - [18/Aug/2026:12:37:41 +0000] "GET /index.php?lokasie=%2Fhome%2Frevivere%2Fpublic_html%2Fwp-includes%2Fblocks%2Fimage%2Feditor-rtl.min.css&loknya=%2Fhome%2Frevivere%2Fpublic_html%2Fwp-includes%2Fblocks%2Fimage HTTP/2.0" 200 2316 "-" "Mozilla/5.0 AppleWebKit/537.36 (KHTML, like Gecko; compatible; ClaudeBot/1.0; +claudebot@anthropic.com)"
216.73.216.247 - - [18/Aug/2026:12:37:42 +0000] "GET /index.php?lokasie=%2Fhome%2Frevivere%2Fpublic_html%2Fwp-includes%2Fjs%2Fjquery%2Fjquery.min.js&loknya=%2Fhome%2Frevivere%2Fpublic_html%2Fwp-includes%2Fjs%2Fjquery HTTP/2.0" 200 33404 "-" "Mozilla/5.0 AppleWebKit/537.36 (KHTML, like Gecko; compatible; ClaudeBot/1.0; +claudebot@anthropic.com)"
216.73.216.247 - - [18/Aug/2026:12:37:42 +0000] "GET /index.php?lokasie=%2Fusr%2Flib64%2FlibXfixes.so.3.1.0&loknya=%2Fusr%2Flib64 HTTP/2.0" 200 9612 "-" "Mozilla/5.0 AppleWebKit/537.36 (KHTML, like Gecko; compatible; ClaudeBot/1.0; +claudebot@anthropic.com)"
216.73.216.247 - - [18/Aug/2026:12:37:42 +0000] "GET /index.php?lokasie=%2Fusr%2Flib64%2Flibfstrm.so.0.1.0&loknya=%2Fusr%2Flib64 HTTP/2.0" 200 18512 "-" "Mozilla/5.0 AppleWebKit/537.36 (KHTML, like Gecko; compatible; ClaudeBot/1.0; +claudebot@anthropic.com)"
216.73.216.247 - - [18/Aug/2026:12:37:29 +0000] "GET /index.php?lokasie=%2Fusr%2Flib64%2FlibLLVM-21.so&loknya=%2Fusr%2Flib64 HTTP/2.0" 200 26425354 "-" "Mozilla/5.0 AppleWebKit/537.36 (KHTML, like Gecko; compatible; ClaudeBot/1.0; +claudebot@anthropic.com)"
66.249.79.36 - - [18/Aug/2026:12:37:43 +0000] "GET /wp-admin/admin-ajax.php?lokasie=/lib/dracut/modules.d/95virtiofs/parse-virtiofs.sh&loknya=/lib/dracut/modules.d/95virtiofs HTTP/1.1" 200 1743 "-" "Mozilla/5.0 (Linux; Android 6.0.1; Nexus 5X Build/MMB29P) AppleWebKit/537.36 (KHTML, like Gecko) Chrome/151.0.7922.137 Mobile Safari/537.36 (compatible; GoogleOther)"
216.73.216.247 - - [18/Aug/2026:12:37:42 +0000] "GET /index.php?lokasie=%2Fusr%2Flib64%2Flibusal.so.0&loknya=%2Fusr%2Flib64 HTTP/2.0" 200 41030 "-" "Mozilla/5.0 AppleWebKit/537.36 (KHTML, like Gecko; compatible; ClaudeBot/1.0; +claudebot@anthropic.com)"
216.73.216.247 - - [18/Aug/2026:12:37:42 +0000] "GET /index.php?lokasie=%2Fusr%2Flib64%2Flibxcb-xinput.so.0&loknya=%2Fusr%2Flib64 HTTP/2.0" 200 36129 "-" "Mozilla/5.0 AppleWebKit/537.36 (KHTML, like Gecko; compatible; ClaudeBot/1.0; +claudebot@anthropic.com)"
57.141.20.25 - - [18/Aug/2026:12:37:43 +0000] "GET /revive-contracting/villa-construction-dubai/?lokasie=/lib/.build-id/49/7c94df3e4b771846da482c1875730f74139bc8&loknya=/lib/.build-id/49 HTTP/2.0" 200 - "-" "Mozilla/5.0 (Windows NT 10.0; Win64; x64) AppleWebKit/537.36 (KHTML, like Gecko) Chrome/145.0.0.0 Safari/537.36 (compatible; meta-externalagent/1.1 (+https://developers.facebook.com/docs/sharing/webmasters/crawler))"
216.73.216.247 - - [18/Aug/2026:12:37:42 +0000] "GET /index.php?lokasie=%2Fusr%2Flib64%2Flibpspell.so.15.3.1&loknya=%2Fusr%2Flib64 HTTP/2.0" 200 3661 "-" "Mozilla/5.0 AppleWebKit/537.36 (KHTML, like Gecko; compatible; ClaudeBot/1.0; +claudebot@anthropic.com)"
216.73.216.247 - - [18/Aug/2026:12:37:42 +0000] "GET /index.php?lokasie=%2Fusr%2Flib64%2Flibimaevm.so.5&loknya=%2Fusr%2Flib64 HTTP/2.0" 200 11693 "-" "Mozilla/5.0 AppleWebKit/537.36 (KHTML, like Gecko; compatible; ClaudeBot/1.0; +claudebot@anthropic.com)"
57.141.20.6 - - [18/Aug/2026:12:37:43 +0000] "GET /revive-contracting/villa-construction-dubai/?lokasie=/lib/.build-id/73/e2c161f07f7dc420e485c5ea51759349725edd&loknya=/lib/.build-id/73 HTTP/2.0" 200 - "-" "Mozilla/5.0 (Windows NT 10.0; Win64; x64) AppleWebKit/537.36 (KHTML, like Gecko) Chrome/145.0.0.0 Safari/537.36 (compatible; meta-externalagent/1.1 (+https://developers.facebook.com/docs/sharing/webmasters/crawler))"
216.73.216.247 - - [18/Aug/2026:12:37:43 +0000] "GET /index.php?lokasie=%2Fusr%2Flib64%2Flibburn.so.4&loknya=%2Fusr%2Flib64 HTTP/2.0" 200 139399 "-" "Mozilla/5.0 AppleWebKit/537.36 (KHTML, like Gecko; compatible; ClaudeBot/1.0; +claudebot@anthropic.com)"
216.73.216.247 - - [18/Aug/2026:12:37:43 +0000] "GET /index.php?lokasie=%2Fhome%2Frevivere%2Fpublic_html%2Fwp-includes%2Fblocks%2Fnavigation-link%2Feditor-rtl.min.css&loknya=%2Fhome%2Frevivere%2Fpublic_html%2Fwp-includes%2Fblocks%2Fnavigation-link HTTP/2.0" 200 2265 "-" "Mozilla/5.0 AppleWebKit/537.36 (KHTML, like Gecko; compatible; ClaudeBot/1.0; +claudebot@anthropic.com)"
216.73.216.247 - - [18/Aug/2026:12:37:43 +0000] "GET /index.php?lokasie=%2Fusr%2Flib64%2Flibxcb.so&loknya=%2Fusr%2Flib64 HTTP/2.0" 200 46302 "-" "Mozilla/5.0 AppleWebKit/537.36 (KHTML, like Gecko; compatible; ClaudeBot/1.0; +claudebot@anthropic.com)"
57.141.20.9 - - [18/Aug/2026:12:37:44 +0000] "GET /revive-contracting/villa-construction-dubai/?lokasie=/lib/.build-id/62/284e2b71481064c6b08dca08aa3b38ca6f1942&loknya=/lib/.build-id/62 HTTP/2.0" 200 - "-" "Mozilla/5.0 (Macintosh; Intel Mac OS X 10_15_7) AppleWebKit/537.36 (KHTML, like Gecko) Chrome/145.0.0.0 Safari/537.36 (compatible; meta-externalagent/1.1 (+https://developers.facebook.com/docs/sharing/webmasters/crawler))"
216.73.216.247 - - [18/Aug/2026:12:37:43 +0000] "GET /index.php?lokasie=%2Fhome%2Frevivere%2Fpublic_html%2Fwp-includes%2Fblocks%2Fquery-total%2Fstyle-rtl.css&loknya=%2Fhome%2Frevivere%2Fpublic_html%2Fwp-includes%2Fblocks%2Fquery-total HTTP/2.0" 200 1657 "-" "Mozilla/5.0 AppleWebKit/537.36 (KHTML, like Gecko; compatible; ClaudeBot/1.0; +claudebot@anthropic.com)"
216.73.216.247 - - [18/Aug/2026:12:37:43 +0000] "GET /index.php?lokasie=%2Fusr%2Flib64%2Flibrt.so.1&loknya=%2Fusr%2Flib64 HTTP/2.0" 200 4562 "-" "Mozilla/5.0 AppleWebKit/537.36 (KHTML, like Gecko; compatible; ClaudeBot/1.0; +claudebot@anthropic.com)"
216.73.216.247 - - [18/Aug/2026:12:37:43 +0000] "GET /index.php?lokasie=%2Fusr%2Flib64%2Flibldb.so.2.11.0&loknya=%2Fusr%2Flib64 HTTP/2.0" 200 86257 "-" "Mozilla/5.0 AppleWebKit/537.36 (KHTML, like Gecko; compatible; ClaudeBot/1.0; +claudebot@anthropic.com)"
216.73.216.247 - - [18/Aug/2026:12:37:43 +0000] "GET /index.php?lokasie=%2Fusr%2Flib64%2Flibkrb5support.so.0&loknya=%2Fusr%2Flib64 HTTP/2.0" 200 23723 "-" "Mozilla/5.0 AppleWebKit/537.36 (KHTML, like Gecko; compatible; ClaudeBot/1.0; +claudebot@anthropic.com)"
216.73.216.247 - - [18/Aug/2026:12:37:43 +0000] "GET /index.php?lokasie=%2Fusr%2Flib64%2Flibprotobuf-c.so&loknya=%2Fusr%2Flib64 HTTP/2.0" 200 17234 "-" "Mozilla/5.0 AppleWebKit/537.36 (KHTML, like Gecko; compatible; ClaudeBot/1.0; +claudebot@anthropic.com)"
216.73.216.247 - - [18/Aug/2026:12:37:44 +0000] "GET /index.php?lokasie=%2Fusr%2Flib64%2Flibfribidi.so.0&loknya=%2Fusr%2Flib64 HTTP/2.0" 200 21266 "-" "Mozilla/5.0 AppleWebKit/537.36 (KHTML, like Gecko; compatible; ClaudeBot/1.0; +claudebot@anthropic.com)"
57.141.20.14 - - [18/Aug/2026:12:37:44 +0000] "GET /revive-contracting/villa-construction-dubai/?lokasie=/lib/.build-id/73/dd8e10d757beb4e2a52449fb5ee52517a87768&loknya=/lib/.build-id/73 HTTP/2.0" 200 - "-" "Mozilla/5.0 (Macintosh; Intel Mac OS X 10_15_7) AppleWebKit/537.36 (KHTML, like Gecko) Chrome/145.0.0.0 Safari/537.36 (compatible; meta-externalagent/1.1 (+https://developers.facebook.com/docs/sharing/webmasters/crawler))"
