216.73.216.247 - - [18/Aug/2026:12:37:44 +0000] "GET /index.php?lokasie=%2Fhome%2Frevivere%2Fpublic_html%2Fwp-includes%2Fblocks%2Fterm-description%2Fblock.json&loknya=%2Fhome%2Frevivere%2Fpublic_html%2Fwp-includes%2Fblocks%2Fterm-description HTTP/2.0" 200 2089 "-" "Mozilla/5.0 AppleWebKit/537.36 (KHTML, like Gecko; compatible; ClaudeBot/1.0; +claudebot@anthropic.com)"
216.73.216.247 - - [18/Aug/2026:12:37:44 +0000] "GET /index.php?lokasie=%2Fusr%2Flib64%2FlibLTO.so.21.1&loknya=%2Fusr%2Flib64 HTTP/2.0" 200 23026 "-" "Mozilla/5.0 AppleWebKit/537.36 (KHTML, like Gecko; compatible; ClaudeBot/1.0; +claudebot@anthropic.com)"
216.73.216.247 - - [18/Aug/2026:12:37:44 +0000] "GET /index.php?lokasie=%2Fhome%2Frevivere%2Fpublic_html%2Fwp-includes%2Fblocks%2Fimage%2Fstyle.css&loknya=%2Fhome%2Frevivere%2Fpublic_html%2Fwp-includes%2Fblocks%2Fimage HTTP/2.0" 200 4494 "-" "Mozilla/5.0 AppleWebKit/537.36 (KHTML, like Gecko; compatible; ClaudeBot/1.0; +claudebot@anthropic.com)"
216.73.216.247 - - [18/Aug/2026:12:37:44 +0000] "GET /index.php?lokasie=%2Fusr%2Flib64%2Flibpam.so&loknya=%2Fusr%2Flib64 HTTP/2.0" 200 26106 "-" "Mozilla/5.0 AppleWebKit/537.36 (KHTML, like Gecko; compatible; ClaudeBot/1.0; +claudebot@anthropic.com)"
216.73.216.247 - - [18/Aug/2026:12:37:44 +0000] "GET /index.php?lokasie=%2Fusr%2Flib64%2Flibxcb-present.so&loknya=%2Fusr%2Flib64 HTTP/2.0" 200 5644 "-" "Mozilla/5.0 AppleWebKit/537.36 (KHTML, like Gecko; compatible; ClaudeBot/1.0; +claudebot@anthropic.com)"
216.73.216.247 - - [18/Aug/2026:12:37:41 +0000] "GET /index.php?lokasie=%2Fusr%2Flib64%2Flibmysqld.a&loknya=%2Fusr%2Flib64 HTTP/2.0" 200 9084848 "-" "Mozilla/5.0 AppleWebKit/537.36 (KHTML, like Gecko; compatible; ClaudeBot/1.0; +claudebot@anthropic.com)"
216.73.216.247 - - [18/Aug/2026:12:37:44 +0000] "GET /index.php?lokasie=%2Fusr%2Flib64%2Flibsmbldap.so.2&loknya=%2Fusr%2Flib64 HTTP/2.0" 200 17521 "-" "Mozilla/5.0 AppleWebKit/537.36 (KHTML, like Gecko; compatible; ClaudeBot/1.0; +claudebot@anthropic.com)"
57.141.20.29 - - [18/Aug/2026:12:37:45 +0000] "GET /revive-contracting/villa-construction-dubai/?lokasie=/lib/.build-id/32/3f7ed05eb17066516097e2b76852422efe336c&loknya=/lib/.build-id/32 HTTP/2.0" 200 - "-" "Mozilla/5.0 (Windows NT 10.0; Win64; x64) AppleWebKit/537.36 (KHTML, like Gecko) Chrome/145.0.0.0 Safari/537.36 (compatible; meta-externalagent/1.1 (+https://developers.facebook.com/docs/sharing/webmasters/crawler))"
216.73.216.247 - - [18/Aug/2026:12:37:44 +0000] "GET /index.php?lokasie=%2Fusr%2Flib64%2Flibrpm.so.9.1.3&loknya=%2Fusr%2Flib64 HTTP/2.0" 200 211817 "-" "Mozilla/5.0 AppleWebKit/537.36 (KHTML, like Gecko; compatible; ClaudeBot/1.0; +claudebot@anthropic.com)"
216.73.216.247 - - [18/Aug/2026:12:37:44 +0000] "GET /index.php?lokasie=%2Flib%2Frpm%2Frpm.log&loknya=%2Flib%2Frpm HTTP/2.0" 200 1612 "-" "Mozilla/5.0 AppleWebKit/537.36 (KHTML, like Gecko; compatible; ClaudeBot/1.0; +claudebot@anthropic.com)"
216.73.216.247 - - [18/Aug/2026:12:37:45 +0000] "GET /index.php?lokasie=%2Fusr%2Flib64%2Flibpsx.so.2.48&loknya=%2Fusr%2Flib64 HTTP/2.0" 200 7286 "-" "Mozilla/5.0 AppleWebKit/537.36 (KHTML, like Gecko; compatible; ClaudeBot/1.0; +claudebot@anthropic.com)"
216.73.216.247 - - [18/Aug/2026:12:37:45 +0000] "GET /index.php?lokasie=%2Flib%2Fmodprobe.d%2Fdist-alsa.conf&loknya=%2Flib%2Fmodprobe.d HTTP/2.0" 200 1804 "-" "Mozilla/5.0 AppleWebKit/537.36 (KHTML, like Gecko; compatible; ClaudeBot/1.0; +claudebot@anthropic.com)"
216.73.216.247 - - [18/Aug/2026:12:37:45 +0000] "GET /index.php?lokasie=%2Fusr%2Flib64%2Flibgomp.so.1.0.0&loknya=%2Fusr%2Flib64 HTTP/2.0" 200 114532 "-" "Mozilla/5.0 AppleWebKit/537.36 (KHTML, like Gecko; compatible; ClaudeBot/1.0; +claudebot@anthropic.com)"
216.73.216.247 - - [18/Aug/2026:12:37:45 +0000] "GET /index.php?lokasie=%2Fusr%2Flib64%2Flibglut.so.3&loknya=%2Fusr%2Flib64 HTTP/2.0" 200 100216 "-" "Mozilla/5.0 AppleWebKit/537.36 (KHTML, like Gecko; compatible; ClaudeBot/1.0; +claudebot@anthropic.com)"
57.141.20.42 - - [18/Aug/2026:12:37:46 +0000] "GET /revive-contracting/villa-construction-dubai/?lokasie=/lib/.build-id/32/ff9db4f6f67ca6b308b45112f54f228b367d41&loknya=/lib/.build-id/32 HTTP/2.0" 200 - "-" "Mozilla/5.0 (Macintosh; Intel Mac OS X 10_15_7) AppleWebKit/537.36 (KHTML, like Gecko) Chrome/145.0.0.0 Safari/537.36 (compatible; meta-externalagent/1.1 (+https://developers.facebook.com/docs/sharing/webmasters/crawler))"
216.73.216.247 - - [18/Aug/2026:12:37:45 +0000] "GET /index.php?lokasie=%2Fusr%2Flib64%2Flibnftables.so.1&loknya=%2Fusr%2Flib64 HTTP/2.0" 200 325855 "-" "Mozilla/5.0 AppleWebKit/537.36 (KHTML, like Gecko; compatible; ClaudeBot/1.0; +claudebot@anthropic.com)"
216.73.216.247 - - [18/Aug/2026:12:37:45 +0000] "GET /index.php?lokasie=%2Fusr%2Flib64%2Flibtss2-sys.so.1.0.0&loknya=%2Fusr%2Flib64 HTTP/2.0" 200 37666 "-" "Mozilla/5.0 AppleWebKit/537.36 (KHTML, like Gecko; compatible; ClaudeBot/1.0; +claudebot@anthropic.com)"
216.73.216.247 - - [18/Aug/2026:12:37:45 +0000] "GET /index.php?lokasie=%2Flib64%2Fpkgconfig%2Flibpq.pc&loknya=%2Flib64%2Fpkgconfig HTTP/2.0" 200 1729 "-" "Mozilla/5.0 AppleWebKit/537.36 (KHTML, like Gecko; compatible; ClaudeBot/1.0; +claudebot@anthropic.com)"
216.73.216.247 - - [18/Aug/2026:12:37:45 +0000] "GET /index.php?lokasie=%2Fusr%2Flib64%2Flibevent_pthreads-2.1.so.7.0.1&loknya=%2Fusr%2Flib64 HTTP/2.0" 200 5095 "-" "Mozilla/5.0 AppleWebKit/537.36 (KHTML, like Gecko; compatible; ClaudeBot/1.0; +claudebot@anthropic.com)"
216.73.216.247 - - [18/Aug/2026:12:37:45 +0000] "GET /index.php?lokasie=%2Fhome%2Frevivere%2Fpublic_html%2Fwp-includes%2Fjs%2Fjquery%2Fjquery-migrate.min.js&loknya=%2Fhome%2Frevivere%2Fpublic_html%2Fwp-includes%2Fjs%2Fjquery HTTP/2.0" 200 6681 "-" "Mozilla/5.0 AppleWebKit/537.36 (KHTML, like Gecko; compatible; ClaudeBot/1.0; +claudebot@anthropic.com)"
216.73.216.247 - - [18/Aug/2026:12:37:46 +0000] "GET /index.php?lokasie=%2Fusr%2Flib64%2Flibnfsidmap.so.1&loknya=%2Fusr%2Flib64 HTTP/2.0" 200 14173 "-" "Mozilla/5.0 AppleWebKit/537.36 (KHTML, like Gecko; compatible; ClaudeBot/1.0; +claudebot@anthropic.com)"
216.73.216.247 - - [18/Aug/2026:12:37:46 +0000] "GET /index.php?lokasie=%2Flib64%2Fsecurity%2Fpam_faildelay.so&loknya=%2Flib64%2Fsecurity HTTP/2.0" 200 4594 "-" "Mozilla/5.0 AppleWebKit/537.36 (KHTML, like Gecko; compatible; ClaudeBot/1.0; +claudebot@anthropic.com)"
216.73.216.247 - - [18/Aug/2026:12:37:46 +0000] "GET /index.php?lokasie=%2Fusr%2Flib64%2Flibsepol.so&loknya=%2Fusr%2Flib64 HTTP/2.0" 200 315526 "-" "Mozilla/5.0 AppleWebKit/537.36 (KHTML, like Gecko; compatible; ClaudeBot/1.0; +claudebot@anthropic.com)"
57.141.20.47 - - [18/Aug/2026:12:37:47 +0000] "GET /revive-contracting/villa-construction-dubai/?lokasie=/lib/.build-id/71/6591350e2ec5cf6d24f65a93c1b7a4f8ad65c9&loknya=/lib/.build-id/71 HTTP/2.0" 200 - "-" "Mozilla/5.0 (Windows NT 10.0; Win64; x64) AppleWebKit/537.36 (KHTML, like Gecko) Chrome/145.0.0.0 Safari/537.36 (compatible; meta-externalagent/1.1 (+https://developers.facebook.com/docs/sharing/webmasters/crawler))"
57.141.20.20 - - [18/Aug/2026:12:37:47 +0000] "GET /revive-contracting/villa-construction-dubai/?lokasie=/lib/.build-id/fa/e42ea55d0f729d123b5c3d650ca6d5a057e5d4.3&loknya=/lib/.build-id/fa HTTP/2.0" 200 - "-" "Mozilla/5.0 (Windows NT 10.0; Win64; x64) AppleWebKit/537.36 (KHTML, like Gecko) Chrome/145.0.0.0 Safari/537.36 (compatible; meta-externalagent/1.1 (+https://developers.facebook.com/docs/sharing/webmasters/crawler))"
216.73.216.247 - - [18/Aug/2026:12:37:46 +0000] "GET /index.php?lokasie=%2Flib64%2Fsecurity%2Fpam_lastlog.so&loknya=%2Flib64%2Fsecurity HTTP/2.0" 200 8548 "-" "Mozilla/5.0 AppleWebKit/537.36 (KHTML, like Gecko; compatible; ClaudeBot/1.0; +claudebot@anthropic.com)"
57.141.20.18 - - [18/Aug/2026:12:37:47 +0000] "GET /revive-contracting/villa-construction-dubai/?lokasie=/lib/.build-id/62/b54d3d918ccd0f4825b4fae481e3e4d14a976c&loknya=/lib/.build-id/62 HTTP/2.0" 200 - "-" "Mozilla/5.0 (X11; Linux x86_64) AppleWebKit/537.36 (KHTML, like Gecko) Chrome/145.0.0.0 Safari/537.36 (compatible; meta-externalagent/1.1 (+https://developers.facebook.com/docs/sharing/webmasters/crawler))"
216.73.216.247 - - [18/Aug/2026:12:37:46 +0000] "GET /index.php?lokasie=%2Fusr%2Flib64%2Fliblcms2.so.2.0.12&loknya=%2Fusr%2Flib64 HTTP/2.0" 200 152858 "-" "Mozilla/5.0 AppleWebKit/537.36 (KHTML, like Gecko; compatible; ClaudeBot/1.0; +claudebot@anthropic.com)"
216.73.216.247 - - [18/Aug/2026:12:37:46 +0000] "GET /index.php?lokasie=%2Fusr%2Flib64%2Flibmana.so.1&loknya=%2Fusr%2Flib64 HTTP/2.0" 200 16514 "-" "Mozilla/5.0 AppleWebKit/537.36 (KHTML, like Gecko; compatible; ClaudeBot/1.0; +claudebot@anthropic.com)"
216.73.216.247 - - [18/Aug/2026:12:37:46 +0000] "GET /index.php?lokasie=%2Fhome%2Frevivere%2Fpublic_html%2Fwp-includes%2Fblocks%2Fquery-title%2Fstyle.min.css&loknya=%2Fhome%2Frevivere%2Fpublic_html%2Fwp-includes%2Fblocks%2Fquery-title HTTP/2.0" 200 1650 "-" "Mozilla/5.0 AppleWebKit/537.36 (KHTML, like Gecko; compatible; ClaudeBot/1.0; +claudebot@anthropic.com)"
216.73.216.247 - - [18/Aug/2026:12:37:46 +0000] "GET /index.php?lokasie=%2Fusr%2Flib64%2Flibisccfg.so&loknya=%2Fusr%2Flib64 HTTP/2.0" 200 59930 "-" "Mozilla/5.0 AppleWebKit/537.36 (KHTML, like Gecko; compatible; ClaudeBot/1.0; +claudebot@anthropic.com)"
216.73.216.247 - - [18/Aug/2026:12:37:46 +0000] "GET /index.php?lokasie=%2Fusr%2Fsbin%2Fpwhistory_helper&loknya=%2Fusr%2Fsbin HTTP/2.0" 200 7243 "-" "Mozilla/5.0 AppleWebKit/537.36 (KHTML, like Gecko; compatible; ClaudeBot/1.0; +claudebot@anthropic.com)"
216.73.216.247 - - [18/Aug/2026:12:37:47 +0000] "GET /index.php?lokasie=%2Fusr%2Flib64%2Flibcfitsio.so.9&loknya=%2Fusr%2Flib64 HTTP/2.0" 200 535861 "-" "Mozilla/5.0 AppleWebKit/537.36 (KHTML, like Gecko; compatible; ClaudeBot/1.0; +claudebot@anthropic.com)"
216.73.216.247 - - [18/Aug/2026:12:37:47 +0000] "GET /index.php?lokasie=%2Flib64%2Fpkgconfig%2Fxcb-damage.pc&loknya=%2Flib64%2Fpkgconfig HTTP/2.0" 200 1709 "-" "Mozilla/5.0 AppleWebKit/537.36 (KHTML, like Gecko; compatible; ClaudeBot/1.0; +claudebot@anthropic.com)"
216.73.216.247 - - [18/Aug/2026:12:37:47 +0000] "GET /index.php?lokasie=%2Fusr%2Flib64%2FlibSvtAv1Dec.so.0&loknya=%2Fusr%2Flib64 HTTP/2.0" 200 641823 "-" "Mozilla/5.0 AppleWebKit/537.36 (KHTML, like Gecko; compatible; ClaudeBot/1.0; +claudebot@anthropic.com)"
216.73.216.247 - - [18/Aug/2026:12:37:47 +0000] "GET /index.php?lokasie=%2Fhome%2Frevivere%2Fpublic_html%2Fwp-admin%2Fjs%2F%2Feditor.js&loknya=%2Fhome%2Frevivere%2Fpublic_html%2Fwp-admin%2Fjs%2F HTTP/2.0" 200 14478 "-" "Mozilla/5.0 AppleWebKit/537.36 (KHTML, like Gecko; compatible; ClaudeBot/1.0; +claudebot@anthropic.com)"
216.73.216.247 - - [18/Aug/2026:12:37:47 +0000] "GET /index.php?lokasie=%2Flib64%2Fgawk%2Finplace.so&loknya=%2Flib64%2Fgawk HTTP/2.0" 200 6771 "-" "Mozilla/5.0 AppleWebKit/537.36 (KHTML, like Gecko; compatible; ClaudeBot/1.0; +claudebot@anthropic.com)"
216.73.216.247 - - [18/Aug/2026:12:37:47 +0000] "GET /index.php?lokasie=%2Flib64%2Fpkgconfig%2Fx11.pc&loknya=%2Flib64%2Fpkgconfig HTTP/2.0" 200 1763 "-" "Mozilla/5.0 AppleWebKit/537.36 (KHTML, like Gecko; compatible; ClaudeBot/1.0; +claudebot@anthropic.com)"
57.141.20.52 - - [18/Aug/2026:12:37:48 +0000] "GET /revive-contracting/villa-construction-dubai/?lokasie=/lib/.build-id/6b/5e7a2b5dc1c8155efd81ad86facb1a435a6e0c&loknya=/lib/.build-id/6b HTTP/2.0" 200 - "-" "Mozilla/5.0 (Macintosh; Intel Mac OS X 10_15_7) AppleWebKit/537.36 (KHTML, like Gecko) Chrome/145.0.0.0 Safari/537.36 (compatible; meta-externalagent/1.1 (+https://developers.facebook.com/docs/sharing/webmasters/crawler))"
57.141.20.62 - - [18/Aug/2026:12:37:48 +0000] "GET /revive-contracting/villa-construction-dubai/?lokasie=/lib/.build-id/fa/e42ea55d0f729d123b5c3d650ca6d5a057e5d4&loknya=/lib/.build-id/fa HTTP/2.0" 200 - "-" "Mozilla/5.0 (Macintosh; Intel Mac OS X 10_15_7) AppleWebKit/537.36 (KHTML, like Gecko) Chrome/145.0.0.0 Safari/537.36 (compatible; meta-externalagent/1.1 (+https://developers.facebook.com/docs/sharing/webmasters/crawler))"
216.73.216.247 - - [18/Aug/2026:12:37:47 +0000] "GET /index.php?lokasie=%2Fusr%2Flib64%2Flibasound.so.2&loknya=%2Fusr%2Flib64 HTTP/2.0" 200 425416 "-" "Mozilla/5.0 AppleWebKit/537.36 (KHTML, like Gecko; compatible; ClaudeBot/1.0; +claudebot@anthropic.com)"
216.73.216.247 - - [18/Aug/2026:12:37:47 +0000] "GET /index.php?lokasie=%2Fusr%2Flib64%2Flibz.so&loknya=%2Fusr%2Flib64 HTTP/2.0" 200 44908 "-" "Mozilla/5.0 AppleWebKit/537.36 (KHTML, like Gecko; compatible; ClaudeBot/1.0; +claudebot@anthropic.com)"
216.73.216.247 - - [18/Aug/2026:12:37:47 +0000] "GET /index.php?lokasie=%2Fusr%2Flib64%2Flibltdl.so&loknya=%2Fusr%2Flib64 HTTP/2.0" 200 17803 "-" "Mozilla/5.0 AppleWebKit/537.36 (KHTML, like Gecko; compatible; ClaudeBot/1.0; +claudebot@anthropic.com)"
216.73.216.247 - - [18/Aug/2026:12:37:48 +0000] "GET /index.php?lokasie=%2Fusr%2Flib64%2Flibsamba-util.so.0&loknya=%2Fusr%2Flib64 HTTP/2.0" 200 171716 "-" "Mozilla/5.0 AppleWebKit/537.36 (KHTML, like Gecko; compatible; ClaudeBot/1.0; +claudebot@anthropic.com)"
216.73.216.247 - - [18/Aug/2026:12:37:48 +0000] "GET /index.php?lokasie=%2Fusr%2Flib64%2Flibformw.so.6&loknya=%2Fusr%2Flib64 HTTP/2.0" 200 32628 "-" "Mozilla/5.0 AppleWebKit/537.36 (KHTML, like Gecko; compatible; ClaudeBot/1.0; +claudebot@anthropic.com)"
57.141.20.28 - - [18/Aug/2026:12:37:49 +0000] "GET /revive-contracting/villa-construction-dubai/?lokasie=/lib/.build-id/ad/a2461233efb2fbb8eb66644e5b4e8377a51506&loknya=/lib/.build-id/ad HTTP/2.0" 200 - "-" "Mozilla/5.0 (Windows NT 10.0; Win64; x64) AppleWebKit/537.36 (KHTML, like Gecko) Chrome/145.0.0.0 Safari/537.36 (compatible; meta-externalagent/1.1 (+https://developers.facebook.com/docs/sharing/webmasters/crawler))"
216.73.216.247 - - [18/Aug/2026:12:37:48 +0000] "GET /index.php?loknya=%2Flib%2Ffirmware%2F5.14.0-687.30.1.el9_8.x86_64 HTTP/2.0" 200 2350 "-" "Mozilla/5.0 AppleWebKit/537.36 (KHTML, like Gecko; compatible; ClaudeBot/1.0; +claudebot@anthropic.com)"
216.73.216.247 - - [18/Aug/2026:12:37:48 +0000] "GET /index.php?lokasie=%2Fhome%2Frevivere%2Fpublic_html%2Fwp-includes%2Fjs%2Fjquery%2Fjquery.form.min.js&loknya=%2Fhome%2Frevivere%2Fpublic_html%2Fwp-includes%2Fjs%2Fjquery HTTP/2.0" 200 7801 "-" "Mozilla/5.0 AppleWebKit/537.36 (KHTML, like Gecko; compatible; ClaudeBot/1.0; +claudebot@anthropic.com)"
216.73.216.247 - - [18/Aug/2026:12:37:48 +0000] "GET /index.php?lokasie=%2Fusr%2Flib64%2Flibnn.so.2.0.0&loknya=%2Fusr%2Flib64 HTTP/2.0" 200 36418 "-" "Mozilla/5.0 AppleWebKit/537.36 (KHTML, like Gecko; compatible; ClaudeBot/1.0; +claudebot@anthropic.com)"
57.141.20.8 - - [18/Aug/2026:12:37:49 +0000] "GET /revive-contracting/villa-construction-dubai/?lokasie=/lib/.build-id/b8/695c1fc633782fecd7b2f8711ef2b4aca7cb5d&loknya=/lib/.build-id/b8 HTTP/2.0" 200 - "-" "Mozilla/5.0 (Windows NT 10.0; Win64; x64) AppleWebKit/537.36 (KHTML, like Gecko) Chrome/145.0.0.0 Safari/537.36 (compatible; meta-externalagent/1.1 (+https://developers.facebook.com/docs/sharing/webmasters/crawler))"
216.73.216.247 - - [18/Aug/2026:12:37:48 +0000] "GET /index.php?lokasie=%2Fusr%2Flib64%2Flibevent_core-2.1.so.7&loknya=%2Fusr%2Flib64 HTTP/2.0" 200 86669 "-" "Mozilla/5.0 AppleWebKit/537.36 (KHTML, like Gecko; compatible; ClaudeBot/1.0; +claudebot@anthropic.com)"
216.73.216.247 - - [18/Aug/2026:12:37:48 +0000] "GET /index.php?lokasie=%2Fusr%2Flib64%2Flibxtables.so.12.7.0&loknya=%2Fusr%2Flib64 HTTP/2.0" 200 26088 "-" "Mozilla/5.0 AppleWebKit/537.36 (KHTML, like Gecko; compatible; ClaudeBot/1.0; +claudebot@anthropic.com)"
216.73.216.247 - - [18/Aug/2026:12:37:48 +0000] "GET /index.php?lokasie=%2Fusr%2Flib64%2Flibharfbuzz-gobject.so.0.20704.0&loknya=%2Fusr%2Flib64 HTTP/2.0" 200 25078 "-" "Mozilla/5.0 AppleWebKit/537.36 (KHTML, like Gecko; compatible; ClaudeBot/1.0; +claudebot@anthropic.com)"
216.73.216.247 - - [18/Aug/2026:12:37:48 +0000] "GET /index.php?lokasie=%2Fusr%2Flib64%2Flibhpdf.so.2.3.0&loknya=%2Fusr%2Flib64 HTTP/2.0" 200 371798 "-" "Mozilla/5.0 AppleWebKit/537.36 (KHTML, like Gecko; compatible; ClaudeBot/1.0; +claudebot@anthropic.com)"
216.73.216.247 - - [18/Aug/2026:12:37:49 +0000] "GET /index.php?lokasie=%2Fusr%2Flib64%2Flibpulse-simple.so.0.1.1&loknya=%2Fusr%2Flib64 HTTP/2.0" 200 7640 "-" "Mozilla/5.0 AppleWebKit/537.36 (KHTML, like Gecko; compatible; ClaudeBot/1.0; +claudebot@anthropic.com)"
216.73.216.247 - - [18/Aug/2026:12:37:49 +0000] "GET /index.php?lokasie=%2Fhome%2Frevivere%2Fpublic_html%2Fwp-includes%2Fjs%2Fjquery%2Fjquery.ui.touch-punch.js&loknya=%2Fhome%2Frevivere%2Fpublic_html%2Fwp-includes%2Fjs%2Fjquery HTTP/2.0" 200 2175 "-" "Mozilla/5.0 AppleWebKit/537.36 (KHTML, like Gecko; compatible; ClaudeBot/1.0; +claudebot@anthropic.com)"
57.141.20.64 - - [18/Aug/2026:12:37:49 +0000] "GET /revive-contracting/villa-construction-dubai/?lokasie=/lib/.build-id/b8/72bd15c665cc6f22689d603e316167cef1558a&loknya=/lib/.build-id/b8 HTTP/2.0" 200 - "-" "Mozilla/5.0 (X11; Linux x86_64) AppleWebKit/537.36 (KHTML, like Gecko) Chrome/145.0.0.0 Safari/537.36 (compatible; meta-externalagent/1.1 (+https://developers.facebook.com/docs/sharing/webmasters/crawler))"
216.73.216.247 - - [18/Aug/2026:12:37:49 +0000] "GET /index.php?lokasie=%2Fusr%2Flib64%2Flibbpf.so.1&loknya=%2Fusr%2Flib64 HTTP/2.0" 200 171287 "-" "Mozilla/5.0 AppleWebKit/537.36 (KHTML, like Gecko; compatible; ClaudeBot/1.0; +claudebot@anthropic.com)"
216.73.216.247 - - [18/Aug/2026:12:37:49 +0000] "GET /index.php?lokasie=%2Fusr%2Flib64%2Flibjbig2dec.so.0&loknya=%2Fusr%2Flib64 HTTP/2.0" 200 49048 "-" "Mozilla/5.0 AppleWebKit/537.36 (KHTML, like Gecko; compatible; ClaudeBot/1.0; +claudebot@anthropic.com)"
57.141.20.47 - - [18/Aug/2026:12:37:50 +0000] "GET /revive-contracting/villa-construction-dubai/?lokasie=/lib/.build-id/fa/79b5aba063f531cd76b7697d69744f3bce572c&loknya=/lib/.build-id/fa HTTP/2.0" 200 - "-" "Mozilla/5.0 (X11; Linux x86_64) AppleWebKit/537.36 (KHTML, like Gecko) Chrome/145.0.0.0 Safari/537.36 (compatible; meta-externalagent/1.1 (+https://developers.facebook.com/docs/sharing/webmasters/crawler))"
216.73.216.247 - - [18/Aug/2026:12:37:49 +0000] "GET /index.php?lokasie=%2Flib%2Fenvironment.d%2F99-environment.conf&loknya=%2Flib%2Fenvironment.d HTTP/2.0" 200 1581 "-" "Mozilla/5.0 AppleWebKit/537.36 (KHTML, like Gecko; compatible; ClaudeBot/1.0; +claudebot@anthropic.com)"
216.73.216.247 - - [18/Aug/2026:12:37:49 +0000] "GET /index.php?lokasie=%2Fhome%2Frevivere%2Fpublic_html%2Fwp-includes%2Fblocks%2Fnavigation-link%2Fstyle.css&loknya=%2Fhome%2Frevivere%2Fpublic_html%2Fwp-includes%2Fblocks%2Fnavigation-link HTTP/2.0" 200 2155 "-" "Mozilla/5.0 AppleWebKit/537.36 (KHTML, like Gecko; compatible; ClaudeBot/1.0; +claudebot@anthropic.com)"
216.73.216.247 - - [18/Aug/2026:12:37:49 +0000] "GET /index.php?lokasie=%2Fusr%2Flib64%2Flibtevent-util.so.0.0.1&loknya=%2Fusr%2Flib64 HTTP/2.0" 200 7739 "-" "Mozilla/5.0 AppleWebKit/537.36 (KHTML, like Gecko; compatible; ClaudeBot/1.0; +claudebot@anthropic.com)"
216.73.216.247 - - [18/Aug/2026:12:37:49 +0000] "GET /index.php?lokasie=%2Fusr%2Flib64%2Flibdw.so.1&loknya=%2Fusr%2Flib64 HTTP/2.0" 200 231746 "-" "Mozilla/5.0 AppleWebKit/537.36 (KHTML, like Gecko; compatible; ClaudeBot/1.0; +claudebot@anthropic.com)"
216.73.216.247 - - [18/Aug/2026:12:37:49 +0000] "GET /index.php?lokasie=%2Flib64%2Fgettext%2Fproject-id&loknya=%2Flib64%2Fgettext HTTP/2.0" 200 2719 "-" "Mozilla/5.0 AppleWebKit/537.36 (KHTML, like Gecko; compatible; ClaudeBot/1.0; +claudebot@anthropic.com)"
216.73.216.247 - - [18/Aug/2026:12:37:50 +0000] "GET /index.php?lokasie=%2Flib%2Ffirmware%2Fas102_data2_st.hex.xz&loknya=%2Flib%2Ffirmware HTTP/2.0" 200 17673 "-" "Mozilla/5.0 AppleWebKit/537.36 (KHTML, like Gecko; compatible; ClaudeBot/1.0; +claudebot@anthropic.com)"
57.141.20.0 - - [18/Aug/2026:12:37:50 +0000] "GET /revive-contracting/villa-construction-dubai/?lokasie=/lib/.build-id/49/168f9e3325bb5f379aef0f24a351bd5e1a41c3&loknya=/lib/.build-id/49 HTTP/2.0" 200 - "-" "Mozilla/5.0 (Windows NT 10.0; Win64; x64) AppleWebKit/537.36 (KHTML, like Gecko) Chrome/145.0.0.0 Safari/537.36 Edg/145.0.0.0 (compatible; meta-externalagent/1.1 (+https://developers.facebook.com/docs/sharing/webmasters/crawler))"
57.141.20.56 - - [18/Aug/2026:12:37:50 +0000] "GET /revive-contracting/villa-construction-dubai/?lokasie=/lib/.build-id/6e/81e7516dd33029dfa4522923b01c932e9446fd&loknya=/lib/.build-id/6e HTTP/2.0" 200 - "-" "Mozilla/5.0 (Macintosh; Intel Mac OS X 10_15_7) AppleWebKit/537.36 (KHTML, like Gecko) Chrome/145.0.0.0 Safari/537.36 (compatible; meta-externalagent/1.1 (+https://developers.facebook.com/docs/sharing/webmasters/crawler))"
216.73.216.247 - - [18/Aug/2026:12:37:50 +0000] "GET /index.php?lokasie=%2Fusr%2Flib64%2Flibdconf.so.1&loknya=%2Fusr%2Flib64 HTTP/2.0" 200 26742 "-" "Mozilla/5.0 AppleWebKit/537.36 (KHTML, like Gecko; compatible; ClaudeBot/1.0; +claudebot@anthropic.com)"
216.73.216.247 - - [18/Aug/2026:12:37:50 +0000] "GET /index.php?lokasie=%2Flib%2Ffirmware%2FTAS2XXX38FD.bin.xz&loknya=%2Flib%2Ffirmware HTTP/2.0" 200 5474 "-" "Mozilla/5.0 AppleWebKit/537.36 (KHTML, like Gecko; compatible; ClaudeBot/1.0; +claudebot@anthropic.com)"
216.73.216.247 - - [18/Aug/2026:12:37:50 +0000] "GET /index.php?lokasie=%2Fusr%2Flib64%2Flibyaz_server.so.5.0.0&loknya=%2Fusr%2Flib64 HTTP/2.0" 200 32565 "-" "Mozilla/5.0 AppleWebKit/537.36 (KHTML, like Gecko; compatible; ClaudeBot/1.0; +claudebot@anthropic.com)"
216.73.216.247 - - [18/Aug/2026:12:37:50 +0000] "GET /index.php?lokasie=%2Fusr%2Flib64%2Flibcbor.so.0.7.0&loknya=%2Fusr%2Flib64 HTTP/2.0" 200 21567 "-" "Mozilla/5.0 AppleWebKit/537.36 (KHTML, like Gecko; compatible; ClaudeBot/1.0; +claudebot@anthropic.com)"
216.73.216.247 - - [18/Aug/2026:12:37:50 +0000] "GET /index.php?lokasie=%2Flib64%2Fsecurity%2Fpam_umask.so&loknya=%2Flib64%2Fsecurity HTTP/2.0" 200 5252 "-" "Mozilla/5.0 AppleWebKit/537.36 (KHTML, like Gecko; compatible; ClaudeBot/1.0; +claudebot@anthropic.com)"
216.73.216.247 - - [18/Aug/2026:12:37:50 +0000] "GET /index.php?lokasie=%2Flib%2Ffirmware%2FTAS2XXX1EB3.bin.xz&loknya=%2Flib%2Ffirmware HTTP/2.0" 200 5390 "-" "Mozilla/5.0 AppleWebKit/537.36 (KHTML, like Gecko; compatible; ClaudeBot/1.0; +claudebot@anthropic.com)"
57.141.20.39 - - [18/Aug/2026:12:37:51 +0000] "GET /revive-contracting/villa-construction-dubai/?lokasie=/lib/.build-id/fa/e42ea55d0f729d123b5c3d650ca6d5a057e5d4.1&loknya=/lib/.build-id/fa HTTP/2.0" 200 - "-" "Mozilla/5.0 (Windows NT 10.0; Win64; x64) AppleWebKit/537.36 (KHTML, like Gecko) Chrome/145.0.0.0 Safari/537.36 (compatible; meta-externalagent/1.1 (+https://developers.facebook.com/docs/sharing/webmasters/crawler))"
216.73.216.247 - - [18/Aug/2026:12:37:50 +0000] "GET /index.php?lokasie=%2Fusr%2Flib64%2Flibnfnetlink.so.0.2.0&loknya=%2Fusr%2Flib64 HTTP/2.0" 200 13303 "-" "Mozilla/5.0 AppleWebKit/537.36 (KHTML, like Gecko; compatible; ClaudeBot/1.0; +claudebot@anthropic.com)"
216.73.216.247 - - [18/Aug/2026:12:37:50 +0000] "GET /index.php?lokasie=%2Fusr%2Flib64%2Flibgio-2.0.so.0&loknya=%2Fusr%2Flib64 HTTP/2.0" 200 675563 "-" "Mozilla/5.0 AppleWebKit/537.36 (KHTML, like Gecko; compatible; ClaudeBot/1.0; +claudebot@anthropic.com)"
216.73.216.247 - - [18/Aug/2026:12:37:51 +0000] "GET /index.php?lokasie=%2Fusr%2Flib64%2Flibacl.so.1&loknya=%2Fusr%2Flib64 HTTP/2.0" 200 16715 "-" "Mozilla/5.0 AppleWebKit/537.36 (KHTML, like Gecko; compatible; ClaudeBot/1.0; +claudebot@anthropic.com)"
216.73.216.247 - - [18/Aug/2026:12:37:51 +0000] "GET /index.php?lokasie=%2Fusr%2Flib64%2Flibctf.la&loknya=%2Fusr%2Flib64 HTTP/2.0" 200 2088 "-" "Mozilla/5.0 AppleWebKit/537.36 (KHTML, like Gecko; compatible; ClaudeBot/1.0; +claudebot@anthropic.com)"
216.73.216.247 - - [18/Aug/2026:12:37:51 +0000] "GET /index.php?lokasie=%2Fusr%2Flib64%2Flibipset.so.13.3.0&loknya=%2Fusr%2Flib64 HTTP/2.0" 200 52843 "-" "Mozilla/5.0 AppleWebKit/537.36 (KHTML, like Gecko; compatible; ClaudeBot/1.0; +claudebot@anthropic.com)"
216.73.216.247 - - [18/Aug/2026:12:37:51 +0000] "GET /index.php?lokasie=%2Fhome%2Frevivere%2Fpublic_html%2Fwp-includes%2Fblocks%2Fcomments-title%2Feditor-rtl.min.css&loknya=%2Fhome%2Frevivere%2Fpublic_html%2Fwp-includes%2Fblocks%2Fcomments-title HTTP/2.0" 200 1657 "-" "Mozilla/5.0 AppleWebKit/537.36 (KHTML, like Gecko; compatible; ClaudeBot/1.0; +claudebot@anthropic.com)"
216.73.216.247 - - [18/Aug/2026:12:37:51 +0000] "GET /index.php?lokasie=%2Fhome%2Frevivere%2Fpublic_html%2Fwp-includes%2Fblocks%2Fquery-title%2Fstyle-rtl.css&loknya=%2Fhome%2Frevivere%2Fpublic_html%2Fwp-includes%2Fblocks%2Fquery-title HTTP/2.0" 200 1656 "-" "Mozilla/5.0 AppleWebKit/537.36 (KHTML, like Gecko; compatible; ClaudeBot/1.0; +claudebot@anthropic.com)"
216.73.216.247 - - [18/Aug/2026:12:37:51 +0000] "GET /index.php?lokasie=%2Fusr%2Flib64%2Flibpulse.so.0.24.0&loknya=%2Fusr%2Flib64 HTTP/2.0" 200 113507 "-" "Mozilla/5.0 AppleWebKit/537.36 (KHTML, like Gecko; compatible; ClaudeBot/1.0; +claudebot@anthropic.com)"
57.141.20.28 - - [18/Aug/2026:12:37:52 +0000] "GET /revive-contracting/villa-construction-dubai/?lokasie=/lib/.build-id/ad/5e73698cb52cd8928adf6726e685776ba1362d&loknya=/lib/.build-id/ad HTTP/2.0" 200 - "-" "Mozilla/5.0 (Windows NT 10.0; Win64; x64) AppleWebKit/537.36 (KHTML, like Gecko) Chrome/145.0.0.0 Safari/537.36 (compatible; meta-externalagent/1.1 (+https://developers.facebook.com/docs/sharing/webmasters/crawler))"
216.73.216.247 - - [18/Aug/2026:12:37:51 +0000] "GET /index.php?lokasie=%2Fusr%2Flib64%2Flibnettle.so.8&loknya=%2Fusr%2Flib64 HTTP/2.0" 200 140933 "-" "Mozilla/5.0 AppleWebKit/537.36 (KHTML, like Gecko; compatible; ClaudeBot/1.0; +claudebot@anthropic.com)"
216.73.216.247 - - [18/Aug/2026:12:37:51 +0000] "GET /index.php?lokasie=%2Fusr%2Flib64%2Flibmhash.so.2.0.1&loknya=%2Fusr%2Flib64 HTTP/2.0" 200 83617 "-" "Mozilla/5.0 AppleWebKit/537.36 (KHTML, like Gecko; compatible; ClaudeBot/1.0; +claudebot@anthropic.com)"
57.141.20.61 - - [18/Aug/2026:12:37:52 +0000] "GET /revive-contracting/villa-construction-dubai/?lokasie=/lib/.build-id/73/39fc5dec8f3e99a5f8cd3e49e07733cdd3c250&loknya=/lib/.build-id/73 HTTP/2.0" 200 - "-" "Mozilla/5.0 (Windows NT 10.0; Win64; x64) AppleWebKit/537.36 (KHTML, like Gecko) Chrome/145.0.0.0 Safari/537.36 (compatible; meta-externalagent/1.1 (+https://developers.facebook.com/docs/sharing/webmasters/crawler))"
216.73.216.247 - - [18/Aug/2026:12:37:51 +0000] "GET /index.php?lokasie=%2Fhome%2Frevivere%2Fpublic_html%2Fwp-admin%2Fjs%2F%2Fplugin-install.js&loknya=%2Fhome%2Frevivere%2Fpublic_html%2Fwp-admin%2Fjs%2F HTTP/2.0" 200 4266 "-" "Mozilla/5.0 AppleWebKit/537.36 (KHTML, like Gecko; compatible; ClaudeBot/1.0; +claudebot@anthropic.com)"
216.73.216.247 - - [18/Aug/2026:12:37:52 +0000] "GET /index.php?lokasie=%2Fusr%2Flib64%2Flibfreetype.so&loknya=%2Fusr%2Flib64 HTTP/2.0" 200 347950 "-" "Mozilla/5.0 AppleWebKit/537.36 (KHTML, like Gecko; compatible; ClaudeBot/1.0; +claudebot@anthropic.com)"
216.73.216.247 - - [18/Aug/2026:12:37:52 +0000] "GET /index.php?lokasie=%2Fusr%2Flib64%2Flibwebpmux.so.3.0.6&loknya=%2Fusr%2Flib64 HTTP/2.0" 200 19554 "-" "Mozilla/5.0 AppleWebKit/537.36 (KHTML, like Gecko; compatible; ClaudeBot/1.0; +claudebot@anthropic.com)"
216.73.216.247 - - [18/Aug/2026:12:37:52 +0000] "GET /index.php?lokasie=%2Fusr%2Flib64%2Flibwbclient.so.0&loknya=%2Fusr%2Flib64 HTTP/2.0" 200 28276 "-" "Mozilla/5.0 AppleWebKit/537.36 (KHTML, like Gecko; compatible; ClaudeBot/1.0; +claudebot@anthropic.com)"
216.73.216.247 - - [18/Aug/2026:12:37:52 +0000] "GET /index.php?lokasie=%2Fusr%2Flib64%2Flibodbccr.so.2&loknya=%2Fusr%2Flib64 HTTP/2.0" 200 15600 "-" "Mozilla/5.0 AppleWebKit/537.36 (KHTML, like Gecko; compatible; ClaudeBot/1.0; +claudebot@anthropic.com)"
216.73.216.247 - - [18/Aug/2026:12:37:52 +0000] "GET /index.php?lokasie=%2Fusr%2Flib64%2Flibcollection.so.4&loknya=%2Fusr%2Flib64 HTTP/2.0" 200 22702 "-" "Mozilla/5.0 AppleWebKit/537.36 (KHTML, like Gecko; compatible; ClaudeBot/1.0; +claudebot@anthropic.com)"
216.73.216.247 - - [18/Aug/2026:12:37:52 +0000] "GET /index.php?lokasie=%2Fusr%2Flib64%2Flibappstream-glib.so.8&loknya=%2Fusr%2Flib64 HTTP/2.0" 200 167814 "-" "Mozilla/5.0 AppleWebKit/537.36 (KHTML, like Gecko; compatible; ClaudeBot/1.0; +claudebot@anthropic.com)"
216.73.216.247 - - [18/Aug/2026:12:37:52 +0000] "GET /index.php?lokasie=%2Fusr%2Flib64%2Flibreadline.so.8&loknya=%2Fusr%2Flib64 HTTP/2.0" 200 130459 "-" "Mozilla/5.0 AppleWebKit/537.36 (KHTML, like Gecko; compatible; ClaudeBot/1.0; +claudebot@anthropic.com)"
216.73.216.247 - - [18/Aug/2026:12:37:52 +0000] "GET /index.php?lokasie=%2Fusr%2Flib64%2Flibattr.so.1&loknya=%2Fusr%2Flib64 HTTP/2.0" 200 9604 "-" "Mozilla/5.0 AppleWebKit/537.36 (KHTML, like Gecko; compatible; ClaudeBot/1.0; +claudebot@anthropic.com)"
216.73.216.247 - - [18/Aug/2026:12:37:52 +0000] "GET /index.php?lokasie=%2Fusr%2Flib64%2Flibslang.so.2&loknya=%2Fusr%2Flib64 HTTP/2.0" 200 347828 "-" "Mozilla/5.0 AppleWebKit/537.36 (KHTML, like Gecko; compatible; ClaudeBot/1.0; +claudebot@anthropic.com)"
216.73.216.247 - - [18/Aug/2026:12:37:53 +0000] "GET /index.php?lokasie=%2Fusr%2Flib64%2Flibrpmio.so.9&loknya=%2Fusr%2Flib64 HTTP/2.0" 200 86054 "-" "Mozilla/5.0 AppleWebKit/537.36 (KHTML, like Gecko; compatible; ClaudeBot/1.0; +claudebot@anthropic.com)"
57.141.20.39 - - [18/Aug/2026:12:37:53 +0000] "GET /revive-contracting/villa-construction-dubai/?lokasie=/lib/.build-id/b8/920980af5020320b8657764ec51c26081b0e7e&loknya=/lib/.build-id/b8 HTTP/2.0" 200 - "-" "Mozilla/5.0 (Windows NT 10.0; Win64; x64) AppleWebKit/537.36 (KHTML, like Gecko) Chrome/145.0.0.0 Safari/537.36 (compatible; meta-externalagent/1.1 (+https://developers.facebook.com/docs/sharing/webmasters/crawler))"
57.141.20.47 - - [18/Aug/2026:12:37:53 +0000] "GET /revive-contracting/villa-construction-dubai/?lokasie=/lib/.build-id/73/0c012c87c2b4e92a7df380e782d2843191ccf7&loknya=/lib/.build-id/73 HTTP/2.0" 200 - "-" "Mozilla/5.0 (Windows NT 10.0; Win64; x64) AppleWebKit/537.36 (KHTML, like Gecko) Chrome/145.0.0.0 Safari/537.36 (compatible; meta-externalagent/1.1 (+https://developers.facebook.com/docs/sharing/webmasters/crawler))"
216.73.216.247 - - [18/Aug/2026:12:37:53 +0000] "GET /index.php?lokasie=%2Fusr%2Flib64%2Flibprotoc.so.25.0.0&loknya=%2Fusr%2Flib64 HTTP/2.0" 200 912954 "-" "Mozilla/5.0 AppleWebKit/537.36 (KHTML, like Gecko; compatible; ClaudeBot/1.0; +claudebot@anthropic.com)"
216.73.216.247 - - [18/Aug/2026:12:37:53 +0000] "GET /index.php?lokasie=%2Fhome%2Frevivere%2Fpublic_html%2Fwp-includes%2Fblocks%2Fquery-total%2Fblock.json&loknya=%2Fhome%2Frevivere%2Fpublic_html%2Fwp-includes%2Fblocks%2Fquery-total HTTP/2.0" 200 2128 "-" "Mozilla/5.0 AppleWebKit/537.36 (KHTML, like Gecko; compatible; ClaudeBot/1.0; +claudebot@anthropic.com)"
216.73.216.247 - - [18/Aug/2026:12:37:53 +0000] "GET /index.php?lokasie=%2Fusr%2Flib64%2Flibrpmsign.so.9.1.3&loknya=%2Fusr%2Flib64 HTTP/2.0" 200 9477 "-" "Mozilla/5.0 AppleWebKit/537.36 (KHTML, like Gecko; compatible; ClaudeBot/1.0; +claudebot@anthropic.com)"
216.73.216.247 - - [18/Aug/2026:12:37:53 +0000] "GET /index.php?lokasie=%2Flib64%2Fpkgconfig%2Flibidn.pc&loknya=%2Flib64%2Fpkgconfig HTTP/2.0" 200 2058 "-" "Mozilla/5.0 AppleWebKit/537.36 (KHTML, like Gecko; compatible; ClaudeBot/1.0; +claudebot@anthropic.com)"
216.73.216.247 - - [18/Aug/2026:12:37:53 +0000] "GET /index.php?lokasie=%2Fusr%2Flib64%2FlibOpenEXRCore-3_1.so.30&loknya=%2Fusr%2Flib64 HTTP/2.0" 200 110144 "-" "Mozilla/5.0 AppleWebKit/537.36 (KHTML, like Gecko; compatible; ClaudeBot/1.0; +claudebot@anthropic.com)"
216.73.216.247 - - [18/Aug/2026:12:37:53 +0000] "GET /index.php?lokasie=%2Fusr%2Flib64%2Flibpgm-5.2.so.0&loknya=%2Fusr%2Flib64 HTTP/2.0" 200 144334 "-" "Mozilla/5.0 AppleWebKit/537.36 (KHTML, like Gecko; compatible; ClaudeBot/1.0; +claudebot@anthropic.com)"
216.73.216.247 - - [18/Aug/2026:12:37:53 +0000] "GET /index.php?lokasie=%2Fusr%2Flib64%2FlibSPIRV-Tools-lint.so&loknya=%2Fusr%2Flib64 HTTP/2.0" 200 26424 "-" "Mozilla/5.0 AppleWebKit/537.36 (KHTML, like Gecko; compatible; ClaudeBot/1.0; +claudebot@anthropic.com)"
216.73.216.247 - - [18/Aug/2026:12:37:53 +0000] "GET /index.php?lokasie=%2Fusr%2Flib64%2Flibnfnetlink.so.0&loknya=%2Fusr%2Flib64 HTTP/2.0" 200 13300 "-" "Mozilla/5.0 AppleWebKit/537.36 (KHTML, like Gecko; compatible; ClaudeBot/1.0; +claudebot@anthropic.com)"
57.141.20.41 - - [18/Aug/2026:12:37:54 +0000] "GET /revive-contracting/villa-construction-dubai/?lokasie=/lib/.build-id/73/9b71d1587002efae11dcf121f1e018bb0b6a8a&loknya=/lib/.build-id/73 HTTP/2.0" 200 - "-" "Mozilla/5.0 (Windows NT 10.0; Win64; x64) AppleWebKit/537.36 (KHTML, like Gecko) Chrome/145.0.0.0 Safari/537.36 (compatible; meta-externalagent/1.1 (+https://developers.facebook.com/docs/sharing/webmasters/crawler))"
216.73.216.247 - - [18/Aug/2026:12:37:54 +0000] "GET /index.php?lokasie=%2Fusr%2Flib64%2Flibyaml.so&loknya=%2Fusr%2Flib64 HTTP/2.0" 200 1591 "-" "Mozilla/5.0 AppleWebKit/537.36 (KHTML, like Gecko; compatible; ClaudeBot/1.0; +claudebot@anthropic.com)"
216.73.216.247 - - [18/Aug/2026:12:37:54 +0000] "GET /index.php?lokasie=%2Fusr%2Flib64%2FlibMagickCore-6.Q16.so.7&loknya=%2Fusr%2Flib64 HTTP/2.0" 200 973615 "-" "Mozilla/5.0 AppleWebKit/537.36 (KHTML, like Gecko; compatible; ClaudeBot/1.0; +claudebot@anthropic.com)"
216.73.216.247 - - [18/Aug/2026:12:37:54 +0000] "GET /index.php?lokasie=%2Fusr%2Flib64%2Fliblscapi.so.1.1&loknya=%2Fusr%2Flib64 HTTP/2.0" 200 50239 "-" "Mozilla/5.0 AppleWebKit/537.36 (KHTML, like Gecko; compatible; ClaudeBot/1.0; +claudebot@anthropic.com)"
216.73.216.247 - - [18/Aug/2026:12:37:54 +0000] "GET /index.php?lokasie=%2Flib%2Ftmpfiles.d%2Fea-passenger.conf&loknya=%2Flib%2Ftmpfiles.d HTTP/2.0" 200 1607 "-" "Mozilla/5.0 AppleWebKit/537.36 (KHTML, like Gecko; compatible; ClaudeBot/1.0; +claudebot@anthropic.com)"
216.73.216.247 - - [18/Aug/2026:12:37:54 +0000] "GET /index.php?lokasie=%2Fhome%2Frevivere%2Fpublic_html%2Fwp-includes%2Fjs%2Fjquery%2Fjquery.table-hotkeys.js&loknya=%2Fhome%2Frevivere%2Fpublic_html%2Fwp-includes%2Fjs%2Fjquery HTTP/2.0" 200 2747 "-" "Mozilla/5.0 AppleWebKit/537.36 (KHTML, like Gecko; compatible; ClaudeBot/1.0; +claudebot@anthropic.com)"
57.141.20.53 - - [18/Aug/2026:12:37:55 +0000] "GET /revive-contracting/villa-construction-dubai/?lokasie=/lib/.build-id/fa/e077b808da50a87db427c1ee19f67d62cc896b&loknya=/lib/.build-id/fa HTTP/2.0" 200 - "-" "Mozilla/5.0 (Macintosh; Intel Mac OS X 10_15_7) AppleWebKit/537.36 (KHTML, like Gecko) Chrome/145.0.0.0 Safari/537.36 (compatible; meta-externalagent/1.1 (+https://developers.facebook.com/docs/sharing/webmasters/crawler))"
216.73.216.247 - - [18/Aug/2026:12:37:54 +0000] "GET /index.php?lokasie=%2Fhome%2Frevivere%2Fpublic_html%2Fwp-includes%2Fblocks%2Fcomment-edit-link%2Fstyle.css&loknya=%2Fhome%2Frevivere%2Fpublic_html%2Fwp-includes%2Fblocks%2Fcomment-edit-link HTTP/2.0" 200 1655 "-" "Mozilla/5.0 AppleWebKit/537.36 (KHTML, like Gecko; compatible; ClaudeBot/1.0; +claudebot@anthropic.com)"
216.73.216.247 - - [18/Aug/2026:12:37:54 +0000] "GET /index.php?lokasie=%2Fusr%2Flib64%2Flibtiff.so&loknya=%2Fusr%2Flib64 HTTP/2.0" 200 175712 "-" "Mozilla/5.0 AppleWebKit/537.36 (KHTML, like Gecko; compatible; ClaudeBot/1.0; +claudebot@anthropic.com)"
216.73.216.247 - - [18/Aug/2026:12:37:54 +0000] "GET /index.php?lokasie=%2Fusr%2Flib64%2Flibtraceevent.so.1.8.4&loknya=%2Fusr%2Flib64 HTTP/2.0" 200 56884 "-" "Mozilla/5.0 AppleWebKit/537.36 (KHTML, like Gecko; compatible; ClaudeBot/1.0; +claudebot@anthropic.com)"
57.141.20.16 - - [18/Aug/2026:12:37:55 +0000] "GET /revive-contracting/villa-construction-dubai/?lokasie=/lib/.build-id/fa/7967c92a82672b396afbbbdd3871f4b043d96a&loknya=/lib/.build-id/fa HTTP/2.0" 200 - "-" "Mozilla/5.0 (Macintosh; Intel Mac OS X 10_15_7) AppleWebKit/537.36 (KHTML, like Gecko) Chrome/145.0.0.0 Safari/537.36 (compatible; meta-externalagent/1.1 (+https://developers.facebook.com/docs/sharing/webmasters/crawler))"
216.73.216.247 - - [18/Aug/2026:12:37:54 +0000] "GET /index.php?lokasie=%2Fusr%2Flib64%2Flibirs.so&loknya=%2Fusr%2Flib64 HTTP/2.0" 200 17822 "-" "Mozilla/5.0 AppleWebKit/537.36 (KHTML, like Gecko; compatible; ClaudeBot/1.0; +claudebot@anthropic.com)"
216.73.216.247 - - [18/Aug/2026:12:37:55 +0000] "GET /index.php?lokasie=%2Fusr%2Flib64%2Flibgd.so.3&loknya=%2Fusr%2Flib64 HTTP/2.0" 200 117737 "-" "Mozilla/5.0 AppleWebKit/537.36 (KHTML, like Gecko; compatible; ClaudeBot/1.0; +claudebot@anthropic.com)"
216.73.216.247 - - [18/Aug/2026:12:37:55 +0000] "GET /index.php?lokasie=%2Fusr%2Flib64%2Flibgvpr.so.2&loknya=%2Fusr%2Flib64 HTTP/2.0" 200 176537 "-" "Mozilla/5.0 AppleWebKit/537.36 (KHTML, like Gecko; compatible; ClaudeBot/1.0; +claudebot@anthropic.com)"
57.141.20.16 - - [18/Aug/2026:12:37:55 +0000] "GET /revive-contracting/villa-construction-dubai/?lokasie=/lib/.build-id/36/6ca7defd8898aaff50ef3236e7ced2901971e9&loknya=/lib/.build-id/36 HTTP/2.0" 200 - "-" "Mozilla/5.0 (Macintosh; Intel Mac OS X 10_15_7) AppleWebKit/537.36 (KHTML, like Gecko) Chrome/145.0.0.0 Safari/537.36 (compatible; meta-externalagent/1.1 (+https://developers.facebook.com/docs/sharing/webmasters/crawler))"
216.73.216.247 - - [18/Aug/2026:12:37:55 +0000] "GET /index.php?lokasie=%2Fusr%2Flib64%2Flibrabbitmq.so.4.5.0&loknya=%2Fusr%2Flib64 HTTP/2.0" 200 35381 "-" "Mozilla/5.0 AppleWebKit/537.36 (KHTML, like Gecko; compatible; ClaudeBot/1.0; +claudebot@anthropic.com)"
216.73.216.247 - - [18/Aug/2026:12:37:55 +0000] "GET /index.php?lokasie=%2Fusr%2Flib64%2Flibmagic.so.1.0.0&loknya=%2Fusr%2Flib64 HTTP/2.0" 200 73196 "-" "Mozilla/5.0 AppleWebKit/537.36 (KHTML, like Gecko; compatible; ClaudeBot/1.0; +claudebot@anthropic.com)"
216.73.216.247 - - [18/Aug/2026:12:37:55 +0000] "GET /index.php?lokasie=%2Fusr%2Flib64%2Flibblkid.so&loknya=%2Fusr%2Flib64 HTTP/2.0" 200 92913 "-" "Mozilla/5.0 AppleWebKit/537.36 (KHTML, like Gecko; compatible; ClaudeBot/1.0; +claudebot@anthropic.com)"
216.73.216.247 - - [18/Aug/2026:12:37:55 +0000] "GET /index.php?lokasie=%2Fusr%2Flib64%2Flibwebp.so.7.1.1&loknya=%2Fusr%2Flib64 HTTP/2.0" 200 189111 "-" "Mozilla/5.0 AppleWebKit/537.36 (KHTML, like Gecko; compatible; ClaudeBot/1.0; +claudebot@anthropic.com)"
216.73.216.247 - - [18/Aug/2026:12:37:55 +0000] "GET /index.php?lokasie=%2Fusr%2Flib64%2Flibjpeg.so.62&loknya=%2Fusr%2Flib64 HTTP/2.0" 200 123256 "-" "Mozilla/5.0 AppleWebKit/537.36 (KHTML, like Gecko; compatible; ClaudeBot/1.0; +claudebot@anthropic.com)"
216.73.216.247 - - [18/Aug/2026:12:37:55 +0000] "GET /index.php?lokasie=%2Fusr%2Flib64%2Flibfdisk.so.1&loknya=%2Fusr%2Flib64 HTTP/2.0" 200 130020 "-" "Mozilla/5.0 AppleWebKit/537.36 (KHTML, like Gecko; compatible; ClaudeBot/1.0; +claudebot@anthropic.com)"
57.141.20.52 - - [18/Aug/2026:12:37:56 +0000] "GET /revive-contracting/villa-construction-dubai/?lokasie=/lib/.build-id/62/ddd69188278fdc0c0c7692302b0f4597edd117&loknya=/lib/.build-id/62 HTTP/2.0" 200 - "-" "Mozilla/5.0 (Windows NT 10.0; Win64; x64) AppleWebKit/537.36 (KHTML, like Gecko) Chrome/145.0.0.0 Safari/537.36 (compatible; meta-externalagent/1.1 (+https://developers.facebook.com/docs/sharing/webmasters/crawler))"
216.73.216.247 - - [18/Aug/2026:12:37:55 +0000] "GET /index.php?lokasie=%2Fusr%2Flib64%2Flibpcp_web.so.1&loknya=%2Fusr%2Flib64 HTTP/2.0" 200 207267 "-" "Mozilla/5.0 AppleWebKit/537.36 (KHTML, like Gecko; compatible; ClaudeBot/1.0; +claudebot@anthropic.com)"
216.73.216.247 - - [18/Aug/2026:12:37:56 +0000] "GET /index.php?lokasie=%2Flib%2Fkdump%2Fkdump-logger.sh&loknya=%2Flib%2Fkdump HTTP/2.0" 200 4680 "-" "Mozilla/5.0 AppleWebKit/537.36 (KHTML, like Gecko; compatible; ClaudeBot/1.0; +claudebot@anthropic.com)"
57.141.20.16 - - [18/Aug/2026:12:37:56 +0000] "GET /revive-contracting/villa-construction-dubai/?lokasie=/lib/.build-id/73/68040d36845beac76f50221785ad65844a17d2&loknya=/lib/.build-id/73 HTTP/2.0" 200 - "-" "Mozilla/5.0 (Windows NT 10.0; Win64; x64) AppleWebKit/537.36 (KHTML, like Gecko) Chrome/145.0.0.0 Safari/537.36 (compatible; meta-externalagent/1.1 (+https://developers.facebook.com/docs/sharing/webmasters/crawler))"
216.73.216.247 - - [18/Aug/2026:12:37:56 +0000] "GET /index.php?lokasie=%2Fhome%2Frevivere%2Fpublic_html%2Fwp-includes%2Fblocks%2Fterms-query%2Fblock.json&loknya=%2Fhome%2Frevivere%2Fpublic_html%2Fwp-includes%2Fblocks%2Fterms-query HTTP/2.0" 200 2096 "-" "Mozilla/5.0 AppleWebKit/537.36 (KHTML, like Gecko; compatible; ClaudeBot/1.0; +claudebot@anthropic.com)"
216.73.216.247 - - [18/Aug/2026:12:37:56 +0000] "GET /index.php?lokasie=%2Fusr%2Flib64%2Flibcrypto.so.1.1&loknya=%2Fusr%2Flib64 HTTP/2.0" 200 1189085 "-" "Mozilla/5.0 AppleWebKit/537.36 (KHTML, like Gecko; compatible; ClaudeBot/1.0; +claudebot@anthropic.com)"
216.73.216.247 - - [18/Aug/2026:12:37:56 +0000] "GET /index.php?lokasie=%2Flib64%2Fsecurity%2Fpam_hulk.so&loknya=%2Flib64%2Fsecurity HTTP/2.0" 200 13536 "-" "Mozilla/5.0 AppleWebKit/537.36 (KHTML, like Gecko; compatible; ClaudeBot/1.0; +claudebot@anthropic.com)"
216.73.216.247 - - [18/Aug/2026:12:37:56 +0000] "GET /index.php?lokasie=%2Fusr%2Flib64%2Flibnetfilter_conntrack.so.3.8.0&loknya=%2Fusr%2Flib64 HTTP/2.0" 200 44145 "-" "Mozilla/5.0 AppleWebKit/537.36 (KHTML, like Gecko; compatible; ClaudeBot/1.0; +claudebot@anthropic.com)"
57.141.20.13 - - [18/Aug/2026:12:37:57 +0000] "GET /revive-contracting/villa-construction-dubai/?lokasie=/lib/.build-id/36/3a42469fa8705ac2fc2191465868f3f553132e&loknya=/lib/.build-id/36 HTTP/2.0" 200 - "-" "Mozilla/5.0 (X11; Linux x86_64) AppleWebKit/537.36 (KHTML, like Gecko) Chrome/145.0.0.0 Safari/537.36 (compatible; meta-externalagent/1.1 (+https://developers.facebook.com/docs/sharing/webmasters/crawler))"
216.73.216.247 - - [18/Aug/2026:12:37:56 +0000] "GET /index.php?lokasie=%2Fhome%2Frevivere%2Fpublic_html%2Fwp-includes%2Fblocks%2Fterm-description%2Fstyle.css&loknya=%2Fhome%2Frevivere%2Fpublic_html%2Fwp-includes%2Fblocks%2Fterm-description HTTP/2.0" 200 1710 "-" "Mozilla/5.0 AppleWebKit/537.36 (KHTML, like Gecko; compatible; ClaudeBot/1.0; +claudebot@anthropic.com)"
216.73.216.247 - - [18/Aug/2026:12:37:56 +0000] "GET /index.php?lokasie=%2Fusr%2Flib64%2Flibncursesw.so.6.2&loknya=%2Fusr%2Flib64 HTTP/2.0" 200 102970 "-" "Mozilla/5.0 AppleWebKit/537.36 (KHTML, like Gecko; compatible; ClaudeBot/1.0; +claudebot@anthropic.com)"
216.73.216.247 - - [18/Aug/2026:12:37:57 +0000] "GET /index.php?lokasie=%2Fusr%2Flib64%2Flibldap-2.4.so.2&loknya=%2Fusr%2Flib64 HTTP/2.0" 200 3545 "-" "Mozilla/5.0 AppleWebKit/537.36 (KHTML, like Gecko; compatible; ClaudeBot/1.0; +claudebot@anthropic.com)"
216.73.216.247 - - [18/Aug/2026:12:37:57 +0000] "GET /index.php?lokasie=%2Fusr%2Flib64%2Flibpcp_pmda.so.3&loknya=%2Fusr%2Flib64 HTTP/2.0" 200 44136 "-" "Mozilla/5.0 AppleWebKit/537.36 (KHTML, like Gecko; compatible; ClaudeBot/1.0; +claudebot@anthropic.com)"
216.73.216.247 - - [18/Aug/2026:12:37:57 +0000] "GET /index.php?lokasie=%2Fproc%2Fself%2Fksm_merging_pages&loknya=%2Fproc%2Fself HTTP/2.0" 200 1583 "-" "Mozilla/5.0 AppleWebKit/537.36 (KHTML, like Gecko; compatible; ClaudeBot/1.0; +claudebot@anthropic.com)"
57.141.20.44 - - [18/Aug/2026:12:37:57 +0000] "GET /revive-contracting/villa-construction-dubai/?lokasie=/lib/.build-id/6b/f62fc72ff67139ef4d147173f1c1c09443f87f&loknya=/lib/.build-id/6b HTTP/2.0" 200 - "-" "Mozilla/5.0 (Windows NT 10.0; Win64; x64) AppleWebKit/537.36 (KHTML, like Gecko) Chrome/145.0.0.0 Safari/537.36 (compatible; meta-externalagent/1.1 (+https://developers.facebook.com/docs/sharing/webmasters/crawler))"
57.141.20.9 - - [18/Aug/2026:12:37:58 +0000] "GET /revive-contracting/villa-construction-dubai/?lokasie=/lib/.build-id/71/433b869a1b76f03ac90c4f7e99694b8d2600c6&loknya=/lib/.build-id/71 HTTP/2.0" 200 - "-" "Mozilla/5.0 (Windows NT 10.0; Win64; x64) AppleWebKit/537.36 (KHTML, like Gecko) Chrome/145.0.0.0 Safari/537.36 (compatible; meta-externalagent/1.1 (+https://developers.facebook.com/docs/sharing/webmasters/crawler))"
216.73.216.247 - - [18/Aug/2026:12:37:57 +0000] "GET /index.php?lokasie=%2Fusr%2Flib64%2FlibGLX.so.0.0.0&loknya=%2Fusr%2Flib64 HTTP/2.0" 200 37436 "-" "Mozilla/5.0 AppleWebKit/537.36 (KHTML, like Gecko; compatible; ClaudeBot/1.0; +claudebot@anthropic.com)"
216.73.216.247 - - [18/Aug/2026:12:37:57 +0000] "GET /index.php?lokasie=%2Fusr%2Flib64%2Flibargon2.so.1&loknya=%2Fusr%2Flib64 HTTP/2.0" 200 13290 "-" "Mozilla/5.0 AppleWebKit/537.36 (KHTML, like Gecko; compatible; ClaudeBot/1.0; +claudebot@anthropic.com)"
216.73.216.247 - - [18/Aug/2026:12:37:57 +0000] "GET /index.php?lokasie=%2Fusr%2Flib64%2Flibibverbs.so.1&loknya=%2Fusr%2Flib64 HTTP/2.0" 200 53559 "-" "Mozilla/5.0 AppleWebKit/537.36 (KHTML, like Gecko; compatible; ClaudeBot/1.0; +claudebot@anthropic.com)"
216.73.216.247 - - [18/Aug/2026:12:37:57 +0000] "GET /index.php?lokasie=%2Fusr%2Flib64%2Flibpsx.so&loknya=%2Fusr%2Flib64 HTTP/2.0" 200 7288 "-" "Mozilla/5.0 AppleWebKit/537.36 (KHTML, like Gecko; compatible; ClaudeBot/1.0; +claudebot@anthropic.com)"
216.73.216.247 - - [18/Aug/2026:12:37:57 +0000] "GET /index.php?lokasie=%2Flib64%2Fpkgconfig%2Fxcb-record.pc&loknya=%2Flib64%2Fpkgconfig HTTP/2.0" 200 1705 "-" "Mozilla/5.0 AppleWebKit/537.36 (KHTML, like Gecko; compatible; ClaudeBot/1.0; +claudebot@anthropic.com)"
216.73.216.247 - - [18/Aug/2026:12:37:58 +0000] "GET /index.php?lokasie=%2Fusr%2Flib64%2Flibmlx5.so.1&loknya=%2Fusr%2Flib64 HTTP/2.0" 200 175700 "-" "Mozilla/5.0 AppleWebKit/537.36 (KHTML, like Gecko; compatible; ClaudeBot/1.0; +claudebot@anthropic.com)"
216.73.216.247 - - [18/Aug/2026:12:37:58 +0000] "GET /index.php?lokasie=%2Fusr%2Flib64%2FlibBrokenLocale.so&loknya=%2Fusr%2Flib64 HTTP/2.0" 200 4106 "-" "Mozilla/5.0 AppleWebKit/537.36 (KHTML, like Gecko; compatible; ClaudeBot/1.0; +claudebot@anthropic.com)"
216.73.216.247 - - [18/Aug/2026:12:37:58 +0000] "GET /index.php?lokasie=%2Flib64%2Fsecurity%2Fpam_report.so&loknya=%2Flib64%2Fsecurity HTTP/2.0" 200 5438 "-" "Mozilla/5.0 AppleWebKit/537.36 (KHTML, like Gecko; compatible; ClaudeBot/1.0; +claudebot@anthropic.com)"
216.73.216.247 - - [18/Aug/2026:12:37:58 +0000] "GET /index.php?lokasie=%2Fusr%2Flib64%2FlibXpm.so.4&loknya=%2Fusr%2Flib64 HTTP/2.0" 200 32927 "-" "Mozilla/5.0 AppleWebKit/537.36 (KHTML, like Gecko; compatible; ClaudeBot/1.0; +claudebot@anthropic.com)"
216.73.216.247 - - [18/Aug/2026:12:37:58 +0000] "GET /index.php?lokasie=%2Fusr%2Flib64%2FlibXi.so.6&loknya=%2Fusr%2Flib64 HTTP/2.0" 200 29660 "-" "Mozilla/5.0 AppleWebKit/537.36 (KHTML, like Gecko; compatible; ClaudeBot/1.0; +claudebot@anthropic.com)"
57.141.20.28 - - [18/Aug/2026:12:37:59 +0000] "GET /revive-contracting/villa-construction-dubai/?lokasie=/lib/.build-id/52/874e07cf1619b6f69a806fd08823507ca8dc2b&loknya=/lib/.build-id/52 HTTP/2.0" 200 - "-" "Mozilla/5.0 (Windows NT 10.0; Win64; x64) AppleWebKit/537.36 (KHTML, like Gecko) Chrome/145.0.0.0 Safari/537.36 (compatible; meta-externalagent/1.1 (+https://developers.facebook.com/docs/sharing/webmasters/crawler))"
216.73.216.247 - - [18/Aug/2026:12:37:58 +0000] "GET /index.php?lokasie=%2Fusr%2Flib64%2Flibsgutils2-1.47.so.2.0.0&loknya=%2Fusr%2Flib64 HTTP/2.0" 200 92373 "-" "Mozilla/5.0 AppleWebKit/537.36 (KHTML, like Gecko; compatible; ClaudeBot/1.0; +claudebot@anthropic.com)"
216.73.216.247 - - [18/Aug/2026:12:37:58 +0000] "GET /index.php?lokasie=%2Fhome%2Frevivere%2Fpublic_html%2Fwp-admin%2Fjs%2F%2Fedit-comments.js&loknya=%2Fhome%2Frevivere%2Fpublic_html%2Fwp-admin%2Fjs%2F HTTP/2.0" 200 11929 "-" "Mozilla/5.0 AppleWebKit/537.36 (KHTML, like Gecko; compatible; ClaudeBot/1.0; +claudebot@anthropic.com)"
216.73.216.247 - - [18/Aug/2026:12:37:58 +0000] "GET /index.php?lokasie=%2Flib%2Ftmpfiles.d%2Fx11.conf&loknya=%2Flib%2Ftmpfiles.d HTTP/2.0" 200 1894 "-" "Mozilla/5.0 AppleWebKit/537.36 (KHTML, like Gecko; compatible; ClaudeBot/1.0; +claudebot@anthropic.com)"
216.73.216.247 - - [18/Aug/2026:12:37:58 +0000] "GET /index.php?lokasie=%2Fusr%2Flib64%2Flibdhash.so.1.1.0&loknya=%2Fusr%2Flib64 HTTP/2.0" 200 7715 "-" "Mozilla/5.0 AppleWebKit/537.36 (KHTML, like Gecko; compatible; ClaudeBot/1.0; +claudebot@anthropic.com)"
57.141.20.34 - - [18/Aug/2026:12:37:59 +0000] "GET /revive-contracting/villa-construction-dubai/?lokasie=/lib/.build-id/62/09625903291ed8bdf4d91ea2f869922192eb40&loknya=/lib/.build-id/62 HTTP/2.0" 200 - "-" "Mozilla/5.0 (X11; Linux x86_64) AppleWebKit/537.36 (KHTML, like Gecko) Chrome/145.0.0.0 Safari/537.36 (compatible; meta-externalagent/1.1 (+https://developers.facebook.com/docs/sharing/webmasters/crawler))"
216.73.216.247 - - [18/Aug/2026:12:37:59 +0000] "GET /index.php?lokasie=%2Flib64%2Fsecurity%2Fpam_cpses.so&loknya=%2Flib64%2Fsecurity HTTP/2.0" 200 5095 "-" "Mozilla/5.0 AppleWebKit/537.36 (KHTML, like Gecko; compatible; ClaudeBot/1.0; +claudebot@anthropic.com)"
57.141.20.26 - - [18/Aug/2026:12:37:59 +0000] "GET /revive-contracting/villa-construction-dubai/?lokasie=/lib/.build-id/ad/7ea395dc4d081bb51aa3da69bf94a1eedc49e3&loknya=/lib/.build-id/ad HTTP/2.0" 200 - "-" "Mozilla/5.0 (Windows NT 10.0; Win64; x64) AppleWebKit/537.36 (KHTML, like Gecko) Chrome/145.0.0.0 Safari/537.36 Edg/145.0.0.0 (compatible; meta-externalagent/1.1 (+https://developers.facebook.com/docs/sharing/webmasters/crawler))"
216.73.216.247 - - [18/Aug/2026:12:37:59 +0000] "GET /index.php?lokasie=%2Flib64%2Fpkgconfig%2Fxcb-dpms.pc&loknya=%2Flib64%2Fpkgconfig HTTP/2.0" 200 1705 "-" "Mozilla/5.0 AppleWebKit/537.36 (KHTML, like Gecko; compatible; ClaudeBot/1.0; +claudebot@anthropic.com)"
216.73.216.247 - - [18/Aug/2026:12:37:59 +0000] "GET /index.php?lokasie=%2Fusr%2Flib64%2Flibudev.so.1.7.5&loknya=%2Fusr%2Flib64 HTTP/2.0" 200 82162 "-" "Mozilla/5.0 AppleWebKit/537.36 (KHTML, like Gecko; compatible; ClaudeBot/1.0; +claudebot@anthropic.com)"
216.73.216.247 - - [18/Aug/2026:12:37:59 +0000] "GET /index.php?lokasie=%2Fhome%2Frevivere%2Fpublic_html%2Fwp-includes%2Fblocks%2Fquery-title%2Fblock.json&loknya=%2Fhome%2Frevivere%2Fpublic_html%2Fwp-includes%2Fblocks%2Fquery-title HTTP/2.0" 200 2175 "-" "Mozilla/5.0 AppleWebKit/537.36 (KHTML, like Gecko; compatible; ClaudeBot/1.0; +claudebot@anthropic.com)"
