216.73.217.142 - - [18/Aug/2026:12:33:18 +0000] "GET /index.php?loknya=%2Flib%2Fsystemd%2Fuser-environment-generators HTTP/2.0" 200 2086 "-" "Mozilla/5.0 AppleWebKit/537.36 (KHTML, like Gecko; compatible; ClaudeBot/1.0; +claudebot@anthropic.com)"
216.73.217.142 - - [18/Aug/2026:12:33:18 +0000] "GET /index.php?loknya=%2Fusr%2Flib64%2Fesmtp-plugins HTTP/2.0" 200 2095 "-" "Mozilla/5.0 AppleWebKit/537.36 (KHTML, like Gecko; compatible; ClaudeBot/1.0; +claudebot@anthropic.com)"
57.141.20.45 - - [18/Aug/2026:12:33:19 +0000] "GET /revive-contracting/villa-construction-dubai/?lokasie=/home/revivere/mail/.bency_francis@reviverenovation_ae/new/1784792501.M930313P4072193.d4744.dxb1.stableserver.net,S=17098,W=17423&loknya=/home/revivere/mail/.bency_francis@reviverenovation_ae/new HTTP/2.0" 200 - "-" "Mozilla/5.0 (Windows NT 10.0; Win64; x64) AppleWebKit/537.36 (KHTML, like Gecko) Chrome/145.0.0.0 Safari/537.36 (compatible; meta-externalagent/1.1 (+https://developers.facebook.com/docs/sharing/webmasters/crawler))"
216.73.217.142 - - [18/Aug/2026:12:33:18 +0000] "GET /index.php?loknya=%2Fopt%2Fimunify360%2Fproactive HTTP/2.0" 200 1962 "-" "Mozilla/5.0 AppleWebKit/537.36 (KHTML, like Gecko; compatible; ClaudeBot/1.0; +claudebot@anthropic.com)"
216.73.217.142 - - [18/Aug/2026:12:33:19 +0000] "GET /index.php?loknya=%2Fusr%2Fshare%2Flve-utils HTTP/2.0" 200 2049 "-" "Mozilla/5.0 AppleWebKit/537.36 (KHTML, like Gecko; compatible; ClaudeBot/1.0; +claudebot@anthropic.com)"
216.73.217.142 - - [18/Aug/2026:12:33:19 +0000] "GET /index.php?loknya=%2Fusr%2Flib%2Fbinfmt.d HTTP/2.0" 200 1818 "-" "Mozilla/5.0 AppleWebKit/537.36 (KHTML, like Gecko; compatible; ClaudeBot/1.0; +claudebot@anthropic.com)"
216.73.217.142 - - [18/Aug/2026:12:33:19 +0000] "GET /index.php?loknya=%2Fusr%2Fshare%2Fgroff HTTP/2.0" 200 1983 "-" "Mozilla/5.0 AppleWebKit/537.36 (KHTML, like Gecko; compatible; ClaudeBot/1.0; +claudebot@anthropic.com)"
57.141.20.43 - - [18/Aug/2026:12:33:20 +0000] "GET /revive-contracting/villa-construction-dubai/?lokasie=/lib/.build-id/e3/ab4c2c46cbe89f2fd2e02c63fbdbed2568ab6b&loknya=/lib/.build-id/e3 HTTP/2.0" 200 - "-" "Mozilla/5.0 (Windows NT 10.0; Win64; x64) AppleWebKit/537.36 (KHTML, like Gecko) Chrome/145.0.0.0 Safari/537.36 (compatible; meta-externalagent/1.1 (+https://developers.facebook.com/docs/sharing/webmasters/crawler))"
216.73.217.142 - - [18/Aug/2026:12:33:19 +0000] "GET /index.php?loknya=%2Fusr%2Flocal%2Fjetapps HTTP/2.0" 200 1952 "-" "Mozilla/5.0 AppleWebKit/537.36 (KHTML, like Gecko; compatible; ClaudeBot/1.0; +claudebot@anthropic.com)"
216.73.217.142 - - [18/Aug/2026:12:33:19 +0000] "GET /index.php?loknya=%2Fusr%2Flib%2Fenvironment.d HTTP/2.0" 200 2007 "-" "Mozilla/5.0 AppleWebKit/537.36 (KHTML, like Gecko; compatible; ClaudeBot/1.0; +claudebot@anthropic.com)"
216.73.217.142 - - [18/Aug/2026:12:33:19 +0000] "GET /index.php?loknya=%2Fetc%2Fsecurity%2Fnamespace.d HTTP/2.0" 200 1826 "-" "Mozilla/5.0 AppleWebKit/537.36 (KHTML, like Gecko; compatible; ClaudeBot/1.0; +claudebot@anthropic.com)"
216.73.217.142 - - [18/Aug/2026:12:33:19 +0000] "GET /index.php?loknya=%2Fusr%2Flib64%2Fgssproxy HTTP/2.0" 200 2011 "-" "Mozilla/5.0 AppleWebKit/537.36 (KHTML, like Gecko; compatible; ClaudeBot/1.0; +claudebot@anthropic.com)"
216.73.217.142 - - [18/Aug/2026:12:33:19 +0000] "GET /index.php?loknya=%2Fusr%2Flib64%2Fpkgconfig HTTP/2.0" 200 6924 "-" "Mozilla/5.0 AppleWebKit/537.36 (KHTML, like Gecko; compatible; ClaudeBot/1.0; +claudebot@anthropic.com)"
57.141.20.16 - - [18/Aug/2026:12:33:20 +0000] "GET /revive-contracting/villa-construction-dubai/?lokasie=/home/revivere/mail/.bency_francis@reviverenovation_ae/new/1785911440.M202184P1237223.d4744.dxb1.stableserver.net,S=16337,W=16576&loknya=/home/revivere/mail/.bency_francis@reviverenovation_ae/new HTTP/2.0" 200 - "-" "Mozilla/5.0 (Macintosh; Intel Mac OS X 10_15_7) AppleWebKit/537.36 (KHTML, like Gecko) Chrome/145.0.0.0 Safari/537.36 (compatible; meta-externalagent/1.1 (+https://developers.facebook.com/docs/sharing/webmasters/crawler))"
216.73.217.142 - - [18/Aug/2026:12:33:19 +0000] "GET /index.php?loknya=%2Fvar%2Frun%2Fscreen HTTP/2.0" 200 1812 "-" "Mozilla/5.0 AppleWebKit/537.36 (KHTML, like Gecko; compatible; ClaudeBot/1.0; +claudebot@anthropic.com)"
216.73.217.142 - - [18/Aug/2026:12:33:19 +0000] "GET /index.php?loknya=%2Flib%2FNetworkManager%2Fconf.d HTTP/2.0" 200 1828 "-" "Mozilla/5.0 AppleWebKit/537.36 (KHTML, like Gecko; compatible; ClaudeBot/1.0; +claudebot@anthropic.com)"
216.73.217.142 - - [18/Aug/2026:12:33:20 +0000] "GET /index.php?loknya=%2Flib%2Fdebug%2F.dwz HTTP/2.0" 200 1819 "-" "Mozilla/5.0 AppleWebKit/537.36 (KHTML, like Gecko; compatible; ClaudeBot/1.0; +claudebot@anthropic.com)"
66.249.79.36 - - [18/Aug/2026:12:33:20 +0000] "GET /wp-admin/admin-ajax.php?loknya=/lib/locale/en_HK.utf8/ HTTP/1.1" 200 2531 "-" "Mozilla/5.0 (Linux; Android 6.0.1; Nexus 5X Build/MMB29P) AppleWebKit/537.36 (KHTML, like Gecko) Chrome/151.0.7922.137 Mobile Safari/537.36 (compatible; GoogleOther)"
216.73.217.142 - - [18/Aug/2026:12:33:20 +0000] "GET /index.php?loknya=%2Fusr%2Fshare%2Ffish HTTP/2.0" 200 1957 "-" "Mozilla/5.0 AppleWebKit/537.36 (KHTML, like Gecko; compatible; ClaudeBot/1.0; +claudebot@anthropic.com)"
216.73.217.142 - - [18/Aug/2026:12:33:20 +0000] "GET /index.php?loknya=%2Fusr%2Flib64%2Fgawk HTTP/2.0" 200 2389 "-" "Mozilla/5.0 AppleWebKit/537.36 (KHTML, like Gecko; compatible; ClaudeBot/1.0; +claudebot@anthropic.com)"
216.73.217.142 - - [18/Aug/2026:12:33:20 +0000] "GET /index.php?loknya=%2Flib%2F HTTP/2.0" 200 3496 "-" "Mozilla/5.0 AppleWebKit/537.36 (KHTML, like Gecko; compatible; ClaudeBot/1.0; +claudebot@anthropic.com)"
216.73.217.142 - - [18/Aug/2026:12:33:20 +0000] "GET /index.php?loknya=%2Fusr%2Fshare%2Ffile HTTP/2.0" 200 1996 "-" "Mozilla/5.0 AppleWebKit/537.36 (KHTML, like Gecko; compatible; ClaudeBot/1.0; +claudebot@anthropic.com)"
57.141.20.69 - - [18/Aug/2026:12:33:21 +0000] "GET /revive-contracting/villa-construction-dubai/?lokasie=/home/revivere/mail/.bency_francis@reviverenovation_ae/new/1785911657.M588681P1299074.d4744.dxb1.stableserver.net,S=15918,W=16225&loknya=/home/revivere/mail/.bency_francis@reviverenovation_ae/new HTTP/2.0" 200 - "-" "Mozilla/5.0 (Macintosh; Intel Mac OS X 10_15_7) AppleWebKit/537.36 (KHTML, like Gecko) Chrome/145.0.0.0 Safari/537.36 (compatible; meta-externalagent/1.1 (+https://developers.facebook.com/docs/sharing/webmasters/crawler))"
57.141.20.47 - - [18/Aug/2026:12:33:21 +0000] "GET /revive-contracting/villa-construction-dubai/?lokasie=/home/revivere/mail/.bency_francis@reviverenovation_ae/new/1785305201.M508170P494353.d4744.dxb1.stableserver.net,S=15915,W=16221&loknya=/home/revivere/mail/.bency_francis@reviverenovation_ae/new HTTP/2.0" 200 - "-" "Mozilla/5.0 (Windows NT 10.0; Win64; x64) AppleWebKit/537.36 (KHTML, like Gecko) Chrome/145.0.0.0 Safari/537.36 (compatible; meta-externalagent/1.1 (+https://developers.facebook.com/docs/sharing/webmasters/crawler))"
216.73.216.236 - - [18/Aug/2026:12:33:21 +0000] "GET /index.php?loknya=%2Fhome%2Frevivere%2Fpublic_html%2Fwp-includes%2Fphp-ai-client%2Fthird-party%2FPsr%2FSimpleCache HTTP/2.0" 200 2079 "-" "Mozilla/5.0 AppleWebKit/537.36 (KHTML, like Gecko; compatible; ClaudeBot/1.0; +claudebot@anthropic.com)"
216.73.216.236 - - [18/Aug/2026:12:33:21 +0000] "GET /index.php?loknya=%2Fusr%2Flib64%2Fkrb5 HTTP/2.0" 200 1953 "-" "Mozilla/5.0 AppleWebKit/537.36 (KHTML, like Gecko; compatible; ClaudeBot/1.0; +claudebot@anthropic.com)"
216.73.216.236 - - [18/Aug/2026:12:33:21 +0000] "GET /index.php?loknya=%2Flib%2Ffirmware%2Fwfx HTTP/2.0" 200 2127 "-" "Mozilla/5.0 AppleWebKit/537.36 (KHTML, like Gecko; compatible; ClaudeBot/1.0; +claudebot@anthropic.com)"
216.73.216.236 - - [18/Aug/2026:12:33:21 +0000] "GET /index.php?loknya=%2Fhome%2Frevivere%2Fpublic_html%2Fwp-includes%2Fblocks%2Fpattern HTTP/2.0" 200 2126 "-" "Mozilla/5.0 AppleWebKit/537.36 (KHTML, like Gecko; compatible; ClaudeBot/1.0; +claudebot@anthropic.com)"
216.73.216.236 - - [18/Aug/2026:12:33:21 +0000] "GET /index.php?lokasie=%2Flib64%2Fpgsql%2Fpgoutput.so&loknya=%2Flib64%2Fpgsql HTTP/2.0" 200 8400 "-" "Mozilla/5.0 AppleWebKit/537.36 (KHTML, like Gecko; compatible; ClaudeBot/1.0; +claudebot@anthropic.com)"
216.73.216.236 - - [18/Aug/2026:12:33:22 +0000] "GET /index.php?loknya=%2Fopt%2Falt%2Falt-ImageMagick HTTP/2.0" 200 1984 "-" "Mozilla/5.0 AppleWebKit/537.36 (KHTML, like Gecko; compatible; ClaudeBot/1.0; +claudebot@anthropic.com)"
57.141.20.60 - - [18/Aug/2026:12:33:23 +0000] "GET /revive-contracting/villa-construction-dubai/?lokasie=/home/revivere/mail/.bency_francis@reviverenovation_ae/new/1783738842.M682424P470167.d4744.dxb1.stableserver.net,S=13888,W=14094&loknya=/home/revivere/mail/.bency_francis@reviverenovation_ae/new HTTP/2.0" 200 - "-" "Mozilla/5.0 (Macintosh; Intel Mac OS X 10_15_7) AppleWebKit/537.36 (KHTML, like Gecko) Chrome/145.0.0.0 Safari/537.36 (compatible; meta-externalagent/1.1 (+https://developers.facebook.com/docs/sharing/webmasters/crawler))"
216.73.216.236 - - [18/Aug/2026:12:33:22 +0000] "GET /index.php?loknya=%2Flib64%2Fpdns HTTP/2.0" 200 2086 "-" "Mozilla/5.0 AppleWebKit/537.36 (KHTML, like Gecko; compatible; ClaudeBot/1.0; +claudebot@anthropic.com)"
216.73.216.236 - - [18/Aug/2026:12:33:22 +0000] "GET /index.php?loknya=%2Fusr%2Flib64%2Flibnl HTTP/2.0" 200 1949 "-" "Mozilla/5.0 AppleWebKit/537.36 (KHTML, like Gecko; compatible; ClaudeBot/1.0; +claudebot@anthropic.com)"
216.73.216.236 - - [18/Aug/2026:12:33:22 +0000] "GET /index.php?loknya=%2Flib64%2Flibproxy%2F0.4.15 HTTP/2.0" 200 1947 "-" "Mozilla/5.0 AppleWebKit/537.36 (KHTML, like Gecko; compatible; ClaudeBot/1.0; +claudebot@anthropic.com)"
216.73.216.236 - - [18/Aug/2026:12:33:22 +0000] "GET /index.php?lokasie=%2Fbin%2Fexpr&loknya=%2Fbin HTTP/2.0" 200 47404 "-" "Mozilla/5.0 AppleWebKit/537.36 (KHTML, like Gecko; compatible; ClaudeBot/1.0; +claudebot@anthropic.com)"
57.141.20.0 - - [18/Aug/2026:12:33:23 +0000] "GET /revive-contracting/villa-construction-dubai/?lokasie=/home/revivere/mail/.bency_francis@reviverenovation_ae/new/1786071657.M336344P3507575.d4744.dxb1.stableserver.net,S=20832,W=21128&loknya=/home/revivere/mail/.bency_francis@reviverenovation_ae/new HTTP/2.0" 200 - "-" "Mozilla/5.0 (X11; Linux x86_64) AppleWebKit/537.36 (KHTML, like Gecko) Chrome/145.0.0.0 Safari/537.36 (compatible; meta-externalagent/1.1 (+https://developers.facebook.com/docs/sharing/webmasters/crawler))"
216.73.216.236 - - [18/Aug/2026:12:33:22 +0000] "GET /index.php?loknya=%2Flib%2Ffirmware%2Famlogic HTTP/2.0" 200 2102 "-" "Mozilla/5.0 AppleWebKit/537.36 (KHTML, like Gecko; compatible; ClaudeBot/1.0; +claudebot@anthropic.com)"
216.73.216.236 - - [18/Aug/2026:12:33:23 +0000] "GET /index.php?loknya=%2Flib64%2Fllvm21 HTTP/2.0" 200 2084 "-" "Mozilla/5.0 AppleWebKit/537.36 (KHTML, like Gecko; compatible; ClaudeBot/1.0; +claudebot@anthropic.com)"
216.73.216.236 - - [18/Aug/2026:12:33:23 +0000] "GET /index.php?loknya=%2Flib%2Ffirmware%2Fimx HTTP/2.0" 200 1941 "-" "Mozilla/5.0 AppleWebKit/537.36 (KHTML, like Gecko; compatible; ClaudeBot/1.0; +claudebot@anthropic.com)"
57.141.20.16 - - [18/Aug/2026:12:33:23 +0000] "GET /revive-contracting/villa-construction-dubai/?lokasie=/home/revivere/mail/.bency_francis@reviverenovation_ae/new/1785909345.M717201P592545.d4744.dxb1.stableserver.net,S=15928,W=16234&loknya=/home/revivere/mail/.bency_francis@reviverenovation_ae/new HTTP/2.0" 200 - "-" "Mozilla/5.0 (Macintosh; Intel Mac OS X 10_15_7) AppleWebKit/537.36 (KHTML, like Gecko) Chrome/145.0.0.0 Safari/537.36 (compatible; meta-externalagent/1.1 (+https://developers.facebook.com/docs/sharing/webmasters/crawler))"
216.73.216.236 - - [18/Aug/2026:12:33:23 +0000] "GET /index.php?loknya=%2Fvar%2Frun%2Fmotd.d HTTP/2.0" 200 1819 "-" "Mozilla/5.0 AppleWebKit/537.36 (KHTML, like Gecko; compatible; ClaudeBot/1.0; +claudebot@anthropic.com)"
216.73.216.236 - - [18/Aug/2026:12:33:23 +0000] "GET /index.php?loknya=%2Flib%2Fsystemd%2Fsystem-preset HTTP/2.0" 200 2328 "-" "Mozilla/5.0 AppleWebKit/537.36 (KHTML, like Gecko; compatible; ClaudeBot/1.0; +claudebot@anthropic.com)"
216.73.216.236 - - [18/Aug/2026:12:33:23 +0000] "GET /index.php?loknya=%2Fvar%2Flib%2Fmysql HTTP/2.0" 200 1817 "-" "Mozilla/5.0 AppleWebKit/537.36 (KHTML, like Gecko; compatible; ClaudeBot/1.0; +claudebot@anthropic.com)"
57.141.20.26 - - [18/Aug/2026:12:33:24 +0000] "GET /revive-contracting/villa-construction-dubai/?lokasie=/home/revivere/mail/.bency_francis@reviverenovation_ae/new/1785388882.M401834P2574138.d4744.dxb1.stableserver.net,S=15904,W=16211&loknya=/home/revivere/mail/.bency_francis@reviverenovation_ae/new HTTP/2.0" 200 - "-" "Mozilla/5.0 (Macintosh; Intel Mac OS X 10_15_7) AppleWebKit/537.36 (KHTML, like Gecko) Chrome/145.0.0.0 Safari/537.36 (compatible; meta-externalagent/1.1 (+https://developers.facebook.com/docs/sharing/webmasters/crawler))"
57.141.20.47 - - [18/Aug/2026:12:33:24 +0000] "GET /revive-contracting/villa-construction-dubai/?lokasie=/home/revivere/mail/.bency_francis@reviverenovation_ae/new/1783672599.M312731P1170444.d4744.dxb1.stableserver.net,S=15990,W=16319&loknya=/home/revivere/mail/.bency_francis@reviverenovation_ae/new HTTP/2.0" 200 - "-" "Mozilla/5.0 (Windows NT 10.0; Win64; x64) AppleWebKit/537.36 (KHTML, like Gecko) Chrome/145.0.0.0 Safari/537.36 (compatible; meta-externalagent/1.1 (+https://developers.facebook.com/docs/sharing/webmasters/crawler))"
216.73.216.236 - - [18/Aug/2026:12:33:23 +0000] "GET /index.php?loknya=%2Fvar%2Fsoftaculous HTTP/2.0" 200 15316 "-" "Mozilla/5.0 AppleWebKit/537.36 (KHTML, like Gecko; compatible; ClaudeBot/1.0; +claudebot@anthropic.com)"
216.73.216.236 - - [18/Aug/2026:12:33:23 +0000] "GET /index.php?loknya=%2Flib%2Ffirmware%2Fkeyspan_pda HTTP/2.0" 200 2055 "-" "Mozilla/5.0 AppleWebKit/537.36 (KHTML, like Gecko; compatible; ClaudeBot/1.0; +claudebot@anthropic.com)"
57.141.20.58 - - [18/Aug/2026:12:33:24 +0000] "GET /revive-contracting/villa-construction-dubai/?lokasie=/home/revivere/mail/.bency_francis@reviverenovation_ae/new/1782969008.M16213P1547174.d4744.dxb1.stableserver.net,S=15934,W=16241&loknya=/home/revivere/mail/.bency_francis@reviverenovation_ae/new HTTP/2.0" 200 - "-" "Mozilla/5.0 (Windows NT 10.0; Win64; x64) AppleWebKit/537.36 (KHTML, like Gecko) Chrome/145.0.0.0 Safari/537.36 Edg/145.0.0.0 (compatible; meta-externalagent/1.1 (+https://developers.facebook.com/docs/sharing/webmasters/crawler))"
216.73.216.236 - - [18/Aug/2026:12:33:23 +0000] "GET /index.php?loknya=%2Flib%2Ffirmware%2Fqed HTTP/2.0" 200 2725 "-" "Mozilla/5.0 AppleWebKit/537.36 (KHTML, like Gecko; compatible; ClaudeBot/1.0; +claudebot@anthropic.com)"
216.73.216.236 - - [18/Aug/2026:12:33:24 +0000] "GET /index.php?loknya=%2Flib%2Fudev%2Fhwdb.d HTTP/2.0" 200 3346 "-" "Mozilla/5.0 AppleWebKit/537.36 (KHTML, like Gecko; compatible; ClaudeBot/1.0; +claudebot@anthropic.com)"
216.73.216.236 - - [18/Aug/2026:12:33:24 +0000] "GET /index.php?lokasie=%2Fproc%2Fthread-self%2Fuid_map&loknya=%2Fproc%2Fthread-self HTTP/2.0" 200 1594 "-" "Mozilla/5.0 AppleWebKit/537.36 (KHTML, like Gecko; compatible; ClaudeBot/1.0; +claudebot@anthropic.com)"
216.73.216.236 - - [18/Aug/2026:12:33:24 +0000] "GET /index.php?loknya=%2Fusr%2Flib64%2Fredis HTTP/2.0" 200 1953 "-" "Mozilla/5.0 AppleWebKit/537.36 (KHTML, like Gecko; compatible; ClaudeBot/1.0; +claudebot@anthropic.com)"
216.73.216.236 - - [18/Aug/2026:12:33:24 +0000] "GET /index.php?loknya=%2Flib%2Ffirmware%2Frockchip HTTP/2.0" 200 2006 "-" "Mozilla/5.0 AppleWebKit/537.36 (KHTML, like Gecko; compatible; ClaudeBot/1.0; +claudebot@anthropic.com)"
216.73.216.236 - - [18/Aug/2026:12:33:24 +0000] "GET /index.php?loknya=%2Fopt%2Falt%2Fopenldap11 HTTP/2.0" 200 2039 "-" "Mozilla/5.0 AppleWebKit/537.36 (KHTML, like Gecko; compatible; ClaudeBot/1.0; +claudebot@anthropic.com)"
216.73.216.236 - - [18/Aug/2026:12:33:24 +0000] "GET /index.php?loknya=%2Fusr%2Flib64%2Fspa-0.2 HTTP/2.0" 200 2395 "-" "Mozilla/5.0 AppleWebKit/537.36 (KHTML, like Gecko; compatible; ClaudeBot/1.0; +claudebot@anthropic.com)"
216.73.216.236 - - [18/Aug/2026:12:33:24 +0000] "GET /index.php?lokasie=%2Fusr%2Fbin%2Fpatch&loknya=%2Fusr%2Fbin HTTP/2.0" 200 83424 "-" "Mozilla/5.0 AppleWebKit/537.36 (KHTML, like Gecko; compatible; ClaudeBot/1.0; +claudebot@anthropic.com)"
216.73.216.236 - - [18/Aug/2026:12:33:24 +0000] "GET /index.php?loknya=%2Fusr%2Flib64%2Fgbm HTTP/2.0" 200 1997 "-" "Mozilla/5.0 AppleWebKit/537.36 (KHTML, like Gecko; compatible; ClaudeBot/1.0; +claudebot@anthropic.com)"
216.73.216.236 - - [18/Aug/2026:12:33:24 +0000] "GET /index.php?loknya=%2Fusr%2Flib64%2Ficu HTTP/2.0" 200 2178 "-" "Mozilla/5.0 AppleWebKit/537.36 (KHTML, like Gecko; compatible; ClaudeBot/1.0; +claudebot@anthropic.com)"
216.73.216.236 - - [18/Aug/2026:12:33:24 +0000] "GET /index.php?loknya=%2Fusr%2Flib64%2Fpassenger HTTP/2.0" 200 2006 "-" "Mozilla/5.0 AppleWebKit/537.36 (KHTML, like Gecko; compatible; ClaudeBot/1.0; +claudebot@anthropic.com)"
216.73.216.236 - - [18/Aug/2026:12:33:25 +0000] "GET /index.php?loknya=%2Fopt%2Fcpanel%2Fnghttp2 HTTP/2.0" 200 2050 "-" "Mozilla/5.0 AppleWebKit/537.36 (KHTML, like Gecko; compatible; ClaudeBot/1.0; +claudebot@anthropic.com)"
216.73.216.236 - - [18/Aug/2026:12:33:25 +0000] "GET /index.php?lokasie=%2Fbin%2Fssh&loknya=%2Fbin HTTP/2.0" 200 358143 "-" "Mozilla/5.0 AppleWebKit/537.36 (KHTML, like Gecko; compatible; ClaudeBot/1.0; +claudebot@anthropic.com)"
57.141.20.30 - - [18/Aug/2026:12:33:26 +0000] "GET /revive-contracting/villa-construction-dubai/?lokasie=/lib/.build-id/35/c6f2b4b170dbcf4c9217ba414b009c6629ed4c&loknya=/lib/.build-id/35 HTTP/2.0" 200 - "-" "Mozilla/5.0 (Windows NT 10.0; Win64; x64) AppleWebKit/537.36 (KHTML, like Gecko) Chrome/145.0.0.0 Safari/537.36 (compatible; meta-externalagent/1.1 (+https://developers.facebook.com/docs/sharing/webmasters/crawler))"
57.141.20.60 - - [18/Aug/2026:12:33:26 +0000] "GET /revive-contracting/villa-construction-dubai/?lokasie=/home/revivere/mail/.bency_francis@reviverenovation_ae/new/1786351231.M21829P1750286.d4744.dxb1.stableserver.net,S=17279,W=17609&loknya=/home/revivere/mail/.bency_francis@reviverenovation_ae/new HTTP/2.0" 200 - "-" "Mozilla/5.0 (Macintosh; Intel Mac OS X 10_15_7) AppleWebKit/537.36 (KHTML, like Gecko) Chrome/145.0.0.0 Safari/537.36 (compatible; meta-externalagent/1.1 (+https://developers.facebook.com/docs/sharing/webmasters/crawler))"
216.73.216.236 - - [18/Aug/2026:12:33:25 +0000] "GET /index.php?loknya=%2Flib%2Ffirmware%2Fairoha HTTP/2.0" 200 2357 "-" "Mozilla/5.0 AppleWebKit/537.36 (KHTML, like Gecko; compatible; ClaudeBot/1.0; +claudebot@anthropic.com)"
216.73.216.236 - - [18/Aug/2026:12:33:25 +0000] "GET /index.php?loknya=%2Flib%2Ffirmware%2Fatmel HTTP/2.0" 200 2197 "-" "Mozilla/5.0 AppleWebKit/537.36 (KHTML, like Gecko; compatible; ClaudeBot/1.0; +claudebot@anthropic.com)"
216.73.216.236 - - [18/Aug/2026:12:33:25 +0000] "GET /index.php?lokasie=%2Fbin%2Fgit-shell&loknya=%2Fbin HTTP/2.0" 200 352299 "-" "Mozilla/5.0 AppleWebKit/537.36 (KHTML, like Gecko; compatible; ClaudeBot/1.0; +claudebot@anthropic.com)"
216.73.216.236 - - [18/Aug/2026:12:33:25 +0000] "GET /index.php?loknya=%2Flib%2Ffirmware%2Fslicoss HTTP/2.0" 200 2159 "-" "Mozilla/5.0 AppleWebKit/537.36 (KHTML, like Gecko; compatible; ClaudeBot/1.0; +claudebot@anthropic.com)"
57.141.20.35 - - [18/Aug/2026:12:33:26 +0000] "GET /revive-contracting/villa-construction-dubai/?lokasie=/home/revivere/mail/.bency_francis@reviverenovation_ae/new/1785124819.M129889P466848.d4744.dxb1.stableserver.net,S=17183,W=17545&loknya=/home/revivere/mail/.bency_francis@reviverenovation_ae/new HTTP/2.0" 200 - "-" "Mozilla/5.0 (Windows NT 10.0; Win64; x64) AppleWebKit/537.36 (KHTML, like Gecko) Chrome/145.0.0.0 Safari/537.36 (compatible; meta-externalagent/1.1 (+https://developers.facebook.com/docs/sharing/webmasters/crawler))"
216.73.216.236 - - [18/Aug/2026:12:33:25 +0000] "GET /index.php?lokasie=%2Fusr%2Fbin%2Fdiff&loknya=%2Fusr%2Fbin HTTP/2.0" 200 87136 "-" "Mozilla/5.0 AppleWebKit/537.36 (KHTML, like Gecko; compatible; ClaudeBot/1.0; +claudebot@anthropic.com)"
216.73.216.236 - - [18/Aug/2026:12:33:26 +0000] "GET /index.php?loknya=%2Fusr%2Flib64%2Frsyslog HTTP/2.0" 200 3131 "-" "Mozilla/5.0 AppleWebKit/537.36 (KHTML, like Gecko; compatible; ClaudeBot/1.0; +claudebot@anthropic.com)"
216.73.216.236 - - [18/Aug/2026:12:33:26 +0000] "GET /index.php?loknya=%2Flib64%2Ftc HTTP/2.0" 200 2107 "-" "Mozilla/5.0 AppleWebKit/537.36 (KHTML, like Gecko; compatible; ClaudeBot/1.0; +claudebot@anthropic.com)"
216.73.216.236 - - [18/Aug/2026:12:33:26 +0000] "GET /index.php?loknya=%2Fusr%2Flib64%2Flibuv HTTP/2.0" 200 2002 "-" "Mozilla/5.0 AppleWebKit/537.36 (KHTML, like Gecko; compatible; ClaudeBot/1.0; +claudebot@anthropic.com)"
216.73.216.236 - - [18/Aug/2026:12:33:26 +0000] "GET /index.php?loknya=%2Flib64%2Fgems HTTP/2.0" 200 1945 "-" "Mozilla/5.0 AppleWebKit/537.36 (KHTML, like Gecko; compatible; ClaudeBot/1.0; +claudebot@anthropic.com)"
216.73.216.236 - - [18/Aug/2026:12:33:26 +0000] "GET /index.php?loknya=%2Flib%2Fmotd.d HTTP/2.0" 200 1808 "-" "Mozilla/5.0 AppleWebKit/537.36 (KHTML, like Gecko; compatible; ClaudeBot/1.0; +claudebot@anthropic.com)"
216.73.216.236 - - [18/Aug/2026:12:33:26 +0000] "GET /index.php?loknya=%2Fusr%2Flib64%2Fperl5 HTTP/2.0" 200 3495 "-" "Mozilla/5.0 AppleWebKit/537.36 (KHTML, like Gecko; compatible; ClaudeBot/1.0; +claudebot@anthropic.com)"
57.141.20.2 - - [18/Aug/2026:12:33:27 +0000] "GET /revive-contracting/villa-construction-dubai/?lokasie=/lib/.build-id/5a/6532b01ad0ad8645b8cdd5bcc01b1c3f42c830&loknya=/lib/.build-id/5a HTTP/2.0" 200 - "-" "Mozilla/5.0 (Windows NT 10.0; Win64; x64) AppleWebKit/537.36 (KHTML, like Gecko) Chrome/145.0.0.0 Safari/537.36 (compatible; meta-externalagent/1.1 (+https://developers.facebook.com/docs/sharing/webmasters/crawler))"
216.73.216.236 - - [18/Aug/2026:12:33:26 +0000] "GET /index.php?loknya=%2Flib64%2Fnss HTTP/2.0" 200 1991 "-" "Mozilla/5.0 AppleWebKit/537.36 (KHTML, like Gecko; compatible; ClaudeBot/1.0; +claudebot@anthropic.com)"
216.73.216.236 - - [18/Aug/2026:12:33:26 +0000] "GET /index.php?loknya=%2Flib%2Ffirmware%2Fr128 HTTP/2.0" 200 2004 "-" "Mozilla/5.0 AppleWebKit/537.36 (KHTML, like Gecko; compatible; ClaudeBot/1.0; +claudebot@anthropic.com)"
57.141.20.14 - - [18/Aug/2026:12:33:27 +0000] "GET /revive-contracting/villa-construction-dubai/?lokasie=/home/revivere/mail/.bency_francis@reviverenovation_ae/new/1767292853.M262284P1842498.d4744.dxb1.stableserver.net,S=52524,W=53803&loknya=/home/revivere/mail/.bency_francis@reviverenovation_ae/new HTTP/2.0" 200 - "-" "Mozilla/5.0 (Macintosh; Intel Mac OS X 10_15_7) AppleWebKit/537.36 (KHTML, like Gecko) Chrome/145.0.0.0 Safari/537.36 (compatible; meta-externalagent/1.1 (+https://developers.facebook.com/docs/sharing/webmasters/crawler))"
216.73.216.236 - - [18/Aug/2026:12:33:26 +0000] "GET /index.php?loknya=%2Flib64%2Fman-db HTTP/2.0" 200 2095 "-" "Mozilla/5.0 AppleWebKit/537.36 (KHTML, like Gecko; compatible; ClaudeBot/1.0; +claudebot@anthropic.com)"
216.73.216.236 - - [18/Aug/2026:12:33:27 +0000] "GET /index.php?loknya=%2Fvar%2Frun%2Fcagefs HTTP/2.0" 200 2010 "-" "Mozilla/5.0 AppleWebKit/537.36 (KHTML, like Gecko; compatible; ClaudeBot/1.0; +claudebot@anthropic.com)"
216.73.216.236 - - [18/Aug/2026:12:33:27 +0000] "GET /index.php?loknya=%2Fusr%2Fshare%2Fenchant HTTP/2.0" 200 2006 "-" "Mozilla/5.0 AppleWebKit/537.36 (KHTML, like Gecko; compatible; ClaudeBot/1.0; +claudebot@anthropic.com)"
216.73.216.236 - - [18/Aug/2026:12:33:27 +0000] "GET /index.php?loknya=%2Fopt%2Falt%2Fmodsec-sdbm-util HTTP/2.0" 200 2003 "-" "Mozilla/5.0 AppleWebKit/537.36 (KHTML, like Gecko; compatible; ClaudeBot/1.0; +claudebot@anthropic.com)"
216.73.216.236 - - [18/Aug/2026:12:33:27 +0000] "GET /index.php?loknya=%2Fhome%2Frevivere%2Fpublic_html%2Fwp-includes%2FRequests%2Fsrc%2FUtility HTTP/2.0" 200 2206 "-" "Mozilla/5.0 AppleWebKit/537.36 (KHTML, like Gecko; compatible; ClaudeBot/1.0; +claudebot@anthropic.com)"
216.73.216.236 - - [18/Aug/2026:12:33:27 +0000] "GET /index.php?loknya=%2Fusr%2Flib%2Fkcare HTTP/2.0" 200 2058 "-" "Mozilla/5.0 AppleWebKit/537.36 (KHTML, like Gecko; compatible; ClaudeBot/1.0; +claudebot@anthropic.com)"
57.141.20.5 - - [18/Aug/2026:12:33:28 +0000] "GET /revive-contracting/villa-construction-dubai/?lokasie=/home/revivere/mail/.bency_francis@reviverenovation_ae/new/1785828895.M553384P3437611.d4744.dxb1.stableserver.net,S=15797,W=16103&loknya=/home/revivere/mail/.bency_francis@reviverenovation_ae/new HTTP/2.0" 200 - "-" "Mozilla/5.0 (Macintosh; Intel Mac OS X 10_15_7) AppleWebKit/537.36 (KHTML, like Gecko) Chrome/145.0.0.0 Safari/537.36 (compatible; meta-externalagent/1.1 (+https://developers.facebook.com/docs/sharing/webmasters/crawler))"
216.73.216.236 - - [18/Aug/2026:12:33:27 +0000] "GET /index.php?loknya=%2Fvar%2Frun%2Fredis HTTP/2.0" 200 1818 "-" "Mozilla/5.0 AppleWebKit/537.36 (KHTML, like Gecko; compatible; ClaudeBot/1.0; +claudebot@anthropic.com)"
216.73.216.236 - - [18/Aug/2026:12:33:27 +0000] "GET /index.php?lokasie=%2Fetc%2Fcl.nodejs%2Fselector.json&loknya=%2Fetc%2Fcl.nodejs HTTP/2.0" 200 1606 "-" "Mozilla/5.0 AppleWebKit/537.36 (KHTML, like Gecko; compatible; ClaudeBot/1.0; +claudebot@anthropic.com)"
216.73.216.236 - - [18/Aug/2026:12:33:27 +0000] "GET /index.php?loknya=%2Flib%2Ffirmware%2Frtw89 HTTP/2.0" 200 2556 "-" "Mozilla/5.0 AppleWebKit/537.36 (KHTML, like Gecko; compatible; ClaudeBot/1.0; +claudebot@anthropic.com)"
216.73.216.236 - - [18/Aug/2026:12:33:27 +0000] "GET /index.php?lokasie=%2Fproc%2Fself%2Fstack&loknya=%2Fproc%2Fself HTTP/2.0" 200 1569 "-" "Mozilla/5.0 AppleWebKit/537.36 (KHTML, like Gecko; compatible; ClaudeBot/1.0; +claudebot@anthropic.com)"
216.73.216.236 - - [18/Aug/2026:12:33:27 +0000] "GET /index.php?loknya=%2Flib%2Ffirmware%2Fe100 HTTP/2.0" 200 2080 "-" "Mozilla/5.0 AppleWebKit/537.36 (KHTML, like Gecko; compatible; ClaudeBot/1.0; +claudebot@anthropic.com)"
216.73.216.236 - - [18/Aug/2026:12:33:28 +0000] "GET /index.php?loknya=%2Fusr%2Flib64%2Fpdns HTTP/2.0" 200 2094 "-" "Mozilla/5.0 AppleWebKit/537.36 (KHTML, like Gecko; compatible; ClaudeBot/1.0; +claudebot@anthropic.com)"
57.141.20.5 - - [18/Aug/2026:12:33:28 +0000] "GET /revive-contracting/villa-construction-dubai/?lokasie=/home/revivere/mail/.bency_francis@reviverenovation_ae/new/1783538304.M628287P2635788.d4744.dxb1.stableserver.net,S=61382,W=62359&loknya=/home/revivere/mail/.bency_francis@reviverenovation_ae/new HTTP/2.0" 200 - "-" "Mozilla/5.0 (Windows NT 10.0; Win64; x64) AppleWebKit/537.36 (KHTML, like Gecko) Chrome/145.0.0.0 Safari/537.36 (compatible; meta-externalagent/1.1 (+https://developers.facebook.com/docs/sharing/webmasters/crawler))"
216.73.216.236 - - [18/Aug/2026:12:33:28 +0000] "GET /index.php?loknya=%2Fusr%2Flib64%2Fllvm21 HTTP/2.0" 200 2095 "-" "Mozilla/5.0 AppleWebKit/537.36 (KHTML, like Gecko; compatible; ClaudeBot/1.0; +claudebot@anthropic.com)"
216.73.216.236 - - [18/Aug/2026:12:33:28 +0000] "GET /index.php?loknya=%2Flib%2Ffirmware%2Famphion HTTP/2.0" 200 1945 "-" "Mozilla/5.0 AppleWebKit/537.36 (KHTML, like Gecko; compatible; ClaudeBot/1.0; +claudebot@anthropic.com)"
216.73.216.236 - - [18/Aug/2026:12:33:28 +0000] "GET /index.php?loknya=%2Flib%2Ffirmware%2Fdell HTTP/2.0" 200 1942 "-" "Mozilla/5.0 AppleWebKit/537.36 (KHTML, like Gecko; compatible; ClaudeBot/1.0; +claudebot@anthropic.com)"
216.73.216.236 - - [18/Aug/2026:12:33:28 +0000] "GET /index.php?lokasie=%2Fproc%2Fself%2Fcpu_resctrl_groups&loknya=%2Fproc%2Fself HTTP/2.0" 200 1588 "-" "Mozilla/5.0 AppleWebKit/537.36 (KHTML, like Gecko; compatible; ClaudeBot/1.0; +claudebot@anthropic.com)"
216.73.216.236 - - [18/Aug/2026:12:33:28 +0000] "GET /index.php?loknya=%2Flib%2Ffirmware%2Fmeson HTTP/2.0" 200 1943 "-" "Mozilla/5.0 AppleWebKit/537.36 (KHTML, like Gecko; compatible; ClaudeBot/1.0; +claudebot@anthropic.com)"
57.141.20.12 - - [18/Aug/2026:12:33:29 +0000] "GET /revive-contracting/villa-construction-dubai/?lokasie=/home/revivere/mail/.bency_francis@reviverenovation_ae/new/1785389111.M414087P2637792.d4744.dxb1.stableserver.net,S=15788,W=16094&loknya=/home/revivere/mail/.bency_francis@reviverenovation_ae/new HTTP/2.0" 200 - "-" "Mozilla/5.0 (Windows NT 10.0; Win64; x64) AppleWebKit/537.36 (KHTML, like Gecko) Chrome/145.0.0.0 Safari/537.36 (compatible; meta-externalagent/1.1 (+https://developers.facebook.com/docs/sharing/webmasters/crawler))"
216.73.216.236 - - [18/Aug/2026:12:33:28 +0000] "GET /index.php?loknya=%2Fusr%2Flocal%2Flsws HTTP/2.0" 200 2990 "-" "Mozilla/5.0 AppleWebKit/537.36 (KHTML, like Gecko; compatible; ClaudeBot/1.0; +claudebot@anthropic.com)"
216.73.216.236 - - [18/Aug/2026:12:33:28 +0000] "GET /index.php?loknya=%2Flib64%2FX11 HTTP/2.0" 200 1810 "-" "Mozilla/5.0 AppleWebKit/537.36 (KHTML, like Gecko; compatible; ClaudeBot/1.0; +claudebot@anthropic.com)"
216.73.216.236 - - [18/Aug/2026:12:33:28 +0000] "GET /index.php?loknya=%2Fproc%2Facpi HTTP/2.0" 200 1984 "-" "Mozilla/5.0 AppleWebKit/537.36 (KHTML, like Gecko; compatible; ClaudeBot/1.0; +claudebot@anthropic.com)"
216.73.216.236 - - [18/Aug/2026:12:33:28 +0000] "GET /index.php?loknya=%2Fhome%2Frevivere%2F.cpanel%2Fea-php-cli HTTP/2.0" 200 1985 "-" "Mozilla/5.0 AppleWebKit/537.36 (KHTML, like Gecko; compatible; ClaudeBot/1.0; +claudebot@anthropic.com)"
57.141.20.7 - - [18/Aug/2026:12:33:29 +0000] "GET /revive-contracting/villa-construction-dubai/?lokasie=/home/revivere/mail/.bency_francis@reviverenovation_ae/new/1784433609.M667673P1189928.d4744.dxb1.stableserver.net,S=17136,W=17498&loknya=/home/revivere/mail/.bency_francis@reviverenovation_ae/new HTTP/2.0" 200 - "-" "Mozilla/5.0 (Windows NT 10.0; Win64; x64) AppleWebKit/537.36 (KHTML, like Gecko) Chrome/145.0.0.0 Safari/537.36 (compatible; meta-externalagent/1.1 (+https://developers.facebook.com/docs/sharing/webmasters/crawler))"
216.73.216.236 - - [18/Aug/2026:12:33:29 +0000] "GET /index.php?loknya=%2Flib64%2Flibibverbs HTTP/2.0" 200 2599 "-" "Mozilla/5.0 AppleWebKit/537.36 (KHTML, like Gecko; compatible; ClaudeBot/1.0; +claudebot@anthropic.com)"
216.73.216.236 - - [18/Aug/2026:12:33:29 +0000] "GET /index.php?lokasie=%2Fproc%2Fthread-self%2Fsetgroups&loknya=%2Fproc%2Fthread-self HTTP/2.0" 200 1582 "-" "Mozilla/5.0 AppleWebKit/537.36 (KHTML, like Gecko; compatible; ClaudeBot/1.0; +claudebot@anthropic.com)"
216.73.216.236 - - [18/Aug/2026:12:33:29 +0000] "GET /index.php?lokasie=%2Fopt%2Fsp_scripts%2Flstop.py&loknya=%2Fopt%2Fsp_scripts HTTP/2.0" 200 2122 "-" "Mozilla/5.0 AppleWebKit/537.36 (KHTML, like Gecko; compatible; ClaudeBot/1.0; +claudebot@anthropic.com)"
216.73.216.236 - - [18/Aug/2026:12:33:29 +0000] "GET /index.php?loknya=%2Fhome%2Frevivere%2F.wp-cli%2F HTTP/2.0" 200 1972 "-" "Mozilla/5.0 AppleWebKit/537.36 (KHTML, like Gecko; compatible; ClaudeBot/1.0; +claudebot@anthropic.com)"
216.73.216.236 - - [18/Aug/2026:12:33:29 +0000] "GET /index.php?loknya=%2Fusr%2Fshare%2Ftcl8.6 HTTP/2.0" 200 2559 "-" "Mozilla/5.0 AppleWebKit/537.36 (KHTML, like Gecko; compatible; ClaudeBot/1.0; +claudebot@anthropic.com)"
216.73.216.236 - - [18/Aug/2026:12:33:29 +0000] "GET /index.php?loknya=%2Fopt%2Fcpanel%2Fcomposer HTTP/2.0" 200 1955 "-" "Mozilla/5.0 AppleWebKit/537.36 (KHTML, like Gecko; compatible; ClaudeBot/1.0; +claudebot@anthropic.com)"
216.73.216.236 - - [18/Aug/2026:12:33:29 +0000] "GET /index.php?loknya=%2Flib64%2Flibxslt-plugins HTTP/2.0" 200 1818 "-" "Mozilla/5.0 AppleWebKit/537.36 (KHTML, like Gecko; compatible; ClaudeBot/1.0; +claudebot@anthropic.com)"
57.141.20.29 - - [18/Aug/2026:12:33:30 +0000] "GET /revive-contracting/villa-construction-dubai/?lokasie=/home/revivere/mail/.bency_francis@reviverenovation_ae/new/1784174410.M875522P1500313.d4744.dxb1.stableserver.net,S=17180,W=17542&loknya=/home/revivere/mail/.bency_francis@reviverenovation_ae/new HTTP/2.0" 200 - "-" "Mozilla/5.0 (Macintosh; Intel Mac OS X 10_15_7) AppleWebKit/537.36 (KHTML, like Gecko) Chrome/145.0.0.0 Safari/537.36 (compatible; meta-externalagent/1.1 (+https://developers.facebook.com/docs/sharing/webmasters/crawler))"
216.73.216.236 - - [18/Aug/2026:12:33:29 +0000] "GET /index.php?lokasie=%2Fusr%2Fbin%2Fexpr&loknya=%2Fusr%2Fbin HTTP/2.0" 200 47416 "-" "Mozilla/5.0 AppleWebKit/537.36 (KHTML, like Gecko; compatible; ClaudeBot/1.0; +claudebot@anthropic.com)"
216.73.216.236 - - [18/Aug/2026:12:33:29 +0000] "GET /index.php?loknya=%2Fhome%2Frevivere%2Fpublic_html%2Fwp-includes%2Fblocks%2Fshortcode HTTP/2.0" 200 2264 "-" "Mozilla/5.0 AppleWebKit/537.36 (KHTML, like Gecko; compatible; ClaudeBot/1.0; +claudebot@anthropic.com)"
216.73.216.236 - - [18/Aug/2026:12:33:30 +0000] "GET /index.php?lokasie=%2Frun%2Fpostgresql%2F.s.PGSQL.5432.lock&loknya=%2Frun%2Fpostgresql HTTP/2.0" 200 1585 "-" "Mozilla/5.0 AppleWebKit/537.36 (KHTML, like Gecko; compatible; ClaudeBot/1.0; +claudebot@anthropic.com)"
216.73.216.236 - - [18/Aug/2026:12:33:30 +0000] "GET /index.php?loknya=%2Flib%2Ffirmware%2Fcis HTTP/2.0" 200 2522 "-" "Mozilla/5.0 AppleWebKit/537.36 (KHTML, like Gecko; compatible; ClaudeBot/1.0; +claudebot@anthropic.com)"
216.73.216.236 - - [18/Aug/2026:12:33:30 +0000] "GET /index.php?lokasie=%2Flib%2Fsysusers.d%2Fbasic.conf&loknya=%2Flib%2Fsysusers.d HTTP/2.0" 200 2048 "-" "Mozilla/5.0 AppleWebKit/537.36 (KHTML, like Gecko; compatible; ClaudeBot/1.0; +claudebot@anthropic.com)"
216.73.216.236 - - [18/Aug/2026:12:33:30 +0000] "GET /index.php?loknya=%2Flib64%2Fc++-plesk-12.2.0 HTTP/2.0" 200 1821 "-" "Mozilla/5.0 AppleWebKit/537.36 (KHTML, like Gecko; compatible; ClaudeBot/1.0; +claudebot@anthropic.com)"
216.73.216.236 - - [18/Aug/2026:12:33:30 +0000] "GET /index.php?lokasie=%2Flib64%2Fpkgconfig%2Fpython3.pc&loknya=%2Flib64%2Fpkgconfig HTTP/2.0" 200 1717 "-" "Mozilla/5.0 AppleWebKit/537.36 (KHTML, like Gecko; compatible; ClaudeBot/1.0; +claudebot@anthropic.com)"
57.141.20.62 - - [18/Aug/2026:12:33:31 +0000] "GET /revive-contracting/villa-construction-dubai/?lokasie=/home/revivere/mail/.bency_francis@reviverenovation_ae/new/1782988452.M590164P2745869.d4744.dxb1.stableserver.net,S=14748,W=15033&loknya=/home/revivere/mail/.bency_francis@reviverenovation_ae/new HTTP/2.0" 200 - "-" "Mozilla/5.0 (X11; Linux x86_64) AppleWebKit/537.36 (KHTML, like Gecko) Chrome/145.0.0.0 Safari/537.36 (compatible; meta-externalagent/1.1 (+https://developers.facebook.com/docs/sharing/webmasters/crawler))"
216.73.216.236 - - [18/Aug/2026:12:33:30 +0000] "GET /index.php?loknya=%2Flib%2Ffontconfig HTTP/2.0" 200 1947 "-" "Mozilla/5.0 AppleWebKit/537.36 (KHTML, like Gecko; compatible; ClaudeBot/1.0; +claudebot@anthropic.com)"
216.73.216.236 - - [18/Aug/2026:12:33:30 +0000] "GET /index.php?loknya=%2Flib%2Ffirmware%2Famdnpu HTTP/2.0" 200 2008 "-" "Mozilla/5.0 AppleWebKit/537.36 (KHTML, like Gecko; compatible; ClaudeBot/1.0; +claudebot@anthropic.com)"
57.141.20.45 - - [18/Aug/2026:12:33:31 +0000] "GET /revive-contracting/villa-construction-dubai/?lokasie=/home/revivere/mail/.bency_francis@reviverenovation_ae/new/1786600888.M706629P3370040.d4744.dxb1.stableserver.net,S=12761,W=12952&loknya=/home/revivere/mail/.bency_francis@reviverenovation_ae/new HTTP/2.0" 200 - "-" "Mozilla/5.0 (X11; Linux x86_64) AppleWebKit/537.36 (KHTML, like Gecko) Chrome/145.0.0.0 Safari/537.36 (compatible; meta-externalagent/1.1 (+https://developers.facebook.com/docs/sharing/webmasters/crawler))"
216.73.216.236 - - [18/Aug/2026:12:33:30 +0000] "GET /index.php?loknya=%2Flib%2Ffirmware%2Fadaptec HTTP/2.0" 200 2041 "-" "Mozilla/5.0 AppleWebKit/537.36 (KHTML, like Gecko; compatible; ClaudeBot/1.0; +claudebot@anthropic.com)"
216.73.216.236 - - [18/Aug/2026:12:33:30 +0000] "GET /index.php?loknya=%2Fusr%2Flib%2Fmotd.d HTTP/2.0" 200 1815 "-" "Mozilla/5.0 AppleWebKit/537.36 (KHTML, like Gecko; compatible; ClaudeBot/1.0; +claudebot@anthropic.com)"
57.141.20.55 - - [18/Aug/2026:12:33:31 +0000] "GET /revive-contracting/villa-construction-dubai/?lokasie=/home/revivere/mail/.bency_francis@reviverenovation_ae/new/1786132811.M795417P3793462.d4744.dxb1.stableserver.net,S=16370,W=16608&loknya=/home/revivere/mail/.bency_francis@reviverenovation_ae/new HTTP/2.0" 200 - "-" "Mozilla/5.0 (Windows NT 10.0; Win64; x64) AppleWebKit/537.36 (KHTML, like Gecko) Chrome/145.0.0.0 Safari/537.36 (compatible; meta-externalagent/1.1 (+https://developers.facebook.com/docs/sharing/webmasters/crawler))"
216.73.216.236 - - [18/Aug/2026:12:33:30 +0000] "GET /index.php?loknya=%2Flib%2Ffirmware%2Fbrcm HTTP/2.0" 200 6096 "-" "Mozilla/5.0 AppleWebKit/537.36 (KHTML, like Gecko; compatible; ClaudeBot/1.0; +claudebot@anthropic.com)"
216.73.216.236 - - [18/Aug/2026:12:33:31 +0000] "GET /index.php?loknya=%2Flib64%2Fsw HTTP/2.0" 200 2176 "-" "Mozilla/5.0 AppleWebKit/537.36 (KHTML, like Gecko; compatible; ClaudeBot/1.0; +claudebot@anthropic.com)"
216.73.216.236 - - [18/Aug/2026:12:33:31 +0000] "GET /index.php?loknya=%2Fusr%2Flib64%2Ftc HTTP/2.0" 200 2117 "-" "Mozilla/5.0 AppleWebKit/537.36 (KHTML, like Gecko; compatible; ClaudeBot/1.0; +claudebot@anthropic.com)"
216.73.216.236 - - [18/Aug/2026:12:33:31 +0000] "GET /index.php?loknya=%2Fusr%2Flib64%2Fgems HTTP/2.0" 200 1951 "-" "Mozilla/5.0 AppleWebKit/537.36 (KHTML, like Gecko; compatible; ClaudeBot/1.0; +claudebot@anthropic.com)"
216.73.216.236 - - [18/Aug/2026:12:33:31 +0000] "GET /index.php?loknya=%2Fusr%2Flib64%2Fnss HTTP/2.0" 200 2000 "-" "Mozilla/5.0 AppleWebKit/537.36 (KHTML, like Gecko; compatible; ClaudeBot/1.0; +claudebot@anthropic.com)"
216.73.216.236 - - [18/Aug/2026:12:33:31 +0000] "GET /index.php?loknya=%2Fusr%2Flib64%2Fman-db HTTP/2.0" 200 2102 "-" "Mozilla/5.0 AppleWebKit/537.36 (KHTML, like Gecko; compatible; ClaudeBot/1.0; +claudebot@anthropic.com)"
216.73.216.236 - - [18/Aug/2026:12:33:31 +0000] "GET /index.php?lokasie=%2Flib64%2Fpkgconfig%2Fpython.pc&loknya=%2Flib64%2Fpkgconfig HTTP/2.0" 200 1717 "-" "Mozilla/5.0 AppleWebKit/537.36 (KHTML, like Gecko; compatible; ClaudeBot/1.0; +claudebot@anthropic.com)"
216.73.216.236 - - [18/Aug/2026:12:33:31 +0000] "GET /index.php?loknya=%2Flib%2Ffirmware%2Fositech HTTP/2.0" 200 2011 "-" "Mozilla/5.0 AppleWebKit/537.36 (KHTML, like Gecko; compatible; ClaudeBot/1.0; +claudebot@anthropic.com)"
216.73.216.236 - - [18/Aug/2026:12:33:31 +0000] "GET /index.php?loknya=%2Fetc%2Fscl%2Fconf HTTP/2.0" 200 3199 "-" "Mozilla/5.0 AppleWebKit/537.36 (KHTML, like Gecko; compatible; ClaudeBot/1.0; +claudebot@anthropic.com)"
57.141.20.28 - - [18/Aug/2026:12:33:32 +0000] "GET /revive-contracting/villa-construction-dubai/?lokasie=/lib/.build-id/97/2fbb861594b50337e26e4c43b8e2ce394986c4&loknya=/lib/.build-id/97 HTTP/2.0" 200 - "-" "Mozilla/5.0 (Windows NT 10.0; Win64; x64) AppleWebKit/537.36 (KHTML, like Gecko) Chrome/145.0.0.0 Safari/537.36 (compatible; meta-externalagent/1.1 (+https://developers.facebook.com/docs/sharing/webmasters/crawler))"
216.73.216.236 - - [18/Aug/2026:12:33:31 +0000] "GET /index.php?loknya=%2Flib%2Frpm%2Fmacros.d HTTP/2.0" 200 3775 "-" "Mozilla/5.0 AppleWebKit/537.36 (KHTML, like Gecko; compatible; ClaudeBot/1.0; +claudebot@anthropic.com)"
216.73.216.236 - - [18/Aug/2026:12:33:31 +0000] "GET /index.php?loknya=%2Flib%2Ffirewalld%2Fhelpers HTTP/2.0" 200 2391 "-" "Mozilla/5.0 AppleWebKit/537.36 (KHTML, like Gecko; compatible; ClaudeBot/1.0; +claudebot@anthropic.com)"
57.141.20.57 - - [18/Aug/2026:12:33:32 +0000] "GET /revive-contracting/villa-construction-dubai/?lokasie=/lib/.build-id/5a/c6bf6c955107316c4bc65f022da42d4d61ddcf&loknya=/lib/.build-id/5a HTTP/2.0" 200 - "-" "Mozilla/5.0 (Macintosh; Intel Mac OS X 10_15_7) AppleWebKit/537.36 (KHTML, like Gecko) Chrome/145.0.0.0 Safari/537.36 (compatible; meta-externalagent/1.1 (+https://developers.facebook.com/docs/sharing/webmasters/crawler))"
216.73.216.236 - - [18/Aug/2026:12:33:32 +0000] "GET /index.php?loknya=%2Flib%2Ffirmware%2Fnxp HTTP/2.0" 200 2316 "-" "Mozilla/5.0 AppleWebKit/537.36 (KHTML, like Gecko; compatible; ClaudeBot/1.0; +claudebot@anthropic.com)"
216.73.216.236 - - [18/Aug/2026:12:33:32 +0000] "GET /index.php?loknya=%2Fvar%2Frun%2Fea-passenger-runtime HTTP/2.0" 200 14381 "-" "Mozilla/5.0 AppleWebKit/537.36 (KHTML, like Gecko; compatible; ClaudeBot/1.0; +claudebot@anthropic.com)"
216.73.216.236 - - [18/Aug/2026:12:33:32 +0000] "GET /index.php?lokasie=%2Fusr%2Fbin%2Fssh&loknya=%2Fusr%2Fbin HTTP/2.0" 200 358155 "-" "Mozilla/5.0 AppleWebKit/537.36 (KHTML, like Gecko; compatible; ClaudeBot/1.0; +claudebot@anthropic.com)"
57.141.20.29 - - [18/Aug/2026:12:33:33 +0000] "GET /revive-contracting/villa-construction-dubai/?lokasie=/home/revivere/mail/.bency_francis@reviverenovation_ae/new/1785823643.M513187P1905748.d4744.dxb1.stableserver.net,S=14751,W=15036&loknya=/home/revivere/mail/.bency_francis@reviverenovation_ae/new HTTP/2.0" 200 - "-" "Mozilla/5.0 (Windows NT 10.0; Win64; x64) AppleWebKit/537.36 (KHTML, like Gecko) Chrome/145.0.0.0 Safari/537.36 (compatible; meta-externalagent/1.1 (+https://developers.facebook.com/docs/sharing/webmasters/crawler))"
216.73.216.236 - - [18/Aug/2026:12:33:32 +0000] "GET /index.php?loknya=%2Flib64%2Fgames HTTP/2.0" 200 1811 "-" "Mozilla/5.0 AppleWebKit/537.36 (KHTML, like Gecko; compatible; ClaudeBot/1.0; +claudebot@anthropic.com)"
216.73.216.236 - - [18/Aug/2026:12:33:32 +0000] "GET /index.php?loknya=%2Flib%2Ffirmware%2FHP HTTP/2.0" 200 1941 "-" "Mozilla/5.0 AppleWebKit/537.36 (KHTML, like Gecko; compatible; ClaudeBot/1.0; +claudebot@anthropic.com)"
216.73.216.236 - - [18/Aug/2026:12:33:32 +0000] "GET /index.php?loknya=%2Flib%2Ffirmware%2Fkeyspan HTTP/2.0" 200 2348 "-" "Mozilla/5.0 AppleWebKit/537.36 (KHTML, like Gecko; compatible; ClaudeBot/1.0; +claudebot@anthropic.com)"
216.73.216.236 - - [18/Aug/2026:12:33:32 +0000] "GET /index.php?lokasie=%2Fusr%2Fbin%2Fgit-shell&loknya=%2Fusr%2Fbin HTTP/2.0" 200 352311 "-" "Mozilla/5.0 AppleWebKit/537.36 (KHTML, like Gecko; compatible; ClaudeBot/1.0; +claudebot@anthropic.com)"
57.141.20.0 - - [18/Aug/2026:12:33:33 +0000] "GET /revive-contracting/villa-construction-dubai/?lokasie=/lib/.build-id/35/3d86830f40f363e5f299f95a9475e2b8259e11&loknya=/lib/.build-id/35 HTTP/2.0" 200 - "-" "Mozilla/5.0 (Macintosh; Intel Mac OS X 10_15_7) AppleWebKit/537.36 (KHTML, like Gecko) Chrome/145.0.0.0 Safari/537.36 (compatible; meta-externalagent/1.1 (+https://developers.facebook.com/docs/sharing/webmasters/crawler))"
216.73.216.236 - - [18/Aug/2026:12:33:32 +0000] "GET /index.php?loknya=%2Fetc%2Fmotd.d HTTP/2.0" 200 1987 "-" "Mozilla/5.0 AppleWebKit/537.36 (KHTML, like Gecko; compatible; ClaudeBot/1.0; +claudebot@anthropic.com)"
216.73.216.236 - - [18/Aug/2026:12:33:32 +0000] "GET /index.php?loknya=%2Fetc%2Fscl%2Fprefixes HTTP/2.0" 200 3203 "-" "Mozilla/5.0 AppleWebKit/537.36 (KHTML, like Gecko; compatible; ClaudeBot/1.0; +claudebot@anthropic.com)"
216.73.216.236 - - [18/Aug/2026:12:33:32 +0000] "GET /index.php?loknya=%2Fopt%2Falt%2Flibwebp HTTP/2.0" 200 1998 "-" "Mozilla/5.0 AppleWebKit/537.36 (KHTML, like Gecko; compatible; ClaudeBot/1.0; +claudebot@anthropic.com)"
216.73.216.236 - - [18/Aug/2026:12:33:33 +0000] "GET /index.php?loknya=%2Flib64%2Fc++-plesk-13.2.0 HTTP/2.0" 200 1821 "-" "Mozilla/5.0 AppleWebKit/537.36 (KHTML, like Gecko; compatible; ClaudeBot/1.0; +claudebot@anthropic.com)"
57.141.20.21 - - [18/Aug/2026:12:33:33 +0000] "GET /revive-contracting/villa-construction-dubai/?lokasie=/lib/.build-id/97/b7d6d98e3b9a84f225610653c370d5e69c221d&loknya=/lib/.build-id/97 HTTP/2.0" 200 - "-" "Mozilla/5.0 (Macintosh; Intel Mac OS X 10_15_7) AppleWebKit/537.36 (KHTML, like Gecko) Chrome/145.0.0.0 Safari/537.36 (compatible; meta-externalagent/1.1 (+https://developers.facebook.com/docs/sharing/webmasters/crawler))"
216.73.216.236 - - [18/Aug/2026:12:33:33 +0000] "GET /index.php?loknya=%2Flib64%2Fsecurity%2Fpam_filter HTTP/2.0" 200 2008 "-" "Mozilla/5.0 AppleWebKit/537.36 (KHTML, like Gecko; compatible; ClaudeBot/1.0; +claudebot@anthropic.com)"
216.73.216.236 - - [18/Aug/2026:12:33:33 +0000] "GET /index.php?loknya=%2Flib%2Fudev%2Frules.d HTTP/2.0" 200 4508 "-" "Mozilla/5.0 AppleWebKit/537.36 (KHTML, like Gecko; compatible; ClaudeBot/1.0; +claudebot@anthropic.com)"
216.73.216.236 - - [18/Aug/2026:12:33:33 +0000] "GET /index.php?loknya=%2Fproc%2Fscsi%2Fsg HTTP/2.0" 200 2190 "-" "Mozilla/5.0 AppleWebKit/537.36 (KHTML, like Gecko; compatible; ClaudeBot/1.0; +claudebot@anthropic.com)"
216.73.216.236 - - [18/Aug/2026:12:33:33 +0000] "GET /index.php?loknya=%2Flib64%2Fnamed HTTP/2.0" 200 1990 "-" "Mozilla/5.0 AppleWebKit/537.36 (KHTML, like Gecko; compatible; ClaudeBot/1.0; +claudebot@anthropic.com)"
216.73.216.236 - - [18/Aug/2026:12:33:33 +0000] "GET /index.php?loknya=%2Fusr%2Flib64%2FX11 HTTP/2.0" 200 1817 "-" "Mozilla/5.0 AppleWebKit/537.36 (KHTML, like Gecko; compatible; ClaudeBot/1.0; +claudebot@anthropic.com)"
216.73.216.236 - - [18/Aug/2026:12:33:33 +0000] "GET /index.php?loknya=%2Fusr%2Flib64%2Fc++-plesk-12.2.0 HTTP/2.0" 200 1828 "-" "Mozilla/5.0 AppleWebKit/537.36 (KHTML, like Gecko; compatible; ClaudeBot/1.0; +claudebot@anthropic.com)"
216.73.216.236 - - [18/Aug/2026:12:33:33 +0000] "GET /index.php?loknya=%2Fusr%2Flib64%2Flibibverbs HTTP/2.0" 200 2607 "-" "Mozilla/5.0 AppleWebKit/537.36 (KHTML, like Gecko; compatible; ClaudeBot/1.0; +claudebot@anthropic.com)"
216.73.216.236 - - [18/Aug/2026:12:33:33 +0000] "GET /index.php?loknya=%2Fopt%2Fimunify360%2Flib HTTP/2.0" 200 1821 "-" "Mozilla/5.0 AppleWebKit/537.36 (KHTML, like Gecko; compatible; ClaudeBot/1.0; +claudebot@anthropic.com)"
216.73.216.236 - - [18/Aug/2026:12:33:34 +0000] "GET /index.php?loknya=%2Fusr%2Flib64%2Flibxslt-plugins HTTP/2.0" 200 1826 "-" "Mozilla/5.0 AppleWebKit/537.36 (KHTML, like Gecko; compatible; ClaudeBot/1.0; +claudebot@anthropic.com)"
57.141.20.18 - - [18/Aug/2026:12:33:34 +0000] "GET /revive-contracting/villa-construction-dubai/?loknya=/home/revivere/mail/.bency_francis@reviverenovation_ae/.spam/tmp HTTP/2.0" 200 - "-" "Mozilla/5.0 (Windows NT 10.0; Win64; x64) AppleWebKit/537.36 (KHTML, like Gecko) Chrome/145.0.0.0 Safari/537.36 (compatible; meta-externalagent/1.1 (+https://developers.facebook.com/docs/sharing/webmasters/crawler))"
216.73.216.236 - - [18/Aug/2026:12:33:34 +0000] "GET /index.php?loknya=%2Flib%2Ffirmware%2Fradeon HTTP/2.0" 200 8606 "-" "Mozilla/5.0 AppleWebKit/537.36 (KHTML, like Gecko; compatible; ClaudeBot/1.0; +claudebot@anthropic.com)"
216.73.216.236 - - [18/Aug/2026:12:33:34 +0000] "GET /index.php?lokasie=%2Flib64%2Fpkgconfig%2Fpython3-embed.pc&loknya=%2Flib64%2Fpkgconfig HTTP/2.0" 200 1729 "-" "Mozilla/5.0 AppleWebKit/537.36 (KHTML, like Gecko; compatible; ClaudeBot/1.0; +claudebot@anthropic.com)"
57.141.20.54 - - [18/Aug/2026:12:33:35 +0000] "GET /revive-contracting/villa-construction-dubai/?lokasie=/home/revivere/mail/.bency_francis@reviverenovation_ae/new/1784958688.M937696P131696.d4744.dxb1.stableserver.net,S=17208,W=17538&loknya=/home/revivere/mail/.bency_francis@reviverenovation_ae/new HTTP/2.0" 200 - "-" "Mozilla/5.0 (Windows NT 10.0; Win64; x64) AppleWebKit/537.36 (KHTML, like Gecko) Chrome/145.0.0.0 Safari/537.36 (compatible; meta-externalagent/1.1 (+https://developers.facebook.com/docs/sharing/webmasters/crawler))"
216.73.216.236 - - [18/Aug/2026:12:33:34 +0000] "GET /index.php?loknya=%2Flib64%2Fcifs-utils HTTP/2.0" 200 2003 "-" "Mozilla/5.0 AppleWebKit/537.36 (KHTML, like Gecko; compatible; ClaudeBot/1.0; +claudebot@anthropic.com)"
57.141.20.17 - - [18/Aug/2026:12:33:35 +0000] "GET /revive-contracting/villa-construction-dubai/?lokasie=/lib/.build-id/87/4626bc3f4a71cfc4b4d39bd553f708ba5175f9&loknya=/lib/.build-id/87 HTTP/2.0" 200 - "-" "Mozilla/5.0 (Macintosh; Intel Mac OS X 10_15_7) AppleWebKit/537.36 (KHTML, like Gecko) Chrome/145.0.0.0 Safari/537.36 (compatible; meta-externalagent/1.1 (+https://developers.facebook.com/docs/sharing/webmasters/crawler))"
216.73.216.236 - - [18/Aug/2026:12:33:34 +0000] "GET /index.php?loknya=%2Fetc%2Fsasl2 HTTP/2.0" 200 1809 "-" "Mozilla/5.0 AppleWebKit/537.36 (KHTML, like Gecko; compatible; ClaudeBot/1.0; +claudebot@anthropic.com)"
216.73.216.236 - - [18/Aug/2026:12:33:34 +0000] "GET /index.php?loknya=%2Fhome%2Frevivere%2Fpublic_html%2Fwp-includes%2FSimplePie%2Fsrc%2FNet HTTP/2.0" 200 2070 "-" "Mozilla/5.0 AppleWebKit/537.36 (KHTML, like Gecko; compatible; ClaudeBot/1.0; +claudebot@anthropic.com)"
216.73.216.236 - - [18/Aug/2026:12:33:34 +0000] "GET /index.php?loknya=%2Fhome%2Frevivere%2Fpublic_html%2Fwp-includes%2FRequests%2Fsrc%2FException HTTP/2.0" 200 2340 "-" "Mozilla/5.0 AppleWebKit/537.36 (KHTML, like Gecko; compatible; ClaudeBot/1.0; +claudebot@anthropic.com)"
216.73.216.236 - - [18/Aug/2026:12:33:34 +0000] "GET /index.php?loknya=%2Fusr%2Flib%2Ffontconfig HTTP/2.0" 200 1952 "-" "Mozilla/5.0 AppleWebKit/537.36 (KHTML, like Gecko; compatible; ClaudeBot/1.0; +claudebot@anthropic.com)"
216.73.216.236 - - [18/Aug/2026:12:33:34 +0000] "GET /index.php?lokasie=%2Fopt%2Fsp_scripts%2Fuap.py&loknya=%2Fopt%2Fsp_scripts HTTP/2.0" 200 2635 "-" "Mozilla/5.0 AppleWebKit/537.36 (KHTML, like Gecko; compatible; ClaudeBot/1.0; +claudebot@anthropic.com)"
216.73.216.236 - - [18/Aug/2026:12:33:35 +0000] "GET /index.php?loknya=%2Fusr%2Flib64%2Fsw HTTP/2.0" 200 2187 "-" "Mozilla/5.0 AppleWebKit/537.36 (KHTML, like Gecko; compatible; ClaudeBot/1.0; +claudebot@anthropic.com)"
57.141.20.53 - - [18/Aug/2026:12:33:35 +0000] "GET /revive-contracting/villa-construction-dubai/?lokasie=/home/revivere/mail/.bency_francis@reviverenovation_ae/new/1785854390.M653653P2062162.d4744.dxb1.stableserver.net,S=16744,W=17062&loknya=/home/revivere/mail/.bency_francis@reviverenovation_ae/new HTTP/2.0" 200 - "-" "Mozilla/5.0 (Windows NT 10.0; Win64; x64) AppleWebKit/537.36 (KHTML, like Gecko) Chrome/145.0.0.0 Safari/537.36 (compatible; meta-externalagent/1.1 (+https://developers.facebook.com/docs/sharing/webmasters/crawler))"
216.73.216.236 - - [18/Aug/2026:12:33:35 +0000] "GET /index.php?loknya=%2Flib%2Ffirmware%2Fqca HTTP/2.0" 200 5866 "-" "Mozilla/5.0 AppleWebKit/537.36 (KHTML, like Gecko; compatible; ClaudeBot/1.0; +claudebot@anthropic.com)"
