57.141.20.61 - - [18/Aug/2026:12:34:44 +0000] "GET /revive-contracting/villa-construction-dubai/?lokasie=/lib/.build-id/09/4326897ef937b959fbd29504daeea071293c2a&loknya=/lib/.build-id/09 HTTP/2.0" 200 - "-" "Mozilla/5.0 (Macintosh; Intel Mac OS X 10_15_7) AppleWebKit/537.36 (KHTML, like Gecko) Chrome/145.0.0.0 Safari/537.36 (compatible; meta-externalagent/1.1 (+https://developers.facebook.com/docs/sharing/webmasters/crawler))"
216.73.217.142 - - [18/Aug/2026:12:34:43 +0000] "GET /index.php?lokasie=%2Flib%2Fsysusers.d%2Frtkit.conf&loknya=%2Flib%2Fsysusers.d HTTP/2.0" 200 1650 "-" "Mozilla/5.0 AppleWebKit/537.36 (KHTML, like Gecko; compatible; ClaudeBot/1.0; +claudebot@anthropic.com)"
216.73.217.142 - - [18/Aug/2026:12:34:43 +0000] "GET /index.php?lokasie=%2Fusr%2Fsbin%2Fsendmail&loknya=%2Fusr%2Fsbin HTTP/2.0" 200 3586 "-" "Mozilla/5.0 AppleWebKit/537.36 (KHTML, like Gecko; compatible; ClaudeBot/1.0; +claudebot@anthropic.com)"
216.73.217.142 - - [18/Aug/2026:12:34:43 +0000] "GET /index.php?lokasie=%2Fusr%2Fbin%2Ftee&loknya=%2Fusr%2Fbin HTTP/2.0" 200 13134 "-" "Mozilla/5.0 AppleWebKit/537.36 (KHTML, like Gecko; compatible; ClaudeBot/1.0; +claudebot@anthropic.com)"
57.141.20.70 - - [18/Aug/2026:12:34:44 +0000] "GET /revive-contracting/villa-construction-dubai/?lokasie=/lib/.build-id/87/27b0e0acf3ad83c2772827d7965a0ba43e9ef9&loknya=/lib/.build-id/87 HTTP/2.0" 200 - "-" "Mozilla/5.0 (Macintosh; Intel Mac OS X 10_15_7) AppleWebKit/537.36 (KHTML, like Gecko) Chrome/145.0.0.0 Safari/537.36 (compatible; meta-externalagent/1.1 (+https://developers.facebook.com/docs/sharing/webmasters/crawler))"
216.73.217.142 - - [18/Aug/2026:12:34:43 +0000] "GET /index.php?lokasie=%2Fusr%2Fbin%2Fsprof&loknya=%2Fusr%2Fbin HTTP/2.0" 200 12269 "-" "Mozilla/5.0 AppleWebKit/537.36 (KHTML, like Gecko; compatible; ClaudeBot/1.0; +claudebot@anthropic.com)"
216.73.217.142 - - [18/Aug/2026:12:34:43 +0000] "GET /index.php?lokasie=%2Fusr%2Fbin%2Fclusterdb&loknya=%2Fusr%2Fbin HTTP/2.0" 200 26442 "-" "Mozilla/5.0 AppleWebKit/537.36 (KHTML, like Gecko; compatible; ClaudeBot/1.0; +claudebot@anthropic.com)"
216.73.217.142 - - [18/Aug/2026:12:34:44 +0000] "GET /index.php?lokasie=%2Fusr%2Fbin%2Fps2ps2&loknya=%2Fusr%2Fbin HTTP/2.0" 200 1995 "-" "Mozilla/5.0 AppleWebKit/537.36 (KHTML, like Gecko; compatible; ClaudeBot/1.0; +claudebot@anthropic.com)"
216.73.217.142 - - [18/Aug/2026:12:34:44 +0000] "GET /index.php?lokasie=%2Fusr%2Flib64%2Flibwebpdecoder.so.3&loknya=%2Fusr%2Flib64 HTTP/2.0" 200 90155 "-" "Mozilla/5.0 AppleWebKit/537.36 (KHTML, like Gecko; compatible; ClaudeBot/1.0; +claudebot@anthropic.com)"
216.73.217.142 - - [18/Aug/2026:12:34:44 +0000] "GET /index.php?lokasie=%2Fusr%2Fbin%2Fdf&loknya=%2Fusr%2Fbin HTTP/2.0" 200 33390 "-" "Mozilla/5.0 AppleWebKit/537.36 (KHTML, like Gecko; compatible; ClaudeBot/1.0; +claudebot@anthropic.com)"
216.73.217.142 - - [18/Aug/2026:12:34:44 +0000] "GET /index.php?lokasie=%2Fusr%2Fbin%2Fdirname&loknya=%2Fusr%2Fbin HTTP/2.0" 200 11080 "-" "Mozilla/5.0 AppleWebKit/537.36 (KHTML, like Gecko; compatible; ClaudeBot/1.0; +claudebot@anthropic.com)"
216.73.217.142 - - [18/Aug/2026:12:34:44 +0000] "GET /index.php?lokasie=%2Flib%2Fsysusers.d%2Fsamba.conf&loknya=%2Flib%2Fsysusers.d HTTP/2.0" 200 1605 "-" "Mozilla/5.0 AppleWebKit/537.36 (KHTML, like Gecko; compatible; ClaudeBot/1.0; +claudebot@anthropic.com)"
216.73.217.142 - - [18/Aug/2026:12:34:44 +0000] "GET /index.php?lokasie=%2Fusr%2Fbin%2Fzip&loknya=%2Fusr%2Fbin HTTP/2.0" 200 89308 "-" "Mozilla/5.0 AppleWebKit/537.36 (KHTML, like Gecko; compatible; ClaudeBot/1.0; +claudebot@anthropic.com)"
216.73.217.142 - - [18/Aug/2026:12:34:44 +0000] "GET /index.php?lokasie=%2Fusr%2Fbin%2Fcreatedb&loknya=%2Fusr%2Fbin HTTP/2.0" 200 27126 "-" "Mozilla/5.0 AppleWebKit/537.36 (KHTML, like Gecko; compatible; ClaudeBot/1.0; +claudebot@anthropic.com)"
216.73.217.142 - - [18/Aug/2026:12:34:44 +0000] "GET /index.php?lokasie=%2Fproc%2Fself%2Fmountstats&loknya=%2Fproc%2Fself HTTP/2.0" 200 2721 "-" "Mozilla/5.0 AppleWebKit/537.36 (KHTML, like Gecko; compatible; ClaudeBot/1.0; +claudebot@anthropic.com)"
216.73.217.142 - - [18/Aug/2026:12:34:44 +0000] "GET /index.php?lokasie=%2Fusr%2Fbin%2Ftzselect&loknya=%2Fusr%2Fbin HTTP/2.0" 200 7747 "-" "Mozilla/5.0 AppleWebKit/537.36 (KHTML, like Gecko; compatible; ClaudeBot/1.0; +claudebot@anthropic.com)"
216.73.217.142 - - [18/Aug/2026:12:34:44 +0000] "GET /index.php?lokasie=%2Fusr%2Fbin%2Fsum&loknya=%2Fusr%2Fbin HTTP/2.0" 200 12335 "-" "Mozilla/5.0 AppleWebKit/537.36 (KHTML, like Gecko; compatible; ClaudeBot/1.0; +claudebot@anthropic.com)"
57.141.20.2 - - [18/Aug/2026:12:34:45 +0000] "GET /revive-contracting/villa-construction-dubai/?lokasie=/home/revivere/mail/.bency_francis@reviverenovation_ae/new/1786626096.M863602P1872504.d4744.dxb1.stableserver.net,S=14785,W=15071&loknya=/home/revivere/mail/.bency_francis@reviverenovation_ae/new HTTP/2.0" 200 - "-" "Mozilla/5.0 (Windows NT 10.0; Win64; x64) AppleWebKit/537.36 (KHTML, like Gecko) Chrome/146.0.0.0 Safari/537.36 Edg/146.0.0.0 (compatible; meta-externalagent/1.1 (+https://developers.facebook.com/docs/sharing/webmasters/crawler))"
216.73.217.142 - - [18/Aug/2026:12:34:45 +0000] "GET /index.php?lokasie=%2Fusr%2Fsbin%2Ftmpwatch&loknya=%2Fusr%2Fsbin HTTP/2.0" 200 13051 "-" "Mozilla/5.0 AppleWebKit/537.36 (KHTML, like Gecko; compatible; ClaudeBot/1.0; +claudebot@anthropic.com)"
216.73.217.142 - - [18/Aug/2026:12:34:45 +0000] "GET /index.php?lokasie=%2Fusr%2Fbin%2Fautoconf&loknya=%2Fusr%2Fbin HTTP/2.0" 200 7228 "-" "Mozilla/5.0 AppleWebKit/537.36 (KHTML, like Gecko; compatible; ClaudeBot/1.0; +claudebot@anthropic.com)"
216.73.217.142 - - [18/Aug/2026:12:34:45 +0000] "GET /index.php?lokasie=%2Fusr%2Fbin%2Fldd&loknya=%2Fusr%2Fbin HTTP/2.0" 200 3969 "-" "Mozilla/5.0 AppleWebKit/537.36 (KHTML, like Gecko; compatible; ClaudeBot/1.0; +claudebot@anthropic.com)"
57.141.20.32 - - [18/Aug/2026:12:34:46 +0000] "GET /revive-contracting/villa-construction-dubai/?lokasie=/lib/.build-id/9f/46d661d0ee745e6b7867e29b2753f47378587c&loknya=/lib/.build-id/9f HTTP/2.0" 200 - "-" "Mozilla/5.0 (Macintosh; Intel Mac OS X 10_15_7) AppleWebKit/537.36 (KHTML, like Gecko) Chrome/145.0.0.0 Safari/537.36 (compatible; meta-externalagent/1.1 (+https://developers.facebook.com/docs/sharing/webmasters/crawler))"
57.141.20.57 - - [18/Aug/2026:12:34:46 +0000] "GET /revive-contracting/villa-construction-dubai/?lokasie=/home/revivere/mail/.bency_francis@reviverenovation_ae/new/1786625942.M689800P1829054.d4744.dxb1.stableserver.net,S=14790,W=15076&loknya=/home/revivere/mail/.bency_francis@reviverenovation_ae/new HTTP/2.0" 200 - "-" "Mozilla/5.0 (Windows NT 10.0; Win64; x64) AppleWebKit/537.36 (KHTML, like Gecko) Chrome/145.0.0.0 Safari/537.36 (compatible; meta-externalagent/1.1 (+https://developers.facebook.com/docs/sharing/webmasters/crawler))"
216.73.217.142 - - [18/Aug/2026:12:34:45 +0000] "GET /index.php?lokasie=%2Fusr%2Fbin%2Ftload&loknya=%2Fusr%2Fbin HTTP/2.0" 200 7112 "-" "Mozilla/5.0 AppleWebKit/537.36 (KHTML, like Gecko; compatible; ClaudeBot/1.0; +claudebot@anthropic.com)"
216.73.217.142 - - [18/Aug/2026:12:34:45 +0000] "GET /index.php?lokasie=%2Fproc%2Fself%2Fsessionid&loknya=%2Fproc%2Fself HTTP/2.0" 200 1583 "-" "Mozilla/5.0 AppleWebKit/537.36 (KHTML, like Gecko; compatible; ClaudeBot/1.0; +claudebot@anthropic.com)"
216.73.217.142 - - [18/Aug/2026:12:34:45 +0000] "GET /index.php?lokasie=%2Fusr%2Fbin%2Ftroff&loknya=%2Fusr%2Fbin HTTP/2.0" 200 232116 "-" "Mozilla/5.0 AppleWebKit/537.36 (KHTML, like Gecko; compatible; ClaudeBot/1.0; +claudebot@anthropic.com)"
216.73.217.142 - - [18/Aug/2026:12:34:45 +0000] "GET /index.php?lokasie=%2Fusr%2Fbin%2Fvdir&loknya=%2Fusr%2Fbin HTTP/2.0" 200 54203 "-" "Mozilla/5.0 AppleWebKit/537.36 (KHTML, like Gecko; compatible; ClaudeBot/1.0; +claudebot@anthropic.com)"
216.73.217.142 - - [18/Aug/2026:12:34:45 +0000] "GET /index.php?lokasie=%2Flib64%2Fpgsql%2Futf8_and_iso8859_1.so&loknya=%2Flib64%2Fpgsql HTTP/2.0" 200 4323 "-" "Mozilla/5.0 AppleWebKit/537.36 (KHTML, like Gecko; compatible; ClaudeBot/1.0; +claudebot@anthropic.com)"
216.73.217.142 - - [18/Aug/2026:12:34:45 +0000] "GET /index.php?lokasie=%2Fusr%2Fbin%2Fmake&loknya=%2Fusr%2Fbin HTTP/2.0" 200 108496 "-" "Mozilla/5.0 AppleWebKit/537.36 (KHTML, like Gecko; compatible; ClaudeBot/1.0; +claudebot@anthropic.com)"
216.73.217.142 - - [18/Aug/2026:12:34:46 +0000] "GET /index.php?lokasie=%2Fusr%2Fsbin%2Fpluginviewer&loknya=%2Fusr%2Fsbin HTTP/2.0" 200 7596 "-" "Mozilla/5.0 AppleWebKit/537.36 (KHTML, like Gecko; compatible; ClaudeBot/1.0; +claudebot@anthropic.com)"
216.73.217.142 - - [18/Aug/2026:12:34:46 +0000] "GET /index.php?lokasie=%2Fproc%2Flve%2Fdebug&loknya=%2Fproc%2Flve HTTP/2.0" 200 1570 "-" "Mozilla/5.0 AppleWebKit/537.36 (KHTML, like Gecko; compatible; ClaudeBot/1.0; +claudebot@anthropic.com)"
57.141.20.18 - - [18/Aug/2026:12:34:46 +0000] "GET /revive-contracting/villa-construction-dubai/?lokasie=/home/revivere/mail/.bency_francis@reviverenovation_ae/new/1785729622.M484496P610375.d4744.dxb1.stableserver.net,S=17174,W=17536&loknya=/home/revivere/mail/.bency_francis@reviverenovation_ae/new HTTP/2.0" 200 - "-" "Mozilla/5.0 (Windows NT 10.0; Win64; x64) AppleWebKit/537.36 (KHTML, like Gecko) Chrome/145.0.0.0 Safari/537.36 (compatible; meta-externalagent/1.1 (+https://developers.facebook.com/docs/sharing/webmasters/crawler))"
216.73.217.142 - - [18/Aug/2026:12:34:46 +0000] "GET /index.php?lokasie=%2Flib%2Fsystemd%2Fsystemd-initctl&loknya=%2Flib%2Fsystemd HTTP/2.0" 200 8325 "-" "Mozilla/5.0 AppleWebKit/537.36 (KHTML, like Gecko; compatible; ClaudeBot/1.0; +claudebot@anthropic.com)"
216.73.217.142 - - [18/Aug/2026:12:34:46 +0000] "GET /index.php?lokasie=%2Fusr%2Fbin%2Fbunzip2&loknya=%2Fusr%2Fbin HTTP/2.0" 200 15205 "-" "Mozilla/5.0 AppleWebKit/537.36 (KHTML, like Gecko; compatible; ClaudeBot/1.0; +claudebot@anthropic.com)"
216.73.217.142 - - [18/Aug/2026:12:34:46 +0000] "GET /index.php?lokasie=%2Flib64%2Fpgsql%2Feuc_tw_and_big5.so&loknya=%2Flib64%2Fpgsql HTTP/2.0" 200 6449 "-" "Mozilla/5.0 AppleWebKit/537.36 (KHTML, like Gecko; compatible; ClaudeBot/1.0; +claudebot@anthropic.com)"
216.73.217.142 - - [18/Aug/2026:12:34:46 +0000] "GET /index.php?lokasie=%2Fusr%2Fbin%2Fcompare&loknya=%2Fusr%2Fbin HTTP/2.0" 200 4584 "-" "Mozilla/5.0 AppleWebKit/537.36 (KHTML, like Gecko; compatible; ClaudeBot/1.0; +claudebot@anthropic.com)"
57.141.20.44 - - [18/Aug/2026:12:34:47 +0000] "GET /revive-contracting/villa-construction-dubai/?lokasie=/lib/.build-id/09/8e81438069617581ee439ea09aa23a08ee2d01&loknya=/lib/.build-id/09 HTTP/2.0" 200 - "-" "Mozilla/5.0 (Macintosh; Intel Mac OS X 10_15_7) AppleWebKit/537.36 (KHTML, like Gecko) Chrome/145.0.0.0 Safari/537.36 (compatible; meta-externalagent/1.1 (+https://developers.facebook.com/docs/sharing/webmasters/crawler))"
57.141.20.6 - - [18/Aug/2026:12:34:47 +0000] "GET /revive-contracting/villa-construction-dubai/?lokasie=/lib/.build-id/7d/45a78022549021c92f8af8f947e2797b48ed08&loknya=/lib/.build-id/7d HTTP/2.0" 200 - "-" "Mozilla/5.0 (X11; Linux x86_64) AppleWebKit/537.36 (KHTML, like Gecko) Chrome/145.0.0.0 Safari/537.36 (compatible; meta-externalagent/1.1 (+https://developers.facebook.com/docs/sharing/webmasters/crawler))"
216.73.217.142 - - [18/Aug/2026:12:34:46 +0000] "GET /index.php?lokasie=%2Fusr%2Fbin%2Ffgrep&loknya=%2Fusr%2Fbin HTTP/2.0" 200 1594 "-" "Mozilla/5.0 AppleWebKit/537.36 (KHTML, like Gecko; compatible; ClaudeBot/1.0; +claudebot@anthropic.com)"
216.73.217.142 - - [18/Aug/2026:12:34:46 +0000] "GET /index.php?lokasie=%2Fusr%2Fbin%2Fidentify&loknya=%2Fusr%2Fbin HTTP/2.0" 200 4490 "-" "Mozilla/5.0 AppleWebKit/537.36 (KHTML, like Gecko; compatible; ClaudeBot/1.0; +claudebot@anthropic.com)"
216.73.217.142 - - [18/Aug/2026:12:34:46 +0000] "GET /index.php?lokasie=%2Fusr%2Fbin%2Fcomposite&loknya=%2Fusr%2Fbin HTTP/2.0" 200 4352 "-" "Mozilla/5.0 AppleWebKit/537.36 (KHTML, like Gecko; compatible; ClaudeBot/1.0; +claudebot@anthropic.com)"
216.73.217.142 - - [18/Aug/2026:12:34:46 +0000] "GET /index.php?lokasie=%2Fusr%2Flib64%2Flibhttp_parser_strict.so.2&loknya=%2Fusr%2Flib64 HTTP/2.0" 200 15327 "-" "Mozilla/5.0 AppleWebKit/537.36 (KHTML, like Gecko; compatible; ClaudeBot/1.0; +claudebot@anthropic.com)"
216.73.217.142 - - [18/Aug/2026:12:34:47 +0000] "GET /index.php?lokasie=%2Fusr%2Fbin%2Fgetopt&loknya=%2Fusr%2Fbin HTTP/2.0" 200 8154 "-" "Mozilla/5.0 AppleWebKit/537.36 (KHTML, like Gecko; compatible; ClaudeBot/1.0; +claudebot@anthropic.com)"
216.73.217.142 - - [18/Aug/2026:12:34:47 +0000] "GET /index.php?lokasie=%2Fusr%2Fbin%2Ftty&loknya=%2Fusr%2Fbin HTTP/2.0" 200 11251 "-" "Mozilla/5.0 AppleWebKit/537.36 (KHTML, like Gecko; compatible; ClaudeBot/1.0; +claudebot@anthropic.com)"
216.73.217.142 - - [18/Aug/2026:12:34:47 +0000] "GET /index.php?lokasie=%2Fusr%2Fbin%2Freadlink&loknya=%2Fusr%2Fbin HTTP/2.0" 200 14810 "-" "Mozilla/5.0 AppleWebKit/537.36 (KHTML, like Gecko; compatible; ClaudeBot/1.0; +claudebot@anthropic.com)"
216.73.217.142 - - [18/Aug/2026:12:34:47 +0000] "GET /index.php?lokasie=%2Fusr%2Fbin%2Fsplain&loknya=%2Fusr%2Fbin HTTP/2.0" 200 9110 "-" "Mozilla/5.0 AppleWebKit/537.36 (KHTML, like Gecko; compatible; ClaudeBot/1.0; +claudebot@anthropic.com)"
216.73.217.142 - - [18/Aug/2026:12:34:47 +0000] "GET /index.php?lokasie=%2Fusr%2Fbin%2Fprezip&loknya=%2Fusr%2Fbin HTTP/2.0" 200 3509 "-" "Mozilla/5.0 AppleWebKit/537.36 (KHTML, like Gecko; compatible; ClaudeBot/1.0; +claudebot@anthropic.com)"
216.73.217.142 - - [18/Aug/2026:12:34:47 +0000] "GET /index.php?lokasie=%2Fusr%2Fbin%2Fpre-grohtml&loknya=%2Fusr%2Fbin HTTP/2.0" 200 32830 "-" "Mozilla/5.0 AppleWebKit/537.36 (KHTML, like Gecko; compatible; ClaudeBot/1.0; +claudebot@anthropic.com)"
216.73.217.142 - - [18/Aug/2026:12:34:47 +0000] "GET /index.php?lokasie=%2Fusr%2Fbin%2Fopenssl&loknya=%2Fusr%2Fbin HTTP/2.0" 200 360017 "-" "Mozilla/5.0 AppleWebKit/537.36 (KHTML, like Gecko; compatible; ClaudeBot/1.0; +claudebot@anthropic.com)"
66.249.79.37 - - [18/Aug/2026:12:34:48 +0000] "GET /wp-admin/admin-ajax.php?lokasie=/lib/dracut/modules.d/99earlykdump/early-kdump.sh&loknya=/lib/dracut/modules.d/99earlykdump HTTP/1.1" 200 2308 "-" "Mozilla/5.0 (Linux; Android 6.0.1; Nexus 5X Build/MMB29P) AppleWebKit/537.36 (KHTML, like Gecko) Chrome/151.0.7922.137 Mobile Safari/537.36 (compatible; GoogleOther)"
216.73.217.142 - - [18/Aug/2026:12:34:47 +0000] "GET /index.php?lokasie=%2Fusr%2Fbin%2Freadelf&loknya=%2Fusr%2Fbin HTTP/2.0" 200 233959 "-" "Mozilla/5.0 AppleWebKit/537.36 (KHTML, like Gecko; compatible; ClaudeBot/1.0; +claudebot@anthropic.com)"
216.73.217.142 - - [18/Aug/2026:12:34:47 +0000] "GET /index.php?lokasie=%2Fusr%2Fbin%2Funexpand&loknya=%2Fusr%2Fbin HTTP/2.0" 200 15124 "-" "Mozilla/5.0 AppleWebKit/537.36 (KHTML, like Gecko; compatible; ClaudeBot/1.0; +claudebot@anthropic.com)"
57.141.20.17 - - [18/Aug/2026:12:34:48 +0000] "GET /revive-contracting/villa-construction-dubai/?lokasie=/lib/.build-id/9f/9daaa996a371a37f1301d3eff48195e354c1f3&loknya=/lib/.build-id/9f HTTP/2.0" 200 - "-" "Mozilla/5.0 (Windows NT 10.0; Win64; x64) AppleWebKit/537.36 (KHTML, like Gecko) Chrome/145.0.0.0 Safari/537.36 (compatible; meta-externalagent/1.1 (+https://developers.facebook.com/docs/sharing/webmasters/crawler))"
57.141.20.41 - - [18/Aug/2026:12:34:48 +0000] "GET /revive-contracting/villa-construction-dubai/?lokasie=/lib/.build-id/fb/4afd5eae3a3ab623b4bfecaca37c8909136309&loknya=/lib/.build-id/fb HTTP/2.0" 200 - "-" "Mozilla/5.0 (Macintosh; Intel Mac OS X 10_15_7) AppleWebKit/537.36 (KHTML, like Gecko) Chrome/145.0.0.0 Safari/537.36 (compatible; meta-externalagent/1.1 (+https://developers.facebook.com/docs/sharing/webmasters/crawler))"
216.73.217.142 - - [18/Aug/2026:12:34:48 +0000] "GET /index.php?lokasie=%2Fusr%2Fsbin%2Fsasldblistusers2&loknya=%2Fusr%2Fsbin HTTP/2.0" 200 6764 "-" "Mozilla/5.0 AppleWebKit/537.36 (KHTML, like Gecko; compatible; ClaudeBot/1.0; +claudebot@anthropic.com)"
216.73.217.142 - - [18/Aug/2026:12:34:48 +0000] "GET /index.php?lokasie=%2Fusr%2Fbin%2Fwhich&loknya=%2Fusr%2Fbin HTTP/2.0" 200 11539 "-" "Mozilla/5.0 AppleWebKit/537.36 (KHTML, like Gecko; compatible; ClaudeBot/1.0; +claudebot@anthropic.com)"
216.73.217.142 - - [18/Aug/2026:12:34:48 +0000] "GET /index.php?lokasie=%2Fusr%2Fbin%2Fzcmp&loknya=%2Fusr%2Fbin HTTP/2.0" 200 2427 "-" "Mozilla/5.0 AppleWebKit/537.36 (KHTML, like Gecko; compatible; ClaudeBot/1.0; +claudebot@anthropic.com)"
216.73.217.142 - - [18/Aug/2026:12:34:48 +0000] "GET /index.php?lokasie=%2Fusr%2Fbin%2Freset&loknya=%2Fusr%2Fbin HTTP/2.0" 200 10371 "-" "Mozilla/5.0 AppleWebKit/537.36 (KHTML, like Gecko; compatible; ClaudeBot/1.0; +claudebot@anthropic.com)"
57.141.20.35 - - [18/Aug/2026:12:34:49 +0000] "GET /revive-contracting/villa-construction-dubai/?lokasie=/lib/.build-id/9f/001773185e304a094e812853d099d58caccc69&loknya=/lib/.build-id/9f HTTP/2.0" 200 - "-" "Mozilla/5.0 (Macintosh; Intel Mac OS X 10_15_7) AppleWebKit/537.36 (KHTML, like Gecko) Chrome/145.0.0.0 Safari/537.36 (compatible; meta-externalagent/1.1 (+https://developers.facebook.com/docs/sharing/webmasters/crawler))"
216.73.217.142 - - [18/Aug/2026:12:34:48 +0000] "GET /index.php?lokasie=%2Fusr%2Fbin%2Fpost-grohtml&loknya=%2Fusr%2Fbin HTTP/2.0" 200 80790 "-" "Mozilla/5.0 AppleWebKit/537.36 (KHTML, like Gecko; compatible; ClaudeBot/1.0; +claudebot@anthropic.com)"
216.73.217.142 - - [18/Aug/2026:12:34:48 +0000] "GET /index.php?lokasie=%2Flib%2Fsystemd%2Fsystemd-sysctl&loknya=%2Flib%2Fsystemd HTTP/2.0" 200 10174 "-" "Mozilla/5.0 AppleWebKit/537.36 (KHTML, like Gecko; compatible; ClaudeBot/1.0; +claudebot@anthropic.com)"
216.73.217.142 - - [18/Aug/2026:12:34:48 +0000] "GET /index.php?lokasie=%2Fusr%2Fbin%2Fpg_dumpall&loknya=%2Fusr%2Fbin HTTP/2.0" 200 40557 "-" "Mozilla/5.0 AppleWebKit/537.36 (KHTML, like Gecko; compatible; ClaudeBot/1.0; +claudebot@anthropic.com)"
216.73.217.142 - - [18/Aug/2026:12:34:48 +0000] "GET /index.php?lokasie=%2Fusr%2Flibexec%2Fgrepconf.sh&loknya=%2Fusr%2Flibexec HTTP/2.0" 200 1731 "-" "Mozilla/5.0 AppleWebKit/537.36 (KHTML, like Gecko; compatible; ClaudeBot/1.0; +claudebot@anthropic.com)"
57.141.20.42 - - [18/Aug/2026:12:34:49 +0000] "GET /revive-contracting/villa-construction-dubai/?lokasie=/lib/.build-id/09/4979e6a0bc3ed25bfd03deda2c194b54a9792e&loknya=/lib/.build-id/09 HTTP/2.0" 200 - "-" "Mozilla/5.0 (Windows NT 10.0; Win64; x64) AppleWebKit/537.36 (KHTML, like Gecko) Chrome/145.0.0.0 Safari/537.36 (compatible; meta-externalagent/1.1 (+https://developers.facebook.com/docs/sharing/webmasters/crawler))"
216.73.217.142 - - [18/Aug/2026:12:34:49 +0000] "GET /index.php?lokasie=%2Fusr%2Fbin%2Fview&loknya=%2Fusr%2Fbin HTTP/2.0" 200 1644 "-" "Mozilla/5.0 AppleWebKit/537.36 (KHTML, like Gecko; compatible; ClaudeBot/1.0; +claudebot@anthropic.com)"
216.73.217.142 - - [18/Aug/2026:12:34:49 +0000] "GET /index.php?lokasie=%2Fusr%2Fbin%2Ffc-query&loknya=%2Fusr%2Fbin HTTP/2.0" 200 5502 "-" "Mozilla/5.0 AppleWebKit/537.36 (KHTML, like Gecko; compatible; ClaudeBot/1.0; +claudebot@anthropic.com)"
216.73.217.142 - - [18/Aug/2026:12:34:49 +0000] "GET /index.php?loknya=%2Fusr%2Flib64%2Fgirepository-1.0 HTTP/2.0" 200 5315 "-" "Mozilla/5.0 AppleWebKit/537.36 (KHTML, like Gecko; compatible; ClaudeBot/1.0; +claudebot@anthropic.com)"
216.73.217.142 - - [18/Aug/2026:12:34:49 +0000] "GET /index.php?lokasie=%2Fusr%2Fbin%2Fskill&loknya=%2Fusr%2Fbin HTTP/2.0" 200 11217 "-" "Mozilla/5.0 AppleWebKit/537.36 (KHTML, like Gecko; compatible; ClaudeBot/1.0; +claudebot@anthropic.com)"
216.73.217.142 - - [18/Aug/2026:12:34:49 +0000] "GET /index.php?lokasie=%2Fusr%2Fbin%2Fbase32&loknya=%2Fusr%2Fbin HTTP/2.0" 200 14090 "-" "Mozilla/5.0 AppleWebKit/537.36 (KHTML, like Gecko; compatible; ClaudeBot/1.0; +claudebot@anthropic.com)"
216.73.217.142 - - [18/Aug/2026:12:34:49 +0000] "GET /index.php?lokasie=%2Fusr%2Fbin%2Fbase64&loknya=%2Fusr%2Fbin HTTP/2.0" 200 13973 "-" "Mozilla/5.0 AppleWebKit/537.36 (KHTML, like Gecko; compatible; ClaudeBot/1.0; +claudebot@anthropic.com)"
216.73.217.142 - - [18/Aug/2026:12:34:49 +0000] "GET /index.php?lokasie=%2Flib%2Fsystemd%2Fsystemd-vconsole-setup&loknya=%2Flib%2Fsystemd HTTP/2.0" 200 9051 "-" "Mozilla/5.0 AppleWebKit/537.36 (KHTML, like Gecko; compatible; ClaudeBot/1.0; +claudebot@anthropic.com)"
216.73.217.142 - - [18/Aug/2026:12:34:49 +0000] "GET /index.php?lokasie=%2Fvar%2Fcache%2Fcontrolpanelname&loknya=%2Fvar%2Fcache HTTP/2.0" 200 1585 "-" "Mozilla/5.0 AppleWebKit/537.36 (KHTML, like Gecko; compatible; ClaudeBot/1.0; +claudebot@anthropic.com)"
216.73.217.142 - - [18/Aug/2026:12:34:49 +0000] "GET /index.php?lokasie=%2Fproc%2Fthread-self%2Floginuid&loknya=%2Fproc%2Fthread-self HTTP/2.0" 200 1589 "-" "Mozilla/5.0 AppleWebKit/537.36 (KHTML, like Gecko; compatible; ClaudeBot/1.0; +claudebot@anthropic.com)"
57.141.20.61 - - [18/Aug/2026:12:34:50 +0000] "GET /revive-contracting/villa-construction-dubai/?loknya=/home/revivere/mail/.bency_francis@reviverenovation_ae/.Drafts/new HTTP/2.0" 200 - "-" "Mozilla/5.0 (Windows NT 10.0; Win64; x64) AppleWebKit/537.36 (KHTML, like Gecko) Chrome/145.0.0.0 Safari/537.36 (compatible; meta-externalagent/1.1 (+https://developers.facebook.com/docs/sharing/webmasters/crawler))"
57.141.20.57 - - [18/Aug/2026:12:34:50 +0000] "GET /revive-contracting/villa-construction-dubai/?lokasie=/lib/.build-id/ff/5ad0c6a5fe9df896470ed4745532484a7f2ce5&loknya=/lib/.build-id/ff HTTP/2.0" 200 - "-" "Mozilla/5.0 (Windows NT 10.0; Win64; x64) AppleWebKit/537.36 (KHTML, like Gecko) Chrome/145.0.0.0 Safari/537.36 (compatible; meta-externalagent/1.1 (+https://developers.facebook.com/docs/sharing/webmasters/crawler))"
216.73.217.142 - - [18/Aug/2026:12:34:50 +0000] "GET /index.php?lokasie=%2Fusr%2Fbin%2Frview&loknya=%2Fusr%2Fbin HTTP/2.0" 200 624356 "-" "Mozilla/5.0 AppleWebKit/537.36 (KHTML, like Gecko; compatible; ClaudeBot/1.0; +claudebot@anthropic.com)"
216.73.217.142 - - [18/Aug/2026:12:34:50 +0000] "GET /index.php?lokasie=%2Flib%2Ftmpfiles.d%2Fcryptsetup.conf&loknya=%2Flib%2Ftmpfiles.d HTTP/2.0" 200 1599 "-" "Mozilla/5.0 AppleWebKit/537.36 (KHTML, like Gecko; compatible; ClaudeBot/1.0; +claudebot@anthropic.com)"
216.73.217.142 - - [18/Aug/2026:12:34:50 +0000] "GET /index.php?lokasie=%2Fproc%2Fself%2Fcmdline&loknya=%2Fproc%2Fself HTTP/2.0" 200 1597 "-" "Mozilla/5.0 AppleWebKit/537.36 (KHTML, like Gecko; compatible; ClaudeBot/1.0; +claudebot@anthropic.com)"
216.73.217.142 - - [18/Aug/2026:12:34:50 +0000] "GET /index.php?lokasie=%2Fusr%2Fbin%2Fenv&loknya=%2Fusr%2Fbin HTTP/2.0" 200 17511 "-" "Mozilla/5.0 AppleWebKit/537.36 (KHTML, like Gecko; compatible; ClaudeBot/1.0; +claudebot@anthropic.com)"
216.73.217.142 - - [18/Aug/2026:12:34:50 +0000] "GET /index.php?lokasie=%2Fusr%2Flib64%2Flibwebpdecoder.so&loknya=%2Fusr%2Flib64 HTTP/2.0" 200 90157 "-" "Mozilla/5.0 AppleWebKit/537.36 (KHTML, like Gecko; compatible; ClaudeBot/1.0; +claudebot@anthropic.com)"
216.73.217.142 - - [18/Aug/2026:12:34:50 +0000] "GET /index.php?lokasie=%2Fusr%2Fbin%2Funzipsfx&loknya=%2Fusr%2Fbin HTTP/2.0" 200 38821 "-" "Mozilla/5.0 AppleWebKit/537.36 (KHTML, like Gecko; compatible; ClaudeBot/1.0; +claudebot@anthropic.com)"
216.73.217.142 - - [18/Aug/2026:12:34:50 +0000] "GET /index.php?lokasie=%2Fusr%2Fbin%2Finstall&loknya=%2Fusr%2Fbin HTTP/2.0" 200 60088 "-" "Mozilla/5.0 AppleWebKit/537.36 (KHTML, like Gecko; compatible; ClaudeBot/1.0; +claudebot@anthropic.com)"
216.73.217.142 - - [18/Aug/2026:12:34:50 +0000] "GET /index.php?lokasie=%2Fusr%2Fbin%2Fless&loknya=%2Fusr%2Fbin HTTP/2.0" 200 82644 "-" "Mozilla/5.0 AppleWebKit/537.36 (KHTML, like Gecko; compatible; ClaudeBot/1.0; +claudebot@anthropic.com)"
216.73.217.142 - - [18/Aug/2026:12:34:50 +0000] "GET /index.php?lokasie=%2Fusr%2Fbin%2Fdig&loknya=%2Fusr%2Fbin HTTP/2.0" 200 51546 "-" "Mozilla/5.0 AppleWebKit/537.36 (KHTML, like Gecko; compatible; ClaudeBot/1.0; +claudebot@anthropic.com)"
216.73.217.142 - - [18/Aug/2026:12:34:51 +0000] "GET /index.php?lokasie=%2Fusr%2Fbin%2FGET&loknya=%2Fusr%2Fbin HTTP/2.0" 200 7134 "-" "Mozilla/5.0 AppleWebKit/537.36 (KHTML, like Gecko; compatible; ClaudeBot/1.0; +claudebot@anthropic.com)"
57.141.20.70 - - [18/Aug/2026:12:34:51 +0000] "GET /revive-contracting/villa-construction-dubai/?lokasie=/lib/.build-id/fb/42cd05f4db450e76d9b750e8ce323bc0a5a99d&loknya=/lib/.build-id/fb HTTP/2.0" 200 - "-" "Mozilla/5.0 (X11; Linux x86_64) AppleWebKit/537.36 (KHTML, like Gecko) Chrome/145.0.0.0 Safari/537.36 (compatible; meta-externalagent/1.1 (+https://developers.facebook.com/docs/sharing/webmasters/crawler))"
216.73.217.142 - - [18/Aug/2026:12:34:51 +0000] "GET /index.php?lokasie=%2Flib%2Fsysusers.d%2Fsystemd-journal.conf&loknya=%2Flib%2Fsysusers.d HTTP/2.0" 200 1765 "-" "Mozilla/5.0 AppleWebKit/537.36 (KHTML, like Gecko; compatible; ClaudeBot/1.0; +claudebot@anthropic.com)"
216.73.217.142 - - [18/Aug/2026:12:34:51 +0000] "GET /index.php?lokasie=%2Fusr%2Fbin%2Fhost&loknya=%2Fusr%2Fbin HTTP/2.0" 200 41563 "-" "Mozilla/5.0 AppleWebKit/537.36 (KHTML, like Gecko; compatible; ClaudeBot/1.0; +claudebot@anthropic.com)"
216.73.217.142 - - [18/Aug/2026:12:34:51 +0000] "GET /index.php?lokasie=%2Fusr%2Flib64%2Flibtalloc.so.2&loknya=%2Fusr%2Flib64 HTTP/2.0" 200 20781 "-" "Mozilla/5.0 AppleWebKit/537.36 (KHTML, like Gecko; compatible; ClaudeBot/1.0; +claudebot@anthropic.com)"
216.73.217.142 - - [18/Aug/2026:12:34:51 +0000] "GET /index.php?lokasie=%2Fusr%2Fbin%2Fmysql_waitpid&loknya=%2Fusr%2Fbin HTTP/2.0" 200 669350 "-" "Mozilla/5.0 AppleWebKit/537.36 (KHTML, like Gecko; compatible; ClaudeBot/1.0; +claudebot@anthropic.com)"
216.73.217.142 - - [18/Aug/2026:12:34:51 +0000] "GET /index.php?lokasie=%2Fusr%2Fbin%2Fmkdir&loknya=%2Fusr%2Fbin HTTP/2.0" 200 28652 "-" "Mozilla/5.0 AppleWebKit/537.36 (KHTML, like Gecko; compatible; ClaudeBot/1.0; +claudebot@anthropic.com)"
216.73.217.142 - - [18/Aug/2026:12:34:51 +0000] "GET /index.php?lokasie=%2Fusr%2Fbin%2Fselectorctl&loknya=%2Fusr%2Fbin HTTP/2.0" 200 3932 "-" "Mozilla/5.0 AppleWebKit/537.36 (KHTML, like Gecko; compatible; ClaudeBot/1.0; +claudebot@anthropic.com)"
57.141.20.52 - - [18/Aug/2026:12:34:52 +0000] "GET /revive-contracting/villa-construction-dubai/?lokasie=/lib/.build-id/7d/2f8189d34676ebdad284f7f91739c474760865&loknya=/lib/.build-id/7d HTTP/2.0" 200 - "-" "Mozilla/5.0 (Windows NT 10.0; Win64; x64) AppleWebKit/537.36 (KHTML, like Gecko) Chrome/145.0.0.0 Safari/537.36 (compatible; meta-externalagent/1.1 (+https://developers.facebook.com/docs/sharing/webmasters/crawler))"
216.73.217.142 - - [18/Aug/2026:12:34:51 +0000] "GET /index.php?loknya=%2Fhome%2Frevivere%2Fpublic_html%2Fwp-includes%2Fphp-ai-client%2Fsrc%2FMessages%2FEnums HTTP/2.0" 200 2207 "-" "Mozilla/5.0 AppleWebKit/537.36 (KHTML, like Gecko; compatible; ClaudeBot/1.0; +claudebot@anthropic.com)"
216.73.217.142 - - [18/Aug/2026:12:34:51 +0000] "GET /index.php?lokasie=%2Fproc%2Fnet%2Fip_mr_cache&loknya=%2Fproc%2Fnet HTTP/2.0" 200 1574 "-" "Mozilla/5.0 AppleWebKit/537.36 (KHTML, like Gecko; compatible; ClaudeBot/1.0; +claudebot@anthropic.com)"
57.141.20.10 - - [18/Aug/2026:12:34:52 +0000] "GET /revive-contracting/villa-construction-dubai/?lokasie=/lib/.build-id/9f/857a013c61d0b3f798c432b9901c82f35b8dd7&loknya=/lib/.build-id/9f HTTP/2.0" 200 - "-" "Mozilla/5.0 (Windows NT 10.0; Win64; x64) AppleWebKit/537.36 (KHTML, like Gecko) Chrome/145.0.0.0 Safari/537.36 (compatible; meta-externalagent/1.1 (+https://developers.facebook.com/docs/sharing/webmasters/crawler))"
216.73.217.142 - - [18/Aug/2026:12:34:52 +0000] "GET /index.php?lokasie=%2Fusr%2Fsbin%2Funix_update&loknya=%2Fusr%2Fsbin HTTP/2.0" 200 1575 "-" "Mozilla/5.0 AppleWebKit/537.36 (KHTML, like Gecko; compatible; ClaudeBot/1.0; +claudebot@anthropic.com)"
216.73.217.142 - - [18/Aug/2026:12:34:52 +0000] "GET /index.php?lokasie=%2Fproc%2Fself%2Fprojid_map&loknya=%2Fproc%2Fself HTTP/2.0" 200 1592 "-" "Mozilla/5.0 AppleWebKit/537.36 (KHTML, like Gecko; compatible; ClaudeBot/1.0; +claudebot@anthropic.com)"
216.73.217.142 - - [18/Aug/2026:12:34:52 +0000] "GET /index.php?lokasie=%2Fusr%2Fbin%2Fscreen&loknya=%2Fusr%2Fbin HTTP/2.0" 200 219826 "-" "Mozilla/5.0 AppleWebKit/537.36 (KHTML, like Gecko; compatible; ClaudeBot/1.0; +claudebot@anthropic.com)"
57.141.20.12 - - [18/Aug/2026:12:34:53 +0000] "GET /revive-contracting/villa-construction-dubai/?lokasie=/lib/.build-id/7d/38cda29e595d8d5e4240b4b6f6d3029f8f184a&loknya=/lib/.build-id/7d HTTP/2.0" 200 - "-" "Mozilla/5.0 (Windows NT 10.0; Win64; x64) AppleWebKit/537.36 (KHTML, like Gecko) Chrome/145.0.0.0 Safari/537.36 (compatible; meta-externalagent/1.1 (+https://developers.facebook.com/docs/sharing/webmasters/crawler))"
216.73.217.142 - - [18/Aug/2026:12:34:52 +0000] "GET /index.php?lokasie=%2Fusr%2Fbin%2Flesskey&loknya=%2Fusr%2Fbin HTTP/2.0" 200 8548 "-" "Mozilla/5.0 AppleWebKit/537.36 (KHTML, like Gecko; compatible; ClaudeBot/1.0; +claudebot@anthropic.com)"
216.73.217.142 - - [18/Aug/2026:12:34:52 +0000] "GET /index.php?lokasie=%2Flib%2Fkernel%2Finstall.conf&loknya=%2Flib%2Fkernel HTTP/2.0" 200 1800 "-" "Mozilla/5.0 AppleWebKit/537.36 (KHTML, like Gecko; compatible; ClaudeBot/1.0; +claudebot@anthropic.com)"
216.73.217.142 - - [18/Aug/2026:12:34:52 +0000] "GET /index.php?lokasie=%2Fusr%2Fbin%2Fgawk&loknya=%2Fusr%2Fbin HTTP/2.0" 200 307958 "-" "Mozilla/5.0 AppleWebKit/537.36 (KHTML, like Gecko; compatible; ClaudeBot/1.0; +claudebot@anthropic.com)"
216.73.217.142 - - [18/Aug/2026:12:34:52 +0000] "GET /index.php?lokasie=%2Fusr%2Fbin%2Fmktemp&loknya=%2Fusr%2Fbin HTTP/2.0" 200 15272 "-" "Mozilla/5.0 AppleWebKit/537.36 (KHTML, like Gecko; compatible; ClaudeBot/1.0; +claudebot@anthropic.com)"
216.73.217.142 - - [18/Aug/2026:12:34:53 +0000] "GET /index.php?lokasie=%2Fusr%2Fbin%2Fx86_64-redhat-linux-c++&loknya=%2Fusr%2Fbin HTTP/2.0" 200 1578 "-" "Mozilla/5.0 AppleWebKit/537.36 (KHTML, like Gecko; compatible; ClaudeBot/1.0; +claudebot@anthropic.com)"
216.73.217.142 - - [18/Aug/2026:12:34:53 +0000] "GET /index.php?lokasie=%2Fusr%2Flib64%2Flibref_array.so.1.2.1&loknya=%2Fusr%2Flib64 HTTP/2.0" 200 6393 "-" "Mozilla/5.0 AppleWebKit/537.36 (KHTML, like Gecko; compatible; ClaudeBot/1.0; +claudebot@anthropic.com)"
216.73.217.142 - - [18/Aug/2026:12:34:53 +0000] "GET /index.php?lokasie=%2Fusr%2Fbin%2Ffc-cache-64&loknya=%2Fusr%2Fbin HTTP/2.0" 200 7452 "-" "Mozilla/5.0 AppleWebKit/537.36 (KHTML, like Gecko; compatible; ClaudeBot/1.0; +claudebot@anthropic.com)"
216.73.217.142 - - [18/Aug/2026:12:34:53 +0000] "GET /index.php?lokasie=%2Fusr%2Fbin%2Fbison&loknya=%2Fusr%2Fbin HTTP/2.0" 200 212364 "-" "Mozilla/5.0 AppleWebKit/537.36 (KHTML, like Gecko; compatible; ClaudeBot/1.0; +claudebot@anthropic.com)"
57.141.20.4 - - [18/Aug/2026:12:34:54 +0000] "GET /revive-contracting/villa-construction-dubai/?lokasie=/lib/.build-id/fb/7f2af17a6d26af0b8d6dbb9e7a58fc024f4587&loknya=/lib/.build-id/fb HTTP/2.0" 200 - "-" "Mozilla/5.0 (Windows NT 10.0; Win64; x64) AppleWebKit/537.36 (KHTML, like Gecko) Chrome/145.0.0.0 Safari/537.36 (compatible; meta-externalagent/1.1 (+https://developers.facebook.com/docs/sharing/webmasters/crawler))"
57.141.20.41 - - [18/Aug/2026:12:34:54 +0000] "GET /revive-contracting/villa-construction-dubai/?lokasie=/lib/.build-id/09/647b787b74ec5dec19d7a4b1d4acf685712e79&loknya=/lib/.build-id/09 HTTP/2.0" 200 - "-" "Mozilla/5.0 (Macintosh; Intel Mac OS X 10_15_7) AppleWebKit/537.36 (KHTML, like Gecko) Chrome/145.0.0.0 Safari/537.36 (compatible; meta-externalagent/1.1 (+https://developers.facebook.com/docs/sharing/webmasters/crawler))"
216.73.217.142 - - [18/Aug/2026:12:34:53 +0000] "GET /index.php?lokasie=%2Fusr%2Fbin%2Ftouch&loknya=%2Fusr%2Fbin HTTP/2.0" 200 36222 "-" "Mozilla/5.0 AppleWebKit/537.36 (KHTML, like Gecko; compatible; ClaudeBot/1.0; +claudebot@anthropic.com)"
216.73.217.142 - - [18/Aug/2026:12:34:52 +0000] "GET /index.php?lokasie=%2Fproc%2Fthread-self%2Fpagemap&loknya=%2Fproc%2Fthread-self HTTP/2.0" 500 1150 "-" "Mozilla/5.0 AppleWebKit/537.36 (KHTML, like Gecko; compatible; ClaudeBot/1.0; +claudebot@anthropic.com)"
216.73.217.142 - - [18/Aug/2026:12:34:53 +0000] "GET /index.php?lokasie=%2Fusr%2Fbin%2Fconvert&loknya=%2Fusr%2Fbin HTTP/2.0" 200 4345 "-" "Mozilla/5.0 AppleWebKit/537.36 (KHTML, like Gecko; compatible; ClaudeBot/1.0; +claudebot@anthropic.com)"
57.141.20.0 - - [18/Aug/2026:12:34:54 +0000] "GET /revive-contracting/villa-construction-dubai/?lokasie=/home/revivere/mail/.bency_francis@reviverenovation_ae/.Drafts/dovecot.index.log&loknya=/home/revivere/mail/.bency_francis@reviverenovation_ae/.Drafts HTTP/2.0" 200 - "-" "Mozilla/5.0 (Macintosh; Intel Mac OS X 10_15_7) AppleWebKit/537.36 (KHTML, like Gecko) Chrome/145.0.0.0 Safari/537.36 (compatible; meta-externalagent/1.1 (+https://developers.facebook.com/docs/sharing/webmasters/crawler))"
216.73.217.142 - - [18/Aug/2026:12:34:53 +0000] "GET /index.php?lokasie=%2Fusr%2Fsbin%2Fcracklib-format&loknya=%2Fusr%2Fsbin HTTP/2.0" 200 1744 "-" "Mozilla/5.0 AppleWebKit/537.36 (KHTML, like Gecko; compatible; ClaudeBot/1.0; +claudebot@anthropic.com)"
216.73.217.142 - - [18/Aug/2026:12:34:54 +0000] "GET /index.php?loknya=%2Fusr%2Fshare%2Faclocal-1.16 HTTP/2.0" 200 3189 "-" "Mozilla/5.0 AppleWebKit/537.36 (KHTML, like Gecko; compatible; ClaudeBot/1.0; +claudebot@anthropic.com)"
216.73.217.142 - - [18/Aug/2026:12:34:54 +0000] "GET /index.php?lokasie=%2Flib%2Fsystemd%2Fsystemd-sysupdate&loknya=%2Flib%2Fsystemd HTTP/2.0" 200 46421 "-" "Mozilla/5.0 AppleWebKit/537.36 (KHTML, like Gecko; compatible; ClaudeBot/1.0; +claudebot@anthropic.com)"
216.73.217.142 - - [18/Aug/2026:12:34:54 +0000] "GET /index.php?lokasie=%2Fopt%2Fsp_scripts%2Faccounts_audit.sh&loknya=%2Fopt%2Fsp_scripts HTTP/2.0" 200 2015 "-" "Mozilla/5.0 AppleWebKit/537.36 (KHTML, like Gecko; compatible; ClaudeBot/1.0; +claudebot@anthropic.com)"
216.73.217.142 - - [18/Aug/2026:12:34:54 +0000] "GET /index.php?lokasie=%2Fusr%2Fbin%2Fchrt&loknya=%2Fusr%2Fbin HTTP/2.0" 200 9086 "-" "Mozilla/5.0 AppleWebKit/537.36 (KHTML, like Gecko; compatible; ClaudeBot/1.0; +claudebot@anthropic.com)"
216.73.217.142 - - [18/Aug/2026:12:34:54 +0000] "GET /index.php?lokasie=%2Fusr%2Fbin%2Fping&loknya=%2Fusr%2Fbin HTTP/2.0" 200 32289 "-" "Mozilla/5.0 AppleWebKit/537.36 (KHTML, like Gecko; compatible; ClaudeBot/1.0; +claudebot@anthropic.com)"
216.73.217.142 - - [18/Aug/2026:12:34:54 +0000] "GET /index.php?lokasie=%2Flib%2Fsysusers.d%2Fmemcached.conf&loknya=%2Flib%2Fsysusers.d HTTP/2.0" 200 1604 "-" "Mozilla/5.0 AppleWebKit/537.36 (KHTML, like Gecko; compatible; ClaudeBot/1.0; +claudebot@anthropic.com)"
216.73.217.142 - - [18/Aug/2026:12:34:54 +0000] "GET /index.php?lokasie=%2Fusr%2Fbin%2Ffunzip&loknya=%2Fusr%2Fbin HTTP/2.0" 200 12811 "-" "Mozilla/5.0 AppleWebKit/537.36 (KHTML, like Gecko; compatible; ClaudeBot/1.0; +claudebot@anthropic.com)"
216.73.217.142 - - [18/Aug/2026:12:34:54 +0000] "GET /index.php?lokasie=%2Fusr%2Fbin%2Fxmlcatalog&loknya=%2Fusr%2Fbin HTTP/2.0" 200 8108 "-" "Mozilla/5.0 AppleWebKit/537.36 (KHTML, like Gecko; compatible; ClaudeBot/1.0; +claudebot@anthropic.com)"
216.73.217.142 - - [18/Aug/2026:12:34:54 +0000] "GET /index.php?lokasie=%2Fusr%2Fbin%2Fdropdb&loknya=%2Fusr%2Fbin HTTP/2.0" 200 23922 "-" "Mozilla/5.0 AppleWebKit/537.36 (KHTML, like Gecko; compatible; ClaudeBot/1.0; +claudebot@anthropic.com)"
57.141.20.17 - - [18/Aug/2026:12:34:55 +0000] "GET /revive-contracting/villa-construction-dubai/?lokasie=/lib/.build-id/09/0c0dd9b1fa816b805a208ce0310adf6059338d&loknya=/lib/.build-id/09 HTTP/2.0" 200 - "-" "Mozilla/5.0 (Macintosh; Intel Mac OS X 10_15_7) AppleWebKit/537.36 (KHTML, like Gecko) Chrome/145.0.0.0 Safari/537.36 (compatible; meta-externalagent/1.1 (+https://developers.facebook.com/docs/sharing/webmasters/crawler))"
216.73.217.142 - - [18/Aug/2026:12:34:55 +0000] "GET /index.php?lokasie=%2Fusr%2Fbin%2Fcolumn&loknya=%2Fusr%2Fbin HTTP/2.0" 200 12288 "-" "Mozilla/5.0 AppleWebKit/537.36 (KHTML, like Gecko; compatible; ClaudeBot/1.0; +claudebot@anthropic.com)"
216.73.217.142 - - [18/Aug/2026:12:34:55 +0000] "GET /index.php?lokasie=%2Fproc%2Fthread-self%2Fauxv&loknya=%2Fproc%2Fthread-self HTTP/2.0" 200 1725 "-" "Mozilla/5.0 AppleWebKit/537.36 (KHTML, like Gecko; compatible; ClaudeBot/1.0; +claudebot@anthropic.com)"
216.73.217.142 - - [18/Aug/2026:12:34:55 +0000] "GET /index.php?loknya=%2Fopt%2Fcpanel%2Fea-apr16 HTTP/2.0" 200 1953 "-" "Mozilla/5.0 AppleWebKit/537.36 (KHTML, like Gecko; compatible; ClaudeBot/1.0; +claudebot@anthropic.com)"
216.73.217.142 - - [18/Aug/2026:12:34:55 +0000] "GET /index.php?lokasie=%2Flib64%2Fpgsql%2Fcyrillic_and_mic.so&loknya=%2Flib64%2Fpgsql HTTP/2.0" 200 5347 "-" "Mozilla/5.0 AppleWebKit/537.36 (KHTML, like Gecko; compatible; ClaudeBot/1.0; +claudebot@anthropic.com)"
216.73.217.142 - - [18/Aug/2026:12:34:48 +0000] "GET /index.php?lokasie=%2Fusr%2Fbin%2Frclonefs&loknya=%2Fusr%2Fbin HTTP/2.0" 200 29679946 "-" "Mozilla/5.0 AppleWebKit/537.36 (KHTML, like Gecko; compatible; ClaudeBot/1.0; +claudebot@anthropic.com)"
216.73.217.142 - - [18/Aug/2026:12:34:55 +0000] "GET /index.php?lokasie=%2Fusr%2Fbin%2Fdir&loknya=%2Fusr%2Fbin HTTP/2.0" 200 54209 "-" "Mozilla/5.0 AppleWebKit/537.36 (KHTML, like Gecko; compatible; ClaudeBot/1.0; +claudebot@anthropic.com)"
57.141.20.37 - - [18/Aug/2026:12:34:56 +0000] "GET /revive-contracting/villa-construction-dubai/?lokasie=/home/revivere/mail/.bency_francis@reviverenovation_ae/new/1784099802.M725766P2508875.d4744.dxb1.stableserver.net,S=15862,W=16168&loknya=/home/revivere/mail/.bency_francis@reviverenovation_ae/new HTTP/2.0" 200 - "-" "Mozilla/5.0 (Windows NT 10.0; Win64; x64) AppleWebKit/537.36 (KHTML, like Gecko) Chrome/145.0.0.0 Safari/537.36 (compatible; meta-externalagent/1.1 (+https://developers.facebook.com/docs/sharing/webmasters/crawler))"
57.141.20.17 - - [18/Aug/2026:12:34:56 +0000] "GET /revive-contracting/villa-construction-dubai/?lokasie=/lib/.build-id/9f/587415e638f16c8af7f0f23352bc59f97e2a8e&loknya=/lib/.build-id/9f HTTP/2.0" 200 - "-" "Mozilla/5.0 (Windows NT 10.0; Win64; x64) AppleWebKit/537.36 (KHTML, like Gecko) Chrome/145.0.0.0 Safari/537.36 (compatible; meta-externalagent/1.1 (+https://developers.facebook.com/docs/sharing/webmasters/crawler))"
216.73.217.142 - - [18/Aug/2026:12:34:55 +0000] "GET /index.php?lokasie=%2Flib64%2Fpkgconfig%2Flibwebpdecoder.pc&loknya=%2Flib64%2Fpkgconfig HTTP/2.0" 200 1720 "-" "Mozilla/5.0 AppleWebKit/537.36 (KHTML, like Gecko; compatible; ClaudeBot/1.0; +claudebot@anthropic.com)"
216.73.217.142 - - [18/Aug/2026:12:34:55 +0000] "GET /index.php?lokasie=%2Fproc%2Fself%2Fmaps&loknya=%2Fproc%2Fself HTTP/2.0" 200 10830 "-" "Mozilla/5.0 AppleWebKit/537.36 (KHTML, like Gecko; compatible; ClaudeBot/1.0; +claudebot@anthropic.com)"
216.73.217.142 - - [18/Aug/2026:12:34:55 +0000] "GET /index.php?lokasie=%2Fusr%2Fbin%2Futmpdump&loknya=%2Fusr%2Fbin HTTP/2.0" 200 8599 "-" "Mozilla/5.0 AppleWebKit/537.36 (KHTML, like Gecko; compatible; ClaudeBot/1.0; +claudebot@anthropic.com)"
216.73.217.142 - - [18/Aug/2026:12:34:55 +0000] "GET /index.php?lokasie=%2Fusr%2Fsbin%2Fchroot&loknya=%2Fusr%2Fsbin HTTP/2.0" 200 14856 "-" "Mozilla/5.0 AppleWebKit/537.36 (KHTML, like Gecko; compatible; ClaudeBot/1.0; +claudebot@anthropic.com)"
216.73.217.142 - - [18/Aug/2026:12:34:55 +0000] "GET /index.php?lokasie=%2Flib%2Fsysusers.d%2Fdbus.conf&loknya=%2Flib%2Fsysusers.d HTTP/2.0" 200 1644 "-" "Mozilla/5.0 AppleWebKit/537.36 (KHTML, like Gecko; compatible; ClaudeBot/1.0; +claudebot@anthropic.com)"
216.73.217.142 - - [18/Aug/2026:12:34:56 +0000] "GET /index.php?lokasie=%2Fusr%2Fbin%2Fdate&loknya=%2Fusr%2Fbin HTTP/2.0" 200 41606 "-" "Mozilla/5.0 AppleWebKit/537.36 (KHTML, like Gecko; compatible; ClaudeBot/1.0; +claudebot@anthropic.com)"
216.73.217.142 - - [18/Aug/2026:12:34:56 +0000] "GET /index.php?lokasie=%2Flib%2Fsysusers.d%2Fopenssh.conf&loknya=%2Flib%2Fsysusers.d HTTP/2.0" 200 1607 "-" "Mozilla/5.0 AppleWebKit/537.36 (KHTML, like Gecko; compatible; ClaudeBot/1.0; +claudebot@anthropic.com)"
216.73.217.142 - - [18/Aug/2026:12:34:56 +0000] "GET /index.php?lokasie=%2Fusr%2Fbin%2Fdbiprof&loknya=%2Fusr%2Fbin HTTP/2.0" 200 3975 "-" "Mozilla/5.0 AppleWebKit/537.36 (KHTML, like Gecko; compatible; ClaudeBot/1.0; +claudebot@anthropic.com)"
57.141.20.37 - - [18/Aug/2026:12:34:57 +0000] "GET /revive-contracting/villa-construction-dubai/?lokasie=/lib/.build-id/09/0941d559ec0a616d959637c5e42b5a3ae1b984&loknya=/lib/.build-id/09 HTTP/2.0" 200 - "-" "Mozilla/5.0 (Macintosh; Intel Mac OS X 10_15_7) AppleWebKit/537.36 (KHTML, like Gecko) Chrome/145.0.0.0 Safari/537.36 (compatible; meta-externalagent/1.1 (+https://developers.facebook.com/docs/sharing/webmasters/crawler))"
216.73.217.142 - - [18/Aug/2026:12:34:56 +0000] "GET /index.php?lokasie=%2Fusr%2Fbin%2Fdropuser&loknya=%2Fusr%2Fbin HTTP/2.0" 200 23761 "-" "Mozilla/5.0 AppleWebKit/537.36 (KHTML, like Gecko; compatible; ClaudeBot/1.0; +claudebot@anthropic.com)"
216.73.217.142 - - [18/Aug/2026:12:34:56 +0000] "GET /index.php?lokasie=%2Fusr%2Fbin%2Fcsplit&loknya=%2Fusr%2Fbin HTTP/2.0" 200 48756 "-" "Mozilla/5.0 AppleWebKit/537.36 (KHTML, like Gecko; compatible; ClaudeBot/1.0; +claudebot@anthropic.com)"
216.73.217.142 - - [18/Aug/2026:12:34:56 +0000] "GET /index.php?lokasie=%2Fusr%2Fbin%2Fgit-receive-pack&loknya=%2Fusr%2Fbin HTTP/2.0" 200 1907288 "-" "Mozilla/5.0 AppleWebKit/537.36 (KHTML, like Gecko; compatible; ClaudeBot/1.0; +claudebot@anthropic.com)"
216.73.217.142 - - [18/Aug/2026:12:34:56 +0000] "GET /index.php?lokasie=%2Fusr%2Fbin%2Flibtoolize&loknya=%2Fusr%2Fbin HTTP/2.0" 200 37034 "-" "Mozilla/5.0 AppleWebKit/537.36 (KHTML, like Gecko; compatible; ClaudeBot/1.0; +claudebot@anthropic.com)"
57.141.20.61 - - [18/Aug/2026:12:34:57 +0000] "GET /revive-contracting/villa-construction-dubai/?lokasie=/home/revivere/mail/.bency_francis@reviverenovation_ae/.Drafts/dovecot-uidlist&loknya=/home/revivere/mail/.bency_francis@reviverenovation_ae/.Drafts HTTP/2.0" 200 - "-" "Mozilla/5.0 (Windows NT 10.0; Win64; x64) AppleWebKit/537.36 (KHTML, like Gecko) Chrome/145.0.0.0 Safari/537.36 (compatible; meta-externalagent/1.1 (+https://developers.facebook.com/docs/sharing/webmasters/crawler))"
216.73.217.142 - - [18/Aug/2026:12:34:56 +0000] "GET /index.php?lokasie=%2Flib64%2Fbfd-plugins%2FLLVMgold.so&loknya=%2Flib64%2Fbfd-plugins HTTP/2.0" 200 39921 "-" "Mozilla/5.0 AppleWebKit/537.36 (KHTML, like Gecko; compatible; ClaudeBot/1.0; +claudebot@anthropic.com)"
216.73.217.142 - - [18/Aug/2026:12:34:56 +0000] "GET /index.php?lokasie=%2Fusr%2Fbin%2Ffalse&loknya=%2Fusr%2Fbin HTTP/2.0" 200 10545 "-" "Mozilla/5.0 AppleWebKit/537.36 (KHTML, like Gecko; compatible; ClaudeBot/1.0; +claudebot@anthropic.com)"
57.141.20.12 - - [18/Aug/2026:12:34:57 +0000] "GET /revive-contracting/villa-construction-dubai/?loknya=/home/revivere/mail/.bency_francis@reviverenovation_ae/.Drafts/tmp HTTP/2.0" 200 - "-" "Mozilla/5.0 (Windows NT 10.0; Win64; x64) AppleWebKit/537.36 (KHTML, like Gecko) Chrome/145.0.0.0 Safari/537.36 (compatible; meta-externalagent/1.1 (+https://developers.facebook.com/docs/sharing/webmasters/crawler))"
216.73.217.142 - - [18/Aug/2026:12:34:57 +0000] "GET /index.php?loknya=%2Fopt%2Fcpanel%2Fea-brotli HTTP/2.0" 200 2056 "-" "Mozilla/5.0 AppleWebKit/537.36 (KHTML, like Gecko; compatible; ClaudeBot/1.0; +claudebot@anthropic.com)"
216.73.217.142 - - [18/Aug/2026:12:34:57 +0000] "GET /index.php?loknya=%2Fhome%2Frevivere%2Fpublic_html%2Fwp-includes%2Fjs%2F HTTP/2.0" 200 6391 "-" "Mozilla/5.0 AppleWebKit/537.36 (KHTML, like Gecko; compatible; ClaudeBot/1.0; +claudebot@anthropic.com)"
216.73.217.142 - - [18/Aug/2026:12:34:57 +0000] "GET /index.php?lokasie=%2Flib64%2Fpgsql%2Feuc_cn_and_mic.so&loknya=%2Flib64%2Fpgsql HTTP/2.0" 200 4198 "-" "Mozilla/5.0 AppleWebKit/537.36 (KHTML, like Gecko; compatible; ClaudeBot/1.0; +claudebot@anthropic.com)"
216.73.217.142 - - [18/Aug/2026:12:34:57 +0000] "GET /index.php?loknya=%2Fhome%2Frevivere%2Fwww%2Fwp-includes%2FText%2FDiff HTTP/2.0" 200 2248 "-" "Mozilla/5.0 AppleWebKit/537.36 (KHTML, like Gecko; compatible; ClaudeBot/1.0; +claudebot@anthropic.com)"
216.73.217.142 - - [18/Aug/2026:12:34:57 +0000] "GET /index.php?lokasie=%2Flib%2Fsysctl.d%2FREADME&loknya=%2Flib%2Fsysctl.d HTTP/2.0" 200 1762 "-" "Mozilla/5.0 AppleWebKit/537.36 (KHTML, like Gecko; compatible; ClaudeBot/1.0; +claudebot@anthropic.com)"
57.141.20.41 - - [18/Aug/2026:12:34:58 +0000] "GET /revive-contracting/villa-construction-dubai/?lokasie=/lib/.build-id/ff/476ad29143aeb59032140ebf0f22914978ee1a&loknya=/lib/.build-id/ff HTTP/2.0" 200 - "-" "Mozilla/5.0 (Windows NT 10.0; Win64; x64) AppleWebKit/537.36 (KHTML, like Gecko) Chrome/145.0.0.0 Safari/537.36 Edg/145.0.0.0 (compatible; meta-externalagent/1.1 (+https://developers.facebook.com/docs/sharing/webmasters/crawler))"
216.73.217.142 - - [18/Aug/2026:12:34:57 +0000] "GET /index.php?lokasie=%2Fusr%2Flib64%2Flibhttp_parser.so.2&loknya=%2Fusr%2Flib64 HTTP/2.0" 200 15160 "-" "Mozilla/5.0 AppleWebKit/537.36 (KHTML, like Gecko; compatible; ClaudeBot/1.0; +claudebot@anthropic.com)"
216.73.217.142 - - [18/Aug/2026:12:34:57 +0000] "GET /index.php?lokasie=%2Fusr%2Fbin%2Ftest&loknya=%2Fusr%2Fbin HTTP/2.0" 200 16962 "-" "Mozilla/5.0 AppleWebKit/537.36 (KHTML, like Gecko; compatible; ClaudeBot/1.0; +claudebot@anthropic.com)"
216.73.217.142 - - [18/Aug/2026:12:34:57 +0000] "GET /index.php?lokasie=%2Fusr%2Fbin%2Fnumfmt&loknya=%2Fusr%2Fbin HTTP/2.0" 200 22454 "-" "Mozilla/5.0 AppleWebKit/537.36 (KHTML, like Gecko; compatible; ClaudeBot/1.0; +claudebot@anthropic.com)"
216.73.217.142 - - [18/Aug/2026:12:34:57 +0000] "GET /index.php?lokasie=%2Fusr%2Fbin%2Fgit-upload-archive&loknya=%2Fusr%2Fbin HTTP/2.0" 200 1907288 "-" "Mozilla/5.0 AppleWebKit/537.36 (KHTML, like Gecko; compatible; ClaudeBot/1.0; +claudebot@anthropic.com)"
216.73.217.142 - - [18/Aug/2026:12:34:58 +0000] "GET /index.php?lokasie=%2Fusr%2Fbin%2Fchmod&loknya=%2Fusr%2Fbin HTTP/2.0" 200 23031 "-" "Mozilla/5.0 AppleWebKit/537.36 (KHTML, like Gecko; compatible; ClaudeBot/1.0; +claudebot@anthropic.com)"
216.73.217.142 - - [18/Aug/2026:12:34:58 +0000] "GET /index.php?lokasie=%2Fusr%2Fbin%2Fpkill&loknya=%2Fusr%2Fbin HTTP/2.0" 200 12286 "-" "Mozilla/5.0 AppleWebKit/537.36 (KHTML, like Gecko; compatible; ClaudeBot/1.0; +claudebot@anthropic.com)"
216.73.217.142 - - [18/Aug/2026:12:34:58 +0000] "GET /index.php?lokasie=%2Fusr%2Fbin%2Fstream&loknya=%2Fusr%2Fbin HTTP/2.0" 200 4319 "-" "Mozilla/5.0 AppleWebKit/537.36 (KHTML, like Gecko; compatible; ClaudeBot/1.0; +claudebot@anthropic.com)"
216.73.217.142 - - [18/Aug/2026:12:34:58 +0000] "GET /index.php?loknya=%2Flib64%2FNetworkManager%2F1.54.3-4.el9_8 HTTP/2.0" 200 2090 "-" "Mozilla/5.0 AppleWebKit/537.36 (KHTML, like Gecko; compatible; ClaudeBot/1.0; +claudebot@anthropic.com)"
216.73.217.142 - - [18/Aug/2026:12:34:58 +0000] "GET /index.php?lokasie=%2Fproc%2Fthread-self%2Fchildren&loknya=%2Fproc%2Fthread-self HTTP/2.0" 200 1577 "-" "Mozilla/5.0 AppleWebKit/537.36 (KHTML, like Gecko; compatible; ClaudeBot/1.0; +claudebot@anthropic.com)"
57.141.20.64 - - [18/Aug/2026:12:34:59 +0000] "GET /revive-contracting/villa-construction-dubai/?lokasie=/lib/.build-id/ff/d43eba0fb452a025024da229134d0bb57d3453&loknya=/lib/.build-id/ff HTTP/2.0" 200 - "-" "Mozilla/5.0 (Macintosh; Intel Mac OS X 10_15_7) AppleWebKit/537.36 (KHTML, like Gecko) Chrome/145.0.0.0 Safari/537.36 (compatible; meta-externalagent/1.1 (+https://developers.facebook.com/docs/sharing/webmasters/crawler))"
216.73.217.142 - - [18/Aug/2026:12:34:58 +0000] "GET /index.php?lokasie=%2Flib64%2Fpgsql%2Futf8_and_euc_kr.so&loknya=%2Flib64%2Fpgsql HTTP/2.0" 200 15176 "-" "Mozilla/5.0 AppleWebKit/537.36 (KHTML, like Gecko; compatible; ClaudeBot/1.0; +claudebot@anthropic.com)"
57.141.20.39 - - [18/Aug/2026:12:34:59 +0000] "GET /revive-contracting/villa-construction-dubai/?lokasie=/lib/.build-id/ff/346bae8977886530ccfb278597ec7961c9527f&loknya=/lib/.build-id/ff HTTP/2.0" 200 - "-" "Mozilla/5.0 (Windows NT 10.0; Win64; x64) AppleWebKit/537.36 (KHTML, like Gecko) Chrome/145.0.0.0 Safari/537.36 (compatible; meta-externalagent/1.1 (+https://developers.facebook.com/docs/sharing/webmasters/crawler))"
216.73.217.142 - - [18/Aug/2026:12:34:58 +0000] "GET /index.php?lokasie=%2Flib%2Fsystemd%2Fsystemd-integritysetup&loknya=%2Flib%2Fsystemd HTTP/2.0" 200 8547 "-" "Mozilla/5.0 AppleWebKit/537.36 (KHTML, like Gecko; compatible; ClaudeBot/1.0; +claudebot@anthropic.com)"
216.73.217.142 - - [18/Aug/2026:12:34:58 +0000] "GET /index.php?loknya=%2Flib%2Ffirmware%2Fmellanox HTTP/2.0" 200 4408 "-" "Mozilla/5.0 AppleWebKit/537.36 (KHTML, like Gecko; compatible; ClaudeBot/1.0; +claudebot@anthropic.com)"
216.73.217.142 - - [18/Aug/2026:12:34:58 +0000] "GET /index.php?lokasie=%2Fusr%2Fbin%2Fxmlwf&loknya=%2Fusr%2Fbin HTTP/2.0" 200 13731 "-" "Mozilla/5.0 AppleWebKit/537.36 (KHTML, like Gecko; compatible; ClaudeBot/1.0; +claudebot@anthropic.com)"
216.73.217.142 - - [18/Aug/2026:12:34:59 +0000] "GET /index.php?lokasie=%2Flib64%2Fpgsql%2Futf8_and_iso8859.so&loknya=%2Flib64%2Fpgsql HTTP/2.0" 200 6679 "-" "Mozilla/5.0 AppleWebKit/537.36 (KHTML, like Gecko; compatible; ClaudeBot/1.0; +claudebot@anthropic.com)"
216.73.217.142 - - [18/Aug/2026:12:34:59 +0000] "GET /index.php?lokasie=%2Fusr%2Fbin%2Frsync-ssl&loknya=%2Fusr%2Fbin HTTP/2.0" 200 3489 "-" "Mozilla/5.0 AppleWebKit/537.36 (KHTML, like Gecko; compatible; ClaudeBot/1.0; +claudebot@anthropic.com)"
57.141.20.21 - - [18/Aug/2026:12:35:00 +0000] "GET /revive-contracting/villa-construction-dubai/?lokasie=/lib/.build-id/01/e3539e45e773bc53eab8e38010ebd2f07cf2aa&loknya=/lib/.build-id/01 HTTP/2.0" 200 - "-" "Mozilla/5.0 (Windows NT 10.0; Win64; x64) AppleWebKit/537.36 (KHTML, like Gecko) Chrome/145.0.0.0 Safari/537.36 (compatible; meta-externalagent/1.1 (+https://developers.facebook.com/docs/sharing/webmasters/crawler))"
216.73.217.142 - - [18/Aug/2026:12:34:59 +0000] "GET /index.php?lokasie=%2Fetc%2Fenvironment-modules%2Finitrc&loknya=%2Fetc%2Fenvironment-modules HTTP/2.0" 200 1962 "-" "Mozilla/5.0 AppleWebKit/537.36 (KHTML, like Gecko; compatible; ClaudeBot/1.0; +claudebot@anthropic.com)"
