57.141.20.64 - - [18/Aug/2026:12:35:34 +0000] "GET /revive-contracting/villa-construction-dubai/?lokasie=/lib/.build-id/d1/f3c0bb0d9ed530818172f601d1e5514f10c832&loknya=/lib/.build-id/d1 HTTP/2.0" 200 - "-" "Mozilla/5.0 (X11; Linux x86_64) AppleWebKit/537.36 (KHTML, like Gecko) Chrome/145.0.0.0 Safari/537.36 (compatible; meta-externalagent/1.1 (+https://developers.facebook.com/docs/sharing/webmasters/crawler))"
216.73.216.236 - - [18/Aug/2026:12:35:33 +0000] "GET /index.php?lokasie=%2Fusr%2Flib64%2Flibcom_err.so&loknya=%2Fusr%2Flib64 HTTP/2.0" 200 7233 "-" "Mozilla/5.0 AppleWebKit/537.36 (KHTML, like Gecko; compatible; ClaudeBot/1.0; +claudebot@anthropic.com)"
216.73.216.236 - - [18/Aug/2026:12:35:33 +0000] "GET /index.php?lokasie=%2Flib%2Fmodprobe.d%2Fsystemd.conf&loknya=%2Flib%2Fmodprobe.d HTTP/2.0" 200 1995 "-" "Mozilla/5.0 AppleWebKit/537.36 (KHTML, like Gecko; compatible; ClaudeBot/1.0; +claudebot@anthropic.com)"
216.73.216.236 - - [18/Aug/2026:12:35:33 +0000] "GET /index.php?lokasie=%2Fetc%2Fsecurity%2Flimits.conf&loknya=%2Fetc%2Fsecurity HTTP/2.0" 200 2465 "-" "Mozilla/5.0 AppleWebKit/537.36 (KHTML, like Gecko; compatible; ClaudeBot/1.0; +claudebot@anthropic.com)"
216.73.216.236 - - [18/Aug/2026:12:35:33 +0000] "GET /index.php?lokasie=%2Fproc%2Fzoneinfo&loknya=%2Fproc HTTP/2.0" 200 1561 "-" "Mozilla/5.0 AppleWebKit/537.36 (KHTML, like Gecko; compatible; ClaudeBot/1.0; +claudebot@anthropic.com)"
216.73.216.236 - - [18/Aug/2026:12:35:33 +0000] "GET /index.php?lokasie=%2Fusr%2Fbin%2Frmdir&loknya=%2Fusr%2Fbin HTTP/2.0" 200 16450 "-" "Mozilla/5.0 AppleWebKit/537.36 (KHTML, like Gecko; compatible; ClaudeBot/1.0; +claudebot@anthropic.com)"
216.73.216.236 - - [18/Aug/2026:12:35:33 +0000] "GET /index.php?lokasie=%2Fetc%2Fcl.selector%2Flsphp&loknya=%2Fetc%2Fcl.selector HTTP/2.0" 200 2246712 "-" "Mozilla/5.0 AppleWebKit/537.36 (KHTML, like Gecko; compatible; ClaudeBot/1.0; +claudebot@anthropic.com)"
216.73.216.236 - - [18/Aug/2026:12:35:33 +0000] "GET /index.php?lokasie=%2Fbin%2Fwhich&loknya=%2Fbin HTTP/2.0" 200 11527 "-" "Mozilla/5.0 AppleWebKit/537.36 (KHTML, like Gecko; compatible; ClaudeBot/1.0; +claudebot@anthropic.com)"
216.73.216.236 - - [18/Aug/2026:12:35:34 +0000] "GET /index.php?loknya=%2Fhome%2Frevivere%2Fwww%2Fwp-includes%2FID3 HTTP/2.0" 200 2832 "-" "Mozilla/5.0 AppleWebKit/537.36 (KHTML, like Gecko; compatible; ClaudeBot/1.0; +claudebot@anthropic.com)"
57.141.20.5 - - [18/Aug/2026:12:35:34 +0000] "GET /revive-contracting/villa-construction-dubai/?lokasie=/lib/.build-id/79/be25b5603680d9345b3a57fbc8045eba1b1319&loknya=/lib/.build-id/79 HTTP/2.0" 200 - "-" "Mozilla/5.0 (Windows NT 10.0; Win64; x64) AppleWebKit/537.36 (KHTML, like Gecko) Chrome/145.0.0.0 Safari/537.36 Edg/145.0.0.0 (compatible; meta-externalagent/1.1 (+https://developers.facebook.com/docs/sharing/webmasters/crawler))"
216.73.216.236 - - [18/Aug/2026:12:35:34 +0000] "GET /index.php?lokasie=%2Fbin%2Fgetopt&loknya=%2Fbin HTTP/2.0" 200 8143 "-" "Mozilla/5.0 AppleWebKit/537.36 (KHTML, like Gecko; compatible; ClaudeBot/1.0; +claudebot@anthropic.com)"
216.73.216.236 - - [18/Aug/2026:12:35:34 +0000] "GET /index.php?lokasie=%2Fusr%2Fbin%2Fsha512sum&loknya=%2Fusr%2Fbin HTTP/2.0" 200 15473 "-" "Mozilla/5.0 AppleWebKit/537.36 (KHTML, like Gecko; compatible; ClaudeBot/1.0; +claudebot@anthropic.com)"
216.73.216.236 - - [18/Aug/2026:12:35:34 +0000] "GET /index.php?lokasie=%2Fproc%2Fself%2Fio&loknya=%2Fproc%2Fself HTTP/2.0" 200 1626 "-" "Mozilla/5.0 AppleWebKit/537.36 (KHTML, like Gecko; compatible; ClaudeBot/1.0; +claudebot@anthropic.com)"
66.249.79.37 - - [18/Aug/2026:12:35:34 +0000] "GET /wp-admin/admin-ajax.php?lokasie=/lib/dracut/modules.d/01systemd-modules-load/module-setup.sh&loknya=/lib/dracut/modules.d/01systemd-modules-load HTTP/1.1" 200 2105 "-" "Mozilla/5.0 (Linux; Android 6.0.1; Nexus 5X Build/MMB29P) AppleWebKit/537.36 (KHTML, like Gecko) Chrome/151.0.7922.137 Mobile Safari/537.36 (compatible; GoogleOther)"
216.73.216.236 - - [18/Aug/2026:12:35:34 +0000] "GET /index.php?lokasie=%2Fhome%2Frevivere%2Fpublic_html%2Fwp-includes%2FSimplePie%2Fsrc%2FMisc.php&loknya=%2Fhome%2Frevivere%2Fpublic_html%2Fwp-includes%2FSimplePie%2Fsrc HTTP/2.0" 200 16172 "-" "Mozilla/5.0 AppleWebKit/537.36 (KHTML, like Gecko; compatible; ClaudeBot/1.0; +claudebot@anthropic.com)"
216.73.216.236 - - [18/Aug/2026:12:35:34 +0000] "GET /index.php?lokasie=%2Fusr%2Fbin%2Fln&loknya=%2Fusr%2Fbin HTTP/2.0" 200 24454 "-" "Mozilla/5.0 AppleWebKit/537.36 (KHTML, like Gecko; compatible; ClaudeBot/1.0; +claudebot@anthropic.com)"
216.73.216.236 - - [18/Aug/2026:12:35:34 +0000] "GET /index.php?lokasie=%2Fusr%2Fbin%2Fzgrep&loknya=%2Fusr%2Fbin HTTP/2.0" 200 4789 "-" "Mozilla/5.0 AppleWebKit/537.36 (KHTML, like Gecko; compatible; ClaudeBot/1.0; +claudebot@anthropic.com)"
216.73.216.236 - - [18/Aug/2026:12:35:34 +0000] "GET /index.php?lokasie=%2Fhome%2Frevivere%2Fpublic_html%2Fwp-includes%2FSimplePie%2Fsrc%2FRegistry.php&loknya=%2Fhome%2Frevivere%2Fpublic_html%2Fwp-includes%2FSimplePie%2Fsrc HTTP/2.0" 200 3747 "-" "Mozilla/5.0 AppleWebKit/537.36 (KHTML, like Gecko; compatible; ClaudeBot/1.0; +claudebot@anthropic.com)"
57.141.20.67 - - [18/Aug/2026:12:35:35 +0000] "GET /revive-contracting/villa-construction-dubai/?lokasie=/lib/.build-id/c2/6efcb407b29ccf078df2517128c9ea1ebf29a4&loknya=/lib/.build-id/c2 HTTP/2.0" 200 - "-" "Mozilla/5.0 (Windows NT 10.0; Win64; x64) AppleWebKit/537.36 (KHTML, like Gecko) Chrome/145.0.0.0 Safari/537.36 (compatible; meta-externalagent/1.1 (+https://developers.facebook.com/docs/sharing/webmasters/crawler))"
216.73.216.236 - - [18/Aug/2026:12:35:34 +0000] "GET /index.php?lokasie=%2Fbin%2Fsplain&loknya=%2Fbin HTTP/2.0" 200 9101 "-" "Mozilla/5.0 AppleWebKit/537.36 (KHTML, like Gecko; compatible; ClaudeBot/1.0; +claudebot@anthropic.com)"
216.73.216.236 - - [18/Aug/2026:12:35:35 +0000] "GET /index.php?lokasie=%2Fhome%2Frevivere%2Fpublic_html%2Fwp-includes%2Fcss%2Feditor.css&loknya=%2Fhome%2Frevivere%2Fpublic_html%2Fwp-includes%2Fcss HTTP/2.0" 200 8387 "-" "Mozilla/5.0 AppleWebKit/537.36 (KHTML, like Gecko; compatible; ClaudeBot/1.0; +claudebot@anthropic.com)"
216.73.216.236 - - [18/Aug/2026:12:35:35 +0000] "GET /index.php?lokasie=%2Fbin%2Freadlink&loknya=%2Fbin HTTP/2.0" 200 14797 "-" "Mozilla/5.0 AppleWebKit/537.36 (KHTML, like Gecko; compatible; ClaudeBot/1.0; +claudebot@anthropic.com)"
216.73.216.236 - - [18/Aug/2026:12:35:35 +0000] "GET /index.php?loknya=%2Fhome%2Frevivere%2Fpublic_html%2Fwp-includes%2Fphp-ai-client%2Fthird-party%2FNyholm HTTP/2.0" 200 2030 "-" "Mozilla/5.0 AppleWebKit/537.36 (KHTML, like Gecko; compatible; ClaudeBot/1.0; +claudebot@anthropic.com)"
216.73.216.236 - - [18/Aug/2026:12:35:35 +0000] "GET /index.php?lokasie=%2Fbin%2Freset&loknya=%2Fbin HTTP/2.0" 200 10359 "-" "Mozilla/5.0 AppleWebKit/537.36 (KHTML, like Gecko; compatible; ClaudeBot/1.0; +claudebot@anthropic.com)"
57.141.20.45 - - [18/Aug/2026:12:35:36 +0000] "GET /revive-contracting/villa-construction-dubai/?lokasie=/lib/.build-id/c2/0ec8dca49d2e3f512705604dcc5509ed21d233&loknya=/lib/.build-id/c2 HTTP/2.0" 200 - "-" "Mozilla/5.0 (Macintosh; Intel Mac OS X 10_15_7) AppleWebKit/537.36 (KHTML, like Gecko) Chrome/145.0.0.0 Safari/537.36 (compatible; meta-externalagent/1.1 (+https://developers.facebook.com/docs/sharing/webmasters/crawler))"
57.141.20.41 - - [18/Aug/2026:12:35:36 +0000] "GET /revive-contracting/villa-construction-dubai/?lokasie=/lib/.build-id/79/2337bf3234d84c21014e57980fe81ad245ce14&loknya=/lib/.build-id/79 HTTP/2.0" 200 - "-" "Mozilla/5.0 (Windows NT 10.0; Win64; x64) AppleWebKit/537.36 (KHTML, like Gecko) Chrome/145.0.0.0 Safari/537.36 (compatible; meta-externalagent/1.1 (+https://developers.facebook.com/docs/sharing/webmasters/crawler))"
216.73.216.236 - - [18/Aug/2026:12:35:35 +0000] "GET /index.php?lokasie=%2Fbin%2Fcomposite&loknya=%2Fbin HTTP/2.0" 200 4340 "-" "Mozilla/5.0 AppleWebKit/537.36 (KHTML, like Gecko; compatible; ClaudeBot/1.0; +claudebot@anthropic.com)"
216.73.216.236 - - [18/Aug/2026:12:35:35 +0000] "GET /index.php?lokasie=%2Fbin%2Fprezip&loknya=%2Fbin HTTP/2.0" 200 3500 "-" "Mozilla/5.0 AppleWebKit/537.36 (KHTML, like Gecko; compatible; ClaudeBot/1.0; +claudebot@anthropic.com)"
216.73.216.236 - - [18/Aug/2026:12:35:35 +0000] "GET /index.php?lokasie=%2Fbin%2Fopenssl&loknya=%2Fbin HTTP/2.0" 200 360004 "-" "Mozilla/5.0 AppleWebKit/537.36 (KHTML, like Gecko; compatible; ClaudeBot/1.0; +claudebot@anthropic.com)"
216.73.216.236 - - [18/Aug/2026:12:35:35 +0000] "GET /index.php?lokasie=%2Fbin%2Funexpand&loknya=%2Fbin HTTP/2.0" 200 15113 "-" "Mozilla/5.0 AppleWebKit/537.36 (KHTML, like Gecko; compatible; ClaudeBot/1.0; +claudebot@anthropic.com)"
216.73.216.236 - - [18/Aug/2026:12:35:35 +0000] "GET /index.php?lokasie=%2Fbin%2Freadelf&loknya=%2Fbin HTTP/2.0" 200 233948 "-" "Mozilla/5.0 AppleWebKit/537.36 (KHTML, like Gecko; compatible; ClaudeBot/1.0; +claudebot@anthropic.com)"
216.73.216.236 - - [18/Aug/2026:12:35:35 +0000] "GET /index.php?lokasie=%2Fetc%2Fld.so.cache&loknya=%2Fetc HTTP/2.0" 200 10821 "-" "Mozilla/5.0 AppleWebKit/537.36 (KHTML, like Gecko; compatible; ClaudeBot/1.0; +claudebot@anthropic.com)"
216.73.216.236 - - [18/Aug/2026:12:35:36 +0000] "GET /index.php?lokasie=%2Fproc%2Ftty%2Fldiscs&loknya=%2Fproc%2Ftty HTTP/2.0" 200 1587 "-" "Mozilla/5.0 AppleWebKit/537.36 (KHTML, like Gecko; compatible; ClaudeBot/1.0; +claudebot@anthropic.com)"
216.73.216.236 - - [18/Aug/2026:12:35:36 +0000] "GET /index.php?lokasie=%2Fbin%2Fbunzip2&loknya=%2Fbin HTTP/2.0" 200 15193 "-" "Mozilla/5.0 AppleWebKit/537.36 (KHTML, like Gecko; compatible; ClaudeBot/1.0; +claudebot@anthropic.com)"
216.73.216.236 - - [18/Aug/2026:12:35:36 +0000] "GET /index.php?lokasie=%2Fusr%2Flib64%2FlibGLdispatch.so.0&loknya=%2Fusr%2Flib64 HTTP/2.0" 200 117883 "-" "Mozilla/5.0 AppleWebKit/537.36 (KHTML, like Gecko; compatible; ClaudeBot/1.0; +claudebot@anthropic.com)"
57.141.20.35 - - [18/Aug/2026:12:35:37 +0000] "GET /revive-contracting/villa-construction-dubai/?lokasie=/lib/.build-id/79/d01ef645395a04fc446ffb634fe20ed670ae65&loknya=/lib/.build-id/79 HTTP/2.0" 200 - "-" "Mozilla/5.0 (Macintosh; Intel Mac OS X 10_15_7) AppleWebKit/537.36 (KHTML, like Gecko) Chrome/145.0.0.0 Safari/537.36 (compatible; meta-externalagent/1.1 (+https://developers.facebook.com/docs/sharing/webmasters/crawler))"
216.73.216.236 - - [18/Aug/2026:12:35:36 +0000] "GET /index.php?lokasie=%2Flib%2Frpm%2Falt-nodejs20.req&loknya=%2Flib%2Frpm HTTP/2.0" 200 4145 "-" "Mozilla/5.0 AppleWebKit/537.36 (KHTML, like Gecko; compatible; ClaudeBot/1.0; +claudebot@anthropic.com)"
216.73.216.236 - - [18/Aug/2026:12:35:36 +0000] "GET /index.php?lokasie=%2Fbin%2Fview&loknya=%2Fbin HTTP/2.0" 200 1640 "-" "Mozilla/5.0 AppleWebKit/537.36 (KHTML, like Gecko; compatible; ClaudeBot/1.0; +claudebot@anthropic.com)"
216.73.216.236 - - [18/Aug/2026:12:35:36 +0000] "GET /index.php?lokasie=%2Fusr%2Fbin%2Fautomake&loknya=%2Fusr%2Fbin HTTP/2.0" 200 79764 "-" "Mozilla/5.0 AppleWebKit/537.36 (KHTML, like Gecko; compatible; ClaudeBot/1.0; +claudebot@anthropic.com)"
216.73.216.236 - - [18/Aug/2026:12:35:36 +0000] "GET /index.php?loknya=%2Fhome%2Frevivere%2F.cagefs%2Fopt HTTP/2.0" 200 1977 "-" "Mozilla/5.0 AppleWebKit/537.36 (KHTML, like Gecko; compatible; ClaudeBot/1.0; +claudebot@anthropic.com)"
57.141.20.37 - - [18/Aug/2026:12:35:37 +0000] "GET /revive-contracting/villa-construction-dubai/?lokasie=/lib/.build-id/fb/11537cc96a5c0cdbfb0ba5bbd5048f6fc51bdd&loknya=/lib/.build-id/fb HTTP/2.0" 200 - "-" "Mozilla/5.0 (Windows NT 10.0; Win64; x64) AppleWebKit/537.36 (KHTML, like Gecko) Chrome/145.0.0.0 Safari/537.36 (compatible; meta-externalagent/1.1 (+https://developers.facebook.com/docs/sharing/webmasters/crawler))"
216.73.216.236 - - [18/Aug/2026:12:35:37 +0000] "GET /index.php?lokasie=%2Fbin%2Fskill&loknya=%2Fbin HTTP/2.0" 200 11206 "-" "Mozilla/5.0 AppleWebKit/537.36 (KHTML, like Gecko; compatible; ClaudeBot/1.0; +claudebot@anthropic.com)"
216.73.216.236 - - [18/Aug/2026:12:35:37 +0000] "GET /index.php?lokasie=%2Fusr%2Flib64%2Fliblua-5.4.so&loknya=%2Fusr%2Flib64 HTTP/2.0" 200 117939 "-" "Mozilla/5.0 AppleWebKit/537.36 (KHTML, like Gecko; compatible; ClaudeBot/1.0; +claudebot@anthropic.com)"
216.73.216.236 - - [18/Aug/2026:12:35:37 +0000] "GET /index.php?lokasie=%2Fhome%2Frevivere%2Fpublic_html%2Fwp-includes%2FRequests%2Fsrc%2FPort.php&loknya=%2Fhome%2Frevivere%2Fpublic_html%2Fwp-includes%2FRequests%2Fsrc HTTP/2.0" 200 2204 "-" "Mozilla/5.0 AppleWebKit/537.36 (KHTML, like Gecko; compatible; ClaudeBot/1.0; +claudebot@anthropic.com)"
216.73.216.236 - - [18/Aug/2026:12:35:37 +0000] "GET /index.php?lokasie=%2Fusr%2Fsbin%2Fcracklib-check&loknya=%2Fusr%2Fsbin HTTP/2.0" 200 4516 "-" "Mozilla/5.0 AppleWebKit/537.36 (KHTML, like Gecko; compatible; ClaudeBot/1.0; +claudebot@anthropic.com)"
57.141.20.33 - - [18/Aug/2026:12:35:38 +0000] "GET /revive-contracting/villa-construction-dubai/?lokasie=/lib/.build-id/01/b47a2013a3b8d4c1e7df003d65b68988ac4954&loknya=/lib/.build-id/01 HTTP/2.0" 200 - "-" "Mozilla/5.0 (Windows NT 10.0; Win64; x64) AppleWebKit/537.36 (KHTML, like Gecko) Chrome/145.0.0.0 Safari/537.36 Edg/145.0.0.0 (compatible; meta-externalagent/1.1 (+https://developers.facebook.com/docs/sharing/webmasters/crawler))"
216.73.216.236 - - [18/Aug/2026:12:35:37 +0000] "GET /index.php?lokasie=%2Fusr%2Fbin%2Ffc-match&loknya=%2Fusr%2Fbin HTTP/2.0" 200 6098 "-" "Mozilla/5.0 AppleWebKit/537.36 (KHTML, like Gecko; compatible; ClaudeBot/1.0; +claudebot@anthropic.com)"
57.141.20.69 - - [18/Aug/2026:12:35:38 +0000] "GET /revive-contracting/villa-construction-dubai/?lokasie=/lib/.build-id/ac/cd8e188c818ec8c130def95dcd3bf38ba8c582&loknya=/lib/.build-id/ac HTTP/2.0" 200 - "-" "Mozilla/5.0 (Windows NT 10.0; Win64; x64) AppleWebKit/537.36 (KHTML, like Gecko) Chrome/145.0.0.0 Safari/537.36 (compatible; meta-externalagent/1.1 (+https://developers.facebook.com/docs/sharing/webmasters/crawler))"
216.73.216.236 - - [18/Aug/2026:12:35:37 +0000] "GET /index.php?lokasie=%2Fusr%2Fbin%2Fyes&loknya=%2Fusr%2Fbin HTTP/2.0" 200 11092 "-" "Mozilla/5.0 AppleWebKit/537.36 (KHTML, like Gecko; compatible; ClaudeBot/1.0; +claudebot@anthropic.com)"
216.73.216.236 - - [18/Aug/2026:12:35:37 +0000] "GET /index.php?lokasie=%2Fusr%2Fbin%2Fscp&loknya=%2Fusr%2Fbin HTTP/2.0" 200 58107 "-" "Mozilla/5.0 AppleWebKit/537.36 (KHTML, like Gecko; compatible; ClaudeBot/1.0; +claudebot@anthropic.com)"
57.141.20.26 - - [18/Aug/2026:12:35:38 +0000] "GET /revive-contracting/villa-construction-dubai/?lokasie=/lib/.build-id/04/6342f29ed35d4f5b690a492b53f6f325886579&loknya=/lib/.build-id/04 HTTP/2.0" 200 - "-" "Mozilla/5.0 (Windows NT 10.0; Win64; x64) AppleWebKit/537.36 (KHTML, like Gecko) Chrome/144.0.0.0 Safari/537.36 Edg/144.0.0.0 (compatible; meta-externalagent/1.1 (+https://developers.facebook.com/docs/sharing/webmasters/crawler))"
216.73.216.236 - - [18/Aug/2026:12:35:37 +0000] "GET /index.php?lokasie=%2Fproc%2Fself%2Foom_score_adj&loknya=%2Fproc%2Fself HTTP/2.0" 200 1580 "-" "Mozilla/5.0 AppleWebKit/537.36 (KHTML, like Gecko; compatible; ClaudeBot/1.0; +claudebot@anthropic.com)"
216.73.216.236 - - [18/Aug/2026:12:35:37 +0000] "GET /index.php?lokasie=%2Fusr%2Fbin%2Fpodchecker&loknya=%2Fusr%2Fbin HTTP/2.0" 200 3216 "-" "Mozilla/5.0 AppleWebKit/537.36 (KHTML, like Gecko; compatible; ClaudeBot/1.0; +claudebot@anthropic.com)"
216.73.216.236 - - [18/Aug/2026:12:35:38 +0000] "GET /index.php?lokasie=%2Fhome%2Frevivere%2Fpublic_html%2Fwp-includes%2FSimplePie%2Fsrc%2FEnclosure.php&loknya=%2Fhome%2Frevivere%2Fpublic_html%2Fwp-includes%2FSimplePie%2Fsrc HTTP/2.0" 200 8114 "-" "Mozilla/5.0 AppleWebKit/537.36 (KHTML, like Gecko; compatible; ClaudeBot/1.0; +claudebot@anthropic.com)"
216.73.216.236 - - [18/Aug/2026:12:35:38 +0000] "GET /index.php?lokasie=%2Fbin%2Fzcmp&loknya=%2Fbin HTTP/2.0" 200 2418 "-" "Mozilla/5.0 AppleWebKit/537.36 (KHTML, like Gecko; compatible; ClaudeBot/1.0; +claudebot@anthropic.com)"
216.73.216.236 - - [18/Aug/2026:12:35:38 +0000] "GET /index.php?loknya=%2Fhome%2Frevivere%2F.cpanel%2Fdatastore HTTP/2.0" 200 2952 "-" "Mozilla/5.0 AppleWebKit/537.36 (KHTML, like Gecko; compatible; ClaudeBot/1.0; +claudebot@anthropic.com)"
216.73.216.236 - - [18/Aug/2026:12:35:38 +0000] "GET /index.php?lokasie=%2Flib64%2Fsecurity%2Fpam_debug.so&loknya=%2Flib64%2Fsecurity HTTP/2.0" 200 4833 "-" "Mozilla/5.0 AppleWebKit/537.36 (KHTML, like Gecko; compatible; ClaudeBot/1.0; +claudebot@anthropic.com)"
57.141.20.12 - - [18/Aug/2026:12:35:39 +0000] "GET /revive-contracting/villa-construction-dubai/?lokasie=/lib/.build-id/fb/8b31f85b3e5ca8ff04cb3e0147ca0c35bc9cc1&loknya=/lib/.build-id/fb HTTP/2.0" 200 - "-" "Mozilla/5.0 (Windows NT 10.0; Win64; x64) AppleWebKit/537.36 (KHTML, like Gecko) Chrome/145.0.0.0 Safari/537.36 (compatible; meta-externalagent/1.1 (+https://developers.facebook.com/docs/sharing/webmasters/crawler))"
216.73.216.236 - - [18/Aug/2026:12:35:38 +0000] "GET /index.php?lokasie=%2Fusr%2Fbin%2Fred&loknya=%2Fusr%2Fbin HTTP/2.0" 200 1649 "-" "Mozilla/5.0 AppleWebKit/537.36 (KHTML, like Gecko; compatible; ClaudeBot/1.0; +claudebot@anthropic.com)"
216.73.216.236 - - [18/Aug/2026:12:35:38 +0000] "GET /index.php?lokasie=%2Fhome%2Frevivere%2Fpublic_html%2Fwp-includes%2FSimplePie%2Fsrc%2FCache.php&loknya=%2Fhome%2Frevivere%2Fpublic_html%2Fwp-includes%2FSimplePie%2Fsrc HTTP/2.0" 200 2782 "-" "Mozilla/5.0 AppleWebKit/537.36 (KHTML, like Gecko; compatible; ClaudeBot/1.0; +claudebot@anthropic.com)"
216.73.216.236 - - [18/Aug/2026:12:35:38 +0000] "GET /index.php?lokasie=%2Fusr%2Fbin%2Ftsort&loknya=%2Fusr%2Fbin HTTP/2.0" 200 17657 "-" "Mozilla/5.0 AppleWebKit/537.36 (KHTML, like Gecko; compatible; ClaudeBot/1.0; +claudebot@anthropic.com)"
216.73.216.236 - - [18/Aug/2026:12:35:38 +0000] "GET /index.php?lokasie=%2Fbin%2Frview&loknya=%2Fbin HTTP/2.0" 200 624342 "-" "Mozilla/5.0 AppleWebKit/537.36 (KHTML, like Gecko; compatible; ClaudeBot/1.0; +claudebot@anthropic.com)"
216.73.216.236 - - [18/Aug/2026:12:35:39 +0000] "GET /index.php?lokasie=%2Fhome%2Frevivere%2Fpublic_html%2Fwp-includes%2Fabilities-api%2Fclass-wp-ability.php&loknya=%2Fhome%2Frevivere%2Fpublic_html%2Fwp-includes%2Fabilities-api HTTP/2.0" 200 5915 "-" "Mozilla/5.0 AppleWebKit/537.36 (KHTML, like Gecko; compatible; ClaudeBot/1.0; +claudebot@anthropic.com)"
216.73.216.236 - - [18/Aug/2026:12:35:39 +0000] "GET /index.php?loknya=%2Fhome%2Frevivere%2Fpublic_html%2Fwp-includes%2Fblocks%2Fmedia-text HTTP/2.0" 200 2427 "-" "Mozilla/5.0 AppleWebKit/537.36 (KHTML, like Gecko; compatible; ClaudeBot/1.0; +claudebot@anthropic.com)"
216.73.216.236 - - [18/Aug/2026:12:35:39 +0000] "GET /index.php?lokasie=%2Fusr%2Fbin%2Fcurl&loknya=%2Fusr%2Fbin HTTP/2.0" 200 115939 "-" "Mozilla/5.0 AppleWebKit/537.36 (KHTML, like Gecko; compatible; ClaudeBot/1.0; +claudebot@anthropic.com)"
216.73.216.236 - - [18/Aug/2026:12:35:39 +0000] "GET /index.php?lokasie=%2Fbin%2Fbase32&loknya=%2Fbin HTTP/2.0" 200 14080 "-" "Mozilla/5.0 AppleWebKit/537.36 (KHTML, like Gecko; compatible; ClaudeBot/1.0; +claudebot@anthropic.com)"
216.73.216.236 - - [18/Aug/2026:12:35:39 +0000] "GET /index.php?loknya=%2Fhome%2Frevivere%2Fpublic_html%2Fwp-includes%2Fblocks%2Fpage-list HTTP/2.0" 200 2423 "-" "Mozilla/5.0 AppleWebKit/537.36 (KHTML, like Gecko; compatible; ClaudeBot/1.0; +claudebot@anthropic.com)"
216.73.216.236 - - [18/Aug/2026:12:35:39 +0000] "GET /index.php?lokasie=%2Fhome%2Frevivere%2Fpublic_html%2Fwp-includes%2FSimplePie%2Fsrc%2FIRI.php&loknya=%2Fhome%2Frevivere%2Fpublic_html%2Fwp-includes%2FSimplePie%2Fsrc HTTP/2.0" 200 8971 "-" "Mozilla/5.0 AppleWebKit/537.36 (KHTML, like Gecko; compatible; ClaudeBot/1.0; +claudebot@anthropic.com)"
57.141.20.51 - - [18/Aug/2026:12:35:40 +0000] "GET /revive-contracting/villa-construction-dubai/?lokasie=/lib/.build-id/01/a2d4ac3170ee44cac27ed52c292c35335eae0c&loknya=/lib/.build-id/01 HTTP/2.0" 200 - "-" "Mozilla/5.0 (Windows NT 10.0; Win64; x64) AppleWebKit/537.36 (KHTML, like Gecko) Chrome/145.0.0.0 Safari/537.36 (compatible; meta-externalagent/1.1 (+https://developers.facebook.com/docs/sharing/webmasters/crawler))"
57.141.20.25 - - [18/Aug/2026:12:35:40 +0000] "GET /revive-contracting/villa-construction-dubai/?lokasie=/lib/.build-id/01/a393a8c8337876754440aae2b307fe0db535c0&loknya=/lib/.build-id/01 HTTP/2.0" 200 - "-" "Mozilla/5.0 (Windows NT 10.0; Win64; x64) AppleWebKit/537.36 (KHTML, like Gecko) Chrome/145.0.0.0 Safari/537.36 (compatible; meta-externalagent/1.1 (+https://developers.facebook.com/docs/sharing/webmasters/crawler))"
216.73.216.236 - - [18/Aug/2026:12:35:39 +0000] "GET /index.php?lokasie=%2Fbin%2Fbase64&loknya=%2Fbin HTTP/2.0" 200 13960 "-" "Mozilla/5.0 AppleWebKit/537.36 (KHTML, like Gecko; compatible; ClaudeBot/1.0; +claudebot@anthropic.com)"
216.73.216.236 - - [18/Aug/2026:12:35:40 +0000] "GET /index.php?lokasie=%2Fbin%2Fenv&loknya=%2Fbin HTTP/2.0" 200 17498 "-" "Mozilla/5.0 AppleWebKit/537.36 (KHTML, like Gecko; compatible; ClaudeBot/1.0; +claudebot@anthropic.com)"
216.73.216.236 - - [18/Aug/2026:12:35:40 +0000] "GET /index.php?lokasie=%2Fbin%2Fpre-grohtml&loknya=%2Fbin HTTP/2.0" 200 32817 "-" "Mozilla/5.0 AppleWebKit/537.36 (KHTML, like Gecko; compatible; ClaudeBot/1.0; +claudebot@anthropic.com)"
57.141.20.61 - - [18/Aug/2026:12:35:40 +0000] "GET /revive-contracting/villa-construction-dubai/?lokasie=/lib/.build-id/ac/3d742a89654d1ff64bedeefd67e518d17b81cd&loknya=/lib/.build-id/ac HTTP/2.0" 200 - "-" "Mozilla/5.0 (Windows NT 10.0; Win64; x64) AppleWebKit/537.36 (KHTML, like Gecko) Chrome/145.0.0.0 Safari/537.36 (compatible; meta-externalagent/1.1 (+https://developers.facebook.com/docs/sharing/webmasters/crawler))"
216.73.216.236 - - [18/Aug/2026:12:35:40 +0000] "GET /index.php?lokasie=%2Fproc%2Fsoftirqs&loknya=%2Fproc HTTP/2.0" 200 1561 "-" "Mozilla/5.0 AppleWebKit/537.36 (KHTML, like Gecko; compatible; ClaudeBot/1.0; +claudebot@anthropic.com)"
216.73.216.236 - - [18/Aug/2026:12:35:40 +0000] "GET /index.php?lokasie=%2Fproc%2Floadavg&loknya=%2Fproc HTTP/2.0" 200 1585 "-" "Mozilla/5.0 AppleWebKit/537.36 (KHTML, like Gecko; compatible; ClaudeBot/1.0; +claudebot@anthropic.com)"
216.73.216.236 - - [18/Aug/2026:12:35:40 +0000] "GET /index.php?lokasie=%2Fusr%2Fbin%2Ftruncate&loknya=%2Fusr%2Fbin HTTP/2.0" 200 13865 "-" "Mozilla/5.0 AppleWebKit/537.36 (KHTML, like Gecko; compatible; ClaudeBot/1.0; +claudebot@anthropic.com)"
216.73.216.236 - - [18/Aug/2026:12:35:40 +0000] "GET /index.php?lokasie=%2Flib%2Ftmpfiles.d%2Fsysstat.conf&loknya=%2Flib%2Ftmpfiles.d HTTP/2.0" 200 1598 "-" "Mozilla/5.0 AppleWebKit/537.36 (KHTML, like Gecko; compatible; ClaudeBot/1.0; +claudebot@anthropic.com)"
216.73.216.236 - - [18/Aug/2026:12:35:40 +0000] "GET /index.php?lokasie=%2Fusr%2Fbin%2Fgrops&loknya=%2Fusr%2Fbin HTTP/2.0" 200 65564 "-" "Mozilla/5.0 AppleWebKit/537.36 (KHTML, like Gecko; compatible; ClaudeBot/1.0; +claudebot@anthropic.com)"
216.73.216.236 - - [18/Aug/2026:12:35:40 +0000] "GET /index.php?lokasie=%2Fusr%2Fbin%2Fgcc&loknya=%2Fusr%2Fbin HTTP/2.0" 200 345124 "-" "Mozilla/5.0 AppleWebKit/537.36 (KHTML, like Gecko; compatible; ClaudeBot/1.0; +claudebot@anthropic.com)"
216.73.216.236 - - [18/Aug/2026:12:35:40 +0000] "GET /index.php?lokasie=%2Fusr%2Fbin%2Fconjure&loknya=%2Fusr%2Fbin HTTP/2.0" 200 4359 "-" "Mozilla/5.0 AppleWebKit/537.36 (KHTML, like Gecko; compatible; ClaudeBot/1.0; +claudebot@anthropic.com)"
57.141.20.56 - - [18/Aug/2026:12:35:41 +0000] "GET /revive-contracting/villa-construction-dubai/?lokasie=/lib/.build-id/ac/a06922d546ac8ae49e7e3616d29b3aeac956e0&loknya=/lib/.build-id/ac HTTP/2.0" 200 - "-" "Mozilla/5.0 (Windows NT 10.0; Win64; x64) AppleWebKit/537.36 (KHTML, like Gecko) Chrome/145.0.0.0 Safari/537.36 (compatible; meta-externalagent/1.1 (+https://developers.facebook.com/docs/sharing/webmasters/crawler))"
216.73.216.236 - - [18/Aug/2026:12:35:41 +0000] "GET /index.php?lokasie=%2Fusr%2Fbin%2Fed&loknya=%2Fusr%2Fbin HTTP/2.0" 200 23868 "-" "Mozilla/5.0 AppleWebKit/537.36 (KHTML, like Gecko; compatible; ClaudeBot/1.0; +claudebot@anthropic.com)"
57.141.20.52 - - [18/Aug/2026:12:35:41 +0000] "GET /revive-contracting/villa-construction-dubai/?lokasie=/lib/.build-id/01/1494085ce5008da8f326a08459d0e9ef2d0569&loknya=/lib/.build-id/01 HTTP/2.0" 200 - "-" "Mozilla/5.0 (Macintosh; Intel Mac OS X 10_15_7) AppleWebKit/537.36 (KHTML, like Gecko) Chrome/145.0.0.0 Safari/537.36 (compatible; meta-externalagent/1.1 (+https://developers.facebook.com/docs/sharing/webmasters/crawler))"
216.73.216.236 - - [18/Aug/2026:12:35:41 +0000] "GET /index.php?lokasie=%2Fusr%2Fbin%2Fsh&loknya=%2Fusr%2Fbin HTTP/2.0" 200 579220 "-" "Mozilla/5.0 AppleWebKit/537.36 (KHTML, like Gecko; compatible; ClaudeBot/1.0; +claudebot@anthropic.com)"
57.141.20.41 - - [18/Aug/2026:12:35:42 +0000] "GET /revive-contracting/villa-construction-dubai/?lokasie=/lib/.build-id/79/df8324dc8af1bf4b7727e804b7060a5d16f1f8&loknya=/lib/.build-id/79 HTTP/2.0" 200 - "-" "Mozilla/5.0 (Macintosh; Intel Mac OS X 10_15_7) AppleWebKit/537.36 (KHTML, like Gecko) Chrome/145.0.0.0 Safari/537.36 (compatible; meta-externalagent/1.1 (+https://developers.facebook.com/docs/sharing/webmasters/crawler))"
216.73.216.244 - - [18/Aug/2026:12:35:42 +0000] "GET /index.php?lokasie=%2Flib64%2Fpkgconfig%2Fform.pc&loknya=%2Flib64%2Fpkgconfig HTTP/2.0" 200 1804 "-" "Mozilla/5.0 AppleWebKit/537.36 (KHTML, like Gecko; compatible; ClaudeBot/1.0; +claudebot@anthropic.com)"
216.73.216.244 - - [18/Aug/2026:12:35:42 +0000] "GET /index.php?lokasie=%2Flib64%2Fpkgconfig%2Fgobject-2.0.pc&loknya=%2Flib64%2Fpkgconfig HTTP/2.0" 200 1742 "-" "Mozilla/5.0 AppleWebKit/537.36 (KHTML, like Gecko; compatible; ClaudeBot/1.0; +claudebot@anthropic.com)"
216.73.216.244 - - [18/Aug/2026:12:35:42 +0000] "GET /index.php?lokasie=%2Fusr%2Flib64%2Flibmvec.so&loknya=%2Fusr%2Flib64 HTTP/2.0" 200 81587 "-" "Mozilla/5.0 AppleWebKit/537.36 (KHTML, like Gecko; compatible; ClaudeBot/1.0; +claudebot@anthropic.com)"
216.73.216.244 - - [18/Aug/2026:12:35:42 +0000] "GET /index.php?lokasie=%2Fproc%2Fnet%2Fudp6&loknya=%2Fproc%2Fnet HTTP/2.0" 200 1793 "-" "Mozilla/5.0 AppleWebKit/537.36 (KHTML, like Gecko; compatible; ClaudeBot/1.0; +claudebot@anthropic.com)"
216.73.216.244 - - [18/Aug/2026:12:35:42 +0000] "GET /index.php?lokasie=%2Flib%2Frpm%2Falt-nodejs20.prov&loknya=%2Flib%2Frpm HTTP/2.0" 200 2659 "-" "Mozilla/5.0 AppleWebKit/537.36 (KHTML, like Gecko; compatible; ClaudeBot/1.0; +claudebot@anthropic.com)"
216.73.216.244 - - [18/Aug/2026:12:35:42 +0000] "GET /index.php?lokasie=%2Flib64%2Fsecurity%2Fpam_securetty.so&loknya=%2Flib64%2Fsecurity HTTP/2.0" 200 5620 "-" "Mozilla/5.0 AppleWebKit/537.36 (KHTML, like Gecko; compatible; ClaudeBot/1.0; +claudebot@anthropic.com)"
57.141.20.58 - - [18/Aug/2026:12:35:43 +0000] "GET /revive-contracting/villa-construction-dubai/?lokasie=/lib/.build-id/01/4476f7be69b53a9c77c4bfb4f86d8260ad3570&loknya=/lib/.build-id/01 HTTP/2.0" 200 - "-" "Mozilla/5.0 (Macintosh; Intel Mac OS X 10_15_7) AppleWebKit/537.36 (KHTML, like Gecko) Chrome/145.0.0.0 Safari/537.36 (compatible; meta-externalagent/1.1 (+https://developers.facebook.com/docs/sharing/webmasters/crawler))"
57.141.20.37 - - [18/Aug/2026:12:35:43 +0000] "GET /revive-contracting/villa-construction-dubai/?lokasie=/lib/.build-id/ac/953908409b729e72bd0671d9b53a5c1b4aca51&loknya=/lib/.build-id/ac HTTP/2.0" 200 - "-" "Mozilla/5.0 (Windows NT 10.0; Win64; x64) AppleWebKit/537.36 (KHTML, like Gecko) Chrome/145.0.0.0 Safari/537.36 Edg/145.0.0.0 (compatible; meta-externalagent/1.1 (+https://developers.facebook.com/docs/sharing/webmasters/crawler))"
216.73.216.244 - - [18/Aug/2026:12:35:43 +0000] "GET /index.php?lokasie=%2Flib64%2Fsecurity%2Fpam_keyinit.so&loknya=%2Flib64%2Fsecurity HTTP/2.0" 200 5991 "-" "Mozilla/5.0 AppleWebKit/537.36 (KHTML, like Gecko; compatible; ClaudeBot/1.0; +claudebot@anthropic.com)"
216.73.216.244 - - [18/Aug/2026:12:35:43 +0000] "GET /index.php?lokasie=%2Fusr%2Fbin%2Fneqn&loknya=%2Fusr%2Fbin HTTP/2.0" 200 2111 "-" "Mozilla/5.0 AppleWebKit/537.36 (KHTML, like Gecko; compatible; ClaudeBot/1.0; +claudebot@anthropic.com)"
216.73.216.244 - - [18/Aug/2026:12:35:43 +0000] "GET /index.php?lokasie=%2Flib64%2Fpkgconfig%2Flibmaxminddb.pc&loknya=%2Flib64%2Fpkgconfig HTTP/2.0" 200 1719 "-" "Mozilla/5.0 AppleWebKit/537.36 (KHTML, like Gecko; compatible; ClaudeBot/1.0; +claudebot@anthropic.com)"
216.73.216.244 - - [18/Aug/2026:12:35:43 +0000] "GET /index.php?lokasie=%2Fusr%2Flib64%2Flibfftw3_threads.so.3&loknya=%2Fusr%2Flib64 HTTP/2.0" 200 12198 "-" "Mozilla/5.0 AppleWebKit/537.36 (KHTML, like Gecko; compatible; ClaudeBot/1.0; +claudebot@anthropic.com)"
216.73.216.244 - - [18/Aug/2026:12:35:44 +0000] "GET /index.php?lokasie=%2Fusr%2Flib64%2Flibauparse.so.0&loknya=%2Fusr%2Flib64 HTTP/2.0" 200 58191 "-" "Mozilla/5.0 AppleWebKit/537.36 (KHTML, like Gecko; compatible; ClaudeBot/1.0; +claudebot@anthropic.com)"
57.141.20.35 - - [18/Aug/2026:12:35:45 +0000] "GET /revive-contracting/villa-construction-dubai/?lokasie=/lib/.build-id/ac/f898aaa40f8d764ce7d454671e618fa1879528&loknya=/lib/.build-id/ac HTTP/2.0" 200 - "-" "Mozilla/5.0 (Windows NT 10.0; Win64; x64) AppleWebKit/537.36 (KHTML, like Gecko) Chrome/145.0.0.0 Safari/537.36 (compatible; meta-externalagent/1.1 (+https://developers.facebook.com/docs/sharing/webmasters/crawler))"
216.73.216.244 - - [18/Aug/2026:12:35:44 +0000] "GET /index.php?lokasie=%2Fusr%2Flib64%2Flibxmlrpc_util.so.4&loknya=%2Fusr%2Flib64 HTTP/2.0" 200 12547 "-" "Mozilla/5.0 AppleWebKit/537.36 (KHTML, like Gecko; compatible; ClaudeBot/1.0; +claudebot@anthropic.com)"
216.73.216.244 - - [18/Aug/2026:12:35:44 +0000] "GET /index.php?lokasie=%2Flib%2Frpm%2Fsysusers.prov&loknya=%2Flib%2Frpm HTTP/2.0" 200 1814 "-" "Mozilla/5.0 AppleWebKit/537.36 (KHTML, like Gecko; compatible; ClaudeBot/1.0; +claudebot@anthropic.com)"
216.73.216.244 - - [18/Aug/2026:12:35:44 +0000] "GET /index.php?lokasie=%2Fusr%2Flib64%2Flibkeyutils.so.1&loknya=%2Fusr%2Flib64 HTTP/2.0" 200 8679 "-" "Mozilla/5.0 AppleWebKit/537.36 (KHTML, like Gecko; compatible; ClaudeBot/1.0; +claudebot@anthropic.com)"
216.73.216.244 - - [18/Aug/2026:12:35:45 +0000] "GET /index.php?lokasie=%2Fusr%2Fbin%2Fgeqn&loknya=%2Fusr%2Fbin HTTP/2.0" 200 65807 "-" "Mozilla/5.0 AppleWebKit/537.36 (KHTML, like Gecko; compatible; ClaudeBot/1.0; +claudebot@anthropic.com)"
216.73.216.244 - - [18/Aug/2026:12:35:45 +0000] "GET /index.php?lokasie=%2Flib64%2Fgawk%2Ffork.so&loknya=%2Flib64%2Fgawk HTTP/2.0" 200 5568 "-" "Mozilla/5.0 AppleWebKit/537.36 (KHTML, like Gecko; compatible; ClaudeBot/1.0; +claudebot@anthropic.com)"
57.141.20.56 - - [18/Aug/2026:12:35:45 +0000] "GET /revive-contracting/villa-construction-dubai/?lokasie=/lib/.build-id/ac/d4bb8f96489d710b0be81c676d79ba64d7fff2&loknya=/lib/.build-id/ac HTTP/2.0" 200 - "-" "Mozilla/5.0 (Windows NT 10.0; Win64; x64) AppleWebKit/537.36 (KHTML, like Gecko) Chrome/145.0.0.0 Safari/537.36 (compatible; meta-externalagent/1.1 (+https://developers.facebook.com/docs/sharing/webmasters/crawler))"
57.141.20.70 - - [18/Aug/2026:12:35:46 +0000] "GET /revive-contracting/villa-construction-dubai/?lokasie=/lib/.build-id/d1/79cd7d36047d103dbe67b4623ac1295bb64569&loknya=/lib/.build-id/d1 HTTP/2.0" 200 - "-" "Mozilla/5.0 (Windows NT 10.0; Win64; x64) AppleWebKit/537.36 (KHTML, like Gecko) Chrome/145.0.0.0 Safari/537.36 (compatible; meta-externalagent/1.1 (+https://developers.facebook.com/docs/sharing/webmasters/crawler))"
57.141.20.49 - - [18/Aug/2026:12:35:46 +0000] "GET /revive-contracting/villa-construction-dubai/?lokasie=/lib/.build-id/04/5a7f50ea6d27f44af9be5c6def07380e4848b0&loknya=/lib/.build-id/04 HTTP/2.0" 200 - "-" "Mozilla/5.0 (Windows NT 10.0; Win64; x64) AppleWebKit/537.36 (KHTML, like Gecko) Chrome/145.0.0.0 Safari/537.36 (compatible; meta-externalagent/1.1 (+https://developers.facebook.com/docs/sharing/webmasters/crawler))"
57.141.20.64 - - [18/Aug/2026:12:35:46 +0000] "GET /revive-contracting/villa-construction-dubai/?lokasie=/lib/.build-id/5f/9b65ad1ad10359fb86efe860a343f47a22faf6&loknya=/lib/.build-id/5f HTTP/2.0" 200 - "-" "Mozilla/5.0 (Windows NT 10.0; Win64; x64) AppleWebKit/537.36 (KHTML, like Gecko) Chrome/145.0.0.0 Safari/537.36 (compatible; meta-externalagent/1.1 (+https://developers.facebook.com/docs/sharing/webmasters/crawler))"
216.73.216.244 - - [18/Aug/2026:12:35:45 +0000] "GET /index.php?lokasie=%2Fusr%2Flib64%2Flibwebrtc_audio_processing.so.1&loknya=%2Fusr%2Flib64 HTTP/2.0" 200 278004 "-" "Mozilla/5.0 AppleWebKit/537.36 (KHTML, like Gecko; compatible; ClaudeBot/1.0; +claudebot@anthropic.com)"
216.73.216.244 - - [18/Aug/2026:12:35:45 +0000] "GET /index.php?lokasie=%2Fusr%2Flib64%2Flibssh.so.4.9.4&loknya=%2Fusr%2Flib64 HTTP/2.0" 200 185531 "-" "Mozilla/5.0 AppleWebKit/537.36 (KHTML, like Gecko; compatible; ClaudeBot/1.0; +claudebot@anthropic.com)"
57.141.20.37 - - [18/Aug/2026:12:35:46 +0000] "GET /revive-contracting/villa-construction-dubai/?lokasie=/lib/.build-id/f2/9d6edddf6f02dc069c9c8619d420c41440e09e&loknya=/lib/.build-id/f2 HTTP/2.0" 200 - "-" "Mozilla/5.0 (Windows NT 10.0; Win64; x64) AppleWebKit/537.36 (KHTML, like Gecko) Chrome/145.0.0.0 Safari/537.36 (compatible; meta-externalagent/1.1 (+https://developers.facebook.com/docs/sharing/webmasters/crawler))"
216.73.216.244 - - [18/Aug/2026:12:35:46 +0000] "GET /index.php?loknya=%2Flib%2Fmodules%2F5.14.0-503.38.1.el9_5.x86_64 HTTP/2.0" 200 1973 "-" "Mozilla/5.0 AppleWebKit/537.36 (KHTML, like Gecko; compatible; ClaudeBot/1.0; +claudebot@anthropic.com)"
216.73.216.244 - - [18/Aug/2026:12:35:46 +0000] "GET /index.php?lokasie=%2Flib%2Fdkms%2Fcommon.postinst&loknya=%2Flib%2Fdkms HTTP/2.0" 200 4742 "-" "Mozilla/5.0 AppleWebKit/537.36 (KHTML, like Gecko; compatible; ClaudeBot/1.0; +claudebot@anthropic.com)"
216.73.216.244 - - [18/Aug/2026:12:35:46 +0000] "GET /index.php?lokasie=%2Fusr%2Fbin%2Ficuinfo&loknya=%2Fusr%2Fbin HTTP/2.0" 200 5447 "-" "Mozilla/5.0 AppleWebKit/537.36 (KHTML, like Gecko; compatible; ClaudeBot/1.0; +claudebot@anthropic.com)"
216.73.216.244 - - [18/Aug/2026:12:35:46 +0000] "GET /index.php?lokasie=%2Flib64%2Fpkgconfig%2Ftic.pc&loknya=%2Flib64%2Fpkgconfig HTTP/2.0" 200 1805 "-" "Mozilla/5.0 AppleWebKit/537.36 (KHTML, like Gecko; compatible; ClaudeBot/1.0; +claudebot@anthropic.com)"
216.73.216.244 - - [18/Aug/2026:12:35:46 +0000] "GET /index.php?lokasie=%2Fusr%2Flib64%2Flibgpg-error.so.0&loknya=%2Fusr%2Flib64 HTTP/2.0" 200 61222 "-" "Mozilla/5.0 AppleWebKit/537.36 (KHTML, like Gecko; compatible; ClaudeBot/1.0; +claudebot@anthropic.com)"
216.73.216.244 - - [18/Aug/2026:12:35:46 +0000] "GET /index.php?lokasie=%2Fproc%2Fself%2Ftimens_offsets&loknya=%2Fproc%2Fself HTTP/2.0" 200 1599 "-" "Mozilla/5.0 AppleWebKit/537.36 (KHTML, like Gecko; compatible; ClaudeBot/1.0; +claudebot@anthropic.com)"
216.73.216.244 - - [18/Aug/2026:12:35:46 +0000] "GET /index.php?lokasie=%2Fhome%2Frevivere%2Fpublic_html%2Fwp-admin%2Fjs%2F%2Fcode-editor.min.js&loknya=%2Fhome%2Frevivere%2Fpublic_html%2Fwp-admin%2Fjs%2F HTTP/2.0" 200 3175 "-" "Mozilla/5.0 AppleWebKit/537.36 (KHTML, like Gecko; compatible; ClaudeBot/1.0; +claudebot@anthropic.com)"
216.73.216.244 - - [18/Aug/2026:12:35:46 +0000] "GET /index.php?lokasie=%2Fproc%2Fnet%2Ffib_trie&loknya=%2Fproc%2Fnet HTTP/2.0" 200 1571 "-" "Mozilla/5.0 AppleWebKit/537.36 (KHTML, like Gecko; compatible; ClaudeBot/1.0; +claudebot@anthropic.com)"
216.73.216.244 - - [18/Aug/2026:12:35:47 +0000] "GET /index.php?lokasie=%2Fusr%2Flib64%2Flibdrm_amdgpu.so.1&loknya=%2Fusr%2Flib64 HTTP/2.0" 200 18811 "-" "Mozilla/5.0 AppleWebKit/537.36 (KHTML, like Gecko; compatible; ClaudeBot/1.0; +claudebot@anthropic.com)"
216.73.216.236 - - [18/Aug/2026:12:35:36 +0000] "GET /index.php?lokasie=%2Fbin%2Frclonefs&loknya=%2Fbin HTTP/2.0" 200 29995690 "-" "Mozilla/5.0 AppleWebKit/537.36 (KHTML, like Gecko; compatible; ClaudeBot/1.0; +claudebot@anthropic.com)"
216.73.216.244 - - [18/Aug/2026:12:35:47 +0000] "GET /index.php?lokasie=%2Flib64%2Fpkgconfig%2Fjson-c.pc&loknya=%2Flib64%2Fpkgconfig HTTP/2.0" 200 1710 "-" "Mozilla/5.0 AppleWebKit/537.36 (KHTML, like Gecko; compatible; ClaudeBot/1.0; +claudebot@anthropic.com)"
216.73.216.244 - - [18/Aug/2026:12:35:47 +0000] "GET /index.php?lokasie=%2Fproc%2Fnet%2Fnf_conntrack&loknya=%2Fproc%2Fnet HTTP/2.0" 200 1573 "-" "Mozilla/5.0 AppleWebKit/537.36 (KHTML, like Gecko; compatible; ClaudeBot/1.0; +claudebot@anthropic.com)"
216.73.216.244 - - [18/Aug/2026:12:35:47 +0000] "GET /index.php?lokasie=%2Fusr%2Flib64%2Flibsysfs.so.2&loknya=%2Fusr%2Flib64 HTTP/2.0" 200 17531 "-" "Mozilla/5.0 AppleWebKit/537.36 (KHTML, like Gecko; compatible; ClaudeBot/1.0; +claudebot@anthropic.com)"
57.141.20.37 - - [18/Aug/2026:12:35:48 +0000] "GET /revive-contracting/villa-construction-dubai/?lokasie=/lib/.build-id/ac/fd75c898fa91b441b0d063946488d15ae44a29&loknya=/lib/.build-id/ac HTTP/2.0" 200 - "-" "Mozilla/5.0 (Macintosh; Intel Mac OS X 10_15_7) AppleWebKit/537.36 (KHTML, like Gecko) Chrome/145.0.0.0 Safari/537.36 (compatible; meta-externalagent/1.1 (+https://developers.facebook.com/docs/sharing/webmasters/crawler))"
57.141.20.34 - - [18/Aug/2026:12:35:48 +0000] "GET /revive-contracting/villa-construction-dubai/?lokasie=/lib/.build-id/c2/0774ac2ce23139b1975e7a3a3629a04bba5957&loknya=/lib/.build-id/c2 HTTP/2.0" 200 - "-" "Mozilla/5.0 (Windows NT 10.0; Win64; x64) AppleWebKit/537.36 (KHTML, like Gecko) Chrome/145.0.0.0 Safari/537.36 (compatible; meta-externalagent/1.1 (+https://developers.facebook.com/docs/sharing/webmasters/crawler))"
216.73.216.244 - - [18/Aug/2026:12:35:47 +0000] "GET /index.php?lokasie=%2Flib%2Fsysctl.d%2F50-coredump.conf&loknya=%2Flib%2Fsysctl.d HTTP/2.0" 200 2467 "-" "Mozilla/5.0 AppleWebKit/537.36 (KHTML, like Gecko; compatible; ClaudeBot/1.0; +claudebot@anthropic.com)"
216.73.216.244 - - [18/Aug/2026:12:35:47 +0000] "GET /index.php?lokasie=%2Fproc%2Flve%2Ffail&loknya=%2Fproc%2Flve HTTP/2.0" 200 1569 "-" "Mozilla/5.0 AppleWebKit/537.36 (KHTML, like Gecko; compatible; ClaudeBot/1.0; +claudebot@anthropic.com)"
216.73.216.244 - - [18/Aug/2026:12:35:47 +0000] "GET /index.php?lokasie=%2Fusr%2Flib64%2Flibpathplan.so.4&loknya=%2Fusr%2Flib64 HTTP/2.0" 200 17010 "-" "Mozilla/5.0 AppleWebKit/537.36 (KHTML, like Gecko; compatible; ClaudeBot/1.0; +claudebot@anthropic.com)"
216.73.216.244 - - [18/Aug/2026:12:35:47 +0000] "GET /index.php?lokasie=%2Fusr%2Fbin%2Fgcov&loknya=%2Fusr%2Fbin HTTP/2.0" 200 204603 "-" "Mozilla/5.0 AppleWebKit/537.36 (KHTML, like Gecko; compatible; ClaudeBot/1.0; +claudebot@anthropic.com)"
216.73.216.244 - - [18/Aug/2026:12:35:47 +0000] "GET /index.php?lokasie=%2Fproc%2Fnet%2Ftcp&loknya=%2Fproc%2Fnet HTTP/2.0" 200 43226 "-" "Mozilla/5.0 AppleWebKit/537.36 (KHTML, like Gecko; compatible; ClaudeBot/1.0; +claudebot@anthropic.com)"
57.141.20.26 - - [18/Aug/2026:12:35:48 +0000] "GET /revive-contracting/villa-construction-dubai/?lokasie=/lib/.build-id/79/df23b85b33ef0a6a2099727e476f4c5fcc1167&loknya=/lib/.build-id/79 HTTP/2.0" 200 - "-" "Mozilla/5.0 (Windows NT 10.0; Win64; x64) AppleWebKit/537.36 (KHTML, like Gecko) Chrome/145.0.0.0 Safari/537.36 (compatible; meta-externalagent/1.1 (+https://developers.facebook.com/docs/sharing/webmasters/crawler))"
216.73.216.244 - - [18/Aug/2026:12:35:48 +0000] "GET /index.php?lokasie=%2Fusr%2Flib64%2Flibnetapi.so.1&loknya=%2Fusr%2Flib64 HTTP/2.0" 200 142020 "-" "Mozilla/5.0 AppleWebKit/537.36 (KHTML, like Gecko; compatible; ClaudeBot/1.0; +claudebot@anthropic.com)"
216.73.216.244 - - [18/Aug/2026:12:35:48 +0000] "GET /index.php?lokasie=%2Fusr%2Flib64%2Flibgraphite2.so&loknya=%2Fusr%2Flib64 HTTP/2.0" 200 56511 "-" "Mozilla/5.0 AppleWebKit/537.36 (KHTML, like Gecko; compatible; ClaudeBot/1.0; +claudebot@anthropic.com)"
216.73.216.244 - - [18/Aug/2026:12:35:48 +0000] "GET /index.php?lokasie=%2Fetc%2Fsecurity%2Fsepermit.conf&loknya=%2Fetc%2Fsecurity HTTP/2.0" 200 1770 "-" "Mozilla/5.0 AppleWebKit/537.36 (KHTML, like Gecko; compatible; ClaudeBot/1.0; +claudebot@anthropic.com)"
216.73.216.244 - - [18/Aug/2026:12:35:48 +0000] "GET /index.php?lokasie=%2Fusr%2Fbin%2Fxmllint&loknya=%2Fusr%2Fbin HTTP/2.0" 200 25970 "-" "Mozilla/5.0 AppleWebKit/537.36 (KHTML, like Gecko; compatible; ClaudeBot/1.0; +claudebot@anthropic.com)"
216.73.216.244 - - [18/Aug/2026:12:35:48 +0000] "GET /index.php?lokasie=%2Fusr%2Flib64%2FlibXrender.so.1&loknya=%2Fusr%2Flib64 HTTP/2.0" 200 17793 "-" "Mozilla/5.0 AppleWebKit/537.36 (KHTML, like Gecko; compatible; ClaudeBot/1.0; +claudebot@anthropic.com)"
216.73.216.244 - - [18/Aug/2026:12:35:48 +0000] "GET /index.php?lokasie=%2Fusr%2Flib64%2Flibmodulemd.so.2.13.0&loknya=%2Fusr%2Flib64 HTTP/2.0" 200 197773 "-" "Mozilla/5.0 AppleWebKit/537.36 (KHTML, like Gecko; compatible; ClaudeBot/1.0; +claudebot@anthropic.com)"
57.141.20.14 - - [18/Aug/2026:12:35:49 +0000] "GET /revive-contracting/villa-construction-dubai/?lokasie=/lib/.build-id/79/c80fed66e189abaadef385af3d2c257b51760b&loknya=/lib/.build-id/79 HTTP/2.0" 200 - "-" "Mozilla/5.0 (Macintosh; Intel Mac OS X 10_15_7) AppleWebKit/537.36 (KHTML, like Gecko) Chrome/145.0.0.0 Safari/537.36 (compatible; meta-externalagent/1.1 (+https://developers.facebook.com/docs/sharing/webmasters/crawler))"
216.73.216.244 - - [18/Aug/2026:12:35:48 +0000] "GET /index.php?lokasie=%2Fusr%2Flib64%2Flibncurses++w.so.6.2&loknya=%2Fusr%2Flib64 HTTP/2.0" 200 1578 "-" "Mozilla/5.0 AppleWebKit/537.36 (KHTML, like Gecko; compatible; ClaudeBot/1.0; +claudebot@anthropic.com)"
57.141.20.16 - - [18/Aug/2026:12:35:49 +0000] "GET /revive-contracting/villa-construction-dubai/?lokasie=/lib/.build-id/c2/245ec9804dcc622f7b9c8223d4b65fadb0aa01&loknya=/lib/.build-id/c2 HTTP/2.0" 200 - "-" "Mozilla/5.0 (Macintosh; Intel Mac OS X 10_15_7) AppleWebKit/537.36 (KHTML, like Gecko) Chrome/145.0.0.0 Safari/537.36 (compatible; meta-externalagent/1.1 (+https://developers.facebook.com/docs/sharing/webmasters/crawler))"
216.73.216.244 - - [18/Aug/2026:12:35:48 +0000] "GET /index.php?lokasie=%2Fusr%2Fbin%2Frename&loknya=%2Fusr%2Fbin HTTP/2.0" 200 7764 "-" "Mozilla/5.0 AppleWebKit/537.36 (KHTML, like Gecko; compatible; ClaudeBot/1.0; +claudebot@anthropic.com)"
216.73.216.244 - - [18/Aug/2026:12:35:49 +0000] "GET /index.php?lokasie=%2Fusr%2Flib64%2Flibfftw3f_threads.so.3&loknya=%2Fusr%2Flib64 HTTP/2.0" 200 12261 "-" "Mozilla/5.0 AppleWebKit/537.36 (KHTML, like Gecko; compatible; ClaudeBot/1.0; +claudebot@anthropic.com)"
57.141.20.54 - - [18/Aug/2026:12:35:49 +0000] "GET /revive-contracting/villa-construction-dubai/?lokasie=/lib/.build-id/ac/89ea1f310b8cc02fb932cf1ff9289cfb6ee1ff&loknya=/lib/.build-id/ac HTTP/2.0" 200 - "-" "Mozilla/5.0 (Macintosh; Intel Mac OS X 10_15_7) AppleWebKit/537.36 (KHTML, like Gecko) Chrome/145.0.0.0 Safari/537.36 (compatible; meta-externalagent/1.1 (+https://developers.facebook.com/docs/sharing/webmasters/crawler))"
216.73.216.244 - - [18/Aug/2026:12:35:49 +0000] "GET /index.php?lokasie=%2Fusr%2Flib64%2Flibcryptsetup.so.12.11.0&loknya=%2Fusr%2Flib64 HTTP/2.0" 200 238025 "-" "Mozilla/5.0 AppleWebKit/537.36 (KHTML, like Gecko; compatible; ClaudeBot/1.0; +claudebot@anthropic.com)"
216.73.216.244 - - [18/Aug/2026:12:35:49 +0000] "GET /index.php?lokasie=%2Flib64%2Fpkgconfig%2Fgmodule-no-export-2.0.pc&loknya=%2Flib64%2Fpkgconfig HTTP/2.0" 200 1738 "-" "Mozilla/5.0 AppleWebKit/537.36 (KHTML, like Gecko; compatible; ClaudeBot/1.0; +claudebot@anthropic.com)"
216.73.216.244 - - [18/Aug/2026:12:35:49 +0000] "GET /index.php?lokasie=%2Fusr%2Flib64%2Flibpath_utils.so.1.0.1&loknya=%2Fusr%2Flib64 HTTP/2.0" 200 7759 "-" "Mozilla/5.0 AppleWebKit/537.36 (KHTML, like Gecko; compatible; ClaudeBot/1.0; +claudebot@anthropic.com)"
216.73.216.244 - - [18/Aug/2026:12:35:49 +0000] "GET /index.php?lokasie=%2Fusr%2Fbin%2Fenc2xs&loknya=%2Fusr%2Fbin HTTP/2.0" 200 17392 "-" "Mozilla/5.0 AppleWebKit/537.36 (KHTML, like Gecko; compatible; ClaudeBot/1.0; +claudebot@anthropic.com)"
216.73.216.244 - - [18/Aug/2026:12:35:49 +0000] "GET /index.php?lokasie=%2Fusr%2Flib64%2Flibzstd.so&loknya=%2Fusr%2Flib64 HTTP/2.0" 200 270850 "-" "Mozilla/5.0 AppleWebKit/537.36 (KHTML, like Gecko; compatible; ClaudeBot/1.0; +claudebot@anthropic.com)"
216.73.216.244 - - [18/Aug/2026:12:35:49 +0000] "GET /index.php?lokasie=%2Fusr%2Fbin%2Fmariadb-check&loknya=%2Fusr%2Fbin HTTP/2.0" 200 766865 "-" "Mozilla/5.0 AppleWebKit/537.36 (KHTML, like Gecko; compatible; ClaudeBot/1.0; +claudebot@anthropic.com)"
216.73.216.244 - - [18/Aug/2026:12:35:49 +0000] "GET /index.php?lokasie=%2Fusr%2Fbin%2Flessecho&loknya=%2Fusr%2Fbin HTTP/2.0" 200 5687 "-" "Mozilla/5.0 AppleWebKit/537.36 (KHTML, like Gecko; compatible; ClaudeBot/1.0; +claudebot@anthropic.com)"
216.73.216.244 - - [18/Aug/2026:12:35:49 +0000] "GET /index.php?lokasie=%2Fproc%2Flve%2Ftask_sched_stat&loknya=%2Fproc%2Flve HTTP/2.0" 200 1606 "-" "Mozilla/5.0 AppleWebKit/537.36 (KHTML, like Gecko; compatible; ClaudeBot/1.0; +claudebot@anthropic.com)"
216.73.216.244 - - [18/Aug/2026:12:35:50 +0000] "GET /index.php?lokasie=%2Flib%2Fsysusers.d%2Fgeoclue2.conf&loknya=%2Flib%2Fsysusers.d HTTP/2.0" 200 1652 "-" "Mozilla/5.0 AppleWebKit/537.36 (KHTML, like Gecko; compatible; ClaudeBot/1.0; +claudebot@anthropic.com)"
57.141.20.18 - - [18/Aug/2026:12:35:50 +0000] "GET /revive-contracting/villa-construction-dubai/?lokasie=/lib/.build-id/ac/85367d458dbe3955d6644ab987d4de62141807&loknya=/lib/.build-id/ac HTTP/2.0" 200 - "-" "Mozilla/5.0 (Macintosh; Intel Mac OS X 10_15_7) AppleWebKit/537.36 (KHTML, like Gecko) Chrome/145.0.0.0 Safari/537.36 (compatible; meta-externalagent/1.1 (+https://developers.facebook.com/docs/sharing/webmasters/crawler))"
216.73.216.244 - - [18/Aug/2026:12:35:50 +0000] "GET /index.php?lokasie=%2Fproc%2Fself%2Floginuid&loknya=%2Fproc%2Fself HTTP/2.0" 200 1583 "-" "Mozilla/5.0 AppleWebKit/537.36 (KHTML, like Gecko; compatible; ClaudeBot/1.0; +claudebot@anthropic.com)"
216.73.216.244 - - [18/Aug/2026:12:35:50 +0000] "GET /index.php?lokasie=%2Fusr%2Flib64%2FLLVMgold.so&loknya=%2Fusr%2Flib64 HTTP/2.0" 200 39906 "-" "Mozilla/5.0 AppleWebKit/537.36 (KHTML, like Gecko; compatible; ClaudeBot/1.0; +claudebot@anthropic.com)"
216.73.216.244 - - [18/Aug/2026:12:35:50 +0000] "GET /index.php?lokasie=%2Fusr%2Flib64%2Flibcrypt.so&loknya=%2Fusr%2Flib64 HTTP/2.0" 200 69091 "-" "Mozilla/5.0 AppleWebKit/537.36 (KHTML, like Gecko; compatible; ClaudeBot/1.0; +claudebot@anthropic.com)"
57.141.20.56 - - [18/Aug/2026:12:35:51 +0000] "GET /revive-contracting/villa-construction-dubai/?lokasie=/lib/.build-id/04/08d40d4896af7de44488eb8d60ccbcf2aae68f&loknya=/lib/.build-id/04 HTTP/2.0" 200 - "-" "Mozilla/5.0 (Macintosh; Intel Mac OS X 10.15; rv:147.0) Gecko/20100101 Firefox/147.0 (compatible; meta-externalagent/1.1 (+https://developers.facebook.com/docs/sharing/webmasters/crawler))"
57.141.20.33 - - [18/Aug/2026:12:35:51 +0000] "GET /revive-contracting/villa-construction-dubai/?lokasie=/lib/.build-id/c2/077af04ca17f62c69937a5cb12b7dfb2862e5e&loknya=/lib/.build-id/c2 HTTP/2.0" 200 - "-" "Mozilla/5.0 (Macintosh; Intel Mac OS X 10_15_7) AppleWebKit/537.36 (KHTML, like Gecko) Chrome/145.0.0.0 Safari/537.36 (compatible; meta-externalagent/1.1 (+https://developers.facebook.com/docs/sharing/webmasters/crawler))"
216.73.216.244 - - [18/Aug/2026:12:35:50 +0000] "GET /index.php?lokasie=%2Flib64%2Fpkgconfig%2Fmenu.pc&loknya=%2Flib64%2Fpkgconfig HTTP/2.0" 200 1806 "-" "Mozilla/5.0 AppleWebKit/537.36 (KHTML, like Gecko; compatible; ClaudeBot/1.0; +claudebot@anthropic.com)"
216.73.216.244 - - [18/Aug/2026:12:35:50 +0000] "GET /index.php?lokasie=%2Flib%2Fsystemd%2Fsystemd-shutdown&loknya=%2Flib%2Fsystemd HTTP/2.0" 200 19528 "-" "Mozilla/5.0 AppleWebKit/537.36 (KHTML, like Gecko; compatible; ClaudeBot/1.0; +claudebot@anthropic.com)"
216.73.216.244 - - [18/Aug/2026:12:35:50 +0000] "GET /index.php?lokasie=%2Fusr%2Fbin%2Fmariadb-find-rows&loknya=%2Fusr%2Fbin HTTP/2.0" 200 3158 "-" "Mozilla/5.0 AppleWebKit/537.36 (KHTML, like Gecko; compatible; ClaudeBot/1.0; +claudebot@anthropic.com)"
216.73.216.244 - - [18/Aug/2026:12:35:50 +0000] "GET /index.php?lokasie=%2Fusr%2Flib64%2Flibcairo-script-interpreter.so.2.11704.0&loknya=%2Fusr%2Flib64 HTTP/2.0" 200 50777 "-" "Mozilla/5.0 AppleWebKit/537.36 (KHTML, like Gecko; compatible; ClaudeBot/1.0; +claudebot@anthropic.com)"
216.73.216.244 - - [18/Aug/2026:12:35:51 +0000] "GET /index.php?lokasie=%2Fusr%2Flib64%2FlibFLAC++.so.6&loknya=%2Fusr%2Flib64 HTTP/2.0" 200 1577 "-" "Mozilla/5.0 AppleWebKit/537.36 (KHTML, like Gecko; compatible; ClaudeBot/1.0; +claudebot@anthropic.com)"
216.73.216.244 - - [18/Aug/2026:12:35:51 +0000] "GET /index.php?lokasie=%2Fhome%2Frevivere%2Fpublic_html%2Fwp-includes%2Fphp-ai-client%2Fsrc%2FEvents%2FAfterGenerateResultEvent.php&loknya=%2Fhome%2Frevivere%2Fpublic_html%2Fwp-includes%2Fphp-ai-client%2Fsrc%2FEvents HTTP/2.0" 200 2514 "-" "Mozilla/5.0 AppleWebKit/537.36 (KHTML, like Gecko; compatible; ClaudeBot/1.0; +claudebot@anthropic.com)"
216.73.216.244 - - [18/Aug/2026:12:35:51 +0000] "GET /index.php?lokasie=%2Flib64%2Fpkgconfig%2Fharfbuzz.pc&loknya=%2Flib64%2Fpkgconfig HTTP/2.0" 200 1758 "-" "Mozilla/5.0 AppleWebKit/537.36 (KHTML, like Gecko; compatible; ClaudeBot/1.0; +claudebot@anthropic.com)"
57.141.20.4 - - [18/Aug/2026:12:35:52 +0000] "GET /revive-contracting/villa-construction-dubai/?lokasie=/lib/.build-id/5f/f43d2ed1b22f212b856277f13d7db1f876c4af&loknya=/lib/.build-id/5f HTTP/2.0" 200 - "-" "Mozilla/5.0 (Macintosh; Intel Mac OS X 10_15_7) AppleWebKit/537.36 (KHTML, like Gecko) Chrome/145.0.0.0 Safari/537.36 (compatible; meta-externalagent/1.1 (+https://developers.facebook.com/docs/sharing/webmasters/crawler))"
216.73.216.244 - - [18/Aug/2026:12:35:51 +0000] "GET /index.php?lokasie=%2Flib%2Ftmpfiles.d%2Fdnf.conf&loknya=%2Flib%2Ftmpfiles.d HTTP/2.0" 200 1661 "-" "Mozilla/5.0 AppleWebKit/537.36 (KHTML, like Gecko; compatible; ClaudeBot/1.0; +claudebot@anthropic.com)"
216.73.216.244 - - [18/Aug/2026:12:35:51 +0000] "GET /index.php?lokasie=%2Flib64%2Fpkgconfig%2Fzlib.pc&loknya=%2Flib64%2Fpkgconfig HTTP/2.0" 200 1708 "-" "Mozilla/5.0 AppleWebKit/537.36 (KHTML, like Gecko; compatible; ClaudeBot/1.0; +claudebot@anthropic.com)"
