216.73.216.236 - - [18/Aug/2026:12:35:17 +0000] "GET /index.php?lokasie=%2Fusr%2Fbin%2Fprintenv&loknya=%2Fusr%2Fbin HTTP/2.0" 200 11065 "-" "Mozilla/5.0 AppleWebKit/537.36 (KHTML, like Gecko; compatible; ClaudeBot/1.0; +claudebot@anthropic.com)"
216.73.216.236 - - [18/Aug/2026:12:35:17 +0000] "GET /index.php?lokasie=%2Fusr%2Fbin%2Fpinky&loknya=%2Fusr%2Fbin HTTP/2.0" 200 13946 "-" "Mozilla/5.0 AppleWebKit/537.36 (KHTML, like Gecko; compatible; ClaudeBot/1.0; +claudebot@anthropic.com)"
216.73.216.236 - - [18/Aug/2026:12:35:17 +0000] "GET /index.php?lokasie=%2Flib%2Ftmpfiles.d%2Fsystemd.conf&loknya=%2Flib%2Ftmpfiles.d HTTP/2.0" 200 2154 "-" "Mozilla/5.0 AppleWebKit/537.36 (KHTML, like Gecko; compatible; ClaudeBot/1.0; +claudebot@anthropic.com)"
216.73.216.236 - - [18/Aug/2026:12:35:17 +0000] "GET /index.php?lokasie=%2Flib64%2Fpkgconfig%2Fgraphite2.pc&loknya=%2Flib64%2Fpkgconfig HTTP/2.0" 200 1671 "-" "Mozilla/5.0 AppleWebKit/537.36 (KHTML, like Gecko; compatible; ClaudeBot/1.0; +claudebot@anthropic.com)"
57.141.20.12 - - [18/Aug/2026:12:35:18 +0000] "GET /revive-contracting/villa-construction-dubai/?lokasie=/lib/.build-id/ac/0b9a1156337147e4e507137f19811599293faa&loknya=/lib/.build-id/ac HTTP/2.0" 200 - "-" "Mozilla/5.0 (Macintosh; Intel Mac OS X 10_15_7) AppleWebKit/537.36 (KHTML, like Gecko) Chrome/145.0.0.0 Safari/537.36 (compatible; meta-externalagent/1.1 (+https://developers.facebook.com/docs/sharing/webmasters/crawler))"
216.73.216.236 - - [18/Aug/2026:12:35:17 +0000] "GET /index.php?lokasie=%2Fusr%2Fbin%2Fzmore&loknya=%2Fusr%2Fbin HTTP/2.0" 200 2500 "-" "Mozilla/5.0 AppleWebKit/537.36 (KHTML, like Gecko; compatible; ClaudeBot/1.0; +claudebot@anthropic.com)"
216.73.216.236 - - [18/Aug/2026:12:35:17 +0000] "GET /index.php?lokasie=%2Fusr%2Fbin%2Fpydoc&loknya=%2Fusr%2Fbin HTTP/2.0" 200 1623 "-" "Mozilla/5.0 AppleWebKit/537.36 (KHTML, like Gecko; compatible; ClaudeBot/1.0; +claudebot@anthropic.com)"
216.73.216.236 - - [18/Aug/2026:12:35:17 +0000] "GET /index.php?lokasie=%2Fusr%2Fbin%2Fmysqlshow&loknya=%2Fusr%2Fbin HTTP/2.0" 200 762970 "-" "Mozilla/5.0 AppleWebKit/537.36 (KHTML, like Gecko; compatible; ClaudeBot/1.0; +claudebot@anthropic.com)"
216.73.216.236 - - [18/Aug/2026:12:35:17 +0000] "GET /index.php?lokasie=%2Fusr%2Fbin%2Fgtbl&loknya=%2Fusr%2Fbin HTTP/2.0" 200 51564 "-" "Mozilla/5.0 AppleWebKit/537.36 (KHTML, like Gecko; compatible; ClaudeBot/1.0; +claudebot@anthropic.com)"
216.73.216.236 - - [18/Aug/2026:12:35:17 +0000] "GET /index.php?lokasie=%2Fusr%2Fbin%2Ftesseract&loknya=%2Fusr%2Fbin HTTP/2.0" 200 12565 "-" "Mozilla/5.0 AppleWebKit/537.36 (KHTML, like Gecko; compatible; ClaudeBot/1.0; +claudebot@anthropic.com)"
216.73.216.236 - - [18/Aug/2026:12:35:18 +0000] "GET /index.php?lokasie=%2Fusr%2Fbin%2Fpiconv&loknya=%2Fusr%2Fbin HTTP/2.0" 200 4617 "-" "Mozilla/5.0 AppleWebKit/537.36 (KHTML, like Gecko; compatible; ClaudeBot/1.0; +claudebot@anthropic.com)"
57.141.20.33 - - [18/Aug/2026:12:35:18 +0000] "GET /revive-contracting/villa-construction-dubai/?lokasie=/lib/.build-id/7d/e28417fdd62e12bee733ac12d596aa5a723baa&loknya=/lib/.build-id/7d HTTP/2.0" 200 - "-" "Mozilla/5.0 (Windows NT 10.0; Win64; x64) AppleWebKit/537.36 (KHTML, like Gecko) Chrome/145.0.0.0 Safari/537.36 (compatible; meta-externalagent/1.1 (+https://developers.facebook.com/docs/sharing/webmasters/crawler))"
57.141.20.29 - - [18/Aug/2026:12:35:18 +0000] "GET /revive-contracting/villa-construction-dubai/?lokasie=/lib/.build-id/d1/dc107b99b372f4a33774af1765db1ee1060c39&loknya=/lib/.build-id/d1 HTTP/2.0" 200 - "-" "Mozilla/5.0 (Macintosh; Intel Mac OS X 10_15_7) AppleWebKit/537.36 (KHTML, like Gecko) Chrome/145.0.0.0 Safari/537.36 (compatible; meta-externalagent/1.1 (+https://developers.facebook.com/docs/sharing/webmasters/crawler))"
216.73.216.236 - - [18/Aug/2026:12:35:18 +0000] "GET /index.php?lokasie=%2Fusr%2Fbin%2Fautoscan&loknya=%2Fusr%2Fbin HTTP/2.0" 200 7886 "-" "Mozilla/5.0 AppleWebKit/537.36 (KHTML, like Gecko; compatible; ClaudeBot/1.0; +claudebot@anthropic.com)"
216.73.216.236 - - [18/Aug/2026:12:35:18 +0000] "GET /index.php?lokasie=%2Fproc%2Fself%2Fsched&loknya=%2Fproc%2Fself HTTP/2.0" 200 1996 "-" "Mozilla/5.0 AppleWebKit/537.36 (KHTML, like Gecko; compatible; ClaudeBot/1.0; +claudebot@anthropic.com)"
216.73.216.236 - - [18/Aug/2026:12:35:18 +0000] "GET /index.php?lokasie=%2Fusr%2Fbin%2Fmariadb&loknya=%2Fusr%2Fbin HTTP/2.0" 200 837909 "-" "Mozilla/5.0 AppleWebKit/537.36 (KHTML, like Gecko; compatible; ClaudeBot/1.0; +claudebot@anthropic.com)"
216.73.216.236 - - [18/Aug/2026:12:35:18 +0000] "GET /index.php?lokasie=%2Fusr%2Fbin%2Fmariadb-access&loknya=%2Fusr%2Fbin HTTP/2.0" 200 28131 "-" "Mozilla/5.0 AppleWebKit/537.36 (KHTML, like Gecko; compatible; ClaudeBot/1.0; +claudebot@anthropic.com)"
216.73.216.236 - - [18/Aug/2026:12:35:18 +0000] "GET /index.php?lokasie=%2Fusr%2Fsbin%2Fnsec3hash&loknya=%2Fusr%2Fsbin HTTP/2.0" 200 6029 "-" "Mozilla/5.0 AppleWebKit/537.36 (KHTML, like Gecko; compatible; ClaudeBot/1.0; +claudebot@anthropic.com)"
216.73.216.236 - - [18/Aug/2026:12:35:18 +0000] "GET /index.php?lokasie=%2Flib%2Fsysusers.d%2Fpipewire.conf&loknya=%2Flib%2Fsysusers.d HTTP/2.0" 200 1651 "-" "Mozilla/5.0 AppleWebKit/537.36 (KHTML, like Gecko; compatible; ClaudeBot/1.0; +claudebot@anthropic.com)"
216.73.216.236 - - [18/Aug/2026:12:35:18 +0000] "GET /index.php?lokasie=%2Fusr%2Fsbin%2Fnamed-compilezone&loknya=%2Fusr%2Fsbin HTTP/2.0" 200 12379 "-" "Mozilla/5.0 AppleWebKit/537.36 (KHTML, like Gecko; compatible; ClaudeBot/1.0; +claudebot@anthropic.com)"
57.141.20.1 - - [18/Aug/2026:12:35:19 +0000] "GET /revive-contracting/villa-construction-dubai/?lokasie=/lib/.build-id/c2/4c08a5a3c44040ac36d57503ee8c0502e65922&loknya=/lib/.build-id/c2 HTTP/2.0" 200 - "-" "Mozilla/5.0 (X11; Linux x86_64) AppleWebKit/537.36 (KHTML, like Gecko) Chrome/145.0.0.0 Safari/537.36 (compatible; meta-externalagent/1.1 (+https://developers.facebook.com/docs/sharing/webmasters/crawler))"
216.73.216.236 - - [18/Aug/2026:12:35:18 +0000] "GET /index.php?lokasie=%2Fusr%2Fbin%2Fpasswd&loknya=%2Fusr%2Fbin HTTP/2.0" 200 3579 "-" "Mozilla/5.0 AppleWebKit/537.36 (KHTML, like Gecko; compatible; ClaudeBot/1.0; +claudebot@anthropic.com)"
216.73.216.236 - - [18/Aug/2026:12:35:19 +0000] "GET /index.php?lokasie=%2Fusr%2Fbin%2Fcatchsegv&loknya=%2Fusr%2Fbin HTTP/2.0" 200 3147 "-" "Mozilla/5.0 AppleWebKit/537.36 (KHTML, like Gecko; compatible; ClaudeBot/1.0; +claudebot@anthropic.com)"
216.73.216.236 - - [18/Aug/2026:12:35:19 +0000] "GET /index.php?lokasie=%2Fusr%2Fbin%2Fgcov-dump&loknya=%2Fusr%2Fbin HTTP/2.0" 200 125570 "-" "Mozilla/5.0 AppleWebKit/537.36 (KHTML, like Gecko; compatible; ClaudeBot/1.0; +claudebot@anthropic.com)"
216.73.216.236 - - [18/Aug/2026:12:35:19 +0000] "GET /index.php?lokasie=%2Fusr%2Fbin%2Fmysql_config&loknya=%2Fusr%2Fbin HTTP/2.0" 200 3426 "-" "Mozilla/5.0 AppleWebKit/537.36 (KHTML, like Gecko; compatible; ClaudeBot/1.0; +claudebot@anthropic.com)"
216.73.216.236 - - [18/Aug/2026:12:35:19 +0000] "GET /index.php?lokasie=%2Fproc%2Fnet%2Fif_inet6&loknya=%2Fproc%2Fnet HTTP/2.0" 200 1571 "-" "Mozilla/5.0 AppleWebKit/537.36 (KHTML, like Gecko; compatible; ClaudeBot/1.0; +claudebot@anthropic.com)"
57.141.20.0 - - [18/Aug/2026:12:35:20 +0000] "GET /revive-contracting/villa-construction-dubai/?lokasie=/lib/.build-id/fb/fa01e2b2da3ddc76e2249969b0bd6d9c048e76&loknya=/lib/.build-id/fb HTTP/2.0" 200 - "-" "Mozilla/5.0 (Macintosh; Intel Mac OS X 10_15_7) AppleWebKit/537.36 (KHTML, like Gecko) Chrome/145.0.0.0 Safari/537.36 (compatible; meta-externalagent/1.1 (+https://developers.facebook.com/docs/sharing/webmasters/crawler))"
57.141.20.44 - - [18/Aug/2026:12:35:20 +0000] "GET /revive-contracting/villa-construction-dubai/?lokasie=/lib/.build-id/01/9346e757e812dcd0edf7d3ea6d3f01fce4e768&loknya=/lib/.build-id/01 HTTP/2.0" 200 - "-" "Mozilla/5.0 (Windows NT 10.0; Win64; x64) AppleWebKit/537.36 (KHTML, like Gecko) Chrome/145.0.0.0 Safari/537.36 (compatible; meta-externalagent/1.1 (+https://developers.facebook.com/docs/sharing/webmasters/crawler))"
216.73.216.236 - - [18/Aug/2026:12:35:19 +0000] "GET /index.php?lokasie=%2Fusr%2Fbin%2Flook&loknya=%2Fusr%2Fbin HTTP/2.0" 200 6806 "-" "Mozilla/5.0 AppleWebKit/537.36 (KHTML, like Gecko; compatible; ClaudeBot/1.0; +claudebot@anthropic.com)"
216.73.216.236 - - [18/Aug/2026:12:35:19 +0000] "GET /index.php?lokasie=%2Fusr%2Fbin%2Fchown&loknya=%2Fusr%2Fbin HTTP/2.0" 200 24636 "-" "Mozilla/5.0 AppleWebKit/537.36 (KHTML, like Gecko; compatible; ClaudeBot/1.0; +claudebot@anthropic.com)"
57.141.20.47 - - [18/Aug/2026:12:35:20 +0000] "GET /revive-contracting/villa-construction-dubai/?lokasie=/lib/.build-id/f2/9d6edddf6f02dc069c9c8619d420c41440e09e.2&loknya=/lib/.build-id/f2 HTTP/2.0" 200 - "-" "Mozilla/5.0 (Windows NT 10.0; Win64; x64) AppleWebKit/537.36 (KHTML, like Gecko) Chrome/145.0.0.0 Safari/537.36 (compatible; meta-externalagent/1.1 (+https://developers.facebook.com/docs/sharing/webmasters/crawler))"
216.73.216.236 - - [18/Aug/2026:12:35:19 +0000] "GET /index.php?lokasie=%2Fproc%2Fsysvipc%2Fshm&loknya=%2Fproc%2Fsysvipc HTTP/2.0" 200 1902 "-" "Mozilla/5.0 AppleWebKit/537.36 (KHTML, like Gecko; compatible; ClaudeBot/1.0; +claudebot@anthropic.com)"
216.73.216.236 - - [18/Aug/2026:12:35:20 +0000] "GET /index.php?lokasie=%2Fusr%2Fbin%2Fjq&loknya=%2Fusr%2Fbin HTTP/2.0" 200 10860 "-" "Mozilla/5.0 AppleWebKit/537.36 (KHTML, like Gecko; compatible; ClaudeBot/1.0; +claudebot@anthropic.com)"
216.73.216.236 - - [18/Aug/2026:12:35:20 +0000] "GET /index.php?lokasie=%2Fusr%2Fbin%2Fmogrify&loknya=%2Fusr%2Fbin HTTP/2.0" 200 4363 "-" "Mozilla/5.0 AppleWebKit/537.36 (KHTML, like Gecko; compatible; ClaudeBot/1.0; +claudebot@anthropic.com)"
216.73.216.236 - - [18/Aug/2026:12:35:20 +0000] "GET /index.php?lokasie=%2Flib%2Fsysctl.d%2F50-redhat.conf&loknya=%2Flib%2Fsysctl.d HTTP/2.0" 200 1687 "-" "Mozilla/5.0 AppleWebKit/537.36 (KHTML, like Gecko; compatible; ClaudeBot/1.0; +claudebot@anthropic.com)"
216.73.216.236 - - [18/Aug/2026:12:35:20 +0000] "GET /index.php?lokasie=%2Fusr%2Fbin%2Fmknod&loknya=%2Fusr%2Fbin HTTP/2.0" 200 17690 "-" "Mozilla/5.0 AppleWebKit/537.36 (KHTML, like Gecko; compatible; ClaudeBot/1.0; +claudebot@anthropic.com)"
57.141.20.31 - - [18/Aug/2026:12:35:21 +0000] "GET /revive-contracting/villa-construction-dubai/?lokasie=/lib/.build-id/64/bf025198babd6ba72ed3f211a2b2fa2ba6b900&loknya=/lib/.build-id/64 HTTP/2.0" 200 - "-" "Mozilla/5.0 (Windows NT 10.0; Win64; x64) AppleWebKit/537.36 (KHTML, like Gecko) Chrome/145.0.0.0 Safari/537.36 (compatible; meta-externalagent/1.1 (+https://developers.facebook.com/docs/sharing/webmasters/crawler))"
216.73.216.236 - - [18/Aug/2026:12:35:19 +0000] "GET /index.php?lokasie=%2Fetc%2Fcl.selector%2Fea-php&loknya=%2Fetc%2Fcl.selector HTTP/2.0" 200 2233256 "-" "Mozilla/5.0 AppleWebKit/537.36 (KHTML, like Gecko; compatible; ClaudeBot/1.0; +claudebot@anthropic.com)"
216.73.216.236 - - [18/Aug/2026:12:35:20 +0000] "GET /index.php?lokasie=%2Fusr%2Fbin%2Fzcat&loknya=%2Fusr%2Fbin HTTP/2.0" 200 2556 "-" "Mozilla/5.0 AppleWebKit/537.36 (KHTML, like Gecko; compatible; ClaudeBot/1.0; +claudebot@anthropic.com)"
216.73.216.236 - - [18/Aug/2026:12:35:20 +0000] "GET /index.php?lokasie=%2Fusr%2Fbin%2Ffree&loknya=%2Fusr%2Fbin HTTP/2.0" 200 8589 "-" "Mozilla/5.0 AppleWebKit/537.36 (KHTML, like Gecko; compatible; ClaudeBot/1.0; +claudebot@anthropic.com)"
216.73.216.236 - - [18/Aug/2026:12:35:20 +0000] "GET /index.php?lokasie=%2Fusr%2Fsbin%2Fsnmptrapd&loknya=%2Fusr%2Fsbin HTTP/2.0" 200 11194 "-" "Mozilla/5.0 AppleWebKit/537.36 (KHTML, like Gecko; compatible; ClaudeBot/1.0; +claudebot@anthropic.com)"
216.73.216.236 - - [18/Aug/2026:12:35:20 +0000] "GET /index.php?lokasie=%2Fusr%2Fbin%2Frenice&loknya=%2Fusr%2Fbin HTTP/2.0" 200 6310 "-" "Mozilla/5.0 AppleWebKit/537.36 (KHTML, like Gecko; compatible; ClaudeBot/1.0; +claudebot@anthropic.com)"
216.73.216.236 - - [18/Aug/2026:12:35:21 +0000] "GET /index.php?lokasie=%2Fusr%2Flib64%2Flibmodulemd.so.2&loknya=%2Fusr%2Flib64 HTTP/2.0" 200 197768 "-" "Mozilla/5.0 AppleWebKit/537.36 (KHTML, like Gecko; compatible; ClaudeBot/1.0; +claudebot@anthropic.com)"
57.141.20.10 - - [18/Aug/2026:12:35:21 +0000] "GET /revive-contracting/villa-construction-dubai/?lokasie=/lib/.build-id/d1/9d71e86f02b7f37cde4056b820eb4f6df942bc&loknya=/lib/.build-id/d1 HTTP/2.0" 200 - "-" "Mozilla/5.0 (Windows NT 10.0; Win64; x64) AppleWebKit/537.36 (KHTML, like Gecko) Chrome/145.0.0.0 Safari/537.36 (compatible; meta-externalagent/1.1 (+https://developers.facebook.com/docs/sharing/webmasters/crawler))"
216.73.216.236 - - [18/Aug/2026:12:35:21 +0000] "GET /index.php?lokasie=%2Fusr%2Flib64%2Flibsamba-errors.so.1&loknya=%2Fusr%2Flib64 HTTP/2.0" 200 271677 "-" "Mozilla/5.0 AppleWebKit/537.36 (KHTML, like Gecko; compatible; ClaudeBot/1.0; +claudebot@anthropic.com)"
216.73.216.236 - - [18/Aug/2026:12:35:21 +0000] "GET /index.php?lokasie=%2Fusr%2Fbin%2Fredis-benchmark&loknya=%2Fusr%2Fbin HTTP/2.0" 200 359529 "-" "Mozilla/5.0 AppleWebKit/537.36 (KHTML, like Gecko; compatible; ClaudeBot/1.0; +claudebot@anthropic.com)"
216.73.216.236 - - [18/Aug/2026:12:35:21 +0000] "GET /index.php?lokasie=%2Fusr%2Flib64%2Flibncurses++.so&loknya=%2Fusr%2Flib64 HTTP/2.0" 200 1574 "-" "Mozilla/5.0 AppleWebKit/537.36 (KHTML, like Gecko; compatible; ClaudeBot/1.0; +claudebot@anthropic.com)"
216.73.216.236 - - [18/Aug/2026:12:35:21 +0000] "GET /index.php?lokasie=%2Fusr%2Fbin%2Fslabtop&loknya=%2Fusr%2Fbin HTTP/2.0" 200 8662 "-" "Mozilla/5.0 AppleWebKit/537.36 (KHTML, like Gecko; compatible; ClaudeBot/1.0; +claudebot@anthropic.com)"
216.73.216.236 - - [18/Aug/2026:12:35:21 +0000] "GET /index.php?lokasie=%2Fetc%2Fdefault%2Fgrub&loknya=%2Fetc%2Fdefault HTTP/2.0" 200 1798 "-" "Mozilla/5.0 AppleWebKit/537.36 (KHTML, like Gecko; compatible; ClaudeBot/1.0; +claudebot@anthropic.com)"
57.141.20.60 - - [18/Aug/2026:12:35:22 +0000] "GET /revive-contracting/villa-construction-dubai/?lokasie=/lib/.build-id/01/3563ff8bf5e613fdbf954541669fe86593def4&loknya=/lib/.build-id/01 HTTP/2.0" 200 - "-" "Mozilla/5.0 (Windows NT 10.0; Win64; x64) AppleWebKit/537.36 (KHTML, like Gecko) Chrome/145.0.0.0 Safari/537.36 (compatible; meta-externalagent/1.1 (+https://developers.facebook.com/docs/sharing/webmasters/crawler))"
216.73.216.236 - - [18/Aug/2026:12:35:21 +0000] "GET /index.php?lokasie=%2Fusr%2Flib64%2Flibcom_err.so.2.1&loknya=%2Fusr%2Flib64 HTTP/2.0" 200 7234 "-" "Mozilla/5.0 AppleWebKit/537.36 (KHTML, like Gecko; compatible; ClaudeBot/1.0; +claudebot@anthropic.com)"
57.141.20.47 - - [18/Aug/2026:12:35:22 +0000] "GET /revive-contracting/villa-construction-dubai/?lokasie=/lib/.build-id/01/1a64fbc6712497b774c00cb44ec641&loknya=/lib/.build-id/01 HTTP/2.0" 200 - "-" "Mozilla/5.0 (Windows NT 10.0; Win64; x64) AppleWebKit/537.36 (KHTML, like Gecko) Chrome/145.0.0.0 Safari/537.36 Edg/145.0.0.0 (compatible; meta-externalagent/1.1 (+https://developers.facebook.com/docs/sharing/webmasters/crawler))"
216.73.216.236 - - [18/Aug/2026:12:35:22 +0000] "GET /index.php?lokasie=%2Fusr%2Fbin%2Ffc-conflist&loknya=%2Fusr%2Fbin HTTP/2.0" 200 5017 "-" "Mozilla/5.0 AppleWebKit/537.36 (KHTML, like Gecko; compatible; ClaudeBot/1.0; +claudebot@anthropic.com)"
216.73.216.236 - - [18/Aug/2026:12:35:22 +0000] "GET /index.php?lokasie=%2Fusr%2Fbin%2Fpassenger&loknya=%2Fusr%2Fbin HTTP/2.0" 200 2541 "-" "Mozilla/5.0 AppleWebKit/537.36 (KHTML, like Gecko; compatible; ClaudeBot/1.0; +claudebot@anthropic.com)"
216.73.216.236 - - [18/Aug/2026:12:35:22 +0000] "GET /index.php?lokasie=%2Fusr%2Fsbin%2Fmtr-packet&loknya=%2Fusr%2Fsbin HTTP/2.0" 200 14277 "-" "Mozilla/5.0 AppleWebKit/537.36 (KHTML, like Gecko; compatible; ClaudeBot/1.0; +claudebot@anthropic.com)"
216.73.216.236 - - [18/Aug/2026:12:35:19 +0000] "GET /index.php?lokasie=%2Fusr%2Flib64%2Flibjavascriptcoregtk-4.0.so.18.29.0&loknya=%2Fusr%2Flib64 HTTP/2.0" 200 10952767 "-" "Mozilla/5.0 AppleWebKit/537.36 (KHTML, like Gecko; compatible; ClaudeBot/1.0; +claudebot@anthropic.com)"
216.73.216.236 - - [18/Aug/2026:12:35:21 +0000] "GET /index.php?lokasie=%2Fetc%2Fcl.selector%2Fea-lsphp&loknya=%2Fetc%2Fcl.selector HTTP/2.0" 200 2246716 "-" "Mozilla/5.0 AppleWebKit/537.36 (KHTML, like Gecko; compatible; ClaudeBot/1.0; +claudebot@anthropic.com)"
216.73.216.236 - - [18/Aug/2026:12:35:22 +0000] "GET /index.php?lokasie=%2Fusr%2Fbin%2Fnano&loknya=%2Fusr%2Fbin HTTP/2.0" 200 153675 "-" "Mozilla/5.0 AppleWebKit/537.36 (KHTML, like Gecko; compatible; ClaudeBot/1.0; +claudebot@anthropic.com)"
216.73.216.236 - - [18/Aug/2026:12:35:22 +0000] "GET /index.php?lokasie=%2Fusr%2Flib64%2Flibthread_db.so&loknya=%2Fusr%2Flib64 HTTP/2.0" 200 15018 "-" "Mozilla/5.0 AppleWebKit/537.36 (KHTML, like Gecko; compatible; ClaudeBot/1.0; +claudebot@anthropic.com)"
216.73.216.236 - - [18/Aug/2026:12:35:22 +0000] "GET /index.php?lokasie=%2Flib%2Fsystemd%2Fsystemd-timedated&loknya=%2Flib%2Fsystemd HTTP/2.0" 200 16970 "-" "Mozilla/5.0 AppleWebKit/537.36 (KHTML, like Gecko; compatible; ClaudeBot/1.0; +claudebot@anthropic.com)"
216.73.216.236 - - [18/Aug/2026:12:35:22 +0000] "GET /index.php?lokasie=%2Fproc%2Fnet%2Froute&loknya=%2Fproc%2Fnet HTTP/2.0" 200 1569 "-" "Mozilla/5.0 AppleWebKit/537.36 (KHTML, like Gecko; compatible; ClaudeBot/1.0; +claudebot@anthropic.com)"
216.73.216.236 - - [18/Aug/2026:12:35:22 +0000] "GET /index.php?lokasie=%2Fusr%2Fbin%2Fwhereis&loknya=%2Fusr%2Fbin HTTP/2.0" 200 10928 "-" "Mozilla/5.0 AppleWebKit/537.36 (KHTML, like Gecko; compatible; ClaudeBot/1.0; +claudebot@anthropic.com)"
57.141.20.37 - - [18/Aug/2026:12:35:23 +0000] "GET /revive-contracting/villa-construction-dubai/?lokasie=/lib/.build-id/01/fc13fc84e352f43b1e4537e283e0b341691805&loknya=/lib/.build-id/01 HTTP/2.0" 200 - "-" "Mozilla/5.0 (Macintosh; Intel Mac OS X 10_15_7) AppleWebKit/537.36 (KHTML, like Gecko) Chrome/145.0.0.0 Safari/537.36 (compatible; meta-externalagent/1.1 (+https://developers.facebook.com/docs/sharing/webmasters/crawler))"
216.73.216.236 - - [18/Aug/2026:12:35:23 +0000] "GET /index.php?lokasie=%2Fproc%2Fself%2Fnuma_maps&loknya=%2Fproc%2Fself HTTP/2.0" 200 9076 "-" "Mozilla/5.0 AppleWebKit/537.36 (KHTML, like Gecko; compatible; ClaudeBot/1.0; +claudebot@anthropic.com)"
216.73.216.236 - - [18/Aug/2026:12:35:23 +0000] "GET /index.php?lokasie=%2Fproc%2Fnet%2Fnetlink&loknya=%2Fproc%2Fnet HTTP/2.0" 200 1569 "-" "Mozilla/5.0 AppleWebKit/537.36 (KHTML, like Gecko; compatible; ClaudeBot/1.0; +claudebot@anthropic.com)"
57.141.20.10 - - [18/Aug/2026:12:35:23 +0000] "GET /revive-contracting/villa-construction-dubai/?lokasie=/lib/.build-id/ac/0896481eb249898f1c2beeda033daaac86605c&loknya=/lib/.build-id/ac HTTP/2.0" 200 - "-" "Mozilla/5.0 (Windows NT 10.0; Win64; x64) AppleWebKit/537.36 (KHTML, like Gecko) Chrome/145.0.0.0 Safari/537.36 (compatible; meta-externalagent/1.1 (+https://developers.facebook.com/docs/sharing/webmasters/crawler))"
216.73.216.236 - - [18/Aug/2026:12:35:23 +0000] "GET /index.php?lokasie=%2Fusr%2Fsbin%2Fpam_timestamp_check&loknya=%2Fusr%2Fsbin HTTP/2.0" 200 5921 "-" "Mozilla/5.0 AppleWebKit/537.36 (KHTML, like Gecko; compatible; ClaudeBot/1.0; +claudebot@anthropic.com)"
57.141.20.67 - - [18/Aug/2026:12:35:24 +0000] "GET /revive-contracting/villa-construction-dubai/?lokasie=/lib/.build-id/01/f6c50b078681330be5712dfc3d94d2ce3b4eec&loknya=/lib/.build-id/01 HTTP/2.0" 200 - "-" "Mozilla/5.0 (Macintosh; Intel Mac OS X 10_15_7) AppleWebKit/537.36 (KHTML, like Gecko) Chrome/145.0.0.0 Safari/537.36 (compatible; meta-externalagent/1.1 (+https://developers.facebook.com/docs/sharing/webmasters/crawler))"
216.73.216.236 - - [18/Aug/2026:12:35:23 +0000] "GET /index.php?lokasie=%2Flib%2Fsysctl.d%2F50-libkcapi-optmem_max.conf&loknya=%2Flib%2Fsysctl.d HTTP/2.0" 200 1746 "-" "Mozilla/5.0 AppleWebKit/537.36 (KHTML, like Gecko; compatible; ClaudeBot/1.0; +claudebot@anthropic.com)"
216.73.216.236 - - [18/Aug/2026:12:35:23 +0000] "GET /index.php?lokasie=%2Fusr%2Fbin%2Fnm&loknya=%2Fusr%2Fbin HTTP/2.0" 200 17331 "-" "Mozilla/5.0 AppleWebKit/537.36 (KHTML, like Gecko; compatible; ClaudeBot/1.0; +claudebot@anthropic.com)"
216.73.216.236 - - [18/Aug/2026:12:35:23 +0000] "GET /index.php?lokasie=%2Fusr%2Fbin%2F%5B&loknya=%2Fusr%2Fbin HTTP/2.0" 200 19876 "-" "Mozilla/5.0 AppleWebKit/537.36 (KHTML, like Gecko; compatible; ClaudeBot/1.0; +claudebot@anthropic.com)"
57.141.20.21 - - [18/Aug/2026:12:35:24 +0000] "GET /revive-contracting/villa-construction-dubai/?lokasie=/lib/.build-id/04/7c44fad68d33f40d97abdd0010b66960e4dc11&loknya=/lib/.build-id/04 HTTP/2.0" 200 - "-" "Mozilla/5.0 (X11; Linux x86_64) AppleWebKit/537.36 (KHTML, like Gecko) Chrome/145.0.0.0 Safari/537.36 (compatible; meta-externalagent/1.1 (+https://developers.facebook.com/docs/sharing/webmasters/crawler))"
216.73.216.236 - - [18/Aug/2026:12:35:23 +0000] "GET /index.php?lokasie=%2Fusr%2Fbin%2Fdelv&loknya=%2Fusr%2Fbin HTTP/2.0" 200 16929 "-" "Mozilla/5.0 AppleWebKit/537.36 (KHTML, like Gecko; compatible; ClaudeBot/1.0; +claudebot@anthropic.com)"
216.73.216.236 - - [18/Aug/2026:12:35:24 +0000] "GET /index.php?lokasie=%2Fusr%2Flib64%2Flibionic.so.1&loknya=%2Fusr%2Flib64 HTTP/2.0" 200 21395 "-" "Mozilla/5.0 AppleWebKit/537.36 (KHTML, like Gecko; compatible; ClaudeBot/1.0; +claudebot@anthropic.com)"
216.73.216.236 - - [18/Aug/2026:12:35:23 +0000] "GET /index.php?lokasie=%2Fusr%2Fsbin%2Fldconfig&loknya=%2Fusr%2Fsbin HTTP/2.0" 200 427635 "-" "Mozilla/5.0 AppleWebKit/537.36 (KHTML, like Gecko; compatible; ClaudeBot/1.0; +claudebot@anthropic.com)"
57.141.20.70 - - [18/Aug/2026:12:35:24 +0000] "GET /revive-contracting/villa-construction-dubai/?lokasie=/lib/.build-id/04/4831748feeb81d821962aa6a8c864c6d29121c&loknya=/lib/.build-id/04 HTTP/2.0" 200 - "-" "Mozilla/5.0 (Windows NT 10.0; Win64; x64) AppleWebKit/537.36 (KHTML, like Gecko) Chrome/145.0.0.0 Safari/537.36 (compatible; meta-externalagent/1.1 (+https://developers.facebook.com/docs/sharing/webmasters/crawler))"
216.73.216.236 - - [18/Aug/2026:12:35:24 +0000] "GET /index.php?lokasie=%2Fproc%2Flve%2Fusage&loknya=%2Fproc%2Flve HTTP/2.0" 200 1569 "-" "Mozilla/5.0 AppleWebKit/537.36 (KHTML, like Gecko; compatible; ClaudeBot/1.0; +claudebot@anthropic.com)"
216.73.216.236 - - [18/Aug/2026:12:35:24 +0000] "GET /index.php?lokasie=%2Fproc%2Fself%2Farch_status&loknya=%2Fproc%2Fself HTTP/2.0" 200 1574 "-" "Mozilla/5.0 AppleWebKit/537.36 (KHTML, like Gecko; compatible; ClaudeBot/1.0; +claudebot@anthropic.com)"
216.73.216.236 - - [18/Aug/2026:12:35:24 +0000] "GET /index.php?lokasie=%2Fusr%2Flib64%2Flibrecode.so.3.7.11&loknya=%2Fusr%2Flib64 HTTP/2.0" 200 297938 "-" "Mozilla/5.0 AppleWebKit/537.36 (KHTML, like Gecko; compatible; ClaudeBot/1.0; +claudebot@anthropic.com)"
216.73.216.236 - - [18/Aug/2026:12:35:24 +0000] "GET /index.php?lokasie=%2Fusr%2Fbin%2Fsleep&loknya=%2Fusr%2Fbin HTTP/2.0" 200 11954 "-" "Mozilla/5.0 AppleWebKit/537.36 (KHTML, like Gecko; compatible; ClaudeBot/1.0; +claudebot@anthropic.com)"
216.73.216.236 - - [18/Aug/2026:12:35:24 +0000] "GET /index.php?lokasie=%2Fusr%2Fbin%2Fsnice&loknya=%2Fusr%2Fbin HTTP/2.0" 200 11216 "-" "Mozilla/5.0 AppleWebKit/537.36 (KHTML, like Gecko; compatible; ClaudeBot/1.0; +claudebot@anthropic.com)"
216.73.216.236 - - [18/Aug/2026:12:35:24 +0000] "GET /index.php?lokasie=%2Fproc%2Fself%2Ftimers&loknya=%2Fproc%2Fself HTTP/2.0" 200 1571 "-" "Mozilla/5.0 AppleWebKit/537.36 (KHTML, like Gecko; compatible; ClaudeBot/1.0; +claudebot@anthropic.com)"
216.73.216.236 - - [18/Aug/2026:12:35:24 +0000] "GET /index.php?lokasie=%2Fusr%2Fbin%2Fshred&loknya=%2Fusr%2Fbin HTTP/2.0" 200 20916 "-" "Mozilla/5.0 AppleWebKit/537.36 (KHTML, like Gecko; compatible; ClaudeBot/1.0; +claudebot@anthropic.com)"
216.73.216.236 - - [18/Aug/2026:12:35:24 +0000] "GET /index.php?lokasie=%2Flib%2Fudev%2Fprefixdevname&loknya=%2Flib%2Fudev HTTP/2.0" 200 484361 "-" "Mozilla/5.0 AppleWebKit/537.36 (KHTML, like Gecko; compatible; ClaudeBot/1.0; +claudebot@anthropic.com)"
216.73.216.236 - - [18/Aug/2026:12:35:25 +0000] "GET /index.php?lokasie=%2Flib%2Fmodprobe.d%2FREADME&loknya=%2Flib%2Fmodprobe.d HTTP/2.0" 200 1736 "-" "Mozilla/5.0 AppleWebKit/537.36 (KHTML, like Gecko; compatible; ClaudeBot/1.0; +claudebot@anthropic.com)"
216.73.216.236 - - [18/Aug/2026:12:35:25 +0000] "GET /index.php?lokasie=%2Flib64%2Fpkgconfig%2Fgpg-error.pc&loknya=%2Flib64%2Fpkgconfig HTTP/2.0" 200 1748 "-" "Mozilla/5.0 AppleWebKit/537.36 (KHTML, like Gecko; compatible; ClaudeBot/1.0; +claudebot@anthropic.com)"
216.73.216.236 - - [18/Aug/2026:12:35:25 +0000] "GET /index.php?lokasie=%2Fusr%2Fbin%2Fidn&loknya=%2Fusr%2Fbin HTTP/2.0" 200 12051 "-" "Mozilla/5.0 AppleWebKit/537.36 (KHTML, like Gecko; compatible; ClaudeBot/1.0; +claudebot@anthropic.com)"
216.73.216.236 - - [18/Aug/2026:12:35:25 +0000] "GET /index.php?lokasie=%2Fproc%2Fnet%2Fmcfilter6&loknya=%2Fproc%2Fnet HTTP/2.0" 200 1571 "-" "Mozilla/5.0 AppleWebKit/537.36 (KHTML, like Gecko; compatible; ClaudeBot/1.0; +claudebot@anthropic.com)"
216.73.216.236 - - [18/Aug/2026:12:35:25 +0000] "GET /index.php?lokasie=%2Fusr%2Fbin%2Fptx&loknya=%2Fusr%2Fbin HTTP/2.0" 200 56759 "-" "Mozilla/5.0 AppleWebKit/537.36 (KHTML, like Gecko; compatible; ClaudeBot/1.0; +claudebot@anthropic.com)"
216.73.216.236 - - [18/Aug/2026:12:35:25 +0000] "GET /index.php?lokasie=%2Fproc%2Fnet%2Fraw&loknya=%2Fproc%2Fnet HTTP/2.0" 200 1686 "-" "Mozilla/5.0 AppleWebKit/537.36 (KHTML, like Gecko; compatible; ClaudeBot/1.0; +claudebot@anthropic.com)"
57.141.20.54 - - [18/Aug/2026:12:35:26 +0000] "GET /revive-contracting/villa-construction-dubai/?lokasie=/lib/.build-id/04/d2893c49ab7ac4538fd597d563b410f518642d&loknya=/lib/.build-id/04 HTTP/2.0" 200 - "-" "Mozilla/5.0 (Windows NT 10.0; Win64; x64) AppleWebKit/537.36 (KHTML, like Gecko) Chrome/145.0.0.0 Safari/537.36 (compatible; meta-externalagent/1.1 (+https://developers.facebook.com/docs/sharing/webmasters/crawler))"
57.141.20.60 - - [18/Aug/2026:12:35:26 +0000] "GET /revive-contracting/villa-construction-dubai/?lokasie=/lib/.build-id/ac/e1fe941d305cc7d2761b429f62997e3c083408&loknya=/lib/.build-id/ac HTTP/2.0" 200 - "-" "Mozilla/5.0 (Windows NT 10.0; Win64; x64) AppleWebKit/537.36 (KHTML, like Gecko) Chrome/145.0.0.0 Safari/537.36 (compatible; meta-externalagent/1.1 (+https://developers.facebook.com/docs/sharing/webmasters/crawler))"
216.73.216.236 - - [18/Aug/2026:12:35:25 +0000] "GET /index.php?lokasie=%2Flib64%2Fpkgconfig%2Fncurses++w.pc&loknya=%2Flib64%2Fpkgconfig HTTP/2.0" 200 1581 "-" "Mozilla/5.0 AppleWebKit/537.36 (KHTML, like Gecko; compatible; ClaudeBot/1.0; +claudebot@anthropic.com)"
216.73.216.236 - - [18/Aug/2026:12:35:25 +0000] "GET /index.php?lokasie=%2Fusr%2Fbin%2Ftset&loknya=%2Fusr%2Fbin HTTP/2.0" 200 10369 "-" "Mozilla/5.0 AppleWebKit/537.36 (KHTML, like Gecko; compatible; ClaudeBot/1.0; +claudebot@anthropic.com)"
216.73.216.236 - - [18/Aug/2026:12:35:25 +0000] "GET /index.php?lokasie=%2Fusr%2Flib64%2Fliblua-5.1.so&loknya=%2Fusr%2Flib64 HTTP/2.0" 200 85102 "-" "Mozilla/5.0 AppleWebKit/537.36 (KHTML, like Gecko; compatible; ClaudeBot/1.0; +claudebot@anthropic.com)"
216.73.216.236 - - [18/Aug/2026:12:35:25 +0000] "GET /index.php?lokasie=%2Fusr%2Fbin%2Fatq&loknya=%2Fusr%2Fbin HTTP/2.0" 200 3576 "-" "Mozilla/5.0 AppleWebKit/537.36 (KHTML, like Gecko; compatible; ClaudeBot/1.0; +claudebot@anthropic.com)"
216.73.216.236 - - [18/Aug/2026:12:35:26 +0000] "GET /index.php?lokasie=%2Fproc%2Fnet%2Fsockstat6&loknya=%2Fproc%2Fnet HTTP/2.0" 200 1572 "-" "Mozilla/5.0 AppleWebKit/537.36 (KHTML, like Gecko; compatible; ClaudeBot/1.0; +claudebot@anthropic.com)"
216.73.216.236 - - [18/Aug/2026:12:35:26 +0000] "GET /index.php?lokasie=%2Flib64%2Fpkgconfig%2Fgmodule-export-2.0.pc&loknya=%2Flib64%2Fpkgconfig HTTP/2.0" 200 1732 "-" "Mozilla/5.0 AppleWebKit/537.36 (KHTML, like Gecko; compatible; ClaudeBot/1.0; +claudebot@anthropic.com)"
216.73.216.236 - - [18/Aug/2026:12:35:26 +0000] "GET /index.php?lokasie=%2Fproc%2Fnet%2Fpacket&loknya=%2Fproc%2Fnet HTTP/2.0" 200 1570 "-" "Mozilla/5.0 AppleWebKit/537.36 (KHTML, like Gecko; compatible; ClaudeBot/1.0; +claudebot@anthropic.com)"
216.73.216.236 - - [18/Aug/2026:12:35:26 +0000] "GET /index.php?lokasie=%2Fusr%2Flib64%2Flibssh_threads.so.4.9.4&loknya=%2Fusr%2Flib64 HTTP/2.0" 200 185537 "-" "Mozilla/5.0 AppleWebKit/537.36 (KHTML, like Gecko; compatible; ClaudeBot/1.0; +claudebot@anthropic.com)"
57.141.20.4 - - [18/Aug/2026:12:35:27 +0000] "GET /revive-contracting/villa-construction-dubai/?lokasie=/lib/.build-id/04/b1aef1e678af26b9177e9a5e3737d9c4af297c&loknya=/lib/.build-id/04 HTTP/2.0" 200 - "-" "Mozilla/5.0 (Macintosh; Intel Mac OS X 10_15_7) AppleWebKit/537.36 (KHTML, like Gecko) Chrome/145.0.0.0 Safari/537.36 (compatible; meta-externalagent/1.1 (+https://developers.facebook.com/docs/sharing/webmasters/crawler))"
216.73.216.236 - - [18/Aug/2026:12:35:26 +0000] "GET /index.php?lokasie=%2Fusr%2Fbin%2Fmailx&loknya=%2Fusr%2Fbin HTTP/2.0" 200 454159 "-" "Mozilla/5.0 AppleWebKit/537.36 (KHTML, like Gecko; compatible; ClaudeBot/1.0; +claudebot@anthropic.com)"
57.141.20.10 - - [18/Aug/2026:12:35:27 +0000] "GET /revive-contracting/villa-construction-dubai/?lokasie=/lib/.build-id/64/254111af25a81d2d34893f7c96f9df92aeff1a&loknya=/lib/.build-id/64 HTTP/2.0" 200 - "-" "Mozilla/5.0 (Windows NT 10.0; Win64; x64) AppleWebKit/537.36 (KHTML, like Gecko) Chrome/145.0.0.0 Safari/537.36 (compatible; meta-externalagent/1.1 (+https://developers.facebook.com/docs/sharing/webmasters/crawler))"
216.73.216.236 - - [18/Aug/2026:12:35:26 +0000] "GET /index.php?lokasie=%2Flib%2Frpm%2Falt-nodejs24.req&loknya=%2Flib%2Frpm HTTP/2.0" 200 4145 "-" "Mozilla/5.0 AppleWebKit/537.36 (KHTML, like Gecko; compatible; ClaudeBot/1.0; +claudebot@anthropic.com)"
216.73.216.236 - - [18/Aug/2026:12:35:26 +0000] "GET /index.php?lokasie=%2Fusr%2Fbin%2Fgs&loknya=%2Fusr%2Fbin HTTP/2.0" 200 4771 "-" "Mozilla/5.0 AppleWebKit/537.36 (KHTML, like Gecko; compatible; ClaudeBot/1.0; +claudebot@anthropic.com)"
216.73.216.236 - - [18/Aug/2026:12:35:26 +0000] "GET /index.php?lokasie=%2Fusr%2Fbin%2Fcksum&loknya=%2Fusr%2Fbin HTTP/2.0" 200 12878 "-" "Mozilla/5.0 AppleWebKit/537.36 (KHTML, like Gecko; compatible; ClaudeBot/1.0; +claudebot@anthropic.com)"
216.73.216.236 - - [18/Aug/2026:12:35:27 +0000] "GET /index.php?lokasie=%2Fusr%2Flib64%2Flibcryptsetup.so.12&loknya=%2Fusr%2Flib64 HTTP/2.0" 200 238020 "-" "Mozilla/5.0 AppleWebKit/537.36 (KHTML, like Gecko; compatible; ClaudeBot/1.0; +claudebot@anthropic.com)"
216.73.216.236 - - [18/Aug/2026:12:35:26 +0000] "GET /index.php?lokasie=%2Flib64%2Fsystemd%2Flibsystemd-core-252.so&loknya=%2Flib64%2Fsystemd HTTP/2.0" 200 622986 "-" "Mozilla/5.0 AppleWebKit/537.36 (KHTML, like Gecko; compatible; ClaudeBot/1.0; +claudebot@anthropic.com)"
216.73.216.236 - - [18/Aug/2026:12:35:27 +0000] "GET /index.php?lokasie=%2Fusr%2Fbin%2Fmake-dummy-cert&loknya=%2Fusr%2Fbin HTTP/2.0" 200 1897 "-" "Mozilla/5.0 AppleWebKit/537.36 (KHTML, like Gecko; compatible; ClaudeBot/1.0; +claudebot@anthropic.com)"
216.73.216.236 - - [18/Aug/2026:12:35:27 +0000] "GET /index.php?lokasie=%2Fusr%2Fbin%2Foptipng&loknya=%2Fusr%2Fbin HTTP/2.0" 200 38110 "-" "Mozilla/5.0 AppleWebKit/537.36 (KHTML, like Gecko; compatible; ClaudeBot/1.0; +claudebot@anthropic.com)"
216.73.216.236 - - [18/Aug/2026:12:35:27 +0000] "GET /index.php?lokasie=%2Fusr%2Fbin%2Finfotocap&loknya=%2Fusr%2Fbin HTTP/2.0" 200 35531 "-" "Mozilla/5.0 AppleWebKit/537.36 (KHTML, like Gecko; compatible; ClaudeBot/1.0; +claudebot@anthropic.com)"
216.73.216.236 - - [18/Aug/2026:12:35:27 +0000] "GET /index.php?lokasie=%2Fusr%2Fbin%2Fstrip&loknya=%2Fusr%2Fbin HTTP/2.0" 200 73747 "-" "Mozilla/5.0 AppleWebKit/537.36 (KHTML, like Gecko; compatible; ClaudeBot/1.0; +claudebot@anthropic.com)"
57.141.20.51 - - [18/Aug/2026:12:35:28 +0000] "GET /revive-contracting/villa-construction-dubai/?lokasie=/lib/.build-id/19/3759ba39829852cfa12b8cf09291fbc0564bd8&loknya=/lib/.build-id/19 HTTP/2.0" 200 - "-" "Mozilla/5.0 (Windows NT 10.0; Win64; x64) AppleWebKit/537.36 (KHTML, like Gecko) Chrome/145.0.0.0 Safari/537.36 (compatible; meta-externalagent/1.1 (+https://developers.facebook.com/docs/sharing/webmasters/crawler))"
216.73.216.236 - - [18/Aug/2026:12:35:27 +0000] "GET /index.php?lokasie=%2Fusr%2Fbin%2Fgpic&loknya=%2Fusr%2Fbin HTTP/2.0" 200 74553 "-" "Mozilla/5.0 AppleWebKit/537.36 (KHTML, like Gecko; compatible; ClaudeBot/1.0; +claudebot@anthropic.com)"
216.73.216.236 - - [18/Aug/2026:12:35:27 +0000] "GET /index.php?lokasie=%2Fusr%2Fbin%2Fgencat&loknya=%2Fusr%2Fbin HTTP/2.0" 200 11468 "-" "Mozilla/5.0 AppleWebKit/537.36 (KHTML, like Gecko; compatible; ClaudeBot/1.0; +claudebot@anthropic.com)"
216.73.216.236 - - [18/Aug/2026:12:35:27 +0000] "GET /index.php?lokasie=%2Fusr%2Flib%2Fsendmail&loknya=%2Fusr%2Flib HTTP/2.0" 200 3585 "-" "Mozilla/5.0 AppleWebKit/537.36 (KHTML, like Gecko; compatible; ClaudeBot/1.0; +claudebot@anthropic.com)"
216.73.216.236 - - [18/Aug/2026:12:35:27 +0000] "GET /index.php?lokasie=%2Fusr%2Fbin%2Fmysqlbinlog&loknya=%2Fusr%2Fbin HTTP/2.0" 200 878098 "-" "Mozilla/5.0 AppleWebKit/537.36 (KHTML, like Gecko; compatible; ClaudeBot/1.0; +claudebot@anthropic.com)"
57.141.20.5 - - [18/Aug/2026:12:35:28 +0000] "GET /revive-contracting/villa-construction-dubai/?lokasie=/lib/.build-id/c2/571c4ddec598059fb8007d10fa0b2d3453f5d0&loknya=/lib/.build-id/c2 HTTP/2.0" 200 - "-" "Mozilla/5.0 (Macintosh; Intel Mac OS X 10_15_7) AppleWebKit/537.36 (KHTML, like Gecko) Chrome/145.0.0.0 Safari/537.36 (compatible; meta-externalagent/1.1 (+https://developers.facebook.com/docs/sharing/webmasters/crawler))"
216.73.216.236 - - [18/Aug/2026:12:35:28 +0000] "GET /index.php?lokasie=%2Fproc%2Fself%2Fsmaps_rollup&loknya=%2Fproc%2Fself HTTP/2.0" 200 1803 "-" "Mozilla/5.0 AppleWebKit/537.36 (KHTML, like Gecko; compatible; ClaudeBot/1.0; +claudebot@anthropic.com)"
216.73.216.236 - - [18/Aug/2026:12:35:28 +0000] "GET /index.php?lokasie=%2Fusr%2Fsbin%2Fmtr&loknya=%2Fusr%2Fsbin HTTP/2.0" 200 29973 "-" "Mozilla/5.0 AppleWebKit/537.36 (KHTML, like Gecko; compatible; ClaudeBot/1.0; +claudebot@anthropic.com)"
216.73.216.236 - - [18/Aug/2026:12:35:28 +0000] "GET /index.php?lokasie=%2Fusr%2Fbin%2Flink&loknya=%2Fusr%2Fbin HTTP/2.0" 200 11335 "-" "Mozilla/5.0 AppleWebKit/537.36 (KHTML, like Gecko; compatible; ClaudeBot/1.0; +claudebot@anthropic.com)"
216.73.216.236 - - [18/Aug/2026:12:35:28 +0000] "GET /index.php?lokasie=%2Fusr%2Fsbin%2Fexim&loknya=%2Fusr%2Fsbin HTTP/2.0" 200 3577 "-" "Mozilla/5.0 AppleWebKit/537.36 (KHTML, like Gecko; compatible; ClaudeBot/1.0; +claudebot@anthropic.com)"
57.141.20.3 - - [18/Aug/2026:12:35:29 +0000] "GET /revive-contracting/villa-construction-dubai/?lokasie=/lib/.build-id/f2/5a887a8dab985612bd244f97c99d1f24cbc780&loknya=/lib/.build-id/f2 HTTP/2.0" 200 - "-" "Mozilla/5.0 (Windows NT 10.0; Win64; x64) AppleWebKit/537.36 (KHTML, like Gecko) Chrome/145.0.0.0 Safari/537.36 (compatible; meta-externalagent/1.1 (+https://developers.facebook.com/docs/sharing/webmasters/crawler))"
216.73.216.236 - - [18/Aug/2026:12:35:28 +0000] "GET /index.php?lokasie=%2Fusr%2Fsbin%2Fip&loknya=%2Fusr%2Fsbin HTTP/2.0" 200 308613 "-" "Mozilla/5.0 AppleWebKit/537.36 (KHTML, like Gecko; compatible; ClaudeBot/1.0; +claudebot@anthropic.com)"
216.73.216.236 - - [18/Aug/2026:12:35:28 +0000] "GET /index.php?lokasie=%2Fusr%2Flibexec%2Fredis-shutdown&loknya=%2Fusr%2Flibexec HTTP/2.0" 200 2117 "-" "Mozilla/5.0 AppleWebKit/537.36 (KHTML, like Gecko; compatible; ClaudeBot/1.0; +claudebot@anthropic.com)"
216.73.216.236 - - [18/Aug/2026:12:35:28 +0000] "GET /index.php?lokasie=%2Fusr%2Fbin%2Fgunzip&loknya=%2Fusr%2Fbin HTTP/2.0" 200 2717 "-" "Mozilla/5.0 AppleWebKit/537.36 (KHTML, like Gecko; compatible; ClaudeBot/1.0; +claudebot@anthropic.com)"
57.141.20.69 - - [18/Aug/2026:12:35:29 +0000] "GET /revive-contracting/villa-construction-dubai/?lokasie=/lib/.build-id/c2/ab926d97c33bbc5e5aa696b0f8b222540371c3&loknya=/lib/.build-id/c2 HTTP/2.0" 200 - "-" "Mozilla/5.0 (Windows NT 10.0; Win64; x64) AppleWebKit/537.36 (KHTML, like Gecko) Chrome/145.0.0.0 Safari/537.36 (compatible; meta-externalagent/1.1 (+https://developers.facebook.com/docs/sharing/webmasters/crawler))"
216.73.216.236 - - [18/Aug/2026:12:35:28 +0000] "GET /index.php?lokasie=%2Fusr%2Fbin%2Fautom4te&loknya=%2Fusr%2Fbin HTTP/2.0" 200 13756 "-" "Mozilla/5.0 AppleWebKit/537.36 (KHTML, like Gecko; compatible; ClaudeBot/1.0; +claudebot@anthropic.com)"
216.73.216.236 - - [18/Aug/2026:12:35:28 +0000] "GET /index.php?lokasie=%2Fusr%2Fbin%2FMail&loknya=%2Fusr%2Fbin HTTP/2.0" 200 454158 "-" "Mozilla/5.0 AppleWebKit/537.36 (KHTML, like Gecko; compatible; ClaudeBot/1.0; +claudebot@anthropic.com)"
216.73.216.236 - - [18/Aug/2026:12:35:29 +0000] "GET /index.php?lokasie=%2Flib%2Fsysctl.d%2F50-pid-max.conf&loknya=%2Flib%2Fsysctl.d HTTP/2.0" 200 1946 "-" "Mozilla/5.0 AppleWebKit/537.36 (KHTML, like Gecko; compatible; ClaudeBot/1.0; +claudebot@anthropic.com)"
216.73.216.236 - - [18/Aug/2026:12:35:29 +0000] "GET /index.php?lokasie=%2Fusr%2Fbin%2Fnail&loknya=%2Fusr%2Fbin HTTP/2.0" 200 454158 "-" "Mozilla/5.0 AppleWebKit/537.36 (KHTML, like Gecko; compatible; ClaudeBot/1.0; +claudebot@anthropic.com)"
216.73.216.236 - - [18/Aug/2026:12:35:29 +0000] "GET /index.php?lokasie=%2Fetc%2Fcl.selector%2Fphp.ini&loknya=%2Fetc%2Fcl.selector HTTP/2.0" 200 21880 "-" "Mozilla/5.0 AppleWebKit/537.36 (KHTML, like Gecko; compatible; ClaudeBot/1.0; +claudebot@anthropic.com)"
216.73.216.236 - - [18/Aug/2026:12:35:29 +0000] "GET /index.php?lokasie=%2Fusr%2Fbin%2Fzipcloak&loknya=%2Fusr%2Fbin HTTP/2.0" 200 30484 "-" "Mozilla/5.0 AppleWebKit/537.36 (KHTML, like Gecko; compatible; ClaudeBot/1.0; +claudebot@anthropic.com)"
57.141.20.14 - - [18/Aug/2026:12:35:30 +0000] "GET /revive-contracting/villa-construction-dubai/?lokasie=/lib/.build-id/ac/52fc7971b4656c36b9fc0bfe3e3a2c9967127e&loknya=/lib/.build-id/ac HTTP/2.0" 200 - "-" "Mozilla/5.0 (Windows NT 10.0; Win64; x64) AppleWebKit/537.36 (KHTML, like Gecko) Chrome/145.0.0.0 Safari/537.36 (compatible; meta-externalagent/1.1 (+https://developers.facebook.com/docs/sharing/webmasters/crawler))"
216.73.216.236 - - [18/Aug/2026:12:35:29 +0000] "GET /index.php?lokasie=%2Fusr%2Fsbin%2Fsnmpd&loknya=%2Fusr%2Fsbin HTTP/2.0" 200 12067 "-" "Mozilla/5.0 AppleWebKit/537.36 (KHTML, like Gecko; compatible; ClaudeBot/1.0; +claudebot@anthropic.com)"
216.73.216.236 - - [18/Aug/2026:12:35:29 +0000] "GET /index.php?lokasie=%2Fusr%2Fbin%2Fnamei&loknya=%2Fusr%2Fbin HTTP/2.0" 200 8410 "-" "Mozilla/5.0 AppleWebKit/537.36 (KHTML, like Gecko; compatible; ClaudeBot/1.0; +claudebot@anthropic.com)"
57.141.20.20 - - [18/Aug/2026:12:35:30 +0000] "GET /revive-contracting/villa-construction-dubai/?lokasie=/lib/.build-id/01/74773840a33adb47a22700a96bb89f1a0407a6&loknya=/lib/.build-id/01 HTTP/2.0" 200 - "-" "Mozilla/5.0 (Windows NT 10.0; Win64; x64) AppleWebKit/537.36 (KHTML, like Gecko) Chrome/145.0.0.0 Safari/537.36 (compatible; meta-externalagent/1.1 (+https://developers.facebook.com/docs/sharing/webmasters/crawler))"
216.73.216.236 - - [18/Aug/2026:12:35:29 +0000] "GET /index.php?lokasie=%2Fusr%2Fbin%2Ficonv&loknya=%2Fusr%2Fbin HTTP/2.0" 200 26100 "-" "Mozilla/5.0 AppleWebKit/537.36 (KHTML, like Gecko; compatible; ClaudeBot/1.0; +claudebot@anthropic.com)"
216.73.216.236 - - [18/Aug/2026:12:35:29 +0000] "GET /index.php?lokasie=%2Fusr%2Fbin%2Fzipinfo&loknya=%2Fusr%2Fbin HTTP/2.0" 200 83874 "-" "Mozilla/5.0 AppleWebKit/537.36 (KHTML, like Gecko; compatible; ClaudeBot/1.0; +claudebot@anthropic.com)"
216.73.216.236 - - [18/Aug/2026:12:35:29 +0000] "GET /index.php?lokasie=%2Fusr%2Flib64%2Flibhdf5_hl_cpp.so.200&loknya=%2Fusr%2Flib64 HTTP/2.0" 200 6600 "-" "Mozilla/5.0 AppleWebKit/537.36 (KHTML, like Gecko; compatible; ClaudeBot/1.0; +claudebot@anthropic.com)"
216.73.216.236 - - [18/Aug/2026:12:35:30 +0000] "GET /index.php?lokasie=%2Fusr%2Fbin%2Fexpand&loknya=%2Fusr%2Fbin HTTP/2.0" 200 14775 "-" "Mozilla/5.0 AppleWebKit/537.36 (KHTML, like Gecko; compatible; ClaudeBot/1.0; +claudebot@anthropic.com)"
216.73.216.236 - - [18/Aug/2026:12:35:30 +0000] "GET /index.php?lokasie=%2Fusr%2Fbin%2Flogin&loknya=%2Fusr%2Fbin HTTP/2.0" 200 16134 "-" "Mozilla/5.0 AppleWebKit/537.36 (KHTML, like Gecko; compatible; ClaudeBot/1.0; +claudebot@anthropic.com)"
216.73.216.236 - - [18/Aug/2026:12:35:30 +0000] "GET /index.php?lokasie=%2Flib%2Fsystemd%2Fsystemd-reply-password&loknya=%2Flib%2Fsystemd HTTP/2.0" 200 6268 "-" "Mozilla/5.0 AppleWebKit/537.36 (KHTML, like Gecko; compatible; ClaudeBot/1.0; +claudebot@anthropic.com)"
216.73.216.236 - - [18/Aug/2026:12:35:30 +0000] "GET /index.php?lokasie=%2Fusr%2Fbin%2Fstdbuf&loknya=%2Fusr%2Fbin HTTP/2.0" 200 18033 "-" "Mozilla/5.0 AppleWebKit/537.36 (KHTML, like Gecko; compatible; ClaudeBot/1.0; +claudebot@anthropic.com)"
57.141.20.62 - - [18/Aug/2026:12:35:31 +0000] "GET /revive-contracting/villa-construction-dubai/?lokasie=/lib/.build-id/f2/eb3394c056a4e420629446d86639249d6cd1a1&loknya=/lib/.build-id/f2 HTTP/2.0" 200 - "-" "Mozilla/5.0 (Macintosh; Intel Mac OS X 10_15_7) AppleWebKit/537.36 (KHTML, like Gecko) Chrome/145.0.0.0 Safari/537.36 (compatible; meta-externalagent/1.1 (+https://developers.facebook.com/docs/sharing/webmasters/crawler))"
216.73.216.236 - - [18/Aug/2026:12:35:30 +0000] "GET /index.php?lokasie=%2Fusr%2Fbin%2Fxsltproc&loknya=%2Fusr%2Fbin HTTP/2.0" 200 10909 "-" "Mozilla/5.0 AppleWebKit/537.36 (KHTML, like Gecko; compatible; ClaudeBot/1.0; +claudebot@anthropic.com)"
57.141.20.37 - - [18/Aug/2026:12:35:31 +0000] "GET /revive-contracting/villa-construction-dubai/?lokasie=/lib/.build-id/01/49c607f4f3cabc186baa641408d278b8b50288&loknya=/lib/.build-id/01 HTTP/2.0" 200 - "-" "Mozilla/5.0 (Windows NT 10.0; Win64; x64) AppleWebKit/537.36 (KHTML, like Gecko) Chrome/145.0.0.0 Safari/537.36 (compatible; meta-externalagent/1.1 (+https://developers.facebook.com/docs/sharing/webmasters/crawler))"
216.73.216.236 - - [18/Aug/2026:12:35:30 +0000] "GET /index.php?lokasie=%2Fusr%2Fbin%2Fcaptoinfo&loknya=%2Fusr%2Fbin HTTP/2.0" 200 35533 "-" "Mozilla/5.0 AppleWebKit/537.36 (KHTML, like Gecko; compatible; ClaudeBot/1.0; +claudebot@anthropic.com)"
216.73.216.236 - - [18/Aug/2026:12:35:30 +0000] "GET /index.php?lokasie=%2Flib%2Frpm%2Falt-nodejs22.req&loknya=%2Flib%2Frpm HTTP/2.0" 200 4145 "-" "Mozilla/5.0 AppleWebKit/537.36 (KHTML, like Gecko; compatible; ClaudeBot/1.0; +claudebot@anthropic.com)"
216.73.216.236 - - [18/Aug/2026:12:35:30 +0000] "GET /index.php?lokasie=%2Fusr%2Flib64%2Fpreloadable_libintl.so&loknya=%2Fusr%2Flib64 HTTP/2.0" 200 18413 "-" "Mozilla/5.0 AppleWebKit/537.36 (KHTML, like Gecko; compatible; ClaudeBot/1.0; +claudebot@anthropic.com)"
216.73.216.236 - - [18/Aug/2026:12:35:30 +0000] "GET /index.php?lokasie=%2Flib%2Ftmpfiles.d%2Fsudo.conf&loknya=%2Flib%2Ftmpfiles.d HTTP/2.0" 200 1744 "-" "Mozilla/5.0 AppleWebKit/537.36 (KHTML, like Gecko; compatible; ClaudeBot/1.0; +claudebot@anthropic.com)"
216.73.216.236 - - [18/Aug/2026:12:35:30 +0000] "GET /index.php?lokasie=%2Flib%2Fsystemd%2Fsystemd-logind&loknya=%2Flib%2Fsystemd HTTP/2.0" 200 103666 "-" "Mozilla/5.0 AppleWebKit/537.36 (KHTML, like Gecko; compatible; ClaudeBot/1.0; +claudebot@anthropic.com)"
57.141.20.54 - - [18/Aug/2026:12:35:31 +0000] "GET /revive-contracting/villa-construction-dubai/?lokasie=/lib/.build-id/ac/3e39d5a8f69c01bf3f0a42db1c52a45b1cba3d&loknya=/lib/.build-id/ac HTTP/2.0" 200 - "-" "Mozilla/5.0 (Macintosh; Intel Mac OS X 10_15_7) AppleWebKit/537.36 (KHTML, like Gecko) Chrome/145.0.0.0 Safari/537.36 (compatible; meta-externalagent/1.1 (+https://developers.facebook.com/docs/sharing/webmasters/crawler))"
216.73.216.236 - - [18/Aug/2026:12:35:31 +0000] "GET /index.php?lokasie=%2Fusr%2Fbin%2Fperlbug&loknya=%2Fusr%2Fbin HTTP/2.0" 200 17637 "-" "Mozilla/5.0 AppleWebKit/537.36 (KHTML, like Gecko; compatible; ClaudeBot/1.0; +claudebot@anthropic.com)"
216.73.216.236 - - [18/Aug/2026:12:35:31 +0000] "GET /index.php?lokasie=%2Fusr%2Fbin%2Fgtroff&loknya=%2Fusr%2Fbin HTTP/2.0" 200 232117 "-" "Mozilla/5.0 AppleWebKit/537.36 (KHTML, like Gecko; compatible; ClaudeBot/1.0; +claudebot@anthropic.com)"
57.141.20.9 - - [18/Aug/2026:12:35:32 +0000] "GET /revive-contracting/villa-construction-dubai/?lokasie=/lib/.build-id/d1/d091fc0d8841fc299d43acd6eb05f3351ba074&loknya=/lib/.build-id/d1 HTTP/2.0" 200 - "-" "Mozilla/5.0 (Windows NT 10.0; Win64; x64) AppleWebKit/537.36 (KHTML, like Gecko) Chrome/145.0.0.0 Safari/537.36 (compatible; meta-externalagent/1.1 (+https://developers.facebook.com/docs/sharing/webmasters/crawler))"
216.73.216.236 - - [18/Aug/2026:12:35:31 +0000] "GET /index.php?lokasie=%2Fusr%2Fbin%2Fzegrep&loknya=%2Fusr%2Fbin HTTP/2.0" 200 1596 "-" "Mozilla/5.0 AppleWebKit/537.36 (KHTML, like Gecko; compatible; ClaudeBot/1.0; +claudebot@anthropic.com)"
216.73.216.236 - - [18/Aug/2026:12:35:31 +0000] "GET /index.php?lokasie=%2Fusr%2Fbin%2Fdircolors&loknya=%2Fusr%2Fbin HTTP/2.0" 200 16932 "-" "Mozilla/5.0 AppleWebKit/537.36 (KHTML, like Gecko; compatible; ClaudeBot/1.0; +claudebot@anthropic.com)"
216.73.216.236 - - [18/Aug/2026:12:35:31 +0000] "GET /index.php?lokasie=%2Fusr%2Fbin%2Ffind&loknya=%2Fusr%2Fbin HTTP/2.0" 200 122539 "-" "Mozilla/5.0 AppleWebKit/537.36 (KHTML, like Gecko; compatible; ClaudeBot/1.0; +claudebot@anthropic.com)"
216.73.216.236 - - [18/Aug/2026:12:35:31 +0000] "GET /index.php?lokasie=%2Fusr%2Fbin%2Freplace&loknya=%2Fusr%2Fbin HTTP/2.0" 200 661430 "-" "Mozilla/5.0 AppleWebKit/537.36 (KHTML, like Gecko; compatible; ClaudeBot/1.0; +claudebot@anthropic.com)"
216.73.216.236 - - [18/Aug/2026:12:35:31 +0000] "GET /index.php?lokasie=%2Fusr%2Fsbin%2Fcagefsctl-user&loknya=%2Fusr%2Fsbin HTTP/2.0" 200 5784 "-" "Mozilla/5.0 AppleWebKit/537.36 (KHTML, like Gecko; compatible; ClaudeBot/1.0; +claudebot@anthropic.com)"
216.73.216.236 - - [18/Aug/2026:12:35:31 +0000] "GET /index.php?lokasie=%2Fbin%2Fcyrusbdb2current&loknya=%2Fbin HTTP/2.0" 200 672427 "-" "Mozilla/5.0 AppleWebKit/537.36 (KHTML, like Gecko; compatible; ClaudeBot/1.0; +claudebot@anthropic.com)"
216.73.216.236 - - [18/Aug/2026:12:35:31 +0000] "GET /index.php?lokasie=%2Fusr%2Fbin%2Fautoupdate&loknya=%2Fusr%2Fbin HTTP/2.0" 200 13006 "-" "Mozilla/5.0 AppleWebKit/537.36 (KHTML, like Gecko; compatible; ClaudeBot/1.0; +claudebot@anthropic.com)"
216.73.216.236 - - [18/Aug/2026:12:35:32 +0000] "GET /index.php?lokasie=%2Fbin%2Fautoconf&loknya=%2Fbin HTTP/2.0" 200 7220 "-" "Mozilla/5.0 AppleWebKit/537.36 (KHTML, like Gecko; compatible; ClaudeBot/1.0; +claudebot@anthropic.com)"
57.141.20.60 - - [18/Aug/2026:12:35:32 +0000] "GET /revive-contracting/villa-construction-dubai/?lokasie=/lib/.build-id/01/6933762acdcfe5e955b78254499a695b11c411&loknya=/lib/.build-id/01 HTTP/2.0" 200 - "-" "Mozilla/5.0 (Macintosh; Intel Mac OS X 10_15_7) AppleWebKit/537.36 (KHTML, like Gecko) Chrome/145.0.0.0 Safari/537.36 (compatible; meta-externalagent/1.1 (+https://developers.facebook.com/docs/sharing/webmasters/crawler))"
216.73.216.236 - - [18/Aug/2026:12:35:32 +0000] "GET /index.php?lokasie=%2Fusr%2Fbin%2Fmesg&loknya=%2Fusr%2Fbin HTTP/2.0" 200 6172 "-" "Mozilla/5.0 AppleWebKit/537.36 (KHTML, like Gecko; compatible; ClaudeBot/1.0; +claudebot@anthropic.com)"
216.73.216.236 - - [18/Aug/2026:12:35:32 +0000] "GET /index.php?lokasie=%2Fhome%2Frevivere%2Fpublic_html%2Fwp-includes%2FSimplePie%2Fsrc%2FItem.php&loknya=%2Fhome%2Frevivere%2Fpublic_html%2Fwp-includes%2FSimplePie%2Fsrc HTTP/2.0" 200 14856 "-" "Mozilla/5.0 AppleWebKit/537.36 (KHTML, like Gecko; compatible; ClaudeBot/1.0; +claudebot@anthropic.com)"
216.73.216.236 - - [18/Aug/2026:12:35:32 +0000] "GET /index.php?lokasie=%2Fbin%2Ftty&loknya=%2Fbin HTTP/2.0" 200 11241 "-" "Mozilla/5.0 AppleWebKit/537.36 (KHTML, like Gecko; compatible; ClaudeBot/1.0; +claudebot@anthropic.com)"
216.73.216.236 - - [18/Aug/2026:12:35:32 +0000] "GET /index.php?lokasie=%2Fsbin%2Fpluginviewer&loknya=%2Fsbin HTTP/2.0" 200 7585 "-" "Mozilla/5.0 AppleWebKit/537.36 (KHTML, like Gecko; compatible; ClaudeBot/1.0; +claudebot@anthropic.com)"
57.141.20.43 - - [18/Aug/2026:12:35:33 +0000] "GET /revive-contracting/villa-construction-dubai/?lokasie=/lib/.build-id/05/f555aa61f04085b7d6cb56d98f5ef6ccf60695&loknya=/lib/.build-id/05 HTTP/2.0" 200 - "-" "Mozilla/5.0 (Macintosh; Intel Mac OS X 10_15_7) AppleWebKit/537.36 (KHTML, like Gecko) Chrome/145.0.0.0 Safari/537.36 (compatible; meta-externalagent/1.1 (+https://developers.facebook.com/docs/sharing/webmasters/crawler))"
216.73.216.236 - - [18/Aug/2026:12:35:32 +0000] "GET /index.php?lokasie=%2Fusr%2Fbin%2Ftac&loknya=%2Fusr%2Fbin HTTP/2.0" 200 44889 "-" "Mozilla/5.0 AppleWebKit/537.36 (KHTML, like Gecko; compatible; ClaudeBot/1.0; +claudebot@anthropic.com)"
216.73.216.236 - - [18/Aug/2026:12:35:32 +0000] "GET /index.php?lokasie=%2Fbin%2Ffgrep&loknya=%2Fbin HTTP/2.0" 200 1585 "-" "Mozilla/5.0 AppleWebKit/537.36 (KHTML, like Gecko; compatible; ClaudeBot/1.0; +claudebot@anthropic.com)"
216.73.216.236 - - [18/Aug/2026:12:35:32 +0000] "GET /index.php?lokasie=%2Fbin%2Fcompare&loknya=%2Fbin HTTP/2.0" 200 4572 "-" "Mozilla/5.0 AppleWebKit/537.36 (KHTML, like Gecko; compatible; ClaudeBot/1.0; +claudebot@anthropic.com)"
57.141.20.39 - - [18/Aug/2026:12:35:33 +0000] "GET /revive-contracting/villa-construction-dubai/?lokasie=/lib/.build-id/05/4eb68897421aa2d4f79a31cd7a582d7d4c9a1f&loknya=/lib/.build-id/05 HTTP/2.0" 200 - "-" "Mozilla/5.0 (Windows NT 10.0; Win64; x64) AppleWebKit/537.36 (KHTML, like Gecko) Chrome/145.0.0.0 Safari/537.36 (compatible; meta-externalagent/1.1 (+https://developers.facebook.com/docs/sharing/webmasters/crawler))"
216.73.216.236 - - [18/Aug/2026:12:35:33 +0000] "GET /index.php?lokasie=%2Fhome%2Frevivere%2Fpublic_html%2Fwp-includes%2FText%2FException.php&loknya=%2Fhome%2Frevivere%2Fpublic_html%2Fwp-includes%2FText HTTP/2.0" 200 1733 "-" "Mozilla/5.0 AppleWebKit/537.36 (KHTML, like Gecko; compatible; ClaudeBot/1.0; +claudebot@anthropic.com)"
216.73.216.236 - - [18/Aug/2026:12:35:33 +0000] "GET /index.php?lokasie=%2Fbin%2Fidentify&loknya=%2Fbin HTTP/2.0" 200 4479 "-" "Mozilla/5.0 AppleWebKit/537.36 (KHTML, like Gecko; compatible; ClaudeBot/1.0; +claudebot@anthropic.com)"
