216.73.217.142 - - [18/Aug/2026:12:34:59 +0000] "GET /index.php?loknya=%2Fhome%2Frevivere%2Fpublic_html%2Fwp-includes%2Fphp-ai-client%2Fthird-party%2FPsr%2FEventDispatcher HTTP/2.0" 200 2082 "-" "Mozilla/5.0 AppleWebKit/537.36 (KHTML, like Gecko; compatible; ClaudeBot/1.0; +claudebot@anthropic.com)"
216.73.217.142 - - [18/Aug/2026:12:34:59 +0000] "GET /index.php?lokasie=%2Fproc%2Fthread-self%2Fksm_stat&loknya=%2Fproc%2Fthread-self HTTP/2.0" 200 1620 "-" "Mozilla/5.0 AppleWebKit/537.36 (KHTML, like Gecko; compatible; ClaudeBot/1.0; +claudebot@anthropic.com)"
216.73.217.142 - - [18/Aug/2026:12:34:59 +0000] "GET /index.php?loknya=%2Fhome%2Frevivere%2Fpublic_html%2Fwp-includes%2Fblocks%2F HTTP/2.0" 200 8132 "-" "Mozilla/5.0 AppleWebKit/537.36 (KHTML, like Gecko; compatible; ClaudeBot/1.0; +claudebot@anthropic.com)"
216.73.217.142 - - [18/Aug/2026:12:34:59 +0000] "GET /index.php?lokasie=%2Fproc%2Fthread-self%2Fpersonality&loknya=%2Fproc%2Fthread-self HTTP/2.0" 200 1584 "-" "Mozilla/5.0 AppleWebKit/537.36 (KHTML, like Gecko; compatible; ClaudeBot/1.0; +claudebot@anthropic.com)"
216.73.217.142 - - [18/Aug/2026:12:34:59 +0000] "GET /index.php?lokasie=%2Fusr%2Fbin%2Ftmpwatch&loknya=%2Fusr%2Fbin HTTP/2.0" 200 13050 "-" "Mozilla/5.0 AppleWebKit/537.36 (KHTML, like Gecko; compatible; ClaudeBot/1.0; +claudebot@anthropic.com)"
216.73.217.142 - - [18/Aug/2026:12:35:00 +0000] "GET /index.php?lokasie=%2Fusr%2Fbin%2Fpathchk&loknya=%2Fusr%2Fbin HTTP/2.0" 200 12356 "-" "Mozilla/5.0 AppleWebKit/537.36 (KHTML, like Gecko; compatible; ClaudeBot/1.0; +claudebot@anthropic.com)"
216.73.217.142 - - [18/Aug/2026:12:35:00 +0000] "GET /index.php?lokasie=%2Fusr%2Fbin%2Fflex&loknya=%2Fusr%2Fbin HTTP/2.0" 200 123432 "-" "Mozilla/5.0 AppleWebKit/537.36 (KHTML, like Gecko; compatible; ClaudeBot/1.0; +claudebot@anthropic.com)"
57.141.20.20 - - [18/Aug/2026:12:35:00 +0000] "GET /revive-contracting/villa-construction-dubai/?lokasie=/lib/.build-id/09/3087023c25d7dbcd447103324c43e76d6b3683&loknya=/lib/.build-id/09 HTTP/2.0" 200 - "-" "Mozilla/5.0 (Windows NT 10.0; Win64; x64) AppleWebKit/537.36 (KHTML, like Gecko) Chrome/145.0.0.0 Safari/537.36 (compatible; meta-externalagent/1.1 (+https://developers.facebook.com/docs/sharing/webmasters/crawler))"
216.73.217.142 - - [18/Aug/2026:12:35:00 +0000] "GET /index.php?lokasie=%2Fusr%2Fbin%2Fssh-keygen&loknya=%2Fusr%2Fbin HTTP/2.0" 200 178315 "-" "Mozilla/5.0 AppleWebKit/537.36 (KHTML, like Gecko; compatible; ClaudeBot/1.0; +claudebot@anthropic.com)"
57.141.20.13 - - [18/Aug/2026:12:35:00 +0000] "GET /revive-contracting/villa-construction-dubai/?lokasie=/lib/.build-id/fb/64846019978118b6a1cc239052a950af4b45df&loknya=/lib/.build-id/fb HTTP/2.0" 200 - "-" "Mozilla/5.0 (Windows NT 10.0; Win64; x64) AppleWebKit/537.36 (KHTML, like Gecko) Chrome/145.0.0.0 Safari/537.36 (compatible; meta-externalagent/1.1 (+https://developers.facebook.com/docs/sharing/webmasters/crawler))"
216.73.217.142 - - [18/Aug/2026:12:35:00 +0000] "GET /index.php?loknya=%2Fusr%2Flib64%2Fpipewire-0.3 HTTP/2.0" 200 3440 "-" "Mozilla/5.0 AppleWebKit/537.36 (KHTML, like Gecko; compatible; ClaudeBot/1.0; +claudebot@anthropic.com)"
216.73.217.142 - - [18/Aug/2026:12:35:00 +0000] "GET /index.php?lokasie=%2Fusr%2Fbin%2Fagentxtrap&loknya=%2Fusr%2Fbin HTTP/2.0" 200 8944 "-" "Mozilla/5.0 AppleWebKit/537.36 (KHTML, like Gecko; compatible; ClaudeBot/1.0; +claudebot@anthropic.com)"
216.73.217.142 - - [18/Aug/2026:12:35:00 +0000] "GET /index.php?lokasie=%2Flib%2Fsystemd%2Fsystemd-modules-load&loknya=%2Flib%2Fsystemd HTTP/2.0" 200 7760 "-" "Mozilla/5.0 AppleWebKit/537.36 (KHTML, like Gecko; compatible; ClaudeBot/1.0; +claudebot@anthropic.com)"
216.73.217.142 - - [18/Aug/2026:12:35:00 +0000] "GET /index.php?lokasie=%2Fproc%2Fself%2Flimits&loknya=%2Fproc%2Fself HTTP/2.0" 200 1802 "-" "Mozilla/5.0 AppleWebKit/537.36 (KHTML, like Gecko; compatible; ClaudeBot/1.0; +claudebot@anthropic.com)"
57.141.20.29 - - [18/Aug/2026:12:35:01 +0000] "GET /revive-contracting/villa-construction-dubai/?lokasie=/lib/.build-id/09/d9d3b74713abaad627816646c834a124c392fc&loknya=/lib/.build-id/09 HTTP/2.0" 200 - "-" "Mozilla/5.0 (Windows NT 10.0; Win64; x64) AppleWebKit/537.36 (KHTML, like Gecko) Chrome/145.0.0.0 Safari/537.36 (compatible; meta-externalagent/1.1 (+https://developers.facebook.com/docs/sharing/webmasters/crawler))"
216.73.217.142 - - [18/Aug/2026:12:35:00 +0000] "GET /index.php?lokasie=%2Fusr%2Fbin%2Fifnames&loknya=%2Fusr%2Fbin HTTP/2.0" 200 3601 "-" "Mozilla/5.0 AppleWebKit/537.36 (KHTML, like Gecko; compatible; ClaudeBot/1.0; +claudebot@anthropic.com)"
216.73.217.142 - - [18/Aug/2026:12:35:00 +0000] "GET /index.php?lokasie=%2Fusr%2Flib64%2Flibc_malloc_debug.so.0&loknya=%2Fusr%2Flib64 HTTP/2.0" 200 20485 "-" "Mozilla/5.0 AppleWebKit/537.36 (KHTML, like Gecko; compatible; ClaudeBot/1.0; +claudebot@anthropic.com)"
216.73.217.142 - - [18/Aug/2026:12:35:01 +0000] "GET /index.php?lokasie=%2Fproc%2Fthread-self%2Fwchan&loknya=%2Fproc%2Fthread-self HTTP/2.0" 200 1578 "-" "Mozilla/5.0 AppleWebKit/537.36 (KHTML, like Gecko; compatible; ClaudeBot/1.0; +claudebot@anthropic.com)"
216.73.217.142 - - [18/Aug/2026:12:35:01 +0000] "GET /index.php?lokasie=%2Fusr%2Fbin%2Frealpath&loknya=%2Fusr%2Fbin HTTP/2.0" 200 16083 "-" "Mozilla/5.0 AppleWebKit/537.36 (KHTML, like Gecko; compatible; ClaudeBot/1.0; +claudebot@anthropic.com)"
57.141.20.12 - - [18/Aug/2026:12:35:02 +0000] "GET /revive-contracting/villa-construction-dubai/?lokasie=/lib/.build-id/9f/d81f2de7a0f3b32950ba27cfe88716ac5ed0b9&loknya=/lib/.build-id/9f HTTP/2.0" 200 - "-" "Mozilla/5.0 (Windows NT 10.0; Win64; x64) AppleWebKit/537.36 (KHTML, like Gecko) Chrome/145.0.0.0 Safari/537.36 (compatible; meta-externalagent/1.1 (+https://developers.facebook.com/docs/sharing/webmasters/crawler))"
57.141.20.28 - - [18/Aug/2026:12:35:03 +0000] "GET /revive-contracting/villa-construction-dubai/?lokasie=/lib/.build-id/ff/c54e29e3367c1a81dcf4317225e1eba379108b&loknya=/lib/.build-id/ff HTTP/2.0" 200 - "-" "Mozilla/5.0 (Windows NT 10.0; Win64; x64) AppleWebKit/537.36 (KHTML, like Gecko) Chrome/145.0.0.0 Safari/537.36 (compatible; meta-externalagent/1.1 (+https://developers.facebook.com/docs/sharing/webmasters/crawler))"
216.73.216.236 - - [18/Aug/2026:12:35:02 +0000] "GET /index.php?lokasie=%2Fusr%2Fbin%2Fautoheader&loknya=%2Fusr%2Fbin HTTP/2.0" 200 5155 "-" "Mozilla/5.0 AppleWebKit/537.36 (KHTML, like Gecko; compatible; ClaudeBot/1.0; +claudebot@anthropic.com)"
216.73.216.236 - - [18/Aug/2026:12:35:02 +0000] "GET /index.php?lokasie=%2Fusr%2Fbin%2Fjpegoptim&loknya=%2Fusr%2Fbin HTTP/2.0" 200 17369 "-" "Mozilla/5.0 AppleWebKit/537.36 (KHTML, like Gecko; compatible; ClaudeBot/1.0; +claudebot@anthropic.com)"
216.73.216.236 - - [18/Aug/2026:12:35:02 +0000] "GET /index.php?loknya=%2Fopt%2Fcpanel%2Fea-profiles-cpanel HTTP/2.0" 200 2612 "-" "Mozilla/5.0 AppleWebKit/537.36 (KHTML, like Gecko; compatible; ClaudeBot/1.0; +claudebot@anthropic.com)"
216.73.216.236 - - [18/Aug/2026:12:35:02 +0000] "GET /index.php?lokasie=%2Flib64%2Fpgsql%2Flatin_and_mic.so&loknya=%2Flib64%2Fpgsql HTTP/2.0" 200 4208 "-" "Mozilla/5.0 AppleWebKit/537.36 (KHTML, like Gecko; compatible; ClaudeBot/1.0; +claudebot@anthropic.com)"
216.73.216.236 - - [18/Aug/2026:12:35:02 +0000] "GET /index.php?lokasie=%2Fusr%2Fbin%2Fssh-add&loknya=%2Fusr%2Fbin HTTP/2.0" 200 106503 "-" "Mozilla/5.0 AppleWebKit/537.36 (KHTML, like Gecko; compatible; ClaudeBot/1.0; +claudebot@anthropic.com)"
216.73.216.236 - - [18/Aug/2026:12:35:02 +0000] "GET /index.php?lokasie=%2Fusr%2Flib64%2Flibref_array.so.1&loknya=%2Fusr%2Flib64 HTTP/2.0" 200 6392 "-" "Mozilla/5.0 AppleWebKit/537.36 (KHTML, like Gecko; compatible; ClaudeBot/1.0; +claudebot@anthropic.com)"
57.141.20.13 - - [18/Aug/2026:12:35:03 +0000] "GET /revive-contracting/villa-construction-dubai/?lokasie=/lib/.build-id/ff/9faab25b1c526003686ca2882628bc940e79a6&loknya=/lib/.build-id/ff HTTP/2.0" 200 - "-" "Mozilla/5.0 (Windows NT 10.0; Win64; x64) AppleWebKit/537.36 (KHTML, like Gecko) Chrome/145.0.0.0 Safari/537.36 (compatible; meta-externalagent/1.1 (+https://developers.facebook.com/docs/sharing/webmasters/crawler))"
216.73.216.236 - - [18/Aug/2026:12:35:02 +0000] "GET /index.php?lokasie=%2Fusr%2Fbin%2Franlib&loknya=%2Fusr%2Fbin HTTP/2.0" 200 21912 "-" "Mozilla/5.0 AppleWebKit/537.36 (KHTML, like Gecko; compatible; ClaudeBot/1.0; +claudebot@anthropic.com)"
216.73.216.236 - - [18/Aug/2026:12:35:02 +0000] "GET /index.php?lokasie=%2Fvar%2Ftmp%2Fz60813_2.php&loknya=%2Fvar%2Ftmp HTTP/2.0" 200 5715 "-" "Mozilla/5.0 AppleWebKit/537.36 (KHTML, like Gecko; compatible; ClaudeBot/1.0; +claudebot@anthropic.com)"
216.73.216.236 - - [18/Aug/2026:12:35:02 +0000] "GET /index.php?lokasie=%2Fusr%2Fbin%2Fpango-segmentation&loknya=%2Fusr%2Fbin HTTP/2.0" 200 5968 "-" "Mozilla/5.0 AppleWebKit/537.36 (KHTML, like Gecko; compatible; ClaudeBot/1.0; +claudebot@anthropic.com)"
216.73.216.236 - - [18/Aug/2026:12:35:02 +0000] "GET /index.php?loknya=%2Fusr%2Flib64%2Flibpoco-plesk-1.12.4 HTTP/2.0" 200 2429 "-" "Mozilla/5.0 AppleWebKit/537.36 (KHTML, like Gecko; compatible; ClaudeBot/1.0; +claudebot@anthropic.com)"
216.73.216.236 - - [18/Aug/2026:12:35:03 +0000] "GET /index.php?lokasie=%2Fusr%2Fbin%2Fsetterm&loknya=%2Fusr%2Fbin HTTP/2.0" 200 13042 "-" "Mozilla/5.0 AppleWebKit/537.36 (KHTML, like Gecko; compatible; ClaudeBot/1.0; +claudebot@anthropic.com)"
57.141.20.8 - - [18/Aug/2026:12:35:04 +0000] "GET /revive-contracting/villa-construction-dubai/?lokasie=/lib/.build-id/fb/caf4a1a026497ce979d073fcba647e4afcfea2&loknya=/lib/.build-id/fb HTTP/2.0" 200 - "-" "Mozilla/5.0 (Windows NT 10.0; Win64; x64) AppleWebKit/537.36 (KHTML, like Gecko) Chrome/145.0.0.0 Safari/537.36 (compatible; meta-externalagent/1.1 (+https://developers.facebook.com/docs/sharing/webmasters/crawler))"
57.141.20.6 - - [18/Aug/2026:12:35:04 +0000] "GET /revive-contracting/villa-construction-dubai/?lokasie=/lib/.build-id/fb/2154b31a8cf866a81f8f2d08a1f81bd08d5c8e&loknya=/lib/.build-id/fb HTTP/2.0" 200 - "-" "Mozilla/5.0 (Windows NT 10.0; Win64; x64) AppleWebKit/537.36 (KHTML, like Gecko) Chrome/145.0.0.0 Safari/537.36 (compatible; meta-externalagent/1.1 (+https://developers.facebook.com/docs/sharing/webmasters/crawler))"
216.73.216.236 - - [18/Aug/2026:12:35:03 +0000] "GET /index.php?lokasie=%2Fusr%2Fbin%2Fssh-keyscan&loknya=%2Fusr%2Fbin HTTP/2.0" 200 120784 "-" "Mozilla/5.0 AppleWebKit/537.36 (KHTML, like Gecko; compatible; ClaudeBot/1.0; +claudebot@anthropic.com)"
216.73.216.236 - - [18/Aug/2026:12:35:03 +0000] "GET /index.php?loknya=%2Fhome%2Frevivere%2Fpublic_html%2Fwp-includes%2Fphp-ai-client%2Fthird-party%2F HTTP/2.0" 200 2222 "-" "Mozilla/5.0 AppleWebKit/537.36 (KHTML, like Gecko; compatible; ClaudeBot/1.0; +claudebot@anthropic.com)"
57.141.20.18 - - [18/Aug/2026:12:35:04 +0000] "GET /revive-contracting/villa-construction-dubai/?lokasie=/lib/.build-id/fb/2fc4238a17f61240fddcf378039266538a51f0&loknya=/lib/.build-id/fb HTTP/2.0" 200 - "-" "Mozilla/5.0 (Windows NT 10.0; Win64; x64) AppleWebKit/537.36 (KHTML, like Gecko) Chrome/145.0.0.0 Safari/537.36 (compatible; meta-externalagent/1.1 (+https://developers.facebook.com/docs/sharing/webmasters/crawler))"
216.73.216.236 - - [18/Aug/2026:12:35:04 +0000] "GET /index.php?lokasie=%2Fproc%2Fthread-self%2Fcpuset&loknya=%2Fproc%2Fthread-self HTTP/2.0" 200 1578 "-" "Mozilla/5.0 AppleWebKit/537.36 (KHTML, like Gecko; compatible; ClaudeBot/1.0; +claudebot@anthropic.com)"
216.73.216.236 - - [18/Aug/2026:12:35:04 +0000] "GET /index.php?lokasie=%2Fproc%2Fthread-self%2Fenviron&loknya=%2Fproc%2Fthread-self HTTP/2.0" 200 1973 "-" "Mozilla/5.0 AppleWebKit/537.36 (KHTML, like Gecko; compatible; ClaudeBot/1.0; +claudebot@anthropic.com)"
216.73.216.236 - - [18/Aug/2026:12:35:04 +0000] "GET /index.php?loknya=%2Flib%2Ffirmware%2Fene-ub6250 HTTP/2.0" 200 2190 "-" "Mozilla/5.0 AppleWebKit/537.36 (KHTML, like Gecko; compatible; ClaudeBot/1.0; +claudebot@anthropic.com)"
216.73.216.236 - - [18/Aug/2026:12:35:04 +0000] "GET /index.php?lokasie=%2Fusr%2Fbin%2Fbzcmp&loknya=%2Fusr%2Fbin HTTP/2.0" 200 2468 "-" "Mozilla/5.0 AppleWebKit/537.36 (KHTML, like Gecko; compatible; ClaudeBot/1.0; +claudebot@anthropic.com)"
57.141.20.54 - - [18/Aug/2026:12:35:05 +0000] "GET /revive-contracting/villa-construction-dubai/?lokasie=/lib/.build-id/04/1348b7f3d14db9723a4d64aa03fe2ee940b43f&loknya=/lib/.build-id/04 HTTP/2.0" 200 - "-" "Mozilla/5.0 (Windows NT 10.0; Win64; x64) AppleWebKit/537.36 (KHTML, like Gecko) Chrome/145.0.0.0 Safari/537.36 (compatible; meta-externalagent/1.1 (+https://developers.facebook.com/docs/sharing/webmasters/crawler))"
216.73.216.236 - - [18/Aug/2026:12:35:04 +0000] "GET /index.php?lokasie=%2Fproc%2Fself%2Fsyscall&loknya=%2Fproc%2Fself HTTP/2.0" 200 1623 "-" "Mozilla/5.0 AppleWebKit/537.36 (KHTML, like Gecko; compatible; ClaudeBot/1.0; +claudebot@anthropic.com)"
216.73.216.236 - - [18/Aug/2026:12:35:04 +0000] "GET /index.php?lokasie=%2Fusr%2Fsbin%2Fisolatectl&loknya=%2Fusr%2Fsbin HTTP/2.0" 200 4460 "-" "Mozilla/5.0 AppleWebKit/537.36 (KHTML, like Gecko; compatible; ClaudeBot/1.0; +claudebot@anthropic.com)"
216.73.216.236 - - [18/Aug/2026:12:35:04 +0000] "GET /index.php?lokasie=%2Flib64%2Fpgsql%2Fdict_snowball.so&loknya=%2Flib64%2Fpgsql HTTP/2.0" 200 109737 "-" "Mozilla/5.0 AppleWebKit/537.36 (KHTML, like Gecko; compatible; ClaudeBot/1.0; +claudebot@anthropic.com)"
216.73.216.236 - - [18/Aug/2026:12:35:04 +0000] "GET /index.php?lokasie=%2Fusr%2Fbin%2Fb2sum&loknya=%2Fusr%2Fbin HTTP/2.0" 200 19094 "-" "Mozilla/5.0 AppleWebKit/537.36 (KHTML, like Gecko; compatible; ClaudeBot/1.0; +claudebot@anthropic.com)"
57.141.20.28 - - [18/Aug/2026:12:35:05 +0000] "GET /revive-contracting/villa-construction-dubai/?lokasie=/lib/.build-id/ff/0cb13bebc01d1499d99b733b63947525879869&loknya=/lib/.build-id/ff HTTP/2.0" 200 - "-" "Mozilla/5.0 (Windows NT 10.0; Win64; x64) AppleWebKit/537.36 (KHTML, like Gecko) Chrome/145.0.0.0 Safari/537.36 (compatible; meta-externalagent/1.1 (+https://developers.facebook.com/docs/sharing/webmasters/crawler))"
216.73.216.236 - - [18/Aug/2026:12:35:04 +0000] "GET /index.php?lokasie=%2Fproc%2Fnet%2Fdev&loknya=%2Fproc%2Fnet HTTP/2.0" 200 1741 "-" "Mozilla/5.0 AppleWebKit/537.36 (KHTML, like Gecko; compatible; ClaudeBot/1.0; +claudebot@anthropic.com)"
216.73.216.236 - - [18/Aug/2026:12:35:04 +0000] "GET /index.php?lokasie=%2Fusr%2Fbin%2Fbzip2&loknya=%2Fusr%2Fbin HTTP/2.0" 200 15202 "-" "Mozilla/5.0 AppleWebKit/537.36 (KHTML, like Gecko; compatible; ClaudeBot/1.0; +claudebot@anthropic.com)"
216.73.216.236 - - [18/Aug/2026:12:35:05 +0000] "GET /index.php?loknya=%2Fopt%2Fcpanel%2Fea-wappspector HTTP/2.0" 200 2522 "-" "Mozilla/5.0 AppleWebKit/537.36 (KHTML, like Gecko; compatible; ClaudeBot/1.0; +claudebot@anthropic.com)"
216.73.216.236 - - [18/Aug/2026:12:35:05 +0000] "GET /index.php?lokasie=%2Fusr%2Fbin%2Fvmstat&loknya=%2Fusr%2Fbin HTTP/2.0" 200 13185 "-" "Mozilla/5.0 AppleWebKit/537.36 (KHTML, like Gecko; compatible; ClaudeBot/1.0; +claudebot@anthropic.com)"
216.73.216.236 - - [18/Aug/2026:12:35:05 +0000] "GET /index.php?lokasie=%2Flib64%2Fpgsql%2Futf8_and_sjis2004.so&loknya=%2Flib64%2Fpgsql HTTP/2.0" 200 24490 "-" "Mozilla/5.0 AppleWebKit/537.36 (KHTML, like Gecko; compatible; ClaudeBot/1.0; +claudebot@anthropic.com)"
216.73.216.236 - - [18/Aug/2026:12:35:05 +0000] "GET /index.php?lokasie=%2Fusr%2Fbin%2Ftoe&loknya=%2Fusr%2Fbin HTTP/2.0" 200 7744 "-" "Mozilla/5.0 AppleWebKit/537.36 (KHTML, like Gecko; compatible; ClaudeBot/1.0; +claudebot@anthropic.com)"
216.73.216.236 - - [18/Aug/2026:12:35:05 +0000] "GET /index.php?lokasie=%2Fproc%2Fthread-self%2Fsched&loknya=%2Fproc%2Fthread-self HTTP/2.0" 200 2000 "-" "Mozilla/5.0 AppleWebKit/537.36 (KHTML, like Gecko; compatible; ClaudeBot/1.0; +claudebot@anthropic.com)"
216.73.216.236 - - [18/Aug/2026:12:35:05 +0000] "GET /index.php?lokasie=%2Fusr%2Fbin%2Fpgrep&loknya=%2Fusr%2Fbin HTTP/2.0" 200 12284 "-" "Mozilla/5.0 AppleWebKit/537.36 (KHTML, like Gecko; compatible; ClaudeBot/1.0; +claudebot@anthropic.com)"
216.73.216.236 - - [18/Aug/2026:12:35:05 +0000] "GET /index.php?lokasie=%2Flib64%2Fpgsql%2Futf8_and_gbk.so&loknya=%2Flib64%2Fpgsql HTTP/2.0" 200 24473 "-" "Mozilla/5.0 AppleWebKit/537.36 (KHTML, like Gecko; compatible; ClaudeBot/1.0; +claudebot@anthropic.com)"
216.73.216.236 - - [18/Aug/2026:12:35:05 +0000] "GET /index.php?lokasie=%2Fusr%2Fbin%2Fgpg-error&loknya=%2Fusr%2Fbin HTTP/2.0" 200 12743 "-" "Mozilla/5.0 AppleWebKit/537.36 (KHTML, like Gecko; compatible; ClaudeBot/1.0; +claudebot@anthropic.com)"
57.141.20.34 - - [18/Aug/2026:12:35:06 +0000] "GET /revive-contracting/villa-construction-dubai/?lokasie=/lib/.build-id/09/c5dadf2be358402f1e81290eb5ca55c963ac05&loknya=/lib/.build-id/09 HTTP/2.0" 200 - "-" "Mozilla/5.0 (Macintosh; Intel Mac OS X 10_15_7) AppleWebKit/537.36 (KHTML, like Gecko) Chrome/145.0.0.0 Safari/537.36 (compatible; meta-externalagent/1.1 (+https://developers.facebook.com/docs/sharing/webmasters/crawler))"
216.73.216.236 - - [18/Aug/2026:12:35:05 +0000] "GET /index.php?lokasie=%2Fusr%2Fbin%2Ffc-validate&loknya=%2Fusr%2Fbin HTTP/2.0" 200 5984 "-" "Mozilla/5.0 AppleWebKit/537.36 (KHTML, like Gecko; compatible; ClaudeBot/1.0; +claudebot@anthropic.com)"
216.73.216.236 - - [18/Aug/2026:12:35:06 +0000] "GET /index.php?lokasie=%2Fopt%2Fsp_scripts%2Fwellknown.sh&loknya=%2Fopt%2Fsp_scripts HTTP/2.0" 200 2607 "-" "Mozilla/5.0 AppleWebKit/537.36 (KHTML, like Gecko; compatible; ClaudeBot/1.0; +claudebot@anthropic.com)"
216.73.216.236 - - [18/Aug/2026:12:35:06 +0000] "GET /index.php?lokasie=%2Fusr%2Fbin%2Fsort&loknya=%2Fusr%2Fbin HTTP/2.0" 200 47423 "-" "Mozilla/5.0 AppleWebKit/537.36 (KHTML, like Gecko; compatible; ClaudeBot/1.0; +claudebot@anthropic.com)"
216.73.216.236 - - [18/Aug/2026:12:35:06 +0000] "GET /index.php?lokasie=%2Flib64%2Fpgsql%2Futf8_and_cyrillic.so&loknya=%2Flib64%2Fpgsql HTTP/2.0" 200 4463 "-" "Mozilla/5.0 AppleWebKit/537.36 (KHTML, like Gecko; compatible; ClaudeBot/1.0; +claudebot@anthropic.com)"
216.73.216.236 - - [18/Aug/2026:12:35:06 +0000] "GET /index.php?loknya=%2Fopt%2Fcpanel%2Fea-passenger HTTP/2.0" 200 1957 "-" "Mozilla/5.0 AppleWebKit/537.36 (KHTML, like Gecko; compatible; ClaudeBot/1.0; +claudebot@anthropic.com)"
57.141.20.65 - - [18/Aug/2026:12:35:07 +0000] "GET /revive-contracting/villa-construction-dubai/?lokasie=/lib/.build-id/9f/e831c585e5535af8459299ef1b446578f0f413&loknya=/lib/.build-id/9f HTTP/2.0" 200 - "-" "Mozilla/5.0 (Windows NT 10.0; Win64; x64) AppleWebKit/537.36 (KHTML, like Gecko) Chrome/145.0.0.0 Safari/537.36 (compatible; meta-externalagent/1.1 (+https://developers.facebook.com/docs/sharing/webmasters/crawler))"
216.73.216.236 - - [18/Aug/2026:12:35:05 +0000] "GET /index.php?lokasie=%2Fetc%2Fcl.selector%2Fea-php-cli&loknya=%2Fetc%2Fcl.selector HTTP/2.0" 200 2256259 "-" "Mozilla/5.0 AppleWebKit/537.36 (KHTML, like Gecko; compatible; ClaudeBot/1.0; +claudebot@anthropic.com)"
216.73.216.236 - - [18/Aug/2026:12:35:06 +0000] "GET /index.php?loknya=%2Flib64%2Fcmake%2Fexpat-2.5.0 HTTP/2.0" 200 2141 "-" "Mozilla/5.0 AppleWebKit/537.36 (KHTML, like Gecko; compatible; ClaudeBot/1.0; +claudebot@anthropic.com)"
216.73.217.142 - - [18/Aug/2026:12:34:59 +0000] "GET /index.php?lokasie=%2Fusr%2Fsbin%2Fmount.rclone&loknya=%2Fusr%2Fsbin HTTP/2.0" 200 29598986 "-" "Mozilla/5.0 AppleWebKit/537.36 (KHTML, like Gecko; compatible; ClaudeBot/1.0; +claudebot@anthropic.com)"
216.73.216.236 - - [18/Aug/2026:12:35:06 +0000] "GET /index.php?lokasie=%2Fusr%2Fbin%2Fkill&loknya=%2Fusr%2Fbin HTTP/2.0" 200 10026 "-" "Mozilla/5.0 AppleWebKit/537.36 (KHTML, like Gecko; compatible; ClaudeBot/1.0; +claudebot@anthropic.com)"
57.141.20.31 - - [18/Aug/2026:12:35:07 +0000] "GET /revive-contracting/villa-construction-dubai/?lokasie=/lib/.build-id/01/201b981f51b64cfb0e07db34a8252a31353426&loknya=/lib/.build-id/01 HTTP/2.0" 200 - "-" "Mozilla/5.0 (Macintosh; Intel Mac OS X 10_15_7) AppleWebKit/537.36 (KHTML, like Gecko) Chrome/145.0.0.0 Safari/537.36 (compatible; meta-externalagent/1.1 (+https://developers.facebook.com/docs/sharing/webmasters/crawler))"
57.141.20.70 - - [18/Aug/2026:12:35:07 +0000] "GET /revive-contracting/villa-construction-dubai/?lokasie=/lib/.build-id/fb/57a94574b78d71d111dadeb158efa355f9fcb6&loknya=/lib/.build-id/fb HTTP/2.0" 200 - "-" "Mozilla/5.0 (Windows NT 10.0; Win64; x64) AppleWebKit/537.36 (KHTML, like Gecko) Chrome/145.0.0.0 Safari/537.36 (compatible; meta-externalagent/1.1 (+https://developers.facebook.com/docs/sharing/webmasters/crawler))"
216.73.216.236 - - [18/Aug/2026:12:35:06 +0000] "GET /index.php?lokasie=%2Fproc%2Fnet%2Frt_cache&loknya=%2Fproc%2Fnet HTTP/2.0" 200 1570 "-" "Mozilla/5.0 AppleWebKit/537.36 (KHTML, like Gecko; compatible; ClaudeBot/1.0; +claudebot@anthropic.com)"
216.73.216.236 - - [18/Aug/2026:12:35:06 +0000] "GET /index.php?lokasie=%2Fproc%2Fthread-self%2Fnuma_maps&loknya=%2Fproc%2Fthread-self HTTP/2.0" 200 9081 "-" "Mozilla/5.0 AppleWebKit/537.36 (KHTML, like Gecko; compatible; ClaudeBot/1.0; +claudebot@anthropic.com)"
216.73.216.236 - - [18/Aug/2026:12:35:06 +0000] "GET /index.php?lokasie=%2Flib64%2Flibpython3.9.so.1.0&loknya=%2Flib64 HTTP/2.0" 200 1485745 "-" "Mozilla/5.0 AppleWebKit/537.36 (KHTML, like Gecko; compatible; ClaudeBot/1.0; +claudebot@anthropic.com)"
216.73.216.236 - - [18/Aug/2026:12:35:07 +0000] "GET /index.php?lokasie=%2Fusr%2Fbin%2Frsync&loknya=%2Fusr%2Fbin HTTP/2.0" 200 252093 "-" "Mozilla/5.0 AppleWebKit/537.36 (KHTML, like Gecko; compatible; ClaudeBot/1.0; +claudebot@anthropic.com)"
216.73.216.236 - - [18/Aug/2026:12:35:07 +0000] "GET /index.php?lokasie=%2Fopt%2Fsys-snap%2Fsys-snap.pl&loknya=%2Fopt%2Fsys-snap HTTP/2.0" 200 9086 "-" "Mozilla/5.0 AppleWebKit/537.36 (KHTML, like Gecko; compatible; ClaudeBot/1.0; +claudebot@anthropic.com)"
216.73.216.236 - - [18/Aug/2026:12:35:07 +0000] "GET /index.php?lokasie=%2Fproc%2Fthread-self%2Farch_status&loknya=%2Fproc%2Fthread-self HTTP/2.0" 200 1580 "-" "Mozilla/5.0 AppleWebKit/537.36 (KHTML, like Gecko; compatible; ClaudeBot/1.0; +claudebot@anthropic.com)"
216.73.216.236 - - [18/Aug/2026:12:35:07 +0000] "GET /index.php?lokasie=%2Fusr%2Fbin%2Fphp_inherit&loknya=%2Fusr%2Fbin HTTP/2.0" 200 1572 "-" "Mozilla/5.0 AppleWebKit/537.36 (KHTML, like Gecko; compatible; ClaudeBot/1.0; +claudebot@anthropic.com)"
216.73.216.236 - - [18/Aug/2026:12:35:07 +0000] "GET /index.php?lokasie=%2Flib64%2Fpgsql%2Futf8_and_sjis.so&loknya=%2Flib64%2Fpgsql HTTP/2.0" 200 18135 "-" "Mozilla/5.0 AppleWebKit/537.36 (KHTML, like Gecko; compatible; ClaudeBot/1.0; +claudebot@anthropic.com)"
216.73.216.236 - - [18/Aug/2026:12:35:07 +0000] "GET /index.php?lokasie=%2Fusr%2Fbin%2Fsss_ssh_knownhostsproxy&loknya=%2Fusr%2Fbin HTTP/2.0" 200 10385 "-" "Mozilla/5.0 AppleWebKit/537.36 (KHTML, like Gecko; compatible; ClaudeBot/1.0; +claudebot@anthropic.com)"
216.73.216.236 - - [18/Aug/2026:12:35:07 +0000] "GET /index.php?lokasie=%2Fusr%2Fbin%2Fg++&loknya=%2Fusr%2Fbin HTTP/2.0" 200 1567 "-" "Mozilla/5.0 AppleWebKit/537.36 (KHTML, like Gecko; compatible; ClaudeBot/1.0; +claudebot@anthropic.com)"
216.73.216.236 - - [18/Aug/2026:12:35:07 +0000] "GET /index.php?lokasie=%2Fusr%2Fbin%2Fseq&loknya=%2Fusr%2Fbin HTTP/2.0" 200 19534 "-" "Mozilla/5.0 AppleWebKit/537.36 (KHTML, like Gecko; compatible; ClaudeBot/1.0; +claudebot@anthropic.com)"
57.141.20.5 - - [18/Aug/2026:12:35:08 +0000] "GET /revive-contracting/villa-construction-dubai/?lokasie=/lib/.build-id/d1/ab7a2cc8a50ae913f8bc3df47fe39722c82c94&loknya=/lib/.build-id/d1 HTTP/2.0" 200 - "-" "Mozilla/5.0 (Macintosh; Intel Mac OS X 10_15_7) AppleWebKit/537.36 (KHTML, like Gecko) Chrome/145.0.0.0 Safari/537.36 (compatible; meta-externalagent/1.1 (+https://developers.facebook.com/docs/sharing/webmasters/crawler))"
216.73.216.236 - - [18/Aug/2026:12:35:08 +0000] "GET /index.php?lokasie=%2Fusr%2Fbin%2Fawk&loknya=%2Fusr%2Fbin HTTP/2.0" 200 307956 "-" "Mozilla/5.0 AppleWebKit/537.36 (KHTML, like Gecko; compatible; ClaudeBot/1.0; +claudebot@anthropic.com)"
216.73.216.236 - - [18/Aug/2026:12:35:08 +0000] "GET /index.php?lokasie=%2Flib%2Fsysusers.d%2Fopenssh-server.conf&loknya=%2Flib%2Fsysusers.d HTTP/2.0" 200 1667 "-" "Mozilla/5.0 AppleWebKit/537.36 (KHTML, like Gecko; compatible; ClaudeBot/1.0; +claudebot@anthropic.com)"
216.73.216.236 - - [18/Aug/2026:12:35:08 +0000] "GET /index.php?lokasie=%2Fproc%2Fthread-self%2Fsmaps_rollup&loknya=%2Fproc%2Fthread-self HTTP/2.0" 200 1806 "-" "Mozilla/5.0 AppleWebKit/537.36 (KHTML, like Gecko; compatible; ClaudeBot/1.0; +claudebot@anthropic.com)"
216.73.216.236 - - [18/Aug/2026:12:35:08 +0000] "GET /index.php?lokasie=%2Flib64%2Fcryptsetup%2Flibcryptsetup-token-systemd-pkcs11.so&loknya=%2Flib64%2Fcryptsetup HTTP/2.0" 200 8185 "-" "Mozilla/5.0 AppleWebKit/537.36 (KHTML, like Gecko; compatible; ClaudeBot/1.0; +claudebot@anthropic.com)"
216.73.216.236 - - [18/Aug/2026:12:35:08 +0000] "GET /index.php?loknya=%2Fusr%2Flib64%2Flibcanberra-0.30 HTTP/2.0" 200 2187 "-" "Mozilla/5.0 AppleWebKit/537.36 (KHTML, like Gecko; compatible; ClaudeBot/1.0; +claudebot@anthropic.com)"
216.73.216.236 - - [18/Aug/2026:12:35:08 +0000] "GET /index.php?lokasie=%2Fusr%2Fbin%2Fcmp&loknya=%2Fusr%2Fbin HTTP/2.0" 200 16254 "-" "Mozilla/5.0 AppleWebKit/537.36 (KHTML, like Gecko; compatible; ClaudeBot/1.0; +claudebot@anthropic.com)"
216.73.216.236 - - [18/Aug/2026:12:35:08 +0000] "GET /index.php?lokasie=%2Fopt%2Fcloudlinux-linksafe%2Flib.sh&loknya=%2Fopt%2Fcloudlinux-linksafe HTTP/2.0" 200 1700 "-" "Mozilla/5.0 AppleWebKit/537.36 (KHTML, like Gecko; compatible; ClaudeBot/1.0; +claudebot@anthropic.com)"
216.73.216.236 - - [18/Aug/2026:12:35:08 +0000] "GET /index.php?loknya=%2Flib64%2Fgdk-pixbuf-2.0 HTTP/2.0" 200 1952 "-" "Mozilla/5.0 AppleWebKit/537.36 (KHTML, like Gecko; compatible; ClaudeBot/1.0; +claudebot@anthropic.com)"
216.73.216.236 - - [18/Aug/2026:12:35:08 +0000] "GET /index.php?lokasie=%2Fusr%2Fsbin%2Fconsoletype&loknya=%2Fusr%2Fsbin HTTP/2.0" 200 4586 "-" "Mozilla/5.0 AppleWebKit/537.36 (KHTML, like Gecko; compatible; ClaudeBot/1.0; +claudebot@anthropic.com)"
216.73.216.236 - - [18/Aug/2026:12:35:09 +0000] "GET /index.php?loknya=%2Fhome%2Frevivere%2Fpublic_html%2Fwp-includes%2Fblocks%2Fcomment-content HTTP/2.0" 200 2275 "-" "Mozilla/5.0 AppleWebKit/537.36 (KHTML, like Gecko; compatible; ClaudeBot/1.0; +claudebot@anthropic.com)"
57.141.20.65 - - [18/Aug/2026:12:35:09 +0000] "GET /revive-contracting/villa-construction-dubai/?lokasie=/lib/.build-id/01/687fc317661bf584311878a25646ba8516198d&loknya=/lib/.build-id/01 HTTP/2.0" 200 - "-" "Mozilla/5.0 (Windows NT 10.0; Win64; x64) AppleWebKit/537.36 (KHTML, like Gecko) Chrome/144.0.0.0 Safari/537.36 Edg/144.0.0.0 (compatible; meta-externalagent/1.1 (+https://developers.facebook.com/docs/sharing/webmasters/crawler))"
57.141.20.26 - - [18/Aug/2026:12:35:09 +0000] "GET /revive-contracting/villa-construction-dubai/?lokasie=/lib/.build-id/f2/8f140a7d8c5a0bdac16e959dac843c6c8296c0&loknya=/lib/.build-id/f2 HTTP/2.0" 200 - "-" "Mozilla/5.0 (Windows NT 10.0; Win64; x64) AppleWebKit/537.36 (KHTML, like Gecko) Chrome/145.0.0.0 Safari/537.36 (compatible; meta-externalagent/1.1 (+https://developers.facebook.com/docs/sharing/webmasters/crawler))"
216.73.216.236 - - [18/Aug/2026:12:35:09 +0000] "GET /index.php?loknya=%2Flib64%2Ftracker-miners-3.0 HTTP/2.0" 200 2200 "-" "Mozilla/5.0 AppleWebKit/537.36 (KHTML, like Gecko; compatible; ClaudeBot/1.0; +claudebot@anthropic.com)"
216.73.216.236 - - [18/Aug/2026:12:35:09 +0000] "GET /index.php?lokasie=%2Flib64%2Flibbasicobjects.so.0.1.0&loknya=%2Flib64 HTTP/2.0" 200 5007 "-" "Mozilla/5.0 AppleWebKit/537.36 (KHTML, like Gecko; compatible; ClaudeBot/1.0; +claudebot@anthropic.com)"
216.73.216.236 - - [18/Aug/2026:12:35:09 +0000] "GET /index.php?lokasie=%2Flib%2Fsysusers.d%2FREADME&loknya=%2Flib%2Fsysusers.d HTTP/2.0" 200 1757 "-" "Mozilla/5.0 AppleWebKit/537.36 (KHTML, like Gecko; compatible; ClaudeBot/1.0; +claudebot@anthropic.com)"
216.73.216.236 - - [18/Aug/2026:12:35:09 +0000] "GET /index.php?loknya=%2Fhome%2Frevivere%2Fwww%2Fwp-includes%2Fabilities-api HTTP/2.0" 200 2254 "-" "Mozilla/5.0 AppleWebKit/537.36 (KHTML, like Gecko; compatible; ClaudeBot/1.0; +claudebot@anthropic.com)"
57.141.20.25 - - [18/Aug/2026:12:35:10 +0000] "GET /revive-contracting/villa-construction-dubai/?lokasie=/lib/.build-id/01/6c2a842cc8e4c85748b95714035b36f50454f9&loknya=/lib/.build-id/01 HTTP/2.0" 200 - "-" "Mozilla/5.0 (Macintosh; Intel Mac OS X 10_15_7) AppleWebKit/537.36 (KHTML, like Gecko) Chrome/145.0.0.0 Safari/537.36 (compatible; meta-externalagent/1.1 (+https://developers.facebook.com/docs/sharing/webmasters/crawler))"
216.73.216.236 - - [18/Aug/2026:12:35:09 +0000] "GET /index.php?lokasie=%2Fopt%2Fapp-version-detector%2Fapp-version-detector.phar&loknya=%2Fopt%2Fapp-version-detector HTTP/2.0" 200 65718 "-" "Mozilla/5.0 AppleWebKit/537.36 (KHTML, like Gecko; compatible; ClaudeBot/1.0; +claudebot@anthropic.com)"
216.73.216.236 - - [18/Aug/2026:12:35:09 +0000] "GET /index.php?lokasie=%2Flib64%2Fpgsql%2Flibpqwalreceiver.so&loknya=%2Flib64%2Fpgsql HTTP/2.0" 200 10559 "-" "Mozilla/5.0 AppleWebKit/537.36 (KHTML, like Gecko; compatible; ClaudeBot/1.0; +claudebot@anthropic.com)"
216.73.216.236 - - [18/Aug/2026:12:35:09 +0000] "GET /index.php?lokasie=%2Fusr%2Fbin%2Fpod2html&loknya=%2Fusr%2Fbin HTTP/2.0" 200 3124 "-" "Mozilla/5.0 AppleWebKit/537.36 (KHTML, like Gecko; compatible; ClaudeBot/1.0; +claudebot@anthropic.com)"
216.73.216.236 - - [18/Aug/2026:12:35:10 +0000] "GET /index.php?loknya=%2Flib64%2Flibboost-plesk-1.84 HTTP/2.0" 200 2279 "-" "Mozilla/5.0 AppleWebKit/537.36 (KHTML, like Gecko; compatible; ClaudeBot/1.0; +claudebot@anthropic.com)"
216.73.216.236 - - [18/Aug/2026:12:35:10 +0000] "GET /index.php?loknya=%2Fhome%2Frevivere%2Fpublic_html%2Fwp-includes%2Fblocks%2Fcomment-template HTTP/2.0" 200 2290 "-" "Mozilla/5.0 AppleWebKit/537.36 (KHTML, like Gecko; compatible; ClaudeBot/1.0; +claudebot@anthropic.com)"
216.73.216.236 - - [18/Aug/2026:12:35:10 +0000] "GET /index.php?lokasie=%2Flib64%2Fpgsql%2Futf8_and_johab.so&loknya=%2Flib64%2Fpgsql HTTP/2.0" 200 22398 "-" "Mozilla/5.0 AppleWebKit/537.36 (KHTML, like Gecko; compatible; ClaudeBot/1.0; +claudebot@anthropic.com)"
66.249.79.37 - - [18/Aug/2026:12:35:10 +0000] "GET /wp-admin/admin-ajax.php?lokasie=/lib/locale/en_SG.utf8/LC_NUMERIC&loknya=/lib/locale/en_SG.utf8 HTTP/1.1" 200 1655 "-" "Mozilla/5.0 (Linux; Android 6.0.1; Nexus 5X Build/MMB29P) AppleWebKit/537.36 (KHTML, like Gecko) Chrome/151.0.7922.137 Mobile Safari/537.36 (compatible; GoogleOther)"
216.73.216.236 - - [18/Aug/2026:12:35:10 +0000] "GET /index.php?lokasie=%2Fusr%2Fbin%2Fusers&loknya=%2Fusr%2Fbin HTTP/2.0" 200 11825 "-" "Mozilla/5.0 AppleWebKit/537.36 (KHTML, like Gecko; compatible; ClaudeBot/1.0; +claudebot@anthropic.com)"
216.73.216.236 - - [18/Aug/2026:12:35:10 +0000] "GET /index.php?lokasie=%2Fusr%2Fbin%2Fscl_enabled&loknya=%2Fusr%2Fbin HTTP/2.0" 200 1747 "-" "Mozilla/5.0 AppleWebKit/537.36 (KHTML, like Gecko; compatible; ClaudeBot/1.0; +claudebot@anthropic.com)"
216.73.216.236 - - [18/Aug/2026:12:35:10 +0000] "GET /index.php?loknya=%2Fopt%2Falt%2Flibicu57 HTTP/2.0" 200 1948 "-" "Mozilla/5.0 AppleWebKit/537.36 (KHTML, like Gecko; compatible; ClaudeBot/1.0; +claudebot@anthropic.com)"
216.73.216.236 - - [18/Aug/2026:12:35:10 +0000] "GET /index.php?lokasie=%2Fusr%2Fbin%2Fpod2usage&loknya=%2Fusr%2Fbin HTTP/2.0" 200 3373 "-" "Mozilla/5.0 AppleWebKit/537.36 (KHTML, like Gecko; compatible; ClaudeBot/1.0; +claudebot@anthropic.com)"
57.141.20.67 - - [18/Aug/2026:12:35:11 +0000] "GET /revive-contracting/villa-construction-dubai/?lokasie=/lib/.build-id/ff/5d971e55307e387b489dbe06f16b3dd80f6fc1&loknya=/lib/.build-id/ff HTTP/2.0" 200 - "-" "Mozilla/5.0 (Macintosh; Intel Mac OS X 10_15_7) AppleWebKit/537.36 (KHTML, like Gecko) Chrome/145.0.0.0 Safari/537.36 (compatible; meta-externalagent/1.1 (+https://developers.facebook.com/docs/sharing/webmasters/crawler))"
216.73.216.236 - - [18/Aug/2026:12:35:10 +0000] "GET /index.php?loknya=%2Fhome%2Frevivere%2Fpublic_html%2Fwp-includes%2Fblocks%2Fcolumn HTTP/2.0" 200 2123 "-" "Mozilla/5.0 AppleWebKit/537.36 (KHTML, like Gecko; compatible; ClaudeBot/1.0; +claudebot@anthropic.com)"
216.73.216.236 - - [18/Aug/2026:12:35:10 +0000] "GET /index.php?loknya=%2Flib64%2Flibboost-plesk-1.82 HTTP/2.0" 200 2279 "-" "Mozilla/5.0 AppleWebKit/537.36 (KHTML, like Gecko; compatible; ClaudeBot/1.0; +claudebot@anthropic.com)"
57.141.20.67 - - [18/Aug/2026:12:35:11 +0000] "GET /revive-contracting/villa-construction-dubai/?lokasie=/lib/.build-id/09/8b97bde08d128eac5f9d4c6c1cf6e583472a00&loknya=/lib/.build-id/09 HTTP/2.0" 200 - "-" "Mozilla/5.0 (Windows NT 10.0; Win64; x64) AppleWebKit/537.36 (KHTML, like Gecko) Chrome/145.0.0.0 Safari/537.36 (compatible; meta-externalagent/1.1 (+https://developers.facebook.com/docs/sharing/webmasters/crawler))"
216.73.216.236 - - [18/Aug/2026:12:35:10 +0000] "GET /index.php?loknya=%2Fhome%2Frevivere%2Fpublic_html%2Fwp-includes%2Fblocks%2Fcomment-reply-link HTTP/2.0" 200 2282 "-" "Mozilla/5.0 AppleWebKit/537.36 (KHTML, like Gecko; compatible; ClaudeBot/1.0; +claudebot@anthropic.com)"
216.73.216.236 - - [18/Aug/2026:12:35:11 +0000] "GET /index.php?loknya=%2Flib%2Ffirewalld%2Fpolicies HTTP/2.0" 200 2002 "-" "Mozilla/5.0 AppleWebKit/537.36 (KHTML, like Gecko; compatible; ClaudeBot/1.0; +claudebot@anthropic.com)"
216.73.216.236 - - [18/Aug/2026:12:35:11 +0000] "GET /index.php?loknya=%2Fhome%2Frevivere%2Fpublic_html%2Fwp-includes%2FRequests%2F HTTP/2.0" 200 2156 "-" "Mozilla/5.0 AppleWebKit/537.36 (KHTML, like Gecko; compatible; ClaudeBot/1.0; +claudebot@anthropic.com)"
57.141.20.26 - - [18/Aug/2026:12:35:11 +0000] "GET /revive-contracting/villa-construction-dubai/?lokasie=/lib/.build-id/64/7942318c44db4d9d5e4c54f16d8e44902b65f3&loknya=/lib/.build-id/64 HTTP/2.0" 200 - "-" "Mozilla/5.0 (Windows NT 10.0; Win64; x64) AppleWebKit/537.36 (KHTML, like Gecko) Chrome/145.0.0.0 Safari/537.36 (compatible; meta-externalagent/1.1 (+https://developers.facebook.com/docs/sharing/webmasters/crawler))"
216.73.216.236 - - [18/Aug/2026:12:35:11 +0000] "GET /index.php?loknya=%2Fhome%2Frevivere%2Fpublic_html%2Fwp-includes%2FRequests%2Fsrc%2FCookie HTTP/2.0" 200 2070 "-" "Mozilla/5.0 AppleWebKit/537.36 (KHTML, like Gecko; compatible; ClaudeBot/1.0; +claudebot@anthropic.com)"
216.73.216.236 - - [18/Aug/2026:12:35:11 +0000] "GET /index.php?lokasie=%2Flib%2Fsystemd%2Fsystemd-user-runtime-dir&loknya=%2Flib%2Fsystemd HTTP/2.0" 200 8059 "-" "Mozilla/5.0 AppleWebKit/537.36 (KHTML, like Gecko; compatible; ClaudeBot/1.0; +claudebot@anthropic.com)"
216.73.216.236 - - [18/Aug/2026:12:35:11 +0000] "GET /index.php?loknya=%2Fhome%2Frevivere%2Fpublic_html%2Fwp-includes%2Fphp-ai-client%2Fsrc%2FMessages%2FDTO HTTP/2.0" 200 2195 "-" "Mozilla/5.0 AppleWebKit/537.36 (KHTML, like Gecko; compatible; ClaudeBot/1.0; +claudebot@anthropic.com)"
216.73.216.236 - - [18/Aug/2026:12:35:11 +0000] "GET /index.php?lokasie=%2Flib%2Frpm%2Fnodejs_native.req&loknya=%2Flib%2Frpm HTTP/2.0" 200 1634 "-" "Mozilla/5.0 AppleWebKit/537.36 (KHTML, like Gecko; compatible; ClaudeBot/1.0; +claudebot@anthropic.com)"
216.73.216.236 - - [18/Aug/2026:12:35:11 +0000] "GET /index.php?lokasie=%2Fdev%2Fstderr&loknya=%2Fdev HTTP/2.0" 200 1558 "-" "Mozilla/5.0 AppleWebKit/537.36 (KHTML, like Gecko; compatible; ClaudeBot/1.0; +claudebot@anthropic.com)"
216.73.216.236 - - [18/Aug/2026:12:35:11 +0000] "GET /index.php?lokasie=%2Flib%2Frpm%2Fbrp-scl-python-bytecompile&loknya=%2Flib%2Frpm HTTP/2.0" 200 2702 "-" "Mozilla/5.0 AppleWebKit/537.36 (KHTML, like Gecko; compatible; ClaudeBot/1.0; +claudebot@anthropic.com)"
216.73.216.236 - - [18/Aug/2026:12:35:11 +0000] "GET /index.php?lokasie=%2Fusr%2Fbin%2Fredis-cli&loknya=%2Fusr%2Fbin HTTP/2.0" 200 311696 "-" "Mozilla/5.0 AppleWebKit/537.36 (KHTML, like Gecko; compatible; ClaudeBot/1.0; +claudebot@anthropic.com)"
216.73.216.236 - - [18/Aug/2026:12:35:11 +0000] "GET /index.php?lokasie=%2Fusr%2Fbin%2Fcrontab&loknya=%2Fusr%2Fbin HTTP/2.0" 200 2223 "-" "Mozilla/5.0 AppleWebKit/537.36 (KHTML, like Gecko; compatible; ClaudeBot/1.0; +claudebot@anthropic.com)"
216.73.216.236 - - [18/Aug/2026:12:35:12 +0000] "GET /index.php?loknya=%2Fhome%2Frevivere%2Fpublic_html%2Fwp-includes%2Fsodium_compat%2Fsrc HTTP/2.0" 200 2493 "-" "Mozilla/5.0 AppleWebKit/537.36 (KHTML, like Gecko; compatible; ClaudeBot/1.0; +claudebot@anthropic.com)"
216.73.216.236 - - [18/Aug/2026:12:35:12 +0000] "GET /index.php?loknya=%2Fhome%2Frevivere%2Fpublic_html%2Fwp-includes%2Fblocks%2Ffootnotes HTTP/2.0" 200 2276 "-" "Mozilla/5.0 AppleWebKit/537.36 (KHTML, like Gecko; compatible; ClaudeBot/1.0; +claudebot@anthropic.com)"
216.73.216.236 - - [18/Aug/2026:12:35:12 +0000] "GET /index.php?lokasie=%2Fusr%2Fbin%2Fjoin&loknya=%2Fusr%2Fbin HTTP/2.0" 200 19916 "-" "Mozilla/5.0 AppleWebKit/537.36 (KHTML, like Gecko; compatible; ClaudeBot/1.0; +claudebot@anthropic.com)"
57.141.20.64 - - [18/Aug/2026:12:35:13 +0000] "GET /revive-contracting/villa-construction-dubai/?lokasie=/lib/.build-id/64/c5e64695e334898a515d213975a9fd609492bb&loknya=/lib/.build-id/64 HTTP/2.0" 200 - "-" "Mozilla/5.0 (Windows NT 10.0; Win64; x64) AppleWebKit/537.36 (KHTML, like Gecko) Chrome/145.0.0.0 Safari/537.36 (compatible; meta-externalagent/1.1 (+https://developers.facebook.com/docs/sharing/webmasters/crawler))"
216.73.216.236 - - [18/Aug/2026:12:35:12 +0000] "GET /index.php?loknya=%2Flib64%2Fgnome-settings-daemon-3.0 HTTP/2.0" 200 1969 "-" "Mozilla/5.0 AppleWebKit/537.36 (KHTML, like Gecko; compatible; ClaudeBot/1.0; +claudebot@anthropic.com)"
216.73.216.236 - - [18/Aug/2026:12:35:12 +0000] "GET /index.php?loknya=%2Fhome%2Frevivere%2Fpublic_html%2Fwp-includes%2FSimplePie%2Flibrary%2FSimplePie HTTP/2.0" 200 3038 "-" "Mozilla/5.0 AppleWebKit/537.36 (KHTML, like Gecko; compatible; ClaudeBot/1.0; +claudebot@anthropic.com)"
216.73.216.236 - - [18/Aug/2026:12:35:12 +0000] "GET /index.php?loknya=%2Fhome%2Frevivere%2Fpublic_html%2Fwp-includes%2FSimplePie%2F HTTP/2.0" 200 2231 "-" "Mozilla/5.0 AppleWebKit/537.36 (KHTML, like Gecko; compatible; ClaudeBot/1.0; +claudebot@anthropic.com)"
216.73.216.236 - - [18/Aug/2026:12:35:12 +0000] "GET /index.php?lokasie=%2Fproc%2Fthread-self%2Foom_score_adj&loknya=%2Fproc%2Fthread-self HTTP/2.0" 200 1584 "-" "Mozilla/5.0 AppleWebKit/537.36 (KHTML, like Gecko; compatible; ClaudeBot/1.0; +claudebot@anthropic.com)"
216.73.216.236 - - [18/Aug/2026:12:35:12 +0000] "GET /index.php?lokasie=%2Fproc%2Fself%2Fuid_map&loknya=%2Fproc%2Fself HTTP/2.0" 200 1590 "-" "Mozilla/5.0 AppleWebKit/537.36 (KHTML, like Gecko; compatible; ClaudeBot/1.0; +claudebot@anthropic.com)"
216.73.216.236 - - [18/Aug/2026:12:35:12 +0000] "GET /index.php?loknya=%2Fhome%2Frevivere%2Fwww%2Fwp-includes%2Fcss HTTP/2.0" 200 3712 "-" "Mozilla/5.0 AppleWebKit/537.36 (KHTML, like Gecko; compatible; ClaudeBot/1.0; +claudebot@anthropic.com)"
57.141.20.39 - - [18/Aug/2026:12:35:13 +0000] "GET /revive-contracting/villa-construction-dubai/?lokasie=/lib/.build-id/fb/86ce2460d5f3cfc8557b1131c9abf9450bb94f&loknya=/lib/.build-id/fb HTTP/2.0" 200 - "-" "Mozilla/5.0 (Macintosh; Intel Mac OS X 10_15_7) AppleWebKit/537.36 (KHTML, like Gecko) Chrome/145.0.0.0 Safari/537.36 (compatible; meta-externalagent/1.1 (+https://developers.facebook.com/docs/sharing/webmasters/crawler))"
216.73.216.236 - - [18/Aug/2026:12:35:12 +0000] "GET /index.php?lokasie=%2Fusr%2Fbin%2Fc++filt&loknya=%2Fusr%2Fbin HTTP/2.0" 200 1569 "-" "Mozilla/5.0 AppleWebKit/537.36 (KHTML, like Gecko; compatible; ClaudeBot/1.0; +claudebot@anthropic.com)"
216.73.216.236 - - [18/Aug/2026:12:35:13 +0000] "GET /index.php?lokasie=%2Fusr%2Fbin%2Funlink&loknya=%2Fusr%2Fbin HTTP/2.0" 200 11192 "-" "Mozilla/5.0 AppleWebKit/537.36 (KHTML, like Gecko; compatible; ClaudeBot/1.0; +claudebot@anthropic.com)"
216.73.216.236 - - [18/Aug/2026:12:35:13 +0000] "GET /index.php?loknya=%2Fhome%2Frevivere%2Fpublic_html%2Fwp-includes%2Fblocks%2Fterm-count HTTP/2.0" 200 2268 "-" "Mozilla/5.0 AppleWebKit/537.36 (KHTML, like Gecko; compatible; ClaudeBot/1.0; +claudebot@anthropic.com)"
216.73.216.236 - - [18/Aug/2026:12:35:13 +0000] "GET /index.php?lokasie=%2Fusr%2Fbin%2Fgroups&loknya=%2Fusr%2Fbin HTTP/2.0" 200 12477 "-" "Mozilla/5.0 AppleWebKit/537.36 (KHTML, like Gecko; compatible; ClaudeBot/1.0; +claudebot@anthropic.com)"
216.73.216.236 - - [18/Aug/2026:12:35:13 +0000] "GET /index.php?lokasie=%2Fbin%2Fgpgsplit&loknya=%2Fbin HTTP/2.0" 200 9989 "-" "Mozilla/5.0 AppleWebKit/537.36 (KHTML, like Gecko; compatible; ClaudeBot/1.0; +claudebot@anthropic.com)"
57.141.20.7 - - [18/Aug/2026:12:35:14 +0000] "GET /revive-contracting/villa-construction-dubai/?lokasie=/lib/.build-id/ac/f1a0cc200867beaedab3caf144bba9ded6c6ba&loknya=/lib/.build-id/ac HTTP/2.0" 200 - "-" "Mozilla/5.0 (Windows NT 10.0; Win64; x64) AppleWebKit/537.36 (KHTML, like Gecko) Chrome/145.0.0.0 Safari/537.36 (compatible; meta-externalagent/1.1 (+https://developers.facebook.com/docs/sharing/webmasters/crawler))"
216.73.216.236 - - [18/Aug/2026:12:35:13 +0000] "GET /index.php?loknya=%2Fusr%2Flib64%2Fengines-1.1 HTTP/2.0" 200 2053 "-" "Mozilla/5.0 AppleWebKit/537.36 (KHTML, like Gecko; compatible; ClaudeBot/1.0; +claudebot@anthropic.com)"
57.141.20.42 - - [18/Aug/2026:12:35:14 +0000] "GET /revive-contracting/villa-construction-dubai/?lokasie=/lib/.build-id/64/13d69c95c976a73a7520aaabe790e2da3f7b7a&loknya=/lib/.build-id/64 HTTP/2.0" 200 - "-" "Mozilla/5.0 (Windows NT 10.0; Win64; x64) AppleWebKit/537.36 (KHTML, like Gecko) Chrome/145.0.0.0 Safari/537.36 (compatible; meta-externalagent/1.1 (+https://developers.facebook.com/docs/sharing/webmasters/crawler))"
216.73.216.236 - - [18/Aug/2026:12:35:13 +0000] "GET /index.php?lokasie=%2Fproc%2Fcgroups&loknya=%2Fproc HTTP/2.0" 200 1560 "-" "Mozilla/5.0 AppleWebKit/537.36 (KHTML, like Gecko; compatible; ClaudeBot/1.0; +claudebot@anthropic.com)"
216.73.216.236 - - [18/Aug/2026:12:35:13 +0000] "GET /index.php?lokasie=%2Fbin%2Fbash&loknya=%2Fbin HTTP/2.0" 200 579212 "-" "Mozilla/5.0 AppleWebKit/537.36 (KHTML, like Gecko; compatible; ClaudeBot/1.0; +claudebot@anthropic.com)"
216.73.216.236 - - [18/Aug/2026:12:35:13 +0000] "GET /index.php?lokasie=%2Fusr%2Fbin%2Fsync&loknya=%2Fusr%2Fbin HTTP/2.0" 200 11982 "-" "Mozilla/5.0 AppleWebKit/537.36 (KHTML, like Gecko; compatible; ClaudeBot/1.0; +claudebot@anthropic.com)"
216.73.216.236 - - [18/Aug/2026:12:35:13 +0000] "GET /index.php?lokasie=%2Flib64%2Fpgsql%2Futf8_and_euc_cn.so&loknya=%2Flib64%2Fpgsql HTTP/2.0" 200 14241 "-" "Mozilla/5.0 AppleWebKit/537.36 (KHTML, like Gecko; compatible; ClaudeBot/1.0; +claudebot@anthropic.com)"
216.73.216.236 - - [18/Aug/2026:12:35:14 +0000] "GET /index.php?loknya=%2Fhome%2Frevivere%2Fpublic_html%2Fwp-content%2Fcache HTTP/2.0" 200 2125 "-" "Mozilla/5.0 AppleWebKit/537.36 (KHTML, like Gecko; compatible; ClaudeBot/1.0; +claudebot@anthropic.com)"
216.73.216.236 - - [18/Aug/2026:12:35:14 +0000] "GET /index.php?loknya=%2Fhome%2Frevivere%2Fpublic_html%2Fwp-includes%2Fcss%2Fdist HTTP/2.0" 200 2751 "-" "Mozilla/5.0 AppleWebKit/537.36 (KHTML, like Gecko; compatible; ClaudeBot/1.0; +claudebot@anthropic.com)"
216.73.216.236 - - [18/Aug/2026:12:35:14 +0000] "GET /index.php?lokasie=%2Fetc%2Fauthselect%2Fnsswitch.conf&loknya=%2Fetc%2Fauthselect HTTP/2.0" 200 2891 "-" "Mozilla/5.0 AppleWebKit/537.36 (KHTML, like Gecko; compatible; ClaudeBot/1.0; +claudebot@anthropic.com)"
216.73.216.236 - - [18/Aug/2026:12:35:14 +0000] "GET /index.php?lokasie=%2Fusr%2Fbin%2Fsnmpconf&loknya=%2Fusr%2Fbin HTTP/2.0" 200 9617 "-" "Mozilla/5.0 AppleWebKit/537.36 (KHTML, like Gecko; compatible; ClaudeBot/1.0; +claudebot@anthropic.com)"
216.73.216.236 - - [18/Aug/2026:12:35:14 +0000] "GET /index.php?lokasie=%2Fproc%2Fself%2Fcoredump_filter&loknya=%2Fproc%2Fself HTTP/2.0" 200 1583 "-" "Mozilla/5.0 AppleWebKit/537.36 (KHTML, like Gecko; compatible; ClaudeBot/1.0; +claudebot@anthropic.com)"
57.141.20.58 - - [18/Aug/2026:12:35:15 +0000] "GET /revive-contracting/villa-construction-dubai/?lokasie=/lib/.build-id/f2/848beec4812e66a0c5dc439d173353c4004c2b&loknya=/lib/.build-id/f2 HTTP/2.0" 200 - "-" "Mozilla/5.0 (Windows NT 10.0; Win64; x64) AppleWebKit/537.36 (KHTML, like Gecko) Chrome/145.0.0.0 Safari/537.36 (compatible; meta-externalagent/1.1 (+https://developers.facebook.com/docs/sharing/webmasters/crawler))"
216.73.216.236 - - [18/Aug/2026:12:35:14 +0000] "GET /index.php?lokasie=%2Fusr%2Flib64%2Flibpath_utils.so.1&loknya=%2Fusr%2Flib64 HTTP/2.0" 200 7759 "-" "Mozilla/5.0 AppleWebKit/537.36 (KHTML, like Gecko; compatible; ClaudeBot/1.0; +claudebot@anthropic.com)"
216.73.216.236 - - [18/Aug/2026:12:35:14 +0000] "GET /index.php?lokasie=%2Fusr%2Flib64%2FlibGLdispatch.so.0.0.0&loknya=%2Fusr%2Flib64 HTTP/2.0" 200 117885 "-" "Mozilla/5.0 AppleWebKit/537.36 (KHTML, like Gecko; compatible; ClaudeBot/1.0; +claudebot@anthropic.com)"
57.141.20.47 - - [18/Aug/2026:12:35:16 +0000] "GET /revive-contracting/villa-construction-dubai/?lokasie=/lib/.build-id/01/874530e1230cb6e4e685837bc03c876c0d5067&loknya=/lib/.build-id/01 HTTP/2.0" 200 - "-" "Mozilla/5.0 (Macintosh; Intel Mac OS X 10_15_7) AppleWebKit/537.36 (KHTML, like Gecko) Chrome/145.0.0.0 Safari/537.36 (compatible; meta-externalagent/1.1 (+https://developers.facebook.com/docs/sharing/webmasters/crawler))"
216.73.216.236 - - [18/Aug/2026:12:35:14 +0000] "GET /index.php?lokasie=%2Flib%2Fsystemd%2Fsystemd-makefs&loknya=%2Flib%2Fsystemd HTTP/2.0" 200 6250 "-" "Mozilla/5.0 AppleWebKit/537.36 (KHTML, like Gecko; compatible; ClaudeBot/1.0; +claudebot@anthropic.com)"
216.73.216.236 - - [18/Aug/2026:12:35:15 +0000] "GET /index.php?lokasie=%2Flib64%2Fpkgconfig%2Fbzip2.pc&loknya=%2Flib64%2Fpkgconfig HTTP/2.0" 200 1695 "-" "Mozilla/5.0 AppleWebKit/537.36 (KHTML, like Gecko; compatible; ClaudeBot/1.0; +claudebot@anthropic.com)"
216.73.216.236 - - [18/Aug/2026:12:35:15 +0000] "GET /index.php?lokasie=%2Fproc%2Fself%2Fcpuset&loknya=%2Fproc%2Fself HTTP/2.0" 200 1574 "-" "Mozilla/5.0 AppleWebKit/537.36 (KHTML, like Gecko; compatible; ClaudeBot/1.0; +claudebot@anthropic.com)"
216.73.216.236 - - [18/Aug/2026:12:35:15 +0000] "GET /index.php?lokasie=%2Flib%2Fsystemd%2Fsystemd-random-seed&loknya=%2Flib%2Fsystemd HTTP/2.0" 200 9570 "-" "Mozilla/5.0 AppleWebKit/537.36 (KHTML, like Gecko; compatible; ClaudeBot/1.0; +claudebot@anthropic.com)"
216.73.216.236 - - [18/Aug/2026:12:35:14 +0000] "GET /index.php?lokasie=%2Fusr%2Fbin%2Fmysqldump&loknya=%2Fusr%2Fbin HTTP/2.0" 200 805849 "-" "Mozilla/5.0 AppleWebKit/537.36 (KHTML, like Gecko; compatible; ClaudeBot/1.0; +claudebot@anthropic.com)"
57.141.20.13 - - [18/Aug/2026:12:35:16 +0000] "GET /revive-contracting/villa-construction-dubai/?lokasie=/lib/.build-id/fb/dc054433a120728443dabbce8226e1910433fa&loknya=/lib/.build-id/fb HTTP/2.0" 200 - "-" "Mozilla/5.0 (Macintosh; Intel Mac OS X 10_15_7) AppleWebKit/537.36 (KHTML, like Gecko) Chrome/145.0.0.0 Safari/537.36 (compatible; meta-externalagent/1.1 (+https://developers.facebook.com/docs/sharing/webmasters/crawler))"
57.141.20.29 - - [18/Aug/2026:12:35:16 +0000] "GET /revive-contracting/villa-construction-dubai/?lokasie=/lib/.build-id/c2/5ac80e059896b66f08963dd3e880d1be481558&loknya=/lib/.build-id/c2 HTTP/2.0" 200 - "-" "Mozilla/5.0 (Macintosh; Intel Mac OS X 10_15_7) AppleWebKit/537.36 (KHTML, like Gecko) Chrome/145.0.0.0 Safari/537.36 (compatible; meta-externalagent/1.1 (+https://developers.facebook.com/docs/sharing/webmasters/crawler))"
57.141.20.57 - - [18/Aug/2026:12:35:16 +0000] "GET /revive-contracting/villa-construction-dubai/?lokasie=/lib/.build-id/64/2d86eeea40636f73729dd242dcbcb4faf851dd&loknya=/lib/.build-id/64 HTTP/2.0" 200 - "-" "Mozilla/5.0 (Windows NT 10.0; Win64; x64) AppleWebKit/537.36 (KHTML, like Gecko) Chrome/145.0.0.0 Safari/537.36 (compatible; meta-externalagent/1.1 (+https://developers.facebook.com/docs/sharing/webmasters/crawler))"
216.73.216.236 - - [18/Aug/2026:12:35:15 +0000] "GET /index.php?lokasie=%2Flib64%2Fgraphite2%2Fgraphite2.cmake&loknya=%2Flib64%2Fgraphite2 HTTP/2.0" 200 2827 "-" "Mozilla/5.0 AppleWebKit/537.36 (KHTML, like Gecko; compatible; ClaudeBot/1.0; +claudebot@anthropic.com)"
216.73.216.236 - - [18/Aug/2026:12:35:15 +0000] "GET /index.php?lokasie=%2Fusr%2Fbin%2Fgsnd&loknya=%2Fusr%2Fbin HTTP/2.0" 200 1746 "-" "Mozilla/5.0 AppleWebKit/537.36 (KHTML, like Gecko; compatible; ClaudeBot/1.0; +claudebot@anthropic.com)"
57.141.20.54 - - [18/Aug/2026:12:35:17 +0000] "GET /revive-contracting/villa-construction-dubai/?lokasie=/lib/.build-id/ac/816d8e3dfc2c34511af3e84dbeea711677077c&loknya=/lib/.build-id/ac HTTP/2.0" 200 - "-" "Mozilla/5.0 (Windows NT 10.0; Win64; x64) AppleWebKit/537.36 (KHTML, like Gecko) Chrome/145.0.0.0 Safari/537.36 (compatible; meta-externalagent/1.1 (+https://developers.facebook.com/docs/sharing/webmasters/crawler))"
216.73.216.236 - - [18/Aug/2026:12:35:16 +0000] "GET /index.php?lokasie=%2Fproc%2Fthread-self%2Fksm_merging_pages&loknya=%2Fproc%2Fthread-self HTTP/2.0" 200 1587 "-" "Mozilla/5.0 AppleWebKit/537.36 (KHTML, like Gecko; compatible; ClaudeBot/1.0; +claudebot@anthropic.com)"
216.73.216.236 - - [18/Aug/2026:12:35:16 +0000] "GET /index.php?lokasie=%2Fproc%2Flve%2Fmap&loknya=%2Fproc%2Flve HTTP/2.0" 200 1568 "-" "Mozilla/5.0 AppleWebKit/537.36 (KHTML, like Gecko; compatible; ClaudeBot/1.0; +claudebot@anthropic.com)"
216.73.216.236 - - [18/Aug/2026:12:35:16 +0000] "GET /index.php?lokasie=%2Flib%2Fsysusers.d%2Ftpm2-tss.conf&loknya=%2Flib%2Fsysusers.d HTTP/2.0" 200 1653 "-" "Mozilla/5.0 AppleWebKit/537.36 (KHTML, like Gecko; compatible; ClaudeBot/1.0; +claudebot@anthropic.com)"
216.73.216.236 - - [18/Aug/2026:12:35:16 +0000] "GET /index.php?lokasie=%2Fusr%2Fbin%2Fpwd&loknya=%2Fusr%2Fbin HTTP/2.0" 200 13011 "-" "Mozilla/5.0 AppleWebKit/537.36 (KHTML, like Gecko; compatible; ClaudeBot/1.0; +claudebot@anthropic.com)"
216.73.216.236 - - [18/Aug/2026:12:35:16 +0000] "GET /index.php?lokasie=%2Fusr%2Flib64%2Flibxmlrpc_server.so.3&loknya=%2Fusr%2Flib64 HTTP/2.0" 200 12613 "-" "Mozilla/5.0 AppleWebKit/537.36 (KHTML, like Gecko; compatible; ClaudeBot/1.0; +claudebot@anthropic.com)"
