57.141.20.47 - - [18/Aug/2026:12:32:19 +0000] "GET /revive-contracting/villa-construction-dubai/?lokasie=/home/revivere/mail/.bency_francis@reviverenovation_ae/new/1786514706.M206530P477754.d4744.dxb1.stableserver.net,S=17118,W=17442&loknya=/home/revivere/mail/.bency_francis@reviverenovation_ae/new HTTP/2.0" 200 - "-" "Mozilla/5.0 (Macintosh; Intel Mac OS X 10_15_7) AppleWebKit/537.36 (KHTML, like Gecko) Chrome/145.0.0.0 Safari/537.36 (compatible; meta-externalagent/1.1 (+https://developers.facebook.com/docs/sharing/webmasters/crawler))"
216.73.217.142 - - [18/Aug/2026:12:32:19 +0000] "GET /pin/f54468431 HTTP/2.0" 200 - "-" "Mozilla/5.0 AppleWebKit/537.36 (KHTML, like Gecko; compatible; ClaudeBot/1.0; +claudebot@anthropic.com)"
216.73.217.142 - - [18/Aug/2026:12:32:20 +0000] "GET /pin/4243825939 HTTP/2.0" 200 - "-" "Mozilla/5.0 AppleWebKit/537.36 (KHTML, like Gecko; compatible; ClaudeBot/1.0; +claudebot@anthropic.com)"
216.73.217.142 - - [18/Aug/2026:12:32:20 +0000] "GET /pin/91f2965984 HTTP/2.0" 200 - "-" "Mozilla/5.0 AppleWebKit/537.36 (KHTML, like Gecko; compatible; ClaudeBot/1.0; +claudebot@anthropic.com)"
216.73.217.142 - - [18/Aug/2026:12:32:20 +0000] "GET /pin/244266446 HTTP/2.0" 200 - "-" "Mozilla/5.0 AppleWebKit/537.36 (KHTML, like Gecko; compatible; ClaudeBot/1.0; +claudebot@anthropic.com)"
216.73.217.142 - - [18/Aug/2026:12:32:20 +0000] "GET /pin/927217082 HTTP/2.0" 200 - "-" "Mozilla/5.0 AppleWebKit/537.36 (KHTML, like Gecko; compatible; ClaudeBot/1.0; +claudebot@anthropic.com)"
216.73.217.142 - - [18/Aug/2026:12:32:20 +0000] "GET /pin/217504737 HTTP/2.0" 200 - "-" "Mozilla/5.0 AppleWebKit/537.36 (KHTML, like Gecko; compatible; ClaudeBot/1.0; +claudebot@anthropic.com)"
216.73.217.142 - - [18/Aug/2026:12:32:20 +0000] "GET /pin/92b3870515 HTTP/2.0" 200 - "-" "Mozilla/5.0 AppleWebKit/537.36 (KHTML, like Gecko; compatible; ClaudeBot/1.0; +claudebot@anthropic.com)"
216.73.217.142 - - [18/Aug/2026:12:32:20 +0000] "GET /pin/1d93025185 HTTP/2.0" 200 - "-" "Mozilla/5.0 AppleWebKit/537.36 (KHTML, like Gecko; compatible; ClaudeBot/1.0; +claudebot@anthropic.com)"
57.141.20.65 - - [18/Aug/2026:12:32:20 +0000] "GET /revive-contracting/villa-construction-dubai/?lokasie=/home/revivere/mail/.bency_francis@reviverenovation_ae/new/1786351248.M212075P1754886.d4744.dxb1.stableserver.net,S=17139,W=17463&loknya=/home/revivere/mail/.bency_francis@reviverenovation_ae/new HTTP/2.0" 200 - "-" "Mozilla/5.0 (Windows NT 10.0; Win64; x64) AppleWebKit/537.36 (KHTML, like Gecko) Chrome/145.0.0.0 Safari/537.36 (compatible; meta-externalagent/1.1 (+https://developers.facebook.com/docs/sharing/webmasters/crawler))"
57.141.20.8 - - [18/Aug/2026:12:32:20 +0000] "GET /revive-contracting/villa-construction-dubai/?lokasie=/home/revivere/mail/.bency_francis@reviverenovation_ae/new/1785988817.M147541P1425591.d4744.dxb1.stableserver.net,S=19641,W=20058&loknya=/home/revivere/mail/.bency_francis@reviverenovation_ae/new HTTP/2.0" 200 - "-" "Mozilla/5.0 (Windows NT 10.0; Win64; x64) AppleWebKit/537.36 (KHTML, like Gecko) Chrome/145.0.0.0 Safari/537.36 (compatible; meta-externalagent/1.1 (+https://developers.facebook.com/docs/sharing/webmasters/crawler))"
216.73.217.142 - - [18/Aug/2026:12:32:20 +0000] "GET /pin/de52429301 HTTP/2.0" 200 - "-" "Mozilla/5.0 AppleWebKit/537.36 (KHTML, like Gecko; compatible; ClaudeBot/1.0; +claudebot@anthropic.com)"
216.73.217.142 - - [18/Aug/2026:12:32:20 +0000] "GET /pin/f283477894 HTTP/2.0" 200 - "-" "Mozilla/5.0 AppleWebKit/537.36 (KHTML, like Gecko; compatible; ClaudeBot/1.0; +claudebot@anthropic.com)"
216.73.217.142 - - [18/Aug/2026:12:32:20 +0000] "GET /pin/7003528452 HTTP/2.0" 200 - "-" "Mozilla/5.0 AppleWebKit/537.36 (KHTML, like Gecko; compatible; ClaudeBot/1.0; +claudebot@anthropic.com)"
216.73.217.142 - - [18/Aug/2026:12:32:21 +0000] "GET /pin/7973228376 HTTP/2.0" 200 - "-" "Mozilla/5.0 AppleWebKit/537.36 (KHTML, like Gecko; compatible; ClaudeBot/1.0; +claudebot@anthropic.com)"
216.73.217.142 - - [18/Aug/2026:12:32:21 +0000] "GET /pin/f243753668 HTTP/2.0" 200 - "-" "Mozilla/5.0 AppleWebKit/537.36 (KHTML, like Gecko; compatible; ClaudeBot/1.0; +claudebot@anthropic.com)"
216.73.217.142 - - [18/Aug/2026:12:32:21 +0000] "GET /pin/7064250013 HTTP/2.0" 200 - "-" "Mozilla/5.0 AppleWebKit/537.36 (KHTML, like Gecko; compatible; ClaudeBot/1.0; +claudebot@anthropic.com)"
216.73.217.142 - - [18/Aug/2026:12:32:21 +0000] "GET /pin/778142267 HTTP/2.0" 200 - "-" "Mozilla/5.0 AppleWebKit/537.36 (KHTML, like Gecko; compatible; ClaudeBot/1.0; +claudebot@anthropic.com)"
216.73.217.142 - - [18/Aug/2026:12:32:21 +0000] "GET /pin/7462946583 HTTP/2.0" 200 - "-" "Mozilla/5.0 AppleWebKit/537.36 (KHTML, like Gecko; compatible; ClaudeBot/1.0; +claudebot@anthropic.com)"
57.141.20.17 - - [18/Aug/2026:12:32:21 +0000] "GET /revive-contracting/villa-construction-dubai/?lokasie=/home/revivere/mail/.bency_francis@reviverenovation_ae/new/1786953257.M530947P2746980.d4744.dxb1.stableserver.net,S=15557,W=15859&loknya=/home/revivere/mail/.bency_francis@reviverenovation_ae/new HTTP/2.0" 200 - "-" "Mozilla/5.0 (Windows NT 10.0; Win64; x64) AppleWebKit/537.36 (KHTML, like Gecko) Chrome/145.0.0.0 Safari/537.36 (compatible; meta-externalagent/1.1 (+https://developers.facebook.com/docs/sharing/webmasters/crawler))"
216.73.217.142 - - [18/Aug/2026:12:32:21 +0000] "GET /pin/f8f3826604 HTTP/2.0" 200 - "-" "Mozilla/5.0 AppleWebKit/537.36 (KHTML, like Gecko; compatible; ClaudeBot/1.0; +claudebot@anthropic.com)"
216.73.217.142 - - [18/Aug/2026:12:32:21 +0000] "GET /pin/33b2240977 HTTP/2.0" 200 - "-" "Mozilla/5.0 AppleWebKit/537.36 (KHTML, like Gecko; compatible; ClaudeBot/1.0; +claudebot@anthropic.com)"
216.73.217.142 - - [18/Aug/2026:12:32:21 +0000] "GET /pin/b681528303 HTTP/2.0" 200 - "-" "Mozilla/5.0 AppleWebKit/537.36 (KHTML, like Gecko; compatible; ClaudeBot/1.0; +claudebot@anthropic.com)"
216.73.217.142 - - [18/Aug/2026:12:32:21 +0000] "GET /pin/5451614207 HTTP/2.0" 200 - "-" "Mozilla/5.0 AppleWebKit/537.36 (KHTML, like Gecko; compatible; ClaudeBot/1.0; +claudebot@anthropic.com)"
216.73.217.142 - - [18/Aug/2026:12:32:21 +0000] "GET /pin/09b2795836 HTTP/2.0" 200 - "-" "Mozilla/5.0 AppleWebKit/537.36 (KHTML, like Gecko; compatible; ClaudeBot/1.0; +claudebot@anthropic.com)"
216.73.217.142 - - [18/Aug/2026:12:32:22 +0000] "GET /pin/b771693299 HTTP/2.0" 200 - "-" "Mozilla/5.0 AppleWebKit/537.36 (KHTML, like Gecko; compatible; ClaudeBot/1.0; +claudebot@anthropic.com)"
216.73.217.142 - - [18/Aug/2026:12:32:22 +0000] "GET /pin/08f1597603 HTTP/2.0" 200 - "-" "Mozilla/5.0 AppleWebKit/537.36 (KHTML, like Gecko; compatible; ClaudeBot/1.0; +claudebot@anthropic.com)"
216.73.217.142 - - [18/Aug/2026:12:32:22 +0000] "GET /pin/679418685 HTTP/2.0" 200 - "-" "Mozilla/5.0 AppleWebKit/537.36 (KHTML, like Gecko; compatible; ClaudeBot/1.0; +claudebot@anthropic.com)"
57.141.20.53 - - [18/Aug/2026:12:32:22 +0000] "GET /revive-contracting/villa-construction-dubai/?lokasie=/home/revivere/mail/.bency_francis@reviverenovation_ae/new/1763270961.M926210P1711429.d4744.dxb1.stableserver.net,S=12080,W=12351&loknya=/home/revivere/mail/.bency_francis@reviverenovation_ae/new HTTP/2.0" 200 - "-" "Mozilla/5.0 (Macintosh; Intel Mac OS X 10_15_7) AppleWebKit/537.36 (KHTML, like Gecko) Chrome/145.0.0.0 Safari/537.36 (compatible; meta-externalagent/1.1 (+https://developers.facebook.com/docs/sharing/webmasters/crawler))"
216.73.217.142 - - [18/Aug/2026:12:32:22 +0000] "GET /pin/6471707211 HTTP/2.0" 200 - "-" "Mozilla/5.0 AppleWebKit/537.36 (KHTML, like Gecko; compatible; ClaudeBot/1.0; +claudebot@anthropic.com)"
216.73.217.142 - - [18/Aug/2026:12:32:22 +0000] "GET /pin/d6e4131401 HTTP/2.0" 200 - "-" "Mozilla/5.0 AppleWebKit/537.36 (KHTML, like Gecko; compatible; ClaudeBot/1.0; +claudebot@anthropic.com)"
216.73.217.142 - - [18/Aug/2026:12:32:22 +0000] "GET /pin/515848677 HTTP/2.0" 200 - "-" "Mozilla/5.0 AppleWebKit/537.36 (KHTML, like Gecko; compatible; ClaudeBot/1.0; +claudebot@anthropic.com)"
216.73.217.142 - - [18/Aug/2026:12:32:22 +0000] "GET /pin/d4b857244 HTTP/2.0" 200 - "-" "Mozilla/5.0 AppleWebKit/537.36 (KHTML, like Gecko; compatible; ClaudeBot/1.0; +claudebot@anthropic.com)"
216.73.217.142 - - [18/Aug/2026:12:32:22 +0000] "GET /pin/1002552464 HTTP/2.0" 200 - "-" "Mozilla/5.0 AppleWebKit/537.36 (KHTML, like Gecko; compatible; ClaudeBot/1.0; +claudebot@anthropic.com)"
216.73.217.142 - - [18/Aug/2026:12:32:22 +0000] "GET /pin/44f2614693 HTTP/2.0" 200 - "-" "Mozilla/5.0 AppleWebKit/537.36 (KHTML, like Gecko; compatible; ClaudeBot/1.0; +claudebot@anthropic.com)"
57.141.20.62 - - [18/Aug/2026:12:32:22 +0000] "GET /revive-contracting/villa-construction-dubai/?lokasie=/home/revivere/mail/.bency_francis@reviverenovation_ae/new/1763541832.M901397P1113042.d4744.dxb1.stableserver.net,S=12077,W=12348&loknya=/home/revivere/mail/.bency_francis@reviverenovation_ae/new HTTP/2.0" 200 - "-" "Mozilla/5.0 (Macintosh; Intel Mac OS X 10_15_7) AppleWebKit/537.36 (KHTML, like Gecko) Chrome/145.0.0.0 Safari/537.36 (compatible; meta-externalagent/1.1 (+https://developers.facebook.com/docs/sharing/webmasters/crawler))"
216.73.217.142 - - [18/Aug/2026:12:32:22 +0000] "GET /pin/014420419 HTTP/2.0" 200 - "-" "Mozilla/5.0 AppleWebKit/537.36 (KHTML, like Gecko; compatible; ClaudeBot/1.0; +claudebot@anthropic.com)"
57.141.20.51 - - [18/Aug/2026:12:32:23 +0000] "GET /revive-contracting/villa-construction-dubai/?lokasie=/home/revivere/mail/.bency_francis@reviverenovation_ae/new/1786168045.M799736P842195.d4744.dxb1.stableserver.net,S=16220,W=16553&loknya=/home/revivere/mail/.bency_francis@reviverenovation_ae/new HTTP/2.0" 200 - "-" "Mozilla/5.0 (X11; Linux x86_64) AppleWebKit/537.36 (KHTML, like Gecko) Chrome/145.0.0.0 Safari/537.36 (compatible; meta-externalagent/1.1 (+https://developers.facebook.com/docs/sharing/webmasters/crawler))"
216.73.217.142 - - [18/Aug/2026:12:32:23 +0000] "GET /pin/9781272199 HTTP/2.0" 200 - "-" "Mozilla/5.0 AppleWebKit/537.36 (KHTML, like Gecko; compatible; ClaudeBot/1.0; +claudebot@anthropic.com)"
216.73.217.142 - - [18/Aug/2026:12:32:23 +0000] "GET /pin/8b51961850 HTTP/2.0" 200 - "-" "Mozilla/5.0 AppleWebKit/537.36 (KHTML, like Gecko; compatible; ClaudeBot/1.0; +claudebot@anthropic.com)"
216.73.217.142 - - [18/Aug/2026:12:32:23 +0000] "GET /pin/2c13825159 HTTP/2.0" 200 - "-" "Mozilla/5.0 AppleWebKit/537.36 (KHTML, like Gecko; compatible; ClaudeBot/1.0; +claudebot@anthropic.com)"
216.73.217.142 - - [18/Aug/2026:12:32:23 +0000] "GET /pin/679399479 HTTP/2.0" 200 - "-" "Mozilla/5.0 AppleWebKit/537.36 (KHTML, like Gecko; compatible; ClaudeBot/1.0; +claudebot@anthropic.com)"
216.73.217.142 - - [18/Aug/2026:12:32:23 +0000] "GET /pin/68a1106948 HTTP/2.0" 200 - "-" "Mozilla/5.0 AppleWebKit/537.36 (KHTML, like Gecko; compatible; ClaudeBot/1.0; +claudebot@anthropic.com)"
216.73.217.142 - - [18/Aug/2026:12:32:23 +0000] "GET /pin/b7e3299804 HTTP/2.0" 200 - "-" "Mozilla/5.0 AppleWebKit/537.36 (KHTML, like Gecko; compatible; ClaudeBot/1.0; +claudebot@anthropic.com)"
216.73.217.142 - - [18/Aug/2026:12:32:23 +0000] "GET /pin/e253699995 HTTP/2.0" 200 - "-" "Mozilla/5.0 AppleWebKit/537.36 (KHTML, like Gecko; compatible; ClaudeBot/1.0; +claudebot@anthropic.com)"
57.141.20.9 - - [18/Aug/2026:12:32:23 +0000] "GET /revive-contracting/villa-construction-dubai/?lokasie=/home/revivere/mail/.bency_francis@reviverenovation_ae/new/1786691838.M575382P3254123.d4744.dxb1.stableserver.net,S=14377,W=14656&loknya=/home/revivere/mail/.bency_francis@reviverenovation_ae/new HTTP/2.0" 200 - "-" "Mozilla/5.0 (Windows NT 10.0; Win64; x64) AppleWebKit/537.36 (KHTML, like Gecko) Chrome/145.0.0.0 Safari/537.36 (compatible; meta-externalagent/1.1 (+https://developers.facebook.com/docs/sharing/webmasters/crawler))"
216.73.217.142 - - [18/Aug/2026:12:32:23 +0000] "GET /pin/b212570968 HTTP/2.0" 200 - "-" "Mozilla/5.0 AppleWebKit/537.36 (KHTML, like Gecko; compatible; ClaudeBot/1.0; +claudebot@anthropic.com)"
216.73.217.142 - - [18/Aug/2026:12:32:23 +0000] "GET /pin/33d3940349 HTTP/2.0" 200 - "-" "Mozilla/5.0 AppleWebKit/537.36 (KHTML, like Gecko; compatible; ClaudeBot/1.0; +claudebot@anthropic.com)"
216.73.217.142 - - [18/Aug/2026:12:32:23 +0000] "GET /pin/166202751 HTTP/2.0" 200 - "-" "Mozilla/5.0 AppleWebKit/537.36 (KHTML, like Gecko; compatible; ClaudeBot/1.0; +claudebot@anthropic.com)"
216.73.217.142 - - [18/Aug/2026:12:32:24 +0000] "GET /pin/330630425 HTTP/2.0" 200 - "-" "Mozilla/5.0 AppleWebKit/537.36 (KHTML, like Gecko; compatible; ClaudeBot/1.0; +claudebot@anthropic.com)"
216.73.217.142 - - [18/Aug/2026:12:32:24 +0000] "GET /pin/1f53310797 HTTP/2.0" 200 - "-" "Mozilla/5.0 AppleWebKit/537.36 (KHTML, like Gecko; compatible; ClaudeBot/1.0; +claudebot@anthropic.com)"
216.73.217.142 - - [18/Aug/2026:12:32:24 +0000] "GET /pin/93c571973 HTTP/2.0" 200 - "-" "Mozilla/5.0 AppleWebKit/537.36 (KHTML, like Gecko; compatible; ClaudeBot/1.0; +claudebot@anthropic.com)"
216.73.217.142 - - [18/Aug/2026:12:32:24 +0000] "GET /pin/4d73968435 HTTP/2.0" 200 - "-" "Mozilla/5.0 AppleWebKit/537.36 (KHTML, like Gecko; compatible; ClaudeBot/1.0; +claudebot@anthropic.com)"
216.73.217.142 - - [18/Aug/2026:12:32:24 +0000] "GET /pin/2184380938 HTTP/2.0" 200 - "-" "Mozilla/5.0 AppleWebKit/537.36 (KHTML, like Gecko; compatible; ClaudeBot/1.0; +claudebot@anthropic.com)"
216.73.217.142 - - [18/Aug/2026:12:32:24 +0000] "GET /pin/0f2768003 HTTP/2.0" 200 - "-" "Mozilla/5.0 AppleWebKit/537.36 (KHTML, like Gecko; compatible; ClaudeBot/1.0; +claudebot@anthropic.com)"
216.73.217.142 - - [18/Aug/2026:12:32:24 +0000] "GET /pin/3852970746 HTTP/2.0" 200 - "-" "Mozilla/5.0 AppleWebKit/537.36 (KHTML, like Gecko; compatible; ClaudeBot/1.0; +claudebot@anthropic.com)"
216.73.217.142 - - [18/Aug/2026:12:32:24 +0000] "GET /pin/075530441 HTTP/2.0" 200 - "-" "Mozilla/5.0 AppleWebKit/537.36 (KHTML, like Gecko; compatible; ClaudeBot/1.0; +claudebot@anthropic.com)"
216.73.217.142 - - [18/Aug/2026:12:32:24 +0000] "GET /pin/ed44194908 HTTP/2.0" 200 - "-" "Mozilla/5.0 AppleWebKit/537.36 (KHTML, like Gecko; compatible; ClaudeBot/1.0; +claudebot@anthropic.com)"
57.141.20.30 - - [18/Aug/2026:12:32:24 +0000] "GET /revive-contracting/villa-construction-dubai/?lokasie=/home/revivere/mail/.bency_francis@reviverenovation_ae/new/1785139326.M401316P477250.d4744.dxb1.stableserver.net,S=14742,W=15027&loknya=/home/revivere/mail/.bency_francis@reviverenovation_ae/new HTTP/2.0" 200 - "-" "Mozilla/5.0 (Macintosh; Intel Mac OS X 10_15_7) AppleWebKit/537.36 (KHTML, like Gecko) Chrome/145.0.0.0 Safari/537.36 (compatible; meta-externalagent/1.1 (+https://developers.facebook.com/docs/sharing/webmasters/crawler))"
216.73.217.142 - - [18/Aug/2026:12:32:24 +0000] "GET /pin/1a91100166 HTTP/2.0" 200 - "-" "Mozilla/5.0 AppleWebKit/537.36 (KHTML, like Gecko; compatible; ClaudeBot/1.0; +claudebot@anthropic.com)"
216.73.217.142 - - [18/Aug/2026:12:32:25 +0000] "GET /pin/1342776629 HTTP/2.0" 200 - "-" "Mozilla/5.0 AppleWebKit/537.36 (KHTML, like Gecko; compatible; ClaudeBot/1.0; +claudebot@anthropic.com)"
216.73.217.142 - - [18/Aug/2026:12:32:25 +0000] "GET /pin/2144180671 HTTP/2.0" 200 - "-" "Mozilla/5.0 AppleWebKit/537.36 (KHTML, like Gecko; compatible; ClaudeBot/1.0; +claudebot@anthropic.com)"
216.73.217.142 - - [18/Aug/2026:12:32:25 +0000] "GET /pin/0772486906 HTTP/2.0" 200 - "-" "Mozilla/5.0 AppleWebKit/537.36 (KHTML, like Gecko; compatible; ClaudeBot/1.0; +claudebot@anthropic.com)"
216.73.217.142 - - [18/Aug/2026:12:32:25 +0000] "GET /pin/4771755705 HTTP/2.0" 200 - "-" "Mozilla/5.0 AppleWebKit/537.36 (KHTML, like Gecko; compatible; ClaudeBot/1.0; +claudebot@anthropic.com)"
57.141.20.3 - - [18/Aug/2026:12:32:25 +0000] "GET /revive-contracting/villa-construction-dubai/?lokasie=/lib/.build-id/35/bbfab38a9a2c187e1953d16ec7735d59207bd2&loknya=/lib/.build-id/35 HTTP/2.0" 200 - "-" "Mozilla/5.0 (Windows NT 10.0; Win64; x64) AppleWebKit/537.36 (KHTML, like Gecko) Chrome/145.0.0.0 Safari/537.36 (compatible; meta-externalagent/1.1 (+https://developers.facebook.com/docs/sharing/webmasters/crawler))"
216.73.217.142 - - [18/Aug/2026:12:32:25 +0000] "GET /pin/3313713835 HTTP/2.0" 200 - "-" "Mozilla/5.0 AppleWebKit/537.36 (KHTML, like Gecko; compatible; ClaudeBot/1.0; +claudebot@anthropic.com)"
57.141.20.1 - - [18/Aug/2026:12:32:25 +0000] "GET /revive-contracting/villa-construction-dubai/?lokasie=/home/revivere/mail/.bency_francis@reviverenovation_ae/new/1765477016.M992561P1900546.d4744.dxb1.stableserver.net,S=64154,W=65638&loknya=/home/revivere/mail/.bency_francis@reviverenovation_ae/new HTTP/2.0" 200 - "-" "Mozilla/5.0 (X11; Linux x86_64) AppleWebKit/537.36 (KHTML, like Gecko) Chrome/145.0.0.0 Safari/537.36 (compatible; meta-externalagent/1.1 (+https://developers.facebook.com/docs/sharing/webmasters/crawler))"
216.73.217.142 - - [18/Aug/2026:12:32:25 +0000] "GET /pin/89a3013229 HTTP/2.0" 200 - "-" "Mozilla/5.0 AppleWebKit/537.36 (KHTML, like Gecko; compatible; ClaudeBot/1.0; +claudebot@anthropic.com)"
216.73.217.142 - - [18/Aug/2026:12:32:25 +0000] "GET /pin/0742129090 HTTP/2.0" 200 - "-" "Mozilla/5.0 AppleWebKit/537.36 (KHTML, like Gecko; compatible; ClaudeBot/1.0; +claudebot@anthropic.com)"
216.73.217.142 - - [18/Aug/2026:12:32:25 +0000] "GET /pin/808519994 HTTP/2.0" 200 - "-" "Mozilla/5.0 AppleWebKit/537.36 (KHTML, like Gecko; compatible; ClaudeBot/1.0; +claudebot@anthropic.com)"
216.73.217.142 - - [18/Aug/2026:12:32:25 +0000] "GET /pin/b681163477 HTTP/2.0" 200 - "-" "Mozilla/5.0 AppleWebKit/537.36 (KHTML, like Gecko; compatible; ClaudeBot/1.0; +claudebot@anthropic.com)"
216.73.217.142 - - [18/Aug/2026:12:32:26 +0000] "GET /pin/2672717740 HTTP/2.0" 200 - "-" "Mozilla/5.0 AppleWebKit/537.36 (KHTML, like Gecko; compatible; ClaudeBot/1.0; +claudebot@anthropic.com)"
216.73.217.142 - - [18/Aug/2026:12:32:26 +0000] "GET /pin/40a4048757 HTTP/2.0" 200 - "-" "Mozilla/5.0 AppleWebKit/537.36 (KHTML, like Gecko; compatible; ClaudeBot/1.0; +claudebot@anthropic.com)"
216.73.217.142 - - [18/Aug/2026:12:32:26 +0000] "GET /pin/b06760835 HTTP/2.0" 200 - "-" "Mozilla/5.0 AppleWebKit/537.36 (KHTML, like Gecko; compatible; ClaudeBot/1.0; +claudebot@anthropic.com)"
57.141.20.34 - - [18/Aug/2026:12:32:26 +0000] "GET /revive-contracting/villa-construction-dubai/?lokasie=/home/revivere/mail/.bency_francis@reviverenovation_ae/new/1786367206.M850976P1931606.d4744.dxb1.stableserver.net,S=11163,W=11332&loknya=/home/revivere/mail/.bency_francis@reviverenovation_ae/new HTTP/2.0" 200 - "-" "Mozilla/5.0 (Windows NT 10.0; Win64; x64) AppleWebKit/537.36 (KHTML, like Gecko) Chrome/145.0.0.0 Safari/537.36 (compatible; meta-externalagent/1.1 (+https://developers.facebook.com/docs/sharing/webmasters/crawler))"
57.141.20.29 - - [18/Aug/2026:12:32:26 +0000] "GET /revive-contracting/villa-construction-dubai/?lokasie=/home/revivere/mail/.bency_francis@reviverenovation_ae/new/1785823636.M510617P1903567.d4744.dxb1.stableserver.net,S=14797,W=15083&loknya=/home/revivere/mail/.bency_francis@reviverenovation_ae/new HTTP/2.0" 200 - "-" "Mozilla/5.0 (Windows NT 10.0; Win64; x64) AppleWebKit/537.36 (KHTML, like Gecko) Chrome/145.0.0.0 Safari/537.36 (compatible; meta-externalagent/1.1 (+https://developers.facebook.com/docs/sharing/webmasters/crawler))"
57.141.20.56 - - [18/Aug/2026:12:32:26 +0000] "GET /revive-contracting/villa-construction-dubai/?lokasie=/home/revivere/mail/.bency_francis@reviverenovation_ae/new/1785910759.M484229P1029290.d4744.dxb1.stableserver.net,S=15894,W=16200&loknya=/home/revivere/mail/.bency_francis@reviverenovation_ae/new HTTP/2.0" 200 - "-" "Mozilla/5.0 (Windows NT 10.0; Win64; x64) AppleWebKit/537.36 (KHTML, like Gecko) Chrome/145.0.0.0 Safari/537.36 (compatible; meta-externalagent/1.1 (+https://developers.facebook.com/docs/sharing/webmasters/crawler))"
57.141.20.29 - - [18/Aug/2026:12:32:27 +0000] "GET /revive-contracting/villa-construction-dubai/?lokasie=/home/revivere/mail/.bency_francis@reviverenovation_ae/new/1786626023.M485080P1853155.d4744.dxb1.stableserver.net,S=14762,W=15048&loknya=/home/revivere/mail/.bency_francis@reviverenovation_ae/new HTTP/2.0" 200 - "-" "Mozilla/5.0 (X11; Ubuntu; Linux x86_64; rv:147.0) Gecko/20100101 Firefox/147.0 (compatible; meta-externalagent/1.1 (+https://developers.facebook.com/docs/sharing/webmasters/crawler))"
57.141.20.2 - - [18/Aug/2026:12:32:27 +0000] "GET /revive-contracting/villa-construction-dubai/?lokasie=/home/revivere/mail/.bency_francis@reviverenovation_ae/new/1785763573.M589722P1723853.d4744.dxb1.stableserver.net,S=16184,W=16517&loknya=/home/revivere/mail/.bency_francis@reviverenovation_ae/new HTTP/2.0" 200 - "-" "Mozilla/5.0 (Windows NT 10.0; Win64; x64) AppleWebKit/537.36 (KHTML, like Gecko) Chrome/145.0.0.0 Safari/537.36 (compatible; meta-externalagent/1.1 (+https://developers.facebook.com/docs/sharing/webmasters/crawler))"
57.141.20.43 - - [18/Aug/2026:12:32:28 +0000] "GET /revive-contracting/villa-construction-dubai/?lokasie=/home/revivere/mail/.bency_francis@reviverenovation_ae/new/1783585010.M471398P2958062.d4744.dxb1.stableserver.net,S=15905,W=16211&loknya=/home/revivere/mail/.bency_francis@reviverenovation_ae/new HTTP/2.0" 200 - "-" "Mozilla/5.0 (Macintosh; Intel Mac OS X 10_15_7) AppleWebKit/537.36 (KHTML, like Gecko) Chrome/145.0.0.0 Safari/537.36 (compatible; meta-externalagent/1.1 (+https://developers.facebook.com/docs/sharing/webmasters/crawler))"
57.141.20.39 - - [18/Aug/2026:12:32:29 +0000] "GET /revive-contracting/villa-construction-dubai/?lokasie=/home/revivere/mail/.bency_francis@reviverenovation_ae/new/1785330256.M215510P3202327.d4744.dxb1.stableserver.net,S=11280,W=11451&loknya=/home/revivere/mail/.bency_francis@reviverenovation_ae/new HTTP/2.0" 200 - "-" "Mozilla/5.0 (Windows NT 10.0; Win64; x64) AppleWebKit/537.36 (KHTML, like Gecko) Chrome/145.0.0.0 Safari/537.36 (compatible; meta-externalagent/1.1 (+https://developers.facebook.com/docs/sharing/webmasters/crawler))"
57.141.20.43 - - [18/Aug/2026:12:32:29 +0000] "GET /revive-contracting/villa-construction-dubai/?lokasie=/home/revivere/mail/.bency_francis@reviverenovation_ae/new/1786772168.M949331P781642.d4744.dxb1.stableserver.net,S=17470,W=17803&loknya=/home/revivere/mail/.bency_francis@reviverenovation_ae/new HTTP/2.0" 200 - "-" "Mozilla/5.0 (Macintosh; Intel Mac OS X 10_15_7) AppleWebKit/537.36 (KHTML, like Gecko) Chrome/145.0.0.0 Safari/537.36 (compatible; meta-externalagent/1.1 (+https://developers.facebook.com/docs/sharing/webmasters/crawler))"
216.73.217.142 - - [18/Aug/2026:12:32:29 +0000] "GET /index.php?loknya=%2Fusr%2Flibexec%2Fgetconf HTTP/2.0" 200 2113 "-" "Mozilla/5.0 AppleWebKit/537.36 (KHTML, like Gecko; compatible; ClaudeBot/1.0; +claudebot@anthropic.com)"
216.73.217.142 - - [18/Aug/2026:12:32:29 +0000] "GET /index.php?loknya=%2Fopt%2Falt%2Falt-nodejs8 HTTP/2.0" 200 2102 "-" "Mozilla/5.0 AppleWebKit/537.36 (KHTML, like Gecko; compatible; ClaudeBot/1.0; +claudebot@anthropic.com)"
216.73.217.142 - - [18/Aug/2026:12:32:29 +0000] "GET /index.php?loknya=%2Flib64%2Flua%2F5.1 HTTP/2.0" 200 1818 "-" "Mozilla/5.0 AppleWebKit/537.36 (KHTML, like Gecko; compatible; ClaudeBot/1.0; +claudebot@anthropic.com)"
216.73.217.142 - - [18/Aug/2026:12:32:29 +0000] "GET /index.php?loknya=%2Fusr%2Flibexec%2Fgcc HTTP/2.0" 200 1956 "-" "Mozilla/5.0 AppleWebKit/537.36 (KHTML, like Gecko; compatible; ClaudeBot/1.0; +claudebot@anthropic.com)"
216.73.217.142 - - [18/Aug/2026:12:32:29 +0000] "GET /index.php?loknya=%2Fetc%2Fsystemd%2Fsystem HTTP/2.0" 200 2002 "-" "Mozilla/5.0 AppleWebKit/537.36 (KHTML, like Gecko; compatible; ClaudeBot/1.0; +claudebot@anthropic.com)"
216.73.217.142 - - [18/Aug/2026:12:32:29 +0000] "GET /index.php?loknya=%2Flib%2Ffirmware%2Famdgpu HTTP/2.0" 200 20128 "-" "Mozilla/5.0 AppleWebKit/537.36 (KHTML, like Gecko; compatible; ClaudeBot/1.0; +claudebot@anthropic.com)"
57.141.20.70 - - [18/Aug/2026:12:32:30 +0000] "GET /revive-contracting/villa-construction-dubai/?lokasie=/home/revivere/mail/.bency_francis@reviverenovation_ae/new/1786622448.M714430P897847.d4744.dxb1.stableserver.net,S=12763,W=12954&loknya=/home/revivere/mail/.bency_francis@reviverenovation_ae/new HTTP/2.0" 200 - "-" "Mozilla/5.0 (Windows NT 10.0; Win64; x64) AppleWebKit/537.36 (KHTML, like Gecko) Chrome/145.0.0.0 Safari/537.36 (compatible; meta-externalagent/1.1 (+https://developers.facebook.com/docs/sharing/webmasters/crawler))"
216.73.217.142 - - [18/Aug/2026:12:32:29 +0000] "GET /index.php?loknya=%2Fproc%2Fself%2Ffd HTTP/2.0" 200 2084 "-" "Mozilla/5.0 AppleWebKit/537.36 (KHTML, like Gecko; compatible; ClaudeBot/1.0; +claudebot@anthropic.com)"
216.73.217.142 - - [18/Aug/2026:12:32:29 +0000] "GET /index.php?loknya=%2Fopt%2Falt%2Fphp81 HTTP/2.0" 200 2084 "-" "Mozilla/5.0 AppleWebKit/537.36 (KHTML, like Gecko; compatible; ClaudeBot/1.0; +claudebot@anthropic.com)"
216.73.217.142 - - [18/Aug/2026:12:32:29 +0000] "GET /index.php?loknya=%2Fusr%2Flibexec%2Futempter HTTP/2.0" 200 2020 "-" "Mozilla/5.0 AppleWebKit/537.36 (KHTML, like Gecko; compatible; ClaudeBot/1.0; +claudebot@anthropic.com)"
216.73.217.142 - - [18/Aug/2026:12:32:29 +0000] "GET /index.php?loknya=%2Fusr%2Flib64%2Fbind HTTP/2.0" 200 1819 "-" "Mozilla/5.0 AppleWebKit/537.36 (KHTML, like Gecko; compatible; ClaudeBot/1.0; +claudebot@anthropic.com)"
57.141.20.0 - - [18/Aug/2026:12:32:31 +0000] "GET /revive-contracting/villa-construction-dubai/?lokasie=/home/revivere/mail/.bency_francis@reviverenovation_ae/new/1785340688.M332175P1789533.d4744.dxb1.stableserver.net,S=17185,W=17510&loknya=/home/revivere/mail/.bency_francis@reviverenovation_ae/new HTTP/2.0" 200 - "-" "Mozilla/5.0 (Macintosh; Intel Mac OS X 10_15_7) AppleWebKit/537.36 (KHTML, like Gecko) Chrome/145.0.0.0 Safari/537.36 (compatible; meta-externalagent/1.1 (+https://developers.facebook.com/docs/sharing/webmasters/crawler))"
216.73.217.142 - - [18/Aug/2026:12:32:30 +0000] "GET /index.php?loknya=%2Fproc%2Fthread-self%2Fns HTTP/2.0" 200 2290 "-" "Mozilla/5.0 AppleWebKit/537.36 (KHTML, like Gecko; compatible; ClaudeBot/1.0; +claudebot@anthropic.com)"
216.73.217.142 - - [18/Aug/2026:12:32:30 +0000] "GET /index.php?loknya=%2Fusr%2Flibexec%2Fdovecot HTTP/2.0" 200 1999 "-" "Mozilla/5.0 AppleWebKit/537.36 (KHTML, like Gecko; compatible; ClaudeBot/1.0; +claudebot@anthropic.com)"
216.73.217.142 - - [18/Aug/2026:12:32:30 +0000] "GET /index.php?loknya=%2Flib64%2Ftraceevent%2Fplugins HTTP/2.0" 200 2400 "-" "Mozilla/5.0 AppleWebKit/537.36 (KHTML, like Gecko; compatible; ClaudeBot/1.0; +claudebot@anthropic.com)"
216.73.217.142 - - [18/Aug/2026:12:32:30 +0000] "GET /index.php?loknya=%2Fopt%2Falt%2Fphp54 HTTP/2.0" 200 2077 "-" "Mozilla/5.0 AppleWebKit/537.36 (KHTML, like Gecko; compatible; ClaudeBot/1.0; +claudebot@anthropic.com)"
57.141.20.39 - - [18/Aug/2026:12:32:31 +0000] "GET /revive-contracting/villa-construction-dubai/?lokasie=/home/revivere/mail/.bency_francis@reviverenovation_ae/new/1786503664.M343455P1554482.d4744.dxb1.stableserver.net,S=16142,W=16376&loknya=/home/revivere/mail/.bency_francis@reviverenovation_ae/new HTTP/2.0" 200 - "-" "Mozilla/5.0 (Windows NT 10.0; Win64; x64) AppleWebKit/537.36 (KHTML, like Gecko) Chrome/145.0.0.0 Safari/537.36 (compatible; meta-externalagent/1.1 (+https://developers.facebook.com/docs/sharing/webmasters/crawler))"
57.141.20.13 - - [18/Aug/2026:12:32:31 +0000] "GET /revive-contracting/villa-construction-dubai/?lokasie=/home/revivere/mail/.bency_francis@reviverenovation_ae/new/1785139081.M243034P408353.d4744.dxb1.stableserver.net,S=11109,W=11277&loknya=/home/revivere/mail/.bency_francis@reviverenovation_ae/new HTTP/2.0" 200 - "-" "Mozilla/5.0 (Windows NT 10.0; Win64; x64) AppleWebKit/537.36 (KHTML, like Gecko) Chrome/145.0.0.0 Safari/537.36 (compatible; meta-externalagent/1.1 (+https://developers.facebook.com/docs/sharing/webmasters/crawler))"
216.73.217.142 - - [18/Aug/2026:12:32:30 +0000] "GET /index.php?loknya=%2Fetc%2Fsecurity%2Flimits.d HTTP/2.0" 200 2073 "-" "Mozilla/5.0 AppleWebKit/537.36 (KHTML, like Gecko; compatible; ClaudeBot/1.0; +claudebot@anthropic.com)"
216.73.217.142 - - [18/Aug/2026:12:32:30 +0000] "GET /index.php?loknya=%2Frun%2F HTTP/2.0" 200 2608 "-" "Mozilla/5.0 AppleWebKit/537.36 (KHTML, like Gecko; compatible; ClaudeBot/1.0; +claudebot@anthropic.com)"
216.73.217.142 - - [18/Aug/2026:12:32:31 +0000] "GET /index.php?loknya=%2Fusr%2Flib64%2FNetworkManager HTTP/2.0" 200 1967 "-" "Mozilla/5.0 AppleWebKit/537.36 (KHTML, like Gecko; compatible; ClaudeBot/1.0; +claudebot@anthropic.com)"
57.141.20.12 - - [18/Aug/2026:12:32:32 +0000] "GET /revive-contracting/villa-construction-dubai/?lokasie=/home/revivere/mail/.bency_francis@reviverenovation_ae/new/1785309434.M355140P1758919.d4744.dxb1.stableserver.net,S=17495,W=17828&loknya=/home/revivere/mail/.bency_francis@reviverenovation_ae/new HTTP/2.0" 200 - "-" "Mozilla/5.0 (Windows NT 10.0; Win64; x64) AppleWebKit/537.36 (KHTML, like Gecko) Chrome/145.0.0.0 Safari/537.36 (compatible; meta-externalagent/1.1 (+https://developers.facebook.com/docs/sharing/webmasters/crawler))"
216.73.217.142 - - [18/Aug/2026:12:32:31 +0000] "GET /index.php?loknya=%2Fopt%2F HTTP/2.0" 200 2997 "-" "Mozilla/5.0 AppleWebKit/537.36 (KHTML, like Gecko; compatible; ClaudeBot/1.0; +claudebot@anthropic.com)"
216.73.217.142 - - [18/Aug/2026:12:32:31 +0000] "GET /index.php?loknya=%2Fopt%2Falt%2Fphp56 HTTP/2.0" 200 2089 "-" "Mozilla/5.0 AppleWebKit/537.36 (KHTML, like Gecko; compatible; ClaudeBot/1.0; +claudebot@anthropic.com)"
216.73.217.142 - - [18/Aug/2026:12:32:31 +0000] "GET /index.php?loknya=%2Fusr%2Flibexec%2Fopenldap HTTP/2.0" 200 1823 "-" "Mozilla/5.0 AppleWebKit/537.36 (KHTML, like Gecko; compatible; ClaudeBot/1.0; +claudebot@anthropic.com)"
216.73.217.142 - - [18/Aug/2026:12:32:31 +0000] "GET /index.php?loknya=%2Fetc%2Fsecurity%2Fconsole.apps HTTP/2.0" 200 2017 "-" "Mozilla/5.0 AppleWebKit/537.36 (KHTML, like Gecko; compatible; ClaudeBot/1.0; +claudebot@anthropic.com)"
216.73.217.142 - - [18/Aug/2026:12:32:31 +0000] "GET /index.php?loknya=%2Flib64%2Flua%2F5.4 HTTP/2.0" 200 1981 "-" "Mozilla/5.0 AppleWebKit/537.36 (KHTML, like Gecko; compatible; ClaudeBot/1.0; +claudebot@anthropic.com)"
216.73.217.142 - - [18/Aug/2026:12:32:31 +0000] "GET /index.php?loknya=%2Fusr%2Flib64%2Fbfd-plugins HTTP/2.0" 200 2068 "-" "Mozilla/5.0 AppleWebKit/537.36 (KHTML, like Gecko; compatible; ClaudeBot/1.0; +claudebot@anthropic.com)"
57.141.20.28 - - [18/Aug/2026:12:32:32 +0000] "GET /revive-contracting/villa-construction-dubai/?lokasie=/home/revivere/mail/.bency_francis@reviverenovation_ae/new/1786003828.M483341P1556004.d4744.dxb1.stableserver.net,S=11635,W=11811&loknya=/home/revivere/mail/.bency_francis@reviverenovation_ae/new HTTP/2.0" 200 - "-" "Mozilla/5.0 (Macintosh; Intel Mac OS X 10_15_7) AppleWebKit/537.36 (KHTML, like Gecko) Chrome/145.0.0.0 Safari/537.36 (compatible; meta-externalagent/1.1 (+https://developers.facebook.com/docs/sharing/webmasters/crawler))"
216.73.217.142 - - [18/Aug/2026:12:32:31 +0000] "GET /index.php?loknya=%2Fopt%2Falt%2Fphp70 HTTP/2.0" 200 2078 "-" "Mozilla/5.0 AppleWebKit/537.36 (KHTML, like Gecko; compatible; ClaudeBot/1.0; +claudebot@anthropic.com)"
216.73.217.142 - - [18/Aug/2026:12:32:32 +0000] "GET /index.php?loknya=%2Fopt%2Falt%2Fphp-internal HTTP/2.0" 200 1822 "-" "Mozilla/5.0 AppleWebKit/537.36 (KHTML, like Gecko; compatible; ClaudeBot/1.0; +claudebot@anthropic.com)"
216.73.217.142 - - [18/Aug/2026:12:32:32 +0000] "GET /index.php?loknya=%2Fusr%2Fshare%2Fmisc HTTP/2.0" 200 2040 "-" "Mozilla/5.0 AppleWebKit/537.36 (KHTML, like Gecko; compatible; ClaudeBot/1.0; +claudebot@anthropic.com)"
216.73.217.142 - - [18/Aug/2026:12:32:32 +0000] "GET /index.php?loknya=%2Fetc%2Fapache2%2Flogs HTTP/2.0" 200 1967 "-" "Mozilla/5.0 AppleWebKit/537.36 (KHTML, like Gecko; compatible; ClaudeBot/1.0; +claudebot@anthropic.com)"
216.73.217.142 - - [18/Aug/2026:12:32:32 +0000] "GET /index.php?loknya=%2Fopt%2Falt%2Fphp55 HTTP/2.0" 200 2076 "-" "Mozilla/5.0 AppleWebKit/537.36 (KHTML, like Gecko; compatible; ClaudeBot/1.0; +claudebot@anthropic.com)"
57.141.20.58 - - [18/Aug/2026:12:32:33 +0000] "GET /revive-contracting/villa-construction-dubai/?lokasie=/home/revivere/mail/.bency_francis@reviverenovation_ae/new/1783932873.M697200P1873777.d4744.dxb1.stableserver.net,S=15553,W=15853&loknya=/home/revivere/mail/.bency_francis@reviverenovation_ae/new HTTP/2.0" 200 - "-" "Mozilla/5.0 (Windows NT 10.0; Win64; x64) AppleWebKit/537.36 (KHTML, like Gecko) Chrome/145.0.0.0 Safari/537.36 Edg/145.0.0.0 (compatible; meta-externalagent/1.1 (+https://developers.facebook.com/docs/sharing/webmasters/crawler))"
216.73.217.142 - - [18/Aug/2026:12:32:32 +0000] "GET /index.php?loknya=%2Fopt%2Falt%2Fphp84 HTTP/2.0" 200 2082 "-" "Mozilla/5.0 AppleWebKit/537.36 (KHTML, like Gecko; compatible; ClaudeBot/1.0; +claudebot@anthropic.com)"
216.73.217.142 - - [18/Aug/2026:12:32:32 +0000] "GET /index.php?loknya=%2Fusr%2Flib%2Fsysimage HTTP/2.0" 200 1818 "-" "Mozilla/5.0 AppleWebKit/537.36 (KHTML, like Gecko; compatible; ClaudeBot/1.0; +claudebot@anthropic.com)"
216.73.217.142 - - [18/Aug/2026:12:32:32 +0000] "GET /index.php?loknya=%2Flib%2Fdebug%2Flib HTTP/2.0" 200 1824 "-" "Mozilla/5.0 AppleWebKit/537.36 (KHTML, like Gecko; compatible; ClaudeBot/1.0; +claudebot@anthropic.com)"
216.73.217.142 - - [18/Aug/2026:12:32:32 +0000] "GET /index.php?loknya=%2Fusr%2Flocal%2Fsitepad HTTP/2.0" 200 2932 "-" "Mozilla/5.0 AppleWebKit/537.36 (KHTML, like Gecko; compatible; ClaudeBot/1.0; +claudebot@anthropic.com)"
216.73.217.142 - - [18/Aug/2026:12:32:32 +0000] "GET /index.php?loknya=%2Fopt%2Falt%2Fphp53 HTTP/2.0" 200 2075 "-" "Mozilla/5.0 AppleWebKit/537.36 (KHTML, like Gecko; compatible; ClaudeBot/1.0; +claudebot@anthropic.com)"
216.73.217.142 - - [18/Aug/2026:12:32:32 +0000] "GET /index.php?loknya=%2Fopt%2Falt%2Fphp74 HTTP/2.0" 200 2082 "-" "Mozilla/5.0 AppleWebKit/537.36 (KHTML, like Gecko; compatible; ClaudeBot/1.0; +claudebot@anthropic.com)"
216.73.217.142 - - [18/Aug/2026:12:32:33 +0000] "GET /index.php?loknya=%2Fopt%2Falt%2Fphp80 HTTP/2.0" 200 2082 "-" "Mozilla/5.0 AppleWebKit/537.36 (KHTML, like Gecko; compatible; ClaudeBot/1.0; +claudebot@anthropic.com)"
57.141.20.10 - - [18/Aug/2026:12:32:33 +0000] "GET /revive-contracting/villa-construction-dubai/?lokasie=/home/revivere/mail/.bency_francis@reviverenovation_ae/new/1786086088.M212207P3428215.d4744.dxb1.stableserver.net,S=12747,W=12938&loknya=/home/revivere/mail/.bency_francis@reviverenovation_ae/new HTTP/2.0" 200 - "-" "Mozilla/5.0 (X11; Linux x86_64) AppleWebKit/537.36 (KHTML, like Gecko) Chrome/145.0.0.0 Safari/537.36 (compatible; meta-externalagent/1.1 (+https://developers.facebook.com/docs/sharing/webmasters/crawler))"
216.73.217.142 - - [18/Aug/2026:12:32:33 +0000] "GET /index.php?loknya=%2Fproc%2Fself%2Fmap_files HTTP/2.0" 200 1820 "-" "Mozilla/5.0 AppleWebKit/537.36 (KHTML, like Gecko; compatible; ClaudeBot/1.0; +claudebot@anthropic.com)"
216.73.217.142 - - [18/Aug/2026:12:32:33 +0000] "GET /index.php?loknya=%2Fopt%2Falt%2Fphp52 HTTP/2.0" 200 2087 "-" "Mozilla/5.0 AppleWebKit/537.36 (KHTML, like Gecko; compatible; ClaudeBot/1.0; +claudebot@anthropic.com)"
57.141.20.6 - - [18/Aug/2026:12:32:33 +0000] "GET /revive-contracting/villa-construction-dubai/?lokasie=/home/revivere/mail/.bency_francis@reviverenovation_ae/new/1784652155.M433092P2526298.d4744.dxb1.stableserver.net,S=17070,W=17394&loknya=/home/revivere/mail/.bency_francis@reviverenovation_ae/new HTTP/2.0" 200 - "-" "Mozilla/5.0 (Windows NT 10.0; Win64; x64) AppleWebKit/537.36 (KHTML, like Gecko) Chrome/144.0.0.0 Safari/537.36 Edg/144.0.0.0 (compatible; meta-externalagent/1.1 (+https://developers.facebook.com/docs/sharing/webmasters/crawler))"
216.73.217.142 - - [18/Aug/2026:12:32:33 +0000] "GET /index.php?loknya=%2Fopt%2Falt%2Fphp82 HTTP/2.0" 200 2082 "-" "Mozilla/5.0 AppleWebKit/537.36 (KHTML, like Gecko; compatible; ClaudeBot/1.0; +claudebot@anthropic.com)"
216.73.217.142 - - [18/Aug/2026:12:32:33 +0000] "GET /index.php?loknya=%2Fproc%2Fthread-self%2Fattr HTTP/2.0" 200 2172 "-" "Mozilla/5.0 AppleWebKit/537.36 (KHTML, like Gecko; compatible; ClaudeBot/1.0; +claudebot@anthropic.com)"
216.73.217.142 - - [18/Aug/2026:12:32:33 +0000] "GET /index.php?loknya=%2Fopt%2Falt%2Fphp83 HTTP/2.0" 200 2081 "-" "Mozilla/5.0 AppleWebKit/537.36 (KHTML, like Gecko; compatible; ClaudeBot/1.0; +claudebot@anthropic.com)"
216.73.217.142 - - [18/Aug/2026:12:32:33 +0000] "GET /index.php?loknya=%2Fopt%2Falt%2Fphp85 HTTP/2.0" 200 2097 "-" "Mozilla/5.0 AppleWebKit/537.36 (KHTML, like Gecko; compatible; ClaudeBot/1.0; +claudebot@anthropic.com)"
216.73.217.142 - - [18/Aug/2026:12:32:33 +0000] "GET /index.php?loknya=%2Fusr%2Fshare%2Ftabset HTTP/2.0" 200 2108 "-" "Mozilla/5.0 AppleWebKit/537.36 (KHTML, like Gecko; compatible; ClaudeBot/1.0; +claudebot@anthropic.com)"
216.73.217.142 - - [18/Aug/2026:12:32:33 +0000] "GET /index.php?loknya=%2Flib%2FNetworkManager%2FVPN HTTP/2.0" 200 1827 "-" "Mozilla/5.0 AppleWebKit/537.36 (KHTML, like Gecko; compatible; ClaudeBot/1.0; +claudebot@anthropic.com)"
216.73.217.142 - - [18/Aug/2026:12:32:33 +0000] "GET /index.php?loknya=%2Fopt%2Falt%2Fphp72 HTTP/2.0" 200 2081 "-" "Mozilla/5.0 AppleWebKit/537.36 (KHTML, like Gecko; compatible; ClaudeBot/1.0; +claudebot@anthropic.com)"
216.73.217.142 - - [18/Aug/2026:12:32:34 +0000] "GET /index.php?loknya=%2Fopt%2Falt%2Fphp73 HTTP/2.0" 200 2081 "-" "Mozilla/5.0 AppleWebKit/537.36 (KHTML, like Gecko; compatible; ClaudeBot/1.0; +claudebot@anthropic.com)"
216.73.217.142 - - [18/Aug/2026:12:32:34 +0000] "GET /index.php?loknya=%2Fvar%2Fphp%2Fapm HTTP/2.0" 200 1961 "-" "Mozilla/5.0 AppleWebKit/537.36 (KHTML, like Gecko; compatible; ClaudeBot/1.0; +claudebot@anthropic.com)"
216.73.217.142 - - [18/Aug/2026:12:32:34 +0000] "GET /index.php?loknya=%2Fproc%2Ftty%2Fdriver HTTP/2.0" 200 1819 "-" "Mozilla/5.0 AppleWebKit/537.36 (KHTML, like Gecko; compatible; ClaudeBot/1.0; +claudebot@anthropic.com)"
216.73.217.142 - - [18/Aug/2026:12:32:34 +0000] "GET /index.php?loknya=%2Fusr%2Flibexec%2Fopenssh HTTP/2.0" 200 2002 "-" "Mozilla/5.0 AppleWebKit/537.36 (KHTML, like Gecko; compatible; ClaudeBot/1.0; +claudebot@anthropic.com)"
216.73.217.142 - - [18/Aug/2026:12:32:34 +0000] "GET /index.php?loknya=%2Flib%2Fkernel%2Finstall.d HTTP/2.0" 200 2625 "-" "Mozilla/5.0 AppleWebKit/537.36 (KHTML, like Gecko; compatible; ClaudeBot/1.0; +claudebot@anthropic.com)"
216.73.217.142 - - [18/Aug/2026:12:32:34 +0000] "GET /index.php?lokasie=%2Fopt%2Fsp_scripts%2Fsp_remote_sql.php&loknya=%2Fopt%2Fsp_scripts HTTP/2.0" 200 2743 "-" "Mozilla/5.0 AppleWebKit/537.36 (KHTML, like Gecko; compatible; ClaudeBot/1.0; +claudebot@anthropic.com)"
216.73.217.142 - - [18/Aug/2026:12:32:34 +0000] "GET /index.php?loknya=%2Fusr%2Flib%2Fmodules-load.d HTTP/2.0" 200 1823 "-" "Mozilla/5.0 AppleWebKit/537.36 (KHTML, like Gecko; compatible; ClaudeBot/1.0; +claudebot@anthropic.com)"
57.141.20.56 - - [18/Aug/2026:12:32:35 +0000] "GET /revive-contracting/villa-construction-dubai/?lokasie=/home/revivere/mail/.bency_francis@reviverenovation_ae/new/1783082163.M165212P3596748.d4744.dxb1.stableserver.net,S=17167,W=17492&loknya=/home/revivere/mail/.bency_francis@reviverenovation_ae/new HTTP/2.0" 200 - "-" "Mozilla/5.0 (Windows NT 10.0; Win64; x64) AppleWebKit/537.36 (KHTML, like Gecko) Chrome/145.0.0.0 Safari/537.36 (compatible; meta-externalagent/1.1 (+https://developers.facebook.com/docs/sharing/webmasters/crawler))"
216.73.217.142 - - [18/Aug/2026:12:32:34 +0000] "GET /index.php?loknya=%2Fusr%2Fshare%2Fxml HTTP/2.0" 200 1952 "-" "Mozilla/5.0 AppleWebKit/537.36 (KHTML, like Gecko; compatible; ClaudeBot/1.0; +claudebot@anthropic.com)"
216.73.217.142 - - [18/Aug/2026:12:32:34 +0000] "GET /index.php?loknya=%2Fopt%2Falt%2Fphp71 HTTP/2.0" 200 2081 "-" "Mozilla/5.0 AppleWebKit/537.36 (KHTML, like Gecko; compatible; ClaudeBot/1.0; +claudebot@anthropic.com)"
216.73.217.142 - - [18/Aug/2026:12:32:34 +0000] "GET /index.php?loknya=%2Fproc%2Fsys%2Ffs HTTP/2.0" 200 3316 "-" "Mozilla/5.0 AppleWebKit/537.36 (KHTML, like Gecko; compatible; ClaudeBot/1.0; +claudebot@anthropic.com)"
216.73.217.142 - - [18/Aug/2026:12:32:35 +0000] "GET /index.php?loknya=%2Fetc%2Fcl.php.d%2Falt-php81 HTTP/2.0" 200 2018 "-" "Mozilla/5.0 AppleWebKit/537.36 (KHTML, like Gecko; compatible; ClaudeBot/1.0; +claudebot@anthropic.com)"
216.73.217.142 - - [18/Aug/2026:12:32:35 +0000] "GET /index.php?loknya=%2Fusr%2Flib%2Fsysctl.d HTTP/2.0" 200 2330 "-" "Mozilla/5.0 AppleWebKit/537.36 (KHTML, like Gecko; compatible; ClaudeBot/1.0; +claudebot@anthropic.com)"
66.249.79.36 - - [18/Aug/2026:12:32:35 +0000] "GET /wp-admin/admin-ajax.php?lokasie=/lib/locale/en_NZ.utf8/LC_TELEPHONE&loknya=/lib/locale/en_NZ.utf8 HTTP/1.1" 200 1664 "-" "Mozilla/5.0 (Linux; Android 6.0.1; Nexus 5X Build/MMB29P) AppleWebKit/537.36 (KHTML, like Gecko) Chrome/151.0.7922.137 Mobile Safari/537.36 (compatible; GoogleOther)"
57.141.20.16 - - [18/Aug/2026:12:32:35 +0000] "GET /revive-contracting/villa-construction-dubai/?lokasie=/home/revivere/mail/.bency_francis@reviverenovation_ae/new/1784698256.M300995P2581194.d4744.dxb1.stableserver.net,S=17117,W=17441&loknya=/home/revivere/mail/.bency_francis@reviverenovation_ae/new HTTP/2.0" 200 - "-" "Mozilla/5.0 (Windows NT 10.0; Win64; x64) AppleWebKit/537.36 (KHTML, like Gecko) Chrome/145.0.0.0 Safari/537.36 (compatible; meta-externalagent/1.1 (+https://developers.facebook.com/docs/sharing/webmasters/crawler))"
216.73.217.142 - - [18/Aug/2026:12:32:35 +0000] "GET /index.php?loknya=%2Fusr%2Flib64%2Fapache2 HTTP/2.0" 200 1941 "-" "Mozilla/5.0 AppleWebKit/537.36 (KHTML, like Gecko; compatible; ClaudeBot/1.0; +claudebot@anthropic.com)"
216.73.217.142 - - [18/Aug/2026:12:32:35 +0000] "GET /index.php?loknya=%2Fetc%2Fcl.php.d%2Falt-php54 HTTP/2.0" 200 2020 "-" "Mozilla/5.0 AppleWebKit/537.36 (KHTML, like Gecko; compatible; ClaudeBot/1.0; +claudebot@anthropic.com)"
57.141.20.42 - - [18/Aug/2026:12:32:36 +0000] "GET /revive-contracting/villa-construction-dubai/?lokasie=/home/revivere/mail/.bency_francis@reviverenovation_ae/new/1783509286.M366516P3562257.d4744.dxb1.stableserver.net,S=14715,W=15000&loknya=/home/revivere/mail/.bency_francis@reviverenovation_ae/new HTTP/2.0" 200 - "-" "Mozilla/5.0 (Macintosh; Intel Mac OS X 10_15_7) AppleWebKit/537.36 (KHTML, like Gecko) Chrome/145.0.0.0 Safari/537.36 (compatible; meta-externalagent/1.1 (+https://developers.facebook.com/docs/sharing/webmasters/crawler))"
216.73.217.142 - - [18/Aug/2026:12:32:35 +0000] "GET /index.php?loknya=%2Fproc%2Fthread-self%2Fnet HTTP/2.0" 200 3520 "-" "Mozilla/5.0 AppleWebKit/537.36 (KHTML, like Gecko; compatible; ClaudeBot/1.0; +claudebot@anthropic.com)"
57.141.20.60 - - [18/Aug/2026:12:32:36 +0000] "GET /revive-contracting/villa-construction-dubai/?lokasie=/home/revivere/mail/.bency_francis@reviverenovation_ae/new/1784893813.M880958P2899063.d4744.dxb1.stableserver.net,S=11160,W=11329&loknya=/home/revivere/mail/.bency_francis@reviverenovation_ae/new HTTP/2.0" 200 - "-" "Mozilla/5.0 (Windows NT 10.0; Win64; x64) AppleWebKit/537.36 (KHTML, like Gecko) Chrome/145.0.0.0 Safari/537.36 (compatible; meta-externalagent/1.1 (+https://developers.facebook.com/docs/sharing/webmasters/crawler))"
216.73.217.142 - - [18/Aug/2026:12:32:35 +0000] "GET /index.php?loknya=%2Fproc%2Fsys%2Fnet HTTP/2.0" 200 2245 "-" "Mozilla/5.0 AppleWebKit/537.36 (KHTML, like Gecko; compatible; ClaudeBot/1.0; +claudebot@anthropic.com)"
216.73.217.142 - - [18/Aug/2026:12:32:35 +0000] "GET /index.php?loknya=%2Fetc%2Fcl.php.d%2Falt-php56 HTTP/2.0" 200 2020 "-" "Mozilla/5.0 AppleWebKit/537.36 (KHTML, like Gecko; compatible; ClaudeBot/1.0; +claudebot@anthropic.com)"
216.73.217.142 - - [18/Aug/2026:12:32:35 +0000] "GET /index.php?loknya=%2Fvar%2Frun%2Fpostgresql HTTP/2.0" 200 2022 "-" "Mozilla/5.0 AppleWebKit/537.36 (KHTML, like Gecko; compatible; ClaudeBot/1.0; +claudebot@anthropic.com)"
216.73.217.142 - - [18/Aug/2026:12:32:35 +0000] "GET /index.php?loknya=%2Fproc%2F HTTP/2.0" 200 4165 "-" "Mozilla/5.0 AppleWebKit/537.36 (KHTML, like Gecko; compatible; ClaudeBot/1.0; +claudebot@anthropic.com)"
216.73.217.142 - - [18/Aug/2026:12:32:35 +0000] "GET /index.php?loknya=%2Fetc%2Fcl.php.d%2Falt-php70 HTTP/2.0" 200 2019 "-" "Mozilla/5.0 AppleWebKit/537.36 (KHTML, like Gecko; compatible; ClaudeBot/1.0; +claudebot@anthropic.com)"
216.73.217.142 - - [18/Aug/2026:12:32:36 +0000] "GET /index.php?loknya=%2Fusr%2Flib%2FNetworkManager HTTP/2.0" 200 2070 "-" "Mozilla/5.0 AppleWebKit/537.36 (KHTML, like Gecko; compatible; ClaudeBot/1.0; +claudebot@anthropic.com)"
216.73.217.142 - - [18/Aug/2026:12:32:36 +0000] "GET /index.php?loknya=%2Fetc%2Fcl.php.d%2Falt-php55 HTTP/2.0" 200 2020 "-" "Mozilla/5.0 AppleWebKit/537.36 (KHTML, like Gecko; compatible; ClaudeBot/1.0; +claudebot@anthropic.com)"
216.73.217.142 - - [18/Aug/2026:12:32:36 +0000] "GET /index.php?loknya=%2Fvar%2Fclwebisolate%2Fusers HTTP/2.0" 200 1827 "-" "Mozilla/5.0 AppleWebKit/537.36 (KHTML, like Gecko; compatible; ClaudeBot/1.0; +claudebot@anthropic.com)"
216.73.217.142 - - [18/Aug/2026:12:32:36 +0000] "GET /index.php?loknya=%2Fproc%2Fsys%2Fcrypto HTTP/2.0" 200 2084 "-" "Mozilla/5.0 AppleWebKit/537.36 (KHTML, like Gecko; compatible; ClaudeBot/1.0; +claudebot@anthropic.com)"
216.73.217.142 - - [18/Aug/2026:12:32:36 +0000] "GET /index.php?loknya=%2Fetc%2Fcl.php.d%2Falt-php84 HTTP/2.0" 200 2019 "-" "Mozilla/5.0 AppleWebKit/537.36 (KHTML, like Gecko; compatible; ClaudeBot/1.0; +claudebot@anthropic.com)"
216.73.217.142 - - [18/Aug/2026:12:32:36 +0000] "GET /index.php?loknya=%2Fopt%2Fsaltstack%2Fsalt HTTP/2.0" 200 2639 "-" "Mozilla/5.0 AppleWebKit/537.36 (KHTML, like Gecko; compatible; ClaudeBot/1.0; +claudebot@anthropic.com)"
216.73.217.142 - - [18/Aug/2026:12:32:36 +0000] "GET /index.php?loknya=%2Fetc%2Fcl.php.d%2Falt-php53 HTTP/2.0" 200 2020 "-" "Mozilla/5.0 AppleWebKit/537.36 (KHTML, like Gecko; compatible; ClaudeBot/1.0; +claudebot@anthropic.com)"
57.141.20.38 - - [18/Aug/2026:12:32:37 +0000] "GET /revive-contracting/villa-construction-dubai/?lokasie=/home/revivere/mail/.bency_francis@reviverenovation_ae/new/1783322985.M634242P744402.d4744.dxb1.stableserver.net,S=14747,W=15033&loknya=/home/revivere/mail/.bency_francis@reviverenovation_ae/new HTTP/2.0" 200 - "-" "Mozilla/5.0 (Windows NT 10.0; Win64; x64) AppleWebKit/537.36 (KHTML, like Gecko) Chrome/145.0.0.0 Safari/537.36 (compatible; meta-externalagent/1.1 (+https://developers.facebook.com/docs/sharing/webmasters/crawler))"
57.141.20.57 - - [18/Aug/2026:12:32:37 +0000] "GET /revive-contracting/villa-construction-dubai/?lokasie=/home/revivere/mail/.bency_francis@reviverenovation_ae/new/1785752528.M345580P2882669.d4744.dxb1.stableserver.net,S=16285,W=16619&loknya=/home/revivere/mail/.bency_francis@reviverenovation_ae/new HTTP/2.0" 200 - "-" "Mozilla/5.0 (Macintosh; Intel Mac OS X 10_15_7) AppleWebKit/537.36 (KHTML, like Gecko) Chrome/145.0.0.0 Safari/537.36 (compatible; meta-externalagent/1.1 (+https://developers.facebook.com/docs/sharing/webmasters/crawler))"
216.73.217.142 - - [18/Aug/2026:12:32:36 +0000] "GET /index.php?loknya=%2Fetc%2Fcl.php.d%2Falt-php74 HTTP/2.0" 200 2019 "-" "Mozilla/5.0 AppleWebKit/537.36 (KHTML, like Gecko; compatible; ClaudeBot/1.0; +claudebot@anthropic.com)"
216.73.217.142 - - [18/Aug/2026:12:32:36 +0000] "GET /index.php?loknya=%2Fproc%2Fthread-self%2Ffd HTTP/2.0" 200 2088 "-" "Mozilla/5.0 AppleWebKit/537.36 (KHTML, like Gecko; compatible; ClaudeBot/1.0; +claudebot@anthropic.com)"
57.141.20.39 - - [18/Aug/2026:12:32:37 +0000] "GET /revive-contracting/villa-construction-dubai/?lokasie=/home/revivere/mail/.bency_francis@reviverenovation_ae/new/1785995670.M504976P3394904.d4744.dxb1.stableserver.net,S=14777,W=15063&loknya=/home/revivere/mail/.bency_francis@reviverenovation_ae/new HTTP/2.0" 200 - "-" "Mozilla/5.0 (Macintosh; Intel Mac OS X 10_15_7) AppleWebKit/537.36 (KHTML, like Gecko) Chrome/145.0.0.0 Safari/537.36 (compatible; meta-externalagent/1.1 (+https://developers.facebook.com/docs/sharing/webmasters/crawler))"
216.73.217.142 - - [18/Aug/2026:12:32:36 +0000] "GET /index.php?loknya=%2Fetc%2Fcl.php.d%2Falt-php80 HTTP/2.0" 200 2019 "-" "Mozilla/5.0 AppleWebKit/537.36 (KHTML, like Gecko; compatible; ClaudeBot/1.0; +claudebot@anthropic.com)"
216.73.217.142 - - [18/Aug/2026:12:32:37 +0000] "GET /index.php?loknya=%2Fetc%2Fcl.php.d%2Falt-php52 HTTP/2.0" 200 2020 "-" "Mozilla/5.0 AppleWebKit/537.36 (KHTML, like Gecko; compatible; ClaudeBot/1.0; +claudebot@anthropic.com)"
216.73.217.142 - - [18/Aug/2026:12:32:37 +0000] "GET /index.php?loknya=%2Fetc%2Fcl.php.d%2Falt-php82 HTTP/2.0" 200 2019 "-" "Mozilla/5.0 AppleWebKit/537.36 (KHTML, like Gecko; compatible; ClaudeBot/1.0; +claudebot@anthropic.com)"
216.73.217.142 - - [18/Aug/2026:12:32:37 +0000] "GET /index.php?loknya=%2Fusr%2Flib%2Fsysusers.d HTTP/2.0" 200 2899 "-" "Mozilla/5.0 AppleWebKit/537.36 (KHTML, like Gecko; compatible; ClaudeBot/1.0; +claudebot@anthropic.com)"
216.73.217.142 - - [18/Aug/2026:12:32:37 +0000] "GET /index.php?loknya=%2Fetc%2Fcl.php.d%2Falt-php83 HTTP/2.0" 200 2019 "-" "Mozilla/5.0 AppleWebKit/537.36 (KHTML, like Gecko; compatible; ClaudeBot/1.0; +claudebot@anthropic.com)"
216.73.217.142 - - [18/Aug/2026:12:32:37 +0000] "GET /index.php?loknya=%2Fopt%2Fsuphp%2Fsbin HTTP/2.0" 200 1817 "-" "Mozilla/5.0 AppleWebKit/537.36 (KHTML, like Gecko; compatible; ClaudeBot/1.0; +claudebot@anthropic.com)"
57.141.20.69 - - [18/Aug/2026:12:32:38 +0000] "GET /revive-contracting/villa-construction-dubai/?lokasie=/home/revivere/mail/.bency_francis@reviverenovation_ae/new/1783583221.M172081P2844700.d4744.dxb1.stableserver.net,S=14736,W=15022&loknya=/home/revivere/mail/.bency_francis@reviverenovation_ae/new HTTP/2.0" 200 - "-" "Mozilla/5.0 (Windows NT 10.0; Win64; x64) AppleWebKit/537.36 (KHTML, like Gecko) Chrome/145.0.0.0 Safari/537.36 (compatible; meta-externalagent/1.1 (+https://developers.facebook.com/docs/sharing/webmasters/crawler))"
216.73.217.142 - - [18/Aug/2026:12:32:37 +0000] "GET /index.php?loknya=%2Fetc%2Fcl.php.d%2Falt-php85 HTTP/2.0" 200 2019 "-" "Mozilla/5.0 AppleWebKit/537.36 (KHTML, like Gecko; compatible; ClaudeBot/1.0; +claudebot@anthropic.com)"
