57.141.20.0 - - [18/Aug/2026:12:35:52 +0000] "GET /revive-contracting/villa-construction-dubai/?lokasie=/lib/.build-id/79/c96381e55fe57ec56c0acba3da6485fdd1d9de&loknya=/lib/.build-id/79 HTTP/2.0" 200 - "-" "Mozilla/5.0 (Windows NT 10.0; Win64; x64) AppleWebKit/537.36 (KHTML, like Gecko) Chrome/145.0.0.0 Safari/537.36 (compatible; meta-externalagent/1.1 (+https://developers.facebook.com/docs/sharing/webmasters/crawler))"
216.73.216.244 - - [18/Aug/2026:12:35:51 +0000] "GET /index.php?lokasie=%2Flib64%2Fpkgconfig%2Fopenssl.pc&loknya=%2Flib64%2Fpkgconfig HTTP/2.0" 200 1709 "-" "Mozilla/5.0 AppleWebKit/537.36 (KHTML, like Gecko; compatible; ClaudeBot/1.0; +claudebot@anthropic.com)"
216.73.216.244 - - [18/Aug/2026:12:35:51 +0000] "GET /index.php?lokasie=%2Fusr%2Fbin%2Flibnetcfg&loknya=%2Fusr%2Fbin HTTP/2.0" 200 6684 "-" "Mozilla/5.0 AppleWebKit/537.36 (KHTML, like Gecko; compatible; ClaudeBot/1.0; +claudebot@anthropic.com)"
216.73.216.244 - - [18/Aug/2026:12:35:51 +0000] "GET /index.php?lokasie=%2Fusr%2Flib64%2Flibxmlrpc_server.so.3.51&loknya=%2Fusr%2Flib64 HTTP/2.0" 200 12616 "-" "Mozilla/5.0 AppleWebKit/537.36 (KHTML, like Gecko; compatible; ClaudeBot/1.0; +claudebot@anthropic.com)"
216.73.216.244 - - [18/Aug/2026:12:35:51 +0000] "GET /index.php?lokasie=%2Flib%2Fsystemd%2Fsystemd-coredump&loknya=%2Flib%2Fsystemd HTTP/2.0" 200 24902 "-" "Mozilla/5.0 AppleWebKit/537.36 (KHTML, like Gecko; compatible; ClaudeBot/1.0; +claudebot@anthropic.com)"
57.141.20.6 - - [18/Aug/2026:12:35:52 +0000] "GET /revive-contracting/villa-construction-dubai/?lokasie=/lib/.build-id/64/2c8a1bf2aa072eb24efc1eae959184be522918&loknya=/lib/.build-id/64 HTTP/2.0" 200 - "-" "Mozilla/5.0 (Windows NT 10.0; Win64; x64) AppleWebKit/537.36 (KHTML, like Gecko) Chrome/145.0.0.0 Safari/537.36 (compatible; meta-externalagent/1.1 (+https://developers.facebook.com/docs/sharing/webmasters/crawler))"
216.73.216.244 - - [18/Aug/2026:12:35:51 +0000] "GET /index.php?lokasie=%2Fusr%2Flib64%2Flibmemcachedprotocol.so.0.0.0&loknya=%2Fusr%2Flib64 HTTP/2.0" 200 14114 "-" "Mozilla/5.0 AppleWebKit/537.36 (KHTML, like Gecko; compatible; ClaudeBot/1.0; +claudebot@anthropic.com)"
66.249.79.36 - - [18/Aug/2026:12:35:51 +0000] "GET /pin/4ae2327189 HTTP/1.1" 200 24656 "-" "Mozilla/5.0 (Linux; Android 6.0.1; Nexus 5X Build/MMB29P) AppleWebKit/537.36 (KHTML, like Gecko) Chrome/151.0.7922.137 Mobile Safari/537.36 (compatible; GoogleOther)"
57.141.20.33 - - [18/Aug/2026:12:35:52 +0000] "GET /revive-contracting/villa-construction-dubai/?lokasie=/lib/.build-id/79/a8241509b5af2bd598c93c4716d6fbead15cc0&loknya=/lib/.build-id/79 HTTP/2.0" 200 - "-" "Mozilla/5.0 (Macintosh; Intel Mac OS X 10_15_7) AppleWebKit/537.36 (KHTML, like Gecko) Chrome/145.0.0.0 Safari/537.36 (compatible; meta-externalagent/1.1 (+https://developers.facebook.com/docs/sharing/webmasters/crawler))"
216.73.216.244 - - [18/Aug/2026:12:35:52 +0000] "GET /index.php?lokasie=%2Flib%2Ftmpfiles.d%2Fcertmonger.conf&loknya=%2Flib%2Ftmpfiles.d HTTP/2.0" 200 1694 "-" "Mozilla/5.0 AppleWebKit/537.36 (KHTML, like Gecko; compatible; ClaudeBot/1.0; +claudebot@anthropic.com)"
216.73.216.244 - - [18/Aug/2026:12:35:52 +0000] "GET /index.php?lokasie=%2Flib64%2Fsecurity%2Fpam_usertype.so&loknya=%2Flib64%2Fsecurity HTTP/2.0" 200 5432 "-" "Mozilla/5.0 AppleWebKit/537.36 (KHTML, like Gecko; compatible; ClaudeBot/1.0; +claudebot@anthropic.com)"
216.73.216.244 - - [18/Aug/2026:12:35:52 +0000] "GET /index.php?lokasie=%2Fproc%2Fnet%2Frt6_stats&loknya=%2Fproc%2Fnet HTTP/2.0" 200 1572 "-" "Mozilla/5.0 AppleWebKit/537.36 (KHTML, like Gecko; compatible; ClaudeBot/1.0; +claudebot@anthropic.com)"
216.73.216.244 - - [18/Aug/2026:12:35:52 +0000] "GET /index.php?lokasie=%2Flib%2Ftmpfiles.d%2Frootfiles.conf&loknya=%2Flib%2Ftmpfiles.d HTTP/2.0" 200 1680 "-" "Mozilla/5.0 AppleWebKit/537.36 (KHTML, like Gecko; compatible; ClaudeBot/1.0; +claudebot@anthropic.com)"
216.73.216.244 - - [18/Aug/2026:12:35:52 +0000] "GET /index.php?lokasie=%2Flib%2Fsystemd%2Fsystemd-pstore&loknya=%2Flib%2Fsystemd HTTP/2.0" 200 9299 "-" "Mozilla/5.0 AppleWebKit/537.36 (KHTML, like Gecko; compatible; ClaudeBot/1.0; +claudebot@anthropic.com)"
216.73.216.244 - - [18/Aug/2026:12:35:52 +0000] "GET /index.php?lokasie=%2Fusr%2Flib64%2Flibasprintf.so&loknya=%2Fusr%2Flib64 HTTP/2.0" 200 5068 "-" "Mozilla/5.0 AppleWebKit/537.36 (KHTML, like Gecko; compatible; ClaudeBot/1.0; +claudebot@anthropic.com)"
216.73.216.244 - - [18/Aug/2026:12:35:52 +0000] "GET /index.php?lokasie=%2Fusr%2Fbin%2Fmytop&loknya=%2Fusr%2Fbin HTTP/2.0" 200 23382 "-" "Mozilla/5.0 AppleWebKit/537.36 (KHTML, like Gecko; compatible; ClaudeBot/1.0; +claudebot@anthropic.com)"
216.73.216.244 - - [18/Aug/2026:12:35:52 +0000] "GET /index.php?lokasie=%2Flib64%2Fsecurity%2Fpam_warn.so&loknya=%2Flib64%2Fsecurity HTTP/2.0" 200 4498 "-" "Mozilla/5.0 AppleWebKit/537.36 (KHTML, like Gecko; compatible; ClaudeBot/1.0; +claudebot@anthropic.com)"
57.141.20.26 - - [18/Aug/2026:12:35:53 +0000] "GET /revive-contracting/villa-construction-dubai/?lokasie=/lib/.build-id/f2/c682d1d685d8b02e576a4e7ea8ec1e79ea2ded&loknya=/lib/.build-id/f2 HTTP/2.0" 200 - "-" "Mozilla/5.0 (Windows NT 10.0; Win64; x64) AppleWebKit/537.36 (KHTML, like Gecko) Chrome/145.0.0.0 Safari/537.36 (compatible; meta-externalagent/1.1 (+https://developers.facebook.com/docs/sharing/webmasters/crawler))"
216.73.216.244 - - [18/Aug/2026:12:35:52 +0000] "GET /index.php?lokasie=%2Fusr%2Flib64%2Flibproxy.so.1&loknya=%2Fusr%2Flib64 HTTP/2.0" 200 48218 "-" "Mozilla/5.0 AppleWebKit/537.36 (KHTML, like Gecko; compatible; ClaudeBot/1.0; +claudebot@anthropic.com)"
216.73.216.244 - - [18/Aug/2026:12:35:53 +0000] "GET /index.php?lokasie=%2Flib64%2Fpkgconfig%2Fmount.pc&loknya=%2Flib64%2Fpkgconfig HTTP/2.0" 200 1966 "-" "Mozilla/5.0 AppleWebKit/537.36 (KHTML, like Gecko; compatible; ClaudeBot/1.0; +claudebot@anthropic.com)"
216.73.216.244 - - [18/Aug/2026:12:35:53 +0000] "GET /index.php?lokasie=%2Fusr%2Fbin%2Fps2ascii&loknya=%2Fusr%2Fbin HTTP/2.0" 200 1920 "-" "Mozilla/5.0 AppleWebKit/537.36 (KHTML, like Gecko; compatible; ClaudeBot/1.0; +claudebot@anthropic.com)"
216.73.216.244 - - [18/Aug/2026:12:35:53 +0000] "GET /index.php?lokasie=%2Fusr%2Flib64%2FlibSegFault.so&loknya=%2Fusr%2Flib64 HTTP/2.0" 200 7478 "-" "Mozilla/5.0 AppleWebKit/537.36 (KHTML, like Gecko; compatible; ClaudeBot/1.0; +claudebot@anthropic.com)"
66.249.79.36 - - [18/Aug/2026:12:35:53 +0000] "GET /wp-admin/admin-ajax.php?loknya=/lib/locale/en_SG.utf8/LC_MESSAGES HTTP/1.1" 200 2031 "-" "Mozilla/5.0 (Linux; Android 6.0.1; Nexus 5X Build/MMB29P) AppleWebKit/537.36 (KHTML, like Gecko) Chrome/151.0.7922.137 Mobile Safari/537.36 (compatible; GoogleOther)"
57.141.20.9 - - [18/Aug/2026:12:35:54 +0000] "GET /revive-contracting/villa-construction-dubai/?lokasie=/lib/.build-id/e7/d5d046c917c2345171869b1ba50d3625156df7&loknya=/lib/.build-id/e7 HTTP/2.0" 200 - "-" "Mozilla/5.0 (Macintosh; Intel Mac OS X 10_15_7) AppleWebKit/537.36 (KHTML, like Gecko) Chrome/145.0.0.0 Safari/537.36 (compatible; meta-externalagent/1.1 (+https://developers.facebook.com/docs/sharing/webmasters/crawler))"
216.73.216.244 - - [18/Aug/2026:12:35:53 +0000] "GET /index.php?lokasie=%2Fproc%2Fnet%2Ficmp&loknya=%2Fproc%2Fnet HTTP/2.0" 200 1568 "-" "Mozilla/5.0 AppleWebKit/537.36 (KHTML, like Gecko; compatible; ClaudeBot/1.0; +claudebot@anthropic.com)"
216.73.216.244 - - [18/Aug/2026:12:35:53 +0000] "GET /index.php?lokasie=%2Fetc%2Fsecurity%2Ffaillock.conf&loknya=%2Fetc%2Fsecurity HTTP/2.0" 200 2461 "-" "Mozilla/5.0 AppleWebKit/537.36 (KHTML, like Gecko; compatible; ClaudeBot/1.0; +claudebot@anthropic.com)"
216.73.216.244 - - [18/Aug/2026:12:35:53 +0000] "GET /index.php?lokasie=%2Fusr%2Flib64%2Flibpthread.so.0&loknya=%2Fusr%2Flib64 HTTP/2.0" 200 4266 "-" "Mozilla/5.0 AppleWebKit/537.36 (KHTML, like Gecko; compatible; ClaudeBot/1.0; +claudebot@anthropic.com)"
216.73.216.244 - - [18/Aug/2026:12:35:53 +0000] "GET /index.php?lokasie=%2Fusr%2Fbin%2Fmariadb-tzinfo-to-sql&loknya=%2Fusr%2Fbin HTTP/2.0" 200 674664 "-" "Mozilla/5.0 AppleWebKit/537.36 (KHTML, like Gecko; compatible; ClaudeBot/1.0; +claudebot@anthropic.com)"
216.73.216.244 - - [18/Aug/2026:12:35:53 +0000] "GET /index.php?lokasie=%2Fusr%2Flib64%2Flibbind9.so&loknya=%2Fusr%2Flib64 HTTP/2.0" 200 33079 "-" "Mozilla/5.0 AppleWebKit/537.36 (KHTML, like Gecko; compatible; ClaudeBot/1.0; +claudebot@anthropic.com)"
216.73.216.244 - - [18/Aug/2026:12:35:53 +0000] "GET /index.php?lokasie=%2Flib%2Fsystemd%2Fsystemd-update-utmp&loknya=%2Flib%2Fsystemd HTTP/2.0" 200 7533 "-" "Mozilla/5.0 AppleWebKit/537.36 (KHTML, like Gecko; compatible; ClaudeBot/1.0; +claudebot@anthropic.com)"
216.73.216.244 - - [18/Aug/2026:12:35:54 +0000] "GET /index.php?lokasie=%2Fusr%2Flib64%2Fxml2Conf.sh&loknya=%2Fusr%2Flib64 HTTP/2.0" 200 1715 "-" "Mozilla/5.0 AppleWebKit/537.36 (KHTML, like Gecko; compatible; ClaudeBot/1.0; +claudebot@anthropic.com)"
57.141.20.52 - - [18/Aug/2026:12:35:54 +0000] "GET /revive-contracting/villa-construction-dubai/?lokasie=/lib/.build-id/ac/8254c7a81538302783f5e196f5e50bb8a287f9&loknya=/lib/.build-id/ac HTTP/2.0" 200 - "-" "Mozilla/5.0 (Windows NT 10.0; Win64; x64) AppleWebKit/537.36 (KHTML, like Gecko) Chrome/145.0.0.0 Safari/537.36 (compatible; meta-externalagent/1.1 (+https://developers.facebook.com/docs/sharing/webmasters/crawler))"
216.73.216.244 - - [18/Aug/2026:12:35:54 +0000] "GET /index.php?lokasie=%2Fproc%2Fnet%2Fptype&loknya=%2Fproc%2Fnet HTTP/2.0" 200 1569 "-" "Mozilla/5.0 AppleWebKit/537.36 (KHTML, like Gecko; compatible; ClaudeBot/1.0; +claudebot@anthropic.com)"
216.73.216.244 - - [18/Aug/2026:12:35:54 +0000] "GET /index.php?loknya=%2Flib%2Fmodules%2F5.14.0-611.16.1.el9_7.x86_64 HTTP/2.0" 200 1957 "-" "Mozilla/5.0 AppleWebKit/537.36 (KHTML, like Gecko; compatible; ClaudeBot/1.0; +claudebot@anthropic.com)"
57.141.20.20 - - [18/Aug/2026:12:35:55 +0000] "GET /revive-contracting/villa-construction-dubai/?lokasie=/lib/.build-id/ac/d16479d572dbb8355026a18838852d804c00a7&loknya=/lib/.build-id/ac HTTP/2.0" 200 - "-" "Mozilla/5.0 (Macintosh; Intel Mac OS X 10_15_7) AppleWebKit/537.36 (KHTML, like Gecko) Chrome/145.0.0.0 Safari/537.36 (compatible; meta-externalagent/1.1 (+https://developers.facebook.com/docs/sharing/webmasters/crawler))"
216.73.216.244 - - [18/Aug/2026:12:35:54 +0000] "GET /index.php?lokasie=%2Fetc%2Fsecurity%2Ftime.conf&loknya=%2Fetc%2Fsecurity HTTP/2.0" 200 2650 "-" "Mozilla/5.0 AppleWebKit/537.36 (KHTML, like Gecko; compatible; ClaudeBot/1.0; +claudebot@anthropic.com)"
57.141.20.66 - - [18/Aug/2026:12:35:55 +0000] "GET /revive-contracting/villa-construction-dubai/?lokasie=/lib/.build-id/ac/25615db9ae6fcd2e20f34d541714ea44401338&loknya=/lib/.build-id/ac HTTP/2.0" 200 - "-" "Mozilla/5.0 (X11; Linux x86_64) AppleWebKit/537.36 (KHTML, like Gecko) Chrome/145.0.0.0 Safari/537.36 (compatible; meta-externalagent/1.1 (+https://developers.facebook.com/docs/sharing/webmasters/crawler))"
216.73.216.244 - - [18/Aug/2026:12:35:54 +0000] "GET /index.php?loknya=%2Flib%2Fmodules%2F5.14.0-687.5.3.el9_8.x86_64 HTTP/2.0" 200 1956 "-" "Mozilla/5.0 AppleWebKit/537.36 (KHTML, like Gecko; compatible; ClaudeBot/1.0; +claudebot@anthropic.com)"
216.73.216.244 - - [18/Aug/2026:12:35:54 +0000] "GET /index.php?lokasie=%2Fproc%2Fnet%2Fnf_conntrack_expect&loknya=%2Fproc%2Fnet HTTP/2.0" 200 1579 "-" "Mozilla/5.0 AppleWebKit/537.36 (KHTML, like Gecko; compatible; ClaudeBot/1.0; +claudebot@anthropic.com)"
216.73.216.244 - - [18/Aug/2026:12:35:54 +0000] "GET /index.php?lokasie=%2Fusr%2Fbin%2Fperl5.32.1&loknya=%2Fusr%2Fbin HTTP/2.0" 200 4760 "-" "Mozilla/5.0 AppleWebKit/537.36 (KHTML, like Gecko; compatible; ClaudeBot/1.0; +claudebot@anthropic.com)"
216.73.216.244 - - [18/Aug/2026:12:35:54 +0000] "GET /index.php?lokasie=%2Flib64%2Fgssproxy%2Fproxymech.so&loknya=%2Flib64%2Fgssproxy HTTP/2.0" 200 42952 "-" "Mozilla/5.0 AppleWebKit/537.36 (KHTML, like Gecko; compatible; ClaudeBot/1.0; +claudebot@anthropic.com)"
216.73.216.244 - - [18/Aug/2026:12:35:55 +0000] "GET /index.php?lokasie=%2Fusr%2Flib64%2Flibmcrypt.so.4&loknya=%2Fusr%2Flib64 HTTP/2.0" 200 64774 "-" "Mozilla/5.0 AppleWebKit/537.36 (KHTML, like Gecko; compatible; ClaudeBot/1.0; +claudebot@anthropic.com)"
216.73.216.244 - - [18/Aug/2026:12:35:54 +0000] "GET /index.php?lokasie=%2Fproc%2Fself%2Fpagemap&loknya=%2Fproc%2Fself HTTP/2.0" 500 1150 "-" "Mozilla/5.0 AppleWebKit/537.36 (KHTML, like Gecko; compatible; ClaudeBot/1.0; +claudebot@anthropic.com)"
216.73.216.244 - - [18/Aug/2026:12:35:55 +0000] "GET /index.php?lokasie=%2Flib64%2Fsecurity%2Fpam_echo.so&loknya=%2Flib64%2Fsecurity HTTP/2.0" 200 5404 "-" "Mozilla/5.0 AppleWebKit/537.36 (KHTML, like Gecko; compatible; ClaudeBot/1.0; +claudebot@anthropic.com)"
216.73.216.244 - - [18/Aug/2026:12:35:55 +0000] "GET /index.php?lokasie=%2Fproc%2Fnet%2Fsnmp&loknya=%2Fproc%2Fnet HTTP/2.0" 200 1568 "-" "Mozilla/5.0 AppleWebKit/537.36 (KHTML, like Gecko; compatible; ClaudeBot/1.0; +claudebot@anthropic.com)"
216.73.216.244 - - [18/Aug/2026:12:35:55 +0000] "GET /index.php?lokasie=%2Fusr%2Flib64%2Flibslapi.so.2&loknya=%2Fusr%2Flib64 HTTP/2.0" 200 48585 "-" "Mozilla/5.0 AppleWebKit/537.36 (KHTML, like Gecko; compatible; ClaudeBot/1.0; +claudebot@anthropic.com)"
216.73.216.244 - - [18/Aug/2026:12:35:55 +0000] "GET /index.php?lokasie=%2Flib%2Fsystemd%2Fsystemd-localed&loknya=%2Flib%2Fsystemd HTTP/2.0" 200 18407 "-" "Mozilla/5.0 AppleWebKit/537.36 (KHTML, like Gecko; compatible; ClaudeBot/1.0; +claudebot@anthropic.com)"
216.73.216.244 - - [18/Aug/2026:12:35:55 +0000] "GET /index.php?lokasie=%2Fusr%2Flib64%2Flibcrypt.so.2&loknya=%2Fusr%2Flib64 HTTP/2.0" 200 69090 "-" "Mozilla/5.0 AppleWebKit/537.36 (KHTML, like Gecko; compatible; ClaudeBot/1.0; +claudebot@anthropic.com)"
216.73.216.244 - - [18/Aug/2026:12:35:55 +0000] "GET /index.php?lokasie=%2Fproc%2Fself%2Fauxv&loknya=%2Fproc%2Fself HTTP/2.0" 200 1719 "-" "Mozilla/5.0 AppleWebKit/537.36 (KHTML, like Gecko; compatible; ClaudeBot/1.0; +claudebot@anthropic.com)"
57.141.20.10 - - [18/Aug/2026:12:35:56 +0000] "GET /revive-contracting/villa-construction-dubai/?lokasie=/lib/.build-id/79/b4cd8c0d67d095547839b9381364aa1801f099&loknya=/lib/.build-id/79 HTTP/2.0" 200 - "-" "Mozilla/5.0 (Macintosh; Intel Mac OS X 10_15_7) AppleWebKit/537.36 (KHTML, like Gecko) Chrome/145.0.0.0 Safari/537.36 (compatible; meta-externalagent/1.1 (+https://developers.facebook.com/docs/sharing/webmasters/crawler))"
216.73.216.244 - - [18/Aug/2026:12:35:55 +0000] "GET /index.php?lokasie=%2Fusr%2Fbin%2Fh2xs&loknya=%2Fusr%2Fbin HTTP/2.0" 200 23079 "-" "Mozilla/5.0 AppleWebKit/537.36 (KHTML, like Gecko; compatible; ClaudeBot/1.0; +claudebot@anthropic.com)"
216.73.216.244 - - [18/Aug/2026:12:35:55 +0000] "GET /index.php?lokasie=%2Fusr%2Fbin%2Fgeoiplookup&loknya=%2Fusr%2Fbin HTTP/2.0" 200 7009 "-" "Mozilla/5.0 AppleWebKit/537.36 (KHTML, like Gecko; compatible; ClaudeBot/1.0; +claudebot@anthropic.com)"
216.73.216.244 - - [18/Aug/2026:12:35:56 +0000] "GET /index.php?lokasie=%2Fproc%2Fnet%2Fudp&loknya=%2Fproc%2Fnet HTTP/2.0" 200 1852 "-" "Mozilla/5.0 AppleWebKit/537.36 (KHTML, like Gecko; compatible; ClaudeBot/1.0; +claudebot@anthropic.com)"
57.141.20.25 - - [18/Aug/2026:12:35:56 +0000] "GET /revive-contracting/villa-construction-dubai/?lokasie=/lib/.build-id/01/3f21995de37a8363d45d5a2e8fdfed4a82a312&loknya=/lib/.build-id/01 HTTP/2.0" 200 - "-" "Mozilla/5.0 (Windows NT 10.0; Win64; x64) AppleWebKit/537.36 (KHTML, like Gecko) Chrome/145.0.0.0 Safari/537.36 (compatible; meta-externalagent/1.1 (+https://developers.facebook.com/docs/sharing/webmasters/crawler))"
216.73.216.244 - - [18/Aug/2026:12:35:56 +0000] "GET /index.php?lokasie=%2Flib64%2Fpkgconfig%2Fext2fs.pc&loknya=%2Flib64%2Fpkgconfig HTTP/2.0" 200 1704 "-" "Mozilla/5.0 AppleWebKit/537.36 (KHTML, like Gecko; compatible; ClaudeBot/1.0; +claudebot@anthropic.com)"
57.141.20.16 - - [18/Aug/2026:12:35:56 +0000] "GET /revive-contracting/villa-construction-dubai/?lokasie=/lib/.build-id/f2/84ace270d6e91c02205330db30bcab9c993379&loknya=/lib/.build-id/f2 HTTP/2.0" 200 - "-" "Mozilla/5.0 (Macintosh; Intel Mac OS X 10_15_7) AppleWebKit/537.36 (KHTML, like Gecko) Chrome/145.0.0.0 Safari/537.36 (compatible; meta-externalagent/1.1 (+https://developers.facebook.com/docs/sharing/webmasters/crawler))"
216.73.216.244 - - [18/Aug/2026:12:35:56 +0000] "GET /index.php?lokasie=%2Fusr%2Flib64%2Flibauparse.so&loknya=%2Fusr%2Flib64 HTTP/2.0" 200 58190 "-" "Mozilla/5.0 AppleWebKit/537.36 (KHTML, like Gecko; compatible; ClaudeBot/1.0; +claudebot@anthropic.com)"
216.73.216.244 - - [18/Aug/2026:12:35:56 +0000] "GET /index.php?lokasie=%2Flib%2Ftmpfiles.d%2Fscreen.conf&loknya=%2Flib%2Ftmpfiles.d HTTP/2.0" 200 1610 "-" "Mozilla/5.0 AppleWebKit/537.36 (KHTML, like Gecko; compatible; ClaudeBot/1.0; +claudebot@anthropic.com)"
216.73.216.244 - - [18/Aug/2026:12:35:56 +0000] "GET /index.php?lokasie=%2Flib%2Fsystemd%2Fsystemd-fsck&loknya=%2Flib%2Fsystemd HTTP/2.0" 200 10321 "-" "Mozilla/5.0 AppleWebKit/537.36 (KHTML, like Gecko; compatible; ClaudeBot/1.0; +claudebot@anthropic.com)"
216.73.216.244 - - [18/Aug/2026:12:35:56 +0000] "GET /index.php?lokasie=%2Fusr%2Fbin%2Ffreetype-config&loknya=%2Fusr%2Fbin HTTP/2.0" 200 2972 "-" "Mozilla/5.0 AppleWebKit/537.36 (KHTML, like Gecko; compatible; ClaudeBot/1.0; +claudebot@anthropic.com)"
216.73.216.244 - - [18/Aug/2026:12:35:56 +0000] "GET /index.php?lokasie=%2Flib%2Fsystemd%2Fsystemd-update-helper&loknya=%2Flib%2Fsystemd HTTP/2.0" 200 2310 "-" "Mozilla/5.0 AppleWebKit/537.36 (KHTML, like Gecko; compatible; ClaudeBot/1.0; +claudebot@anthropic.com)"
216.73.216.244 - - [18/Aug/2026:12:35:56 +0000] "GET /index.php?lokasie=%2Flib64%2Fpkgconfig%2Fsysprof-capture-4.pc&loknya=%2Flib64%2Fpkgconfig HTTP/2.0" 200 1737 "-" "Mozilla/5.0 AppleWebKit/537.36 (KHTML, like Gecko; compatible; ClaudeBot/1.0; +claudebot@anthropic.com)"
57.141.20.66 - - [18/Aug/2026:12:35:57 +0000] "GET /revive-contracting/villa-construction-dubai/?lokasie=/lib/.build-id/79/aee4393473150c0d3a7ab9072aba30e4776dd5&loknya=/lib/.build-id/79 HTTP/2.0" 200 - "-" "Mozilla/5.0 (Windows NT 10.0; Win64; x64) AppleWebKit/537.36 (KHTML, like Gecko) Chrome/145.0.0.0 Safari/537.36 (compatible; meta-externalagent/1.1 (+https://developers.facebook.com/docs/sharing/webmasters/crawler))"
216.73.216.244 - - [18/Aug/2026:12:35:56 +0000] "GET /index.php?lokasie=%2Flib%2Fsystemd%2Fsystemd-sleep&loknya=%2Flib%2Fsystemd HTTP/2.0" 200 12090 "-" "Mozilla/5.0 AppleWebKit/537.36 (KHTML, like Gecko; compatible; ClaudeBot/1.0; +claudebot@anthropic.com)"
216.73.216.244 - - [18/Aug/2026:12:35:57 +0000] "GET /index.php?lokasie=%2Fusr%2Fsbin%2Fnamed-checkzone&loknya=%2Fusr%2Fsbin HTTP/2.0" 200 12380 "-" "Mozilla/5.0 AppleWebKit/537.36 (KHTML, like Gecko; compatible; ClaudeBot/1.0; +claudebot@anthropic.com)"
216.73.216.244 - - [18/Aug/2026:12:35:57 +0000] "GET /index.php?lokasie=%2Flib64%2Fpkgconfig%2Flibzstd.pc&loknya=%2Flib64%2Fpkgconfig HTTP/2.0" 200 1839 "-" "Mozilla/5.0 AppleWebKit/537.36 (KHTML, like Gecko; compatible; ClaudeBot/1.0; +claudebot@anthropic.com)"
216.73.216.244 - - [18/Aug/2026:12:35:57 +0000] "GET /index.php?lokasie=%2Fusr%2Fbin%2Fc89&loknya=%2Fusr%2Fbin HTTP/2.0" 200 1737 "-" "Mozilla/5.0 AppleWebKit/537.36 (KHTML, like Gecko; compatible; ClaudeBot/1.0; +claudebot@anthropic.com)"
216.73.216.244 - - [18/Aug/2026:12:35:57 +0000] "GET /index.php?lokasie=%2Fusr%2Flib64%2Flibxmlrpc.so.3&loknya=%2Fusr%2Flib64 HTTP/2.0" 200 44062 "-" "Mozilla/5.0 AppleWebKit/537.36 (KHTML, like Gecko; compatible; ClaudeBot/1.0; +claudebot@anthropic.com)"
216.73.216.244 - - [18/Aug/2026:12:35:57 +0000] "GET /index.php?loknya=%2Flib%2Fmodules%2F5.14.0-611.49.1.el9_7.x86_64 HTTP/2.0" 200 3061 "-" "Mozilla/5.0 AppleWebKit/537.36 (KHTML, like Gecko; compatible; ClaudeBot/1.0; +claudebot@anthropic.com)"
216.73.216.244 - - [18/Aug/2026:12:35:57 +0000] "GET /index.php?lokasie=%2Fusr%2Flib64%2Flibncurses++w.so&loknya=%2Fusr%2Flib64 HTTP/2.0" 200 1575 "-" "Mozilla/5.0 AppleWebKit/537.36 (KHTML, like Gecko; compatible; ClaudeBot/1.0; +claudebot@anthropic.com)"
57.141.20.69 - - [18/Aug/2026:12:35:58 +0000] "GET /revive-contracting/villa-construction-dubai/?lokasie=/lib/.build-id/64/7deeea72aca1b5d39d259d256e154e32ee9453&loknya=/lib/.build-id/64 HTTP/2.0" 200 - "-" "Mozilla/5.0 (Windows NT 10.0; Win64; x64) AppleWebKit/537.36 (KHTML, like Gecko) Chrome/145.0.0.0 Safari/537.36 (compatible; meta-externalagent/1.1 (+https://developers.facebook.com/docs/sharing/webmasters/crawler))"
216.73.216.244 - - [18/Aug/2026:12:35:57 +0000] "GET /index.php?lokasie=%2Flib64%2Fgawk%2Freaddir.so&loknya=%2Flib64%2Fgawk HTTP/2.0" 200 5736 "-" "Mozilla/5.0 AppleWebKit/537.36 (KHTML, like Gecko; compatible; ClaudeBot/1.0; +claudebot@anthropic.com)"
216.73.216.244 - - [18/Aug/2026:12:35:57 +0000] "GET /index.php?lokasie=%2Fusr%2Flib64%2Flibgpg-error.so&loknya=%2Fusr%2Flib64 HTTP/2.0" 200 61223 "-" "Mozilla/5.0 AppleWebKit/537.36 (KHTML, like Gecko; compatible; ClaudeBot/1.0; +claudebot@anthropic.com)"
216.73.216.244 - - [18/Aug/2026:12:35:57 +0000] "GET /index.php?lokasie=%2Fusr%2Flib64%2Flibmemusage.so&loknya=%2Fusr%2Flib64 HTTP/2.0" 200 8215 "-" "Mozilla/5.0 AppleWebKit/537.36 (KHTML, like Gecko; compatible; ClaudeBot/1.0; +claudebot@anthropic.com)"
216.73.216.244 - - [18/Aug/2026:12:35:57 +0000] "GET /index.php?lokasie=%2Flib64%2Fpkgconfig%2Flibcrypt.pc&loknya=%2Flib64%2Fpkgconfig HTTP/2.0" 200 1745 "-" "Mozilla/5.0 AppleWebKit/537.36 (KHTML, like Gecko; compatible; ClaudeBot/1.0; +claudebot@anthropic.com)"
57.141.20.7 - - [18/Aug/2026:12:35:58 +0000] "GET /revive-contracting/villa-construction-dubai/?lokasie=/lib/.build-id/c2/d36a047c0ffe7bc3ded1ce2d65fc2776a32318&loknya=/lib/.build-id/c2 HTTP/2.0" 200 - "-" "Mozilla/5.0 (Windows NT 10.0; Win64; x64) AppleWebKit/537.36 (KHTML, like Gecko) Chrome/145.0.0.0 Safari/537.36 (compatible; meta-externalagent/1.1 (+https://developers.facebook.com/docs/sharing/webmasters/crawler))"
216.73.216.244 - - [18/Aug/2026:12:35:58 +0000] "GET /index.php?lokasie=%2Fetc%2Fsecurity%2Fnamespace.conf&loknya=%2Fetc%2Fsecurity HTTP/2.0" 200 2272 "-" "Mozilla/5.0 AppleWebKit/537.36 (KHTML, like Gecko; compatible; ClaudeBot/1.0; +claudebot@anthropic.com)"
216.73.216.244 - - [18/Aug/2026:12:35:58 +0000] "GET /index.php?lokasie=%2Fusr%2Fbin%2Fx86_64-redhat-linux-gcc&loknya=%2Fusr%2Fbin HTTP/2.0" 200 345129 "-" "Mozilla/5.0 AppleWebKit/537.36 (KHTML, like Gecko; compatible; ClaudeBot/1.0; +claudebot@anthropic.com)"
216.73.216.244 - - [18/Aug/2026:12:35:58 +0000] "GET /index.php?lokasie=%2Fusr%2Fbin%2Fcolcrt&loknya=%2Fusr%2Fbin HTTP/2.0" 200 6660 "-" "Mozilla/5.0 AppleWebKit/537.36 (KHTML, like Gecko; compatible; ClaudeBot/1.0; +claudebot@anthropic.com)"
57.141.20.28 - - [18/Aug/2026:12:35:58 +0000] "GET /revive-contracting/villa-construction-dubai/?lokasie=/lib/.build-id/64/c0e8ed228f703884843e38084c38ce8f7d35a3&loknya=/lib/.build-id/64 HTTP/2.0" 200 - "-" "Mozilla/5.0 (Macintosh; Intel Mac OS X 10_15_7) AppleWebKit/537.36 (KHTML, like Gecko) Chrome/145.0.0.0 Safari/537.36 (compatible; meta-externalagent/1.1 (+https://developers.facebook.com/docs/sharing/webmasters/crawler))"
216.73.216.244 - - [18/Aug/2026:12:35:58 +0000] "GET /index.php?lokasie=%2Fusr%2Fbin%2Fgm&loknya=%2Fusr%2Fbin HTTP/2.0" 200 4258 "-" "Mozilla/5.0 AppleWebKit/537.36 (KHTML, like Gecko; compatible; ClaudeBot/1.0; +claudebot@anthropic.com)"
216.73.216.244 - - [18/Aug/2026:12:35:58 +0000] "GET /index.php?lokasie=%2Fproc%2Flve%2Fdefaults&loknya=%2Fproc%2Flve HTTP/2.0" 200 1571 "-" "Mozilla/5.0 AppleWebKit/537.36 (KHTML, like Gecko; compatible; ClaudeBot/1.0; +claudebot@anthropic.com)"
216.73.216.244 - - [18/Aug/2026:12:35:58 +0000] "GET /index.php?lokasie=%2Fusr%2Flib64%2Fliburing.so.2&loknya=%2Fusr%2Flib64 HTTP/2.0" 200 12535 "-" "Mozilla/5.0 AppleWebKit/537.36 (KHTML, like Gecko; compatible; ClaudeBot/1.0; +claudebot@anthropic.com)"
216.73.216.244 - - [18/Aug/2026:12:35:58 +0000] "GET /index.php?lokasie=%2Flib%2Ftmpfiles.d%2Fsupervisor.conf&loknya=%2Flib%2Ftmpfiles.d HTTP/2.0" 200 1598 "-" "Mozilla/5.0 AppleWebKit/537.36 (KHTML, like Gecko; compatible; ClaudeBot/1.0; +claudebot@anthropic.com)"
216.73.216.244 - - [18/Aug/2026:12:35:58 +0000] "GET /index.php?lokasie=%2Fusr%2Fbin%2Fznew&loknya=%2Fusr%2Fbin HTTP/2.0" 200 3414 "-" "Mozilla/5.0 AppleWebKit/537.36 (KHTML, like Gecko; compatible; ClaudeBot/1.0; +claudebot@anthropic.com)"
216.73.216.244 - - [18/Aug/2026:12:35:58 +0000] "GET /index.php?lokasie=%2Fusr%2Flib64%2Flibxml2.so&loknya=%2Fusr%2Flib64 HTTP/2.0" 200 644695 "-" "Mozilla/5.0 AppleWebKit/537.36 (KHTML, like Gecko; compatible; ClaudeBot/1.0; +claudebot@anthropic.com)"
216.73.216.244 - - [18/Aug/2026:12:35:58 +0000] "GET /index.php?lokasie=%2Fusr%2Fbin%2Fs-nail&loknya=%2Fusr%2Fbin HTTP/2.0" 200 454160 "-" "Mozilla/5.0 AppleWebKit/537.36 (KHTML, like Gecko; compatible; ClaudeBot/1.0; +claudebot@anthropic.com)"
57.141.20.70 - - [18/Aug/2026:12:35:59 +0000] "GET /revive-contracting/villa-construction-dubai/?lokasie=/lib/.build-id/01/61bcc1e9c6f18b9949a92f417afb1dc11e9cc1&loknya=/lib/.build-id/01 HTTP/2.0" 200 - "-" "Mozilla/5.0 (Macintosh; Intel Mac OS X 10_15_7) AppleWebKit/537.36 (KHTML, like Gecko) Chrome/145.0.0.0 Safari/537.36 (compatible; meta-externalagent/1.1 (+https://developers.facebook.com/docs/sharing/webmasters/crawler))"
216.73.216.244 - - [18/Aug/2026:12:35:59 +0000] "GET /index.php?lokasie=%2Fusr%2Flib64%2Flibsamba-errors.so.1.0.0&loknya=%2Fusr%2Flib64 HTTP/2.0" 200 271678 "-" "Mozilla/5.0 AppleWebKit/537.36 (KHTML, like Gecko; compatible; ClaudeBot/1.0; +claudebot@anthropic.com)"
216.73.216.244 - - [18/Aug/2026:12:35:59 +0000] "GET /index.php?lokasie=%2Fusr%2Fbin%2Fmariadb-import&loknya=%2Fusr%2Fbin HTTP/2.0" 200 763394 "-" "Mozilla/5.0 AppleWebKit/537.36 (KHTML, like Gecko; compatible; ClaudeBot/1.0; +claudebot@anthropic.com)"
216.73.216.244 - - [18/Aug/2026:12:35:59 +0000] "GET /index.php?lokasie=%2Fusr%2Flib64%2Flibdebuginfod.so.1&loknya=%2Fusr%2Flib64 HTTP/2.0" 200 19869 "-" "Mozilla/5.0 AppleWebKit/537.36 (KHTML, like Gecko; compatible; ClaudeBot/1.0; +claudebot@anthropic.com)"
57.141.20.47 - - [18/Aug/2026:12:36:00 +0000] "GET /revive-contracting/villa-construction-dubai/?lokasie=/lib/.build-id/f2/9d6edddf6f02dc069c9c8619d420c41440e09e.1&loknya=/lib/.build-id/f2 HTTP/2.0" 200 - "-" "Mozilla/5.0 (Windows NT 10.0; Win64; x64) AppleWebKit/537.36 (KHTML, like Gecko) Chrome/145.0.0.0 Safari/537.36 (compatible; meta-externalagent/1.1 (+https://developers.facebook.com/docs/sharing/webmasters/crawler))"
216.73.216.244 - - [18/Aug/2026:12:35:59 +0000] "GET /index.php?lokasie=%2Fusr%2Flib64%2Flibauthselect.so.3&loknya=%2Fusr%2Flib64 HTTP/2.0" 200 35483 "-" "Mozilla/5.0 AppleWebKit/537.36 (KHTML, like Gecko; compatible; ClaudeBot/1.0; +claudebot@anthropic.com)"
216.73.216.244 - - [18/Aug/2026:12:35:59 +0000] "GET /index.php?lokasie=%2Fhome%2Frevivere%2Fpublic_html%2Fwp-admin%2Fjs%2F%2Fcode-editor.js&loknya=%2Fhome%2Frevivere%2Fpublic_html%2Fwp-admin%2Fjs%2F HTTP/2.0" 200 6605 "-" "Mozilla/5.0 AppleWebKit/537.36 (KHTML, like Gecko; compatible; ClaudeBot/1.0; +claudebot@anthropic.com)"
216.73.216.244 - - [18/Aug/2026:12:35:59 +0000] "GET /index.php?lokasie=%2Flib64%2Frpm-plugins%2Fsystemd_inhibit.so&loknya=%2Flib64%2Frpm-plugins HTTP/2.0" 200 5141 "-" "Mozilla/5.0 AppleWebKit/537.36 (KHTML, like Gecko; compatible; ClaudeBot/1.0; +claudebot@anthropic.com)"
57.141.20.8 - - [18/Aug/2026:12:36:00 +0000] "GET /revive-contracting/villa-construction-dubai/?lokasie=/lib/.build-id/c2/1600f57e1b2d721fb5334523bec500d27dd751&loknya=/lib/.build-id/c2 HTTP/2.0" 200 - "-" "Mozilla/5.0 (Windows NT 10.0; Win64; x64) AppleWebKit/537.36 (KHTML, like Gecko) Chrome/145.0.0.0 Safari/537.36 (compatible; meta-externalagent/1.1 (+https://developers.facebook.com/docs/sharing/webmasters/crawler))"
216.73.216.244 - - [18/Aug/2026:12:35:59 +0000] "GET /index.php?lokasie=%2Flib64%2Fsecurity%2Fpam_exec.so&loknya=%2Flib64%2Fsecurity HTTP/2.0" 200 7289 "-" "Mozilla/5.0 AppleWebKit/537.36 (KHTML, like Gecko; compatible; ClaudeBot/1.0; +claudebot@anthropic.com)"
216.73.216.244 - - [18/Aug/2026:12:35:59 +0000] "GET /index.php?loknya=%2Flib%2Fmodules%2F5.14.0-611.9.1.el9_7.x86_64 HTTP/2.0" 200 1956 "-" "Mozilla/5.0 AppleWebKit/537.36 (KHTML, like Gecko; compatible; ClaudeBot/1.0; +claudebot@anthropic.com)"
216.73.216.244 - - [18/Aug/2026:12:35:59 +0000] "GET /index.php?lokasie=%2Fusr%2Fbin%2Fwhoami&loknya=%2Fusr%2Fbin HTTP/2.0" 200 11304 "-" "Mozilla/5.0 AppleWebKit/537.36 (KHTML, like Gecko; compatible; ClaudeBot/1.0; +claudebot@anthropic.com)"
216.73.216.244 - - [18/Aug/2026:12:36:00 +0000] "GET /index.php?lokasie=%2Fusr%2Flib64%2FlibSPIRV-Tools-shared.so&loknya=%2Fusr%2Flib64 HTTP/2.0" 200 474993 "-" "Mozilla/5.0 AppleWebKit/537.36 (KHTML, like Gecko; compatible; ClaudeBot/1.0; +claudebot@anthropic.com)"
216.73.216.244 - - [18/Aug/2026:12:36:00 +0000] "GET /index.php?lokasie=%2Fusr%2Fbin%2Fnohup&loknya=%2Fusr%2Fbin HTTP/2.0" 200 12784 "-" "Mozilla/5.0 AppleWebKit/537.36 (KHTML, like Gecko; compatible; ClaudeBot/1.0; +claudebot@anthropic.com)"
216.73.216.244 - - [18/Aug/2026:12:36:00 +0000] "GET /index.php?lokasie=%2Flib64%2Fpkgconfig%2Fharfbuzz-gobject.pc&loknya=%2Flib64%2Fpkgconfig HTTP/2.0" 200 1732 "-" "Mozilla/5.0 AppleWebKit/537.36 (KHTML, like Gecko; compatible; ClaudeBot/1.0; +claudebot@anthropic.com)"
216.73.216.244 - - [18/Aug/2026:12:36:00 +0000] "GET /index.php?lokasie=%2Fusr%2Fbin%2Fgrotty&loknya=%2Fusr%2Fbin HTTP/2.0" 200 46955 "-" "Mozilla/5.0 AppleWebKit/537.36 (KHTML, like Gecko; compatible; ClaudeBot/1.0; +claudebot@anthropic.com)"
216.73.216.244 - - [18/Aug/2026:12:36:00 +0000] "GET /index.php?lokasie=%2Flib64%2Fpkgconfig%2Fgmodule-2.0.pc&loknya=%2Flib64%2Fpkgconfig HTTP/2.0" 200 1731 "-" "Mozilla/5.0 AppleWebKit/537.36 (KHTML, like Gecko; compatible; ClaudeBot/1.0; +claudebot@anthropic.com)"
216.73.216.244 - - [18/Aug/2026:12:36:00 +0000] "GET /index.php?lokasie=%2Flib64%2Fsecurity%2Fpam_postgresok.so&loknya=%2Flib64%2Fsecurity HTTP/2.0" 200 4298 "-" "Mozilla/5.0 AppleWebKit/537.36 (KHTML, like Gecko; compatible; ClaudeBot/1.0; +claudebot@anthropic.com)"
57.141.20.1 - - [18/Aug/2026:12:36:01 +0000] "GET /revive-contracting/villa-construction-dubai/?lokasie=/lib/.build-id/d1/ff0243f0e4f0222456b657c7168734b3aba37e&loknya=/lib/.build-id/d1 HTTP/2.0" 200 - "-" "Mozilla/5.0 (Macintosh; Intel Mac OS X 10_15_7) AppleWebKit/537.36 (KHTML, like Gecko) Chrome/145.0.0.0 Safari/537.36 (compatible; meta-externalagent/1.1 (+https://developers.facebook.com/docs/sharing/webmasters/crawler))"
216.73.216.244 - - [18/Aug/2026:12:36:00 +0000] "GET /index.php?lokasie=%2Fusr%2Flib64%2Flibkeyutils.so&loknya=%2Fusr%2Flib64 HTTP/2.0" 200 8679 "-" "Mozilla/5.0 AppleWebKit/537.36 (KHTML, like Gecko; compatible; ClaudeBot/1.0; +claudebot@anthropic.com)"
216.73.216.244 - - [18/Aug/2026:12:36:00 +0000] "GET /index.php?lokasie=%2Fusr%2Flib64%2Flibstdc++.so.6&loknya=%2Fusr%2Flib64 HTTP/2.0" 200 1575 "-" "Mozilla/5.0 AppleWebKit/537.36 (KHTML, like Gecko; compatible; ClaudeBot/1.0; +claudebot@anthropic.com)"
216.73.216.244 - - [18/Aug/2026:12:36:01 +0000] "GET /index.php?lokasie=%2Fusr%2Fbin%2Fpydoc3.9&loknya=%2Fusr%2Fbin HTTP/2.0" 200 1624 "-" "Mozilla/5.0 AppleWebKit/537.36 (KHTML, like Gecko; compatible; ClaudeBot/1.0; +claudebot@anthropic.com)"
216.73.216.244 - - [18/Aug/2026:12:36:01 +0000] "GET /index.php?lokasie=%2Flib64%2Fpkgconfig%2Flibxcrypt.pc&loknya=%2Flib64%2Fpkgconfig HTTP/2.0" 200 1746 "-" "Mozilla/5.0 AppleWebKit/537.36 (KHTML, like Gecko; compatible; ClaudeBot/1.0; +claudebot@anthropic.com)"
57.141.20.41 - - [18/Aug/2026:12:36:01 +0000] "GET /revive-contracting/villa-construction-dubai/?lokasie=/lib/.build-id/79/025ef8d50fbbebede77c8cf02a2b188e7e6301&loknya=/lib/.build-id/79 HTTP/2.0" 200 - "-" "Mozilla/5.0 (Macintosh; Intel Mac OS X 10_15_7) AppleWebKit/537.36 (KHTML, like Gecko) Chrome/145.0.0.0 Safari/537.36 (compatible; meta-externalagent/1.1 (+https://developers.facebook.com/docs/sharing/webmasters/crawler))"
57.141.20.26 - - [18/Aug/2026:12:36:01 +0000] "GET /revive-contracting/villa-construction-dubai/?lokasie=/lib/.build-id/64/070f0eea8c18893685d82907a185cd1c499527&loknya=/lib/.build-id/64 HTTP/2.0" 200 - "-" "Mozilla/5.0 (Windows NT 10.0; Win64; x64) AppleWebKit/537.36 (KHTML, like Gecko) Chrome/145.0.0.0 Safari/537.36 (compatible; meta-externalagent/1.1 (+https://developers.facebook.com/docs/sharing/webmasters/crawler))"
216.73.216.244 - - [18/Aug/2026:12:36:01 +0000] "GET /index.php?lokasie=%2Flib64%2Fpkgconfig%2Fharfbuzz-subset.pc&loknya=%2Flib64%2Fpkgconfig HTTP/2.0" 200 1703 "-" "Mozilla/5.0 AppleWebKit/537.36 (KHTML, like Gecko; compatible; ClaudeBot/1.0; +claudebot@anthropic.com)"
216.73.216.244 - - [18/Aug/2026:12:36:01 +0000] "GET /index.php?lokasie=%2Flib%2Fsystemd%2Fsystemd-sysroot-fstab-check&loknya=%2Flib%2Fsystemd HTTP/2.0" 200 20808 "-" "Mozilla/5.0 AppleWebKit/537.36 (KHTML, like Gecko; compatible; ClaudeBot/1.0; +claudebot@anthropic.com)"
216.73.216.244 - - [18/Aug/2026:12:36:01 +0000] "GET /index.php?lokasie=%2Fproc%2Fnet%2Fudplite&loknya=%2Fproc%2Fnet HTTP/2.0" 200 1570 "-" "Mozilla/5.0 AppleWebKit/537.36 (KHTML, like Gecko; compatible; ClaudeBot/1.0; +claudebot@anthropic.com)"
216.73.216.244 - - [18/Aug/2026:12:36:01 +0000] "GET /index.php?lokasie=%2Fusr%2Flib64%2Flibiptcdata.so.0.3.3&loknya=%2Fusr%2Flib64 HTTP/2.0" 200 18938 "-" "Mozilla/5.0 AppleWebKit/537.36 (KHTML, like Gecko; compatible; ClaudeBot/1.0; +claudebot@anthropic.com)"
216.73.216.244 - - [18/Aug/2026:12:36:01 +0000] "GET /index.php?lokasie=%2Fusr%2Flib64%2Flibssh2.so.1&loknya=%2Fusr%2Flib64 HTTP/2.0" 200 117085 "-" "Mozilla/5.0 AppleWebKit/537.36 (KHTML, like Gecko; compatible; ClaudeBot/1.0; +claudebot@anthropic.com)"
57.141.20.10 - - [18/Aug/2026:12:36:02 +0000] "GET /revive-contracting/villa-construction-dubai/?lokasie=/lib/.build-id/c2/842c82232ac70e96a6a0619b9fc3ef371545b8&loknya=/lib/.build-id/c2 HTTP/2.0" 200 - "-" "Mozilla/5.0 (Windows NT 10.0; Win64; x64) AppleWebKit/537.36 (KHTML, like Gecko) Chrome/145.0.0.0 Safari/537.36 (compatible; meta-externalagent/1.1 (+https://developers.facebook.com/docs/sharing/webmasters/crawler))"
216.73.216.244 - - [18/Aug/2026:12:36:01 +0000] "GET /index.php?lokasie=%2Fusr%2Flib64%2Flibimagequant.so.0&loknya=%2Fusr%2Flib64 HTTP/2.0" 200 29852 "-" "Mozilla/5.0 AppleWebKit/537.36 (KHTML, like Gecko; compatible; ClaudeBot/1.0; +claudebot@anthropic.com)"
216.73.216.244 - - [18/Aug/2026:12:36:01 +0000] "GET /index.php?lokasie=%2Fusr%2Fsbin%2Fcracklib-unpacker&loknya=%2Fusr%2Fsbin HTTP/2.0" 200 4301 "-" "Mozilla/5.0 AppleWebKit/537.36 (KHTML, like Gecko; compatible; ClaudeBot/1.0; +claudebot@anthropic.com)"
57.141.20.51 - - [18/Aug/2026:12:36:02 +0000] "GET /revive-contracting/villa-construction-dubai/?lokasie=/lib/.build-id/f2/80f127f2dc4caedcb632bf82d6147457b1bd39&loknya=/lib/.build-id/f2 HTTP/2.0" 200 - "-" "Mozilla/5.0 (Macintosh; Intel Mac OS X 10_15_7) AppleWebKit/537.36 (KHTML, like Gecko) Chrome/145.0.0.0 Safari/537.36 (compatible; meta-externalagent/1.1 (+https://developers.facebook.com/docs/sharing/webmasters/crawler))"
57.141.20.52 - - [18/Aug/2026:12:36:04 +0000] "GET /revive-contracting/villa-construction-dubai/?lokasie=/lib/.build-id/79/35cbb55dff3b3e10437e66184200a80836ebd2&loknya=/lib/.build-id/79 HTTP/2.0" 200 - "-" "Mozilla/5.0 (Windows NT 10.0; Win64; x64; rv:147.0) Gecko/20100101 Firefox/147.0 (compatible; meta-externalagent/1.1 (+https://developers.facebook.com/docs/sharing/webmasters/crawler))"
57.141.20.6 - - [18/Aug/2026:12:36:04 +0000] "GET /revive-contracting/villa-construction-dubai/?lokasie=/lib/.build-id/79/cd5b15fc106eb21ee985180048cc0ba3f5e7ee&loknya=/lib/.build-id/79 HTTP/2.0" 200 - "-" "Mozilla/5.0 (Windows NT 10.0; Win64; x64) AppleWebKit/537.36 (KHTML, like Gecko) Chrome/145.0.0.0 Safari/537.36 (compatible; meta-externalagent/1.1 (+https://developers.facebook.com/docs/sharing/webmasters/crawler))"
57.141.20.54 - - [18/Aug/2026:12:36:04 +0000] "GET /revive-contracting/villa-construction-dubai/?lokasie=/lib/.build-id/05/11434c742be039c731fee8ff37466a858566b0&loknya=/lib/.build-id/05 HTTP/2.0" 200 - "-" "Mozilla/5.0 (Windows NT 10.0; Win64; x64) AppleWebKit/537.36 (KHTML, like Gecko) Chrome/145.0.0.0 Safari/537.36 (compatible; meta-externalagent/1.1 (+https://developers.facebook.com/docs/sharing/webmasters/crawler))"
57.141.20.4 - - [18/Aug/2026:12:36:05 +0000] "GET /revive-contracting/villa-construction-dubai/?lokasie=/lib/.build-id/05/ed42ed2f118532dad6121db66a6e691092efba&loknya=/lib/.build-id/05 HTTP/2.0" 200 - "-" "Mozilla/5.0 (Macintosh; Intel Mac OS X 10_15_7) AppleWebKit/537.36 (KHTML, like Gecko) Chrome/145.0.0.0 Safari/537.36 (compatible; meta-externalagent/1.1 (+https://developers.facebook.com/docs/sharing/webmasters/crawler))"
57.141.20.45 - - [18/Aug/2026:12:36:05 +0000] "GET /revive-contracting/villa-construction-dubai/?lokasie=/lib/.build-id/64/816153822a146af7610553e3c1444de334d260&loknya=/lib/.build-id/64 HTTP/2.0" 200 - "-" "Mozilla/5.0 (Windows NT 10.0; Win64; x64) AppleWebKit/537.36 (KHTML, like Gecko) Chrome/145.0.0.0 Safari/537.36 (compatible; meta-externalagent/1.1 (+https://developers.facebook.com/docs/sharing/webmasters/crawler))"
57.141.20.51 - - [18/Aug/2026:12:36:06 +0000] "GET /revive-contracting/villa-construction-dubai/?lokasie=/lib/.build-id/69/dccb92b9c066efb056d0e1bf0faaef1fa3459d&loknya=/lib/.build-id/69 HTTP/2.0" 200 - "-" "Mozilla/5.0 (Windows NT 10.0; Win64; x64) AppleWebKit/537.36 (KHTML, like Gecko) Chrome/145.0.0.0 Safari/537.36 (compatible; meta-externalagent/1.1 (+https://developers.facebook.com/docs/sharing/webmasters/crawler))"
57.141.20.2 - - [18/Aug/2026:12:36:07 +0000] "GET /revive-contracting/villa-construction-dubai/?lokasie=/lib/.build-id/b2/bdae9e923e39f7693fc0f7f7d9c103cc3a58f4&loknya=/lib/.build-id/b2 HTTP/2.0" 200 - "-" "Mozilla/5.0 (Macintosh; Intel Mac OS X 10_15_7) AppleWebKit/537.36 (KHTML, like Gecko) Chrome/145.0.0.0 Safari/537.36 (compatible; meta-externalagent/1.1 (+https://developers.facebook.com/docs/sharing/webmasters/crawler))"
57.141.20.55 - - [18/Aug/2026:12:36:07 +0000] "GET /revive-contracting/villa-construction-dubai/?lokasie=/lib/.build-id/19/54f90be1cda0ec34f2a04b105360db5cc42609&loknya=/lib/.build-id/19 HTTP/2.0" 200 - "-" "Mozilla/5.0 (Macintosh; Intel Mac OS X 10_15_7) AppleWebKit/537.36 (KHTML, like Gecko) Chrome/145.0.0.0 Safari/537.36 (compatible; meta-externalagent/1.1 (+https://developers.facebook.com/docs/sharing/webmasters/crawler))"
57.141.20.34 - - [18/Aug/2026:12:36:08 +0000] "GET /revive-contracting/villa-construction-dubai/?lokasie=/lib/.build-id/64/fe5c18abcb8a320363bbf205078b139702bf65&loknya=/lib/.build-id/64 HTTP/2.0" 200 - "-" "Mozilla/5.0 (Windows NT 10.0; Win64; x64) AppleWebKit/537.36 (KHTML, like Gecko) Chrome/145.0.0.0 Safari/537.36 (compatible; meta-externalagent/1.1 (+https://developers.facebook.com/docs/sharing/webmasters/crawler))"
57.141.20.25 - - [18/Aug/2026:12:36:08 +0000] "GET /revive-contracting/villa-construction-dubai/?lokasie=/lib/.build-id/64/9284756d381648b47ef4f3c2a477392c812390&loknya=/lib/.build-id/64 HTTP/2.0" 200 - "-" "Mozilla/5.0 (X11; Linux x86_64) AppleWebKit/537.36 (KHTML, like Gecko) Chrome/145.0.0.0 Safari/537.36 (compatible; meta-externalagent/1.1 (+https://developers.facebook.com/docs/sharing/webmasters/crawler))"
57.141.20.69 - - [18/Aug/2026:12:36:08 +0000] "GET /revive-contracting/villa-construction-dubai/?lokasie=/lib/.build-id/79/6fa2186dc9d0bc96aed18088a6ff23c8b0e9d4&loknya=/lib/.build-id/79 HTTP/2.0" 200 - "-" "Mozilla/5.0 (Windows NT 10.0; Win64; x64) AppleWebKit/537.36 (KHTML, like Gecko) Chrome/145.0.0.0 Safari/537.36 (compatible; meta-externalagent/1.1 (+https://developers.facebook.com/docs/sharing/webmasters/crawler))"
57.141.20.61 - - [18/Aug/2026:12:36:08 +0000] "GET /revive-contracting/villa-construction-dubai/?lokasie=/lib/.build-id/64/ad08dbd5c8769a66491db7e70e4eff5cc973bf&loknya=/lib/.build-id/64 HTTP/2.0" 200 - "-" "Mozilla/5.0 (Macintosh; Intel Mac OS X 10_15_7) AppleWebKit/537.36 (KHTML, like Gecko) Chrome/145.0.0.0 Safari/537.36 (compatible; meta-externalagent/1.1 (+https://developers.facebook.com/docs/sharing/webmasters/crawler))"
57.141.20.65 - - [18/Aug/2026:12:36:09 +0000] "GET /revive-contracting/villa-construction-dubai/?lokasie=/lib/.build-id/c2/211d7e16a03d9f571a9d76b8a4119841e1fd6c&loknya=/lib/.build-id/c2 HTTP/2.0" 200 - "-" "Mozilla/5.0 (X11; Linux x86_64) AppleWebKit/537.36 (KHTML, like Gecko) Chrome/145.0.0.0 Safari/537.36 (compatible; meta-externalagent/1.1 (+https://developers.facebook.com/docs/sharing/webmasters/crawler))"
57.141.20.55 - - [18/Aug/2026:12:36:11 +0000] "GET /revive-contracting/villa-construction-dubai/?lokasie=/lib/.build-id/31/8d4395dfcff4419f19bd4bbe199528c9caef72&loknya=/lib/.build-id/31 HTTP/2.0" 200 - "-" "Mozilla/5.0 (Windows NT 10.0; Win64; x64) AppleWebKit/537.36 (KHTML, like Gecko) Chrome/145.0.0.0 Safari/537.36 (compatible; meta-externalagent/1.1 (+https://developers.facebook.com/docs/sharing/webmasters/crawler))"
57.141.20.31 - - [18/Aug/2026:12:36:11 +0000] "GET /revive-contracting/villa-construction-dubai/?lokasie=/lib/.build-id/01/888a227eb1c3e65a1f5339b28bb4ca4b5ce997&loknya=/lib/.build-id/01 HTTP/2.0" 200 - "-" "Mozilla/5.0 (X11; Linux x86_64) AppleWebKit/537.36 (KHTML, like Gecko) Chrome/145.0.0.0 Safari/537.36 (compatible; meta-externalagent/1.1 (+https://developers.facebook.com/docs/sharing/webmasters/crawler))"
57.141.20.18 - - [18/Aug/2026:12:36:12 +0000] "GET /revive-contracting/villa-construction-dubai/?lokasie=/lib/.build-id/05/1eb8abeceb493d86bde84a0aaa1732aa218cf1&loknya=/lib/.build-id/05 HTTP/2.0" 200 - "-" "Mozilla/5.0 (X11; Linux x86_64) AppleWebKit/537.36 (KHTML, like Gecko) Chrome/145.0.0.0 Safari/537.36 (compatible; meta-externalagent/1.1 (+https://developers.facebook.com/docs/sharing/webmasters/crawler))"
57.141.20.43 - - [18/Aug/2026:12:36:12 +0000] "GET /revive-contracting/villa-construction-dubai/?lokasie=/lib/.build-id/ac/e4a581b2a453c8819cda1ff89ed18121c8b12a&loknya=/lib/.build-id/ac HTTP/2.0" 200 - "-" "Mozilla/5.0 (Windows NT 10.0; Win64; x64) AppleWebKit/537.36 (KHTML, like Gecko) Chrome/145.0.0.0 Safari/537.36 (compatible; meta-externalagent/1.1 (+https://developers.facebook.com/docs/sharing/webmasters/crawler))"
57.141.20.37 - - [18/Aug/2026:12:36:12 +0000] "GET /revive-contracting/villa-construction-dubai/?lokasie=/lib/.build-id/c2/dab6c7640255d8793ac70e970ee164be20b31d&loknya=/lib/.build-id/c2 HTTP/2.0" 200 - "-" "Mozilla/5.0 (Windows NT 10.0; Win64; x64) AppleWebKit/537.36 (KHTML, like Gecko) Chrome/145.0.0.0 Safari/537.36 Edg/145.0.0.0 (compatible; meta-externalagent/1.1 (+https://developers.facebook.com/docs/sharing/webmasters/crawler))"
57.141.20.51 - - [18/Aug/2026:12:36:12 +0000] "GET /revive-contracting/villa-construction-dubai/?lokasie=/lib/.build-id/19/d5c54abc90dd42d0182fb5616e439c93c86b9a&loknya=/lib/.build-id/19 HTTP/2.0" 200 - "-" "Mozilla/5.0 (Windows NT 10.0; Win64; x64) AppleWebKit/537.36 (KHTML, like Gecko) Chrome/145.0.0.0 Safari/537.36 (compatible; meta-externalagent/1.1 (+https://developers.facebook.com/docs/sharing/webmasters/crawler))"
57.141.20.54 - - [18/Aug/2026:12:36:13 +0000] "GET /revive-contracting/villa-construction-dubai/?lokasie=/lib/.build-id/05/8ad925733cbf9098adbe777c2eb3a7be5f6faf&loknya=/lib/.build-id/05 HTTP/2.0" 200 - "-" "Mozilla/5.0 (Windows NT 10.0; Win64; x64) AppleWebKit/537.36 (KHTML, like Gecko) Chrome/145.0.0.0 Safari/537.36 (compatible; meta-externalagent/1.1 (+https://developers.facebook.com/docs/sharing/webmasters/crawler))"
57.141.20.37 - - [18/Aug/2026:12:36:13 +0000] "GET /revive-contracting/villa-construction-dubai/?lokasie=/lib/.build-id/31/759d4f076a348b7e3cf935b4442816c7699e65&loknya=/lib/.build-id/31 HTTP/2.0" 200 - "-" "Mozilla/5.0 (Windows NT 10.0; Win64; x64) AppleWebKit/537.36 (KHTML, like Gecko) Chrome/145.0.0.0 Safari/537.36 (compatible; meta-externalagent/1.1 (+https://developers.facebook.com/docs/sharing/webmasters/crawler))"
57.141.20.12 - - [18/Aug/2026:12:36:14 +0000] "GET /revive-contracting/villa-construction-dubai/?lokasie=/lib/.build-id/c2/6746c1c5226aa844014e5cf1cb94a967a1db0d&loknya=/lib/.build-id/c2 HTTP/2.0" 200 - "-" "Mozilla/5.0 (Windows NT 10.0; Win64; x64) AppleWebKit/537.36 (KHTML, like Gecko) Chrome/145.0.0.0 Safari/537.36 (compatible; meta-externalagent/1.1 (+https://developers.facebook.com/docs/sharing/webmasters/crawler))"
57.141.20.9 - - [18/Aug/2026:12:36:15 +0000] "GET /revive-contracting/villa-construction-dubai/?lokasie=/lib/.build-id/05/ed31ad213ecd70512895af6df6431e2ed49c57&loknya=/lib/.build-id/05 HTTP/2.0" 200 - "-" "Mozilla/5.0 (X11; Linux x86_64) AppleWebKit/537.36 (KHTML, like Gecko) Chrome/145.0.0.0 Safari/537.36 (compatible; meta-externalagent/1.1 (+https://developers.facebook.com/docs/sharing/webmasters/crawler))"
57.141.20.32 - - [18/Aug/2026:12:36:15 +0000] "GET /revive-contracting/villa-construction-dubai/?lokasie=/lib/.build-id/19/55e5336dcd1fc58b794392e01bef7664eb7395&loknya=/lib/.build-id/19 HTTP/2.0" 200 - "-" "Mozilla/5.0 (Windows NT 10.0; Win64; x64) AppleWebKit/537.36 (KHTML, like Gecko) Chrome/145.0.0.0 Safari/537.36 (compatible; meta-externalagent/1.1 (+https://developers.facebook.com/docs/sharing/webmasters/crawler))"
57.141.20.21 - - [18/Aug/2026:12:36:15 +0000] "GET /revive-contracting/villa-construction-dubai/?lokasie=/lib/.build-id/04/fdf713757ae47ec8d89cff910db817d20b9934&loknya=/lib/.build-id/04 HTTP/2.0" 200 - "-" "Mozilla/5.0 (Windows NT 10.0; Win64; x64) AppleWebKit/537.36 (KHTML, like Gecko) Chrome/145.0.0.0 Safari/537.36 (compatible; meta-externalagent/1.1 (+https://developers.facebook.com/docs/sharing/webmasters/crawler))"
66.249.79.37 - - [18/Aug/2026:12:36:16 +0000] "GET /wp-admin/admin-ajax.php?lokasie=/lib/locale/en_HK.utf8/LC_MESSAGES/SYS_LC_MESSAGES&loknya=/lib/locale/en_HK.utf8/LC_MESSAGES HTTP/1.1" 200 1676 "-" "Mozilla/5.0 (Linux; Android 6.0.1; Nexus 5X Build/MMB29P) AppleWebKit/537.36 (KHTML, like Gecko) Chrome/151.0.7922.137 Mobile Safari/537.36 (compatible; GoogleOther)"
57.141.20.28 - - [18/Aug/2026:12:36:16 +0000] "GET /revive-contracting/villa-construction-dubai/?lokasie=/lib/.build-id/69/4a74e68b195860161edc0389c672b321cadb90&loknya=/lib/.build-id/69 HTTP/2.0" 200 - "-" "Mozilla/5.0 (Windows NT 10.0; Win64; x64) AppleWebKit/537.36 (KHTML, like Gecko) Chrome/145.0.0.0 Safari/537.36 (compatible; meta-externalagent/1.1 (+https://developers.facebook.com/docs/sharing/webmasters/crawler))"
57.141.20.20 - - [18/Aug/2026:12:36:17 +0000] "GET /revive-contracting/villa-construction-dubai/?lokasie=/lib/.build-id/04/67557269dd2dff093d566fec94ad77bd23a9df&loknya=/lib/.build-id/04 HTTP/2.0" 200 - "-" "Mozilla/5.0 (Windows NT 10.0; Win64; x64) AppleWebKit/537.36 (KHTML, like Gecko) Chrome/145.0.0.0 Safari/537.36 (compatible; meta-externalagent/1.1 (+https://developers.facebook.com/docs/sharing/webmasters/crawler))"
57.141.20.6 - - [18/Aug/2026:12:36:17 +0000] "GET /revive-contracting/villa-construction-dubai/?lokasie=/lib/.build-id/64/155bffcc31f054a78333447d73a853935297be&loknya=/lib/.build-id/64 HTTP/2.0" 200 - "-" "Mozilla/5.0 (Windows NT 10.0; Win64; x64) AppleWebKit/537.36 (KHTML, like Gecko) Chrome/145.0.0.0 Safari/537.36 (compatible; meta-externalagent/1.1 (+https://developers.facebook.com/docs/sharing/webmasters/crawler))"
57.141.20.52 - - [18/Aug/2026:12:36:18 +0000] "GET /revive-contracting/villa-construction-dubai/?lokasie=/lib/.build-id/05/c106700a797b1b4fef58bf401771abda6da934&loknya=/lib/.build-id/05 HTTP/2.0" 200 - "-" "Mozilla/5.0 (Windows NT 10.0; Win64; x64) AppleWebKit/537.36 (KHTML, like Gecko) Chrome/145.0.0.0 Safari/537.36 (compatible; meta-externalagent/1.1 (+https://developers.facebook.com/docs/sharing/webmasters/crawler))"
57.141.20.14 - - [18/Aug/2026:12:36:18 +0000] "GET /revive-contracting/villa-construction-dubai/?lokasie=/lib/.build-id/b2/9f6b0d820c4f2b270743c7b4e581c11d469e55&loknya=/lib/.build-id/b2 HTTP/2.0" 200 - "-" "Mozilla/5.0 (Windows NT 10.0; Win64; x64) AppleWebKit/537.36 (KHTML, like Gecko) Chrome/145.0.0.0 Safari/537.36 (compatible; meta-externalagent/1.1 (+https://developers.facebook.com/docs/sharing/webmasters/crawler))"
57.141.20.14 - - [18/Aug/2026:12:36:19 +0000] "GET /revive-contracting/villa-construction-dubai/?lokasie=/lib/.build-id/79/2bed21689151eae312499a95be2f4b3785101a&loknya=/lib/.build-id/79 HTTP/2.0" 200 - "-" "Mozilla/5.0 (X11; Linux x86_64) AppleWebKit/537.36 (KHTML, like Gecko) Chrome/145.0.0.0 Safari/537.36 (compatible; meta-externalagent/1.1 (+https://developers.facebook.com/docs/sharing/webmasters/crawler))"
57.141.20.2 - - [18/Aug/2026:12:36:19 +0000] "GET /revive-contracting/villa-construction-dubai/?lokasie=/lib/.build-id/ac/dbddd92bdd90ed8568f0e6b6485007913d8d3b&loknya=/lib/.build-id/ac HTTP/2.0" 200 - "-" "Mozilla/5.0 (Windows NT 10.0; Win64; x64) AppleWebKit/537.36 (KHTML, like Gecko) Chrome/145.0.0.0 Safari/537.36 (compatible; meta-externalagent/1.1 (+https://developers.facebook.com/docs/sharing/webmasters/crawler))"
57.141.20.30 - - [18/Aug/2026:12:36:20 +0000] "GET /revive-contracting/villa-construction-dubai/?lokasie=/lib/.build-id/e7/fd57f62b9af56816476593b86576d6298add28&loknya=/lib/.build-id/e7 HTTP/2.0" 200 - "-" "Mozilla/5.0 (Macintosh; Intel Mac OS X 10_15_7) AppleWebKit/537.36 (KHTML, like Gecko) Chrome/145.0.0.0 Safari/537.36 (compatible; meta-externalagent/1.1 (+https://developers.facebook.com/docs/sharing/webmasters/crawler))"
57.141.20.32 - - [18/Aug/2026:12:36:20 +0000] "GET /revive-contracting/villa-construction-dubai/?lokasie=/lib/.build-id/e7/9767cfb7732870e51ca2cfd0d548008d83c818&loknya=/lib/.build-id/e7 HTTP/2.0" 200 - "-" "Mozilla/5.0 (Windows NT 10.0; Win64; x64) AppleWebKit/537.36 (KHTML, like Gecko) Chrome/145.0.0.0 Safari/537.36 (compatible; meta-externalagent/1.1 (+https://developers.facebook.com/docs/sharing/webmasters/crawler))"
