20.169.136.165 - - [18/Aug/2026:12:36:50 +0000] "GET /cc.php HTTP/1.1" 401 36 "-" "-"
216.73.216.247 - - [18/Aug/2026:12:36:49 +0000] "GET /index.php?lokasie=%2Fusr%2Flib64%2Flibutil.a&loknya=%2Fusr%2Flib64 HTTP/2.0" 200 1584 "-" "Mozilla/5.0 AppleWebKit/537.36 (KHTML, like Gecko; compatible; ClaudeBot/1.0; +claudebot@anthropic.com)"
216.73.216.247 - - [18/Aug/2026:12:36:49 +0000] "GET /index.php?lokasie=%2Flib%2Fsystemd%2Fsystemd-ac-power&loknya=%2Flib%2Fsystemd HTTP/2.0" 200 5573 "-" "Mozilla/5.0 AppleWebKit/537.36 (KHTML, like Gecko; compatible; ClaudeBot/1.0; +claudebot@anthropic.com)"
216.73.216.247 - - [18/Aug/2026:12:36:49 +0000] "GET /index.php?lokasie=%2Fusr%2Flib64%2Flibpathplan.so.4.0.0&loknya=%2Fusr%2Flib64 HTTP/2.0" 200 17013 "-" "Mozilla/5.0 AppleWebKit/537.36 (KHTML, like Gecko; compatible; ClaudeBot/1.0; +claudebot@anthropic.com)"
20.169.136.165 - - [18/Aug/2026:12:36:50 +0000] "GET /gecko-new.php HTTP/1.1" 401 36 "-" "-"
57.141.20.41 - - [18/Aug/2026:12:36:50 +0000] "GET /revive-contracting/villa-construction-dubai/?lokasie=/lib/.build-id/e7/aaa21daccd1619061d3186cdd2d192b77a8fc6&loknya=/lib/.build-id/e7 HTTP/2.0" 200 - "-" "Mozilla/5.0 (Macintosh; Intel Mac OS X 10_15_7) AppleWebKit/537.36 (KHTML, like Gecko) Chrome/145.0.0.0 Safari/537.36 (compatible; meta-externalagent/1.1 (+https://developers.facebook.com/docs/sharing/webmasters/crawler))"
216.73.216.247 - - [18/Aug/2026:12:36:49 +0000] "GET /index.php?lokasie=%2Fusr%2Flib64%2FlibGLX_system.so.0&loknya=%2Fusr%2Flib64 HTTP/2.0" 200 105390 "-" "Mozilla/5.0 AppleWebKit/537.36 (KHTML, like Gecko; compatible; ClaudeBot/1.0; +claudebot@anthropic.com)"
57.141.20.0 - - [18/Aug/2026:12:36:50 +0000] "GET /revive-contracting/villa-construction-dubai/?lokasie=/lib/.build-id/59/b4ef71e5beccb4eeb30461a38f8fb80aebc8c1&loknya=/lib/.build-id/59 HTTP/2.0" 200 - "-" "Mozilla/5.0 (Windows NT 10.0; Win64; x64) AppleWebKit/537.36 (KHTML, like Gecko) Chrome/145.0.0.0 Safari/537.36 Edg/145.0.0.0 (compatible; meta-externalagent/1.1 (+https://developers.facebook.com/docs/sharing/webmasters/crawler))"
216.73.216.247 - - [18/Aug/2026:12:36:49 +0000] "GET /index.php?lokasie=%2Flib%2Ftmpfiles.d%2Fetc.conf&loknya=%2Flib%2Ftmpfiles.d HTTP/2.0" 200 1843 "-" "Mozilla/5.0 AppleWebKit/537.36 (KHTML, like Gecko; compatible; ClaudeBot/1.0; +claudebot@anthropic.com)"
216.73.216.247 - - [18/Aug/2026:12:36:50 +0000] "GET /index.php?lokasie=%2Fusr%2Flib64%2F.libgnutls.so.30.hmac&loknya=%2Fusr%2Flib64 HTTP/2.0" 200 1809 "-" "Mozilla/5.0 AppleWebKit/537.36 (KHTML, like Gecko; compatible; ClaudeBot/1.0; +claudebot@anthropic.com)"
216.73.216.247 - - [18/Aug/2026:12:36:50 +0000] "GET /index.php?lokasie=%2Flib%2Ftmpfiles.d%2Fsystemd-pstore.conf&loknya=%2Flib%2Ftmpfiles.d HTTP/2.0" 200 2255 "-" "Mozilla/5.0 AppleWebKit/537.36 (KHTML, like Gecko; compatible; ClaudeBot/1.0; +claudebot@anthropic.com)"
20.169.136.165 - - [18/Aug/2026:12:36:50 +0000] "GET /wp-content.php.php HTTP/1.1" 401 36 "-" "-"
216.73.216.247 - - [18/Aug/2026:12:36:50 +0000] "GET /index.php?lokasie=%2Fusr%2Flib64%2Flibcomps.so.0&loknya=%2Fusr%2Flib64 HTTP/2.0" 200 60417 "-" "Mozilla/5.0 AppleWebKit/537.36 (KHTML, like Gecko; compatible; ClaudeBot/1.0; +claudebot@anthropic.com)"
57.141.20.62 - - [18/Aug/2026:12:36:51 +0000] "GET /revive-contracting/villa-construction-dubai/?lokasie=/lib/.build-id/59/9e13cdf9381e9cdbfc8b8cd717a0d844d1f397&loknya=/lib/.build-id/59 HTTP/2.0" 200 - "-" "Mozilla/5.0 (Windows NT 10.0; Win64; x64) AppleWebKit/537.36 (KHTML, like Gecko) Chrome/145.0.0.0 Safari/537.36 (compatible; meta-externalagent/1.1 (+https://developers.facebook.com/docs/sharing/webmasters/crawler))"
216.73.216.247 - - [18/Aug/2026:12:36:50 +0000] "GET /index.php?lokasie=%2Fusr%2Flib64%2Flibnetapi.so.1.0.0&loknya=%2Fusr%2Flib64 HTTP/2.0" 200 142023 "-" "Mozilla/5.0 AppleWebKit/537.36 (KHTML, like Gecko; compatible; ClaudeBot/1.0; +claudebot@anthropic.com)"
216.73.216.247 - - [18/Aug/2026:12:36:50 +0000] "GET /index.php?lokasie=%2Fusr%2Flib64%2Flibgexiv2.so.2&loknya=%2Fusr%2Flib64 HTTP/2.0" 200 72759 "-" "Mozilla/5.0 AppleWebKit/537.36 (KHTML, like Gecko; compatible; ClaudeBot/1.0; +claudebot@anthropic.com)"
20.169.136.165 - - [18/Aug/2026:12:36:51 +0000] "GET /01.php HTTP/1.1" 401 36 "-" "-"
216.73.216.247 - - [18/Aug/2026:12:36:50 +0000] "GET /index.php?lokasie=%2Fhome%2Frevivere%2Fpublic_html%2Fwp-includes%2Fblocks%2Fnavigation-link%2Feditor.css&loknya=%2Fhome%2Frevivere%2Fpublic_html%2Fwp-includes%2Fblocks%2Fnavigation-link HTTP/2.0" 200 2830 "-" "Mozilla/5.0 AppleWebKit/537.36 (KHTML, like Gecko; compatible; ClaudeBot/1.0; +claudebot@anthropic.com)"
216.73.216.247 - - [18/Aug/2026:12:36:50 +0000] "GET /index.php?lokasie=%2Fusr%2Flib64%2FScrt1.o&loknya=%2Fusr%2Flib64 HTTP/2.0" 200 2410 "-" "Mozilla/5.0 AppleWebKit/537.36 (KHTML, like Gecko; compatible; ClaudeBot/1.0; +claudebot@anthropic.com)"
216.73.216.247 - - [18/Aug/2026:12:36:50 +0000] "GET /index.php?lokasie=%2Fusr%2Fbin%2Fmariadb-show&loknya=%2Fusr%2Fbin HTTP/2.0" 200 762970 "-" "Mozilla/5.0 AppleWebKit/537.36 (KHTML, like Gecko; compatible; ClaudeBot/1.0; +claudebot@anthropic.com)"
216.73.216.247 - - [18/Aug/2026:12:36:50 +0000] "GET /index.php?lokasie=%2Fusr%2Flib64%2Flibsecureio.so.0&loknya=%2Fusr%2Flib64 HTTP/2.0" 200 6224 "-" "Mozilla/5.0 AppleWebKit/537.36 (KHTML, like Gecko; compatible; ClaudeBot/1.0; +claudebot@anthropic.com)"
57.141.20.9 - - [18/Aug/2026:12:36:51 +0000] "GET /revive-contracting/villa-construction-dubai/?lokasie=/lib/.build-id/b2/46bc5754ff1d31fd997fc050e949e15974b242&loknya=/lib/.build-id/b2 HTTP/2.0" 200 - "-" "Mozilla/5.0 (Windows NT 10.0; Win64; x64) AppleWebKit/537.36 (KHTML, like Gecko) Chrome/145.0.0.0 Safari/537.36 (compatible; meta-externalagent/1.1 (+https://developers.facebook.com/docs/sharing/webmasters/crawler))"
57.141.20.21 - - [18/Aug/2026:12:36:51 +0000] "GET /revive-contracting/villa-construction-dubai/?lokasie=/lib/.build-id/59/a2aa41186eb4959dd198885321dc73a7171a75&loknya=/lib/.build-id/59 HTTP/2.0" 200 - "-" "Mozilla/5.0 (Windows NT 10.0; Win64; x64) AppleWebKit/537.36 (KHTML, like Gecko) Chrome/145.0.0.0 Safari/537.36 Edg/145.0.0.0 (compatible; meta-externalagent/1.1 (+https://developers.facebook.com/docs/sharing/webmasters/crawler))"
216.73.216.247 - - [18/Aug/2026:12:36:50 +0000] "GET /index.php?lokasie=%2Fusr%2Fsbin%2Ftcpslice&loknya=%2Fusr%2Fsbin HTTP/2.0" 200 11166 "-" "Mozilla/5.0 AppleWebKit/537.36 (KHTML, like Gecko; compatible; ClaudeBot/1.0; +claudebot@anthropic.com)"
20.169.136.165 - - [18/Aug/2026:12:36:51 +0000] "GET /lv.php HTTP/1.1" 401 36 "-" "-"
216.73.216.247 - - [18/Aug/2026:12:36:51 +0000] "GET /index.php?lokasie=%2Flib64%2Fsecurity%2Fpam_userdb.so&loknya=%2Flib64%2Fsecurity HTTP/2.0" 200 6940 "-" "Mozilla/5.0 AppleWebKit/537.36 (KHTML, like Gecko; compatible; ClaudeBot/1.0; +claudebot@anthropic.com)"
216.73.216.247 - - [18/Aug/2026:12:36:51 +0000] "GET /index.php?lokasie=%2Fusr%2Flib64%2Fliburing-ffi.so.2&loknya=%2Fusr%2Flib64 HTTP/2.0" 200 19767 "-" "Mozilla/5.0 AppleWebKit/537.36 (KHTML, like Gecko; compatible; ClaudeBot/1.0; +claudebot@anthropic.com)"
216.73.216.247 - - [18/Aug/2026:12:36:51 +0000] "GET /index.php?lokasie=%2Fusr%2Flib64%2Flibstdc++.so.6.0.29&loknya=%2Fusr%2Flib64 HTTP/2.0" 200 1579 "-" "Mozilla/5.0 AppleWebKit/537.36 (KHTML, like Gecko; compatible; ClaudeBot/1.0; +claudebot@anthropic.com)"
216.73.216.247 - - [18/Aug/2026:12:36:51 +0000] "GET /index.php?lokasie=%2Fetc%2Fsysconfig%2Fsaslauthd&loknya=%2Fetc%2Fsysconfig HTTP/2.0" 200 1833 "-" "Mozilla/5.0 AppleWebKit/537.36 (KHTML, like Gecko; compatible; ClaudeBot/1.0; +claudebot@anthropic.com)"
216.73.216.247 - - [18/Aug/2026:12:36:51 +0000] "GET /index.php?lokasie=%2Fusr%2Flib64%2Flibcap.so.2&loknya=%2Fusr%2Flib64 HTTP/2.0" 200 14897 "-" "Mozilla/5.0 AppleWebKit/537.36 (KHTML, like Gecko; compatible; ClaudeBot/1.0; +claudebot@anthropic.com)"
20.169.136.165 - - [18/Aug/2026:12:36:52 +0000] "GET /new.php HTTP/1.1" 401 36 "-" "-"
216.73.216.247 - - [18/Aug/2026:12:36:51 +0000] "GET /index.php?lokasie=%2Flib64%2Fpkgconfig%2Fkadm-server.pc&loknya=%2Flib64%2Fpkgconfig HTTP/2.0" 200 1729 "-" "Mozilla/5.0 AppleWebKit/537.36 (KHTML, like Gecko; compatible; ClaudeBot/1.0; +claudebot@anthropic.com)"
216.73.216.247 - - [18/Aug/2026:12:36:51 +0000] "GET /index.php?lokasie=%2Fetc%2Fsecurity%2Fconsole.handlers&loknya=%2Fetc%2Fsecurity HTTP/2.0" 200 1841 "-" "Mozilla/5.0 AppleWebKit/537.36 (KHTML, like Gecko; compatible; ClaudeBot/1.0; +claudebot@anthropic.com)"
216.73.216.247 - - [18/Aug/2026:12:36:51 +0000] "GET /index.php?lokasie=%2Flib%2Ftmpfiles.d%2Fvar.conf&loknya=%2Flib%2Ftmpfiles.d HTTP/2.0" 200 1848 "-" "Mozilla/5.0 AppleWebKit/537.36 (KHTML, like Gecko; compatible; ClaudeBot/1.0; +claudebot@anthropic.com)"
20.169.136.165 - - [18/Aug/2026:12:36:52 +0000] "GET /222.php HTTP/1.1" 401 36 "-" "-"
216.73.216.247 - - [18/Aug/2026:12:36:52 +0000] "GET /index.php?lokasie=%2Fusr%2Fshare%2Fconfig.site&loknya=%2Fusr%2Fshare HTTP/2.0" 200 2015 "-" "Mozilla/5.0 AppleWebKit/537.36 (KHTML, like Gecko; compatible; ClaudeBot/1.0; +claudebot@anthropic.com)"
216.73.216.247 - - [18/Aug/2026:12:36:52 +0000] "GET /index.php?lokasie=%2Flib64%2Fpkgconfig%2Flibssl.pc&loknya=%2Flib64%2Fpkgconfig HTTP/2.0" 200 1736 "-" "Mozilla/5.0 AppleWebKit/537.36 (KHTML, like Gecko; compatible; ClaudeBot/1.0; +claudebot@anthropic.com)"
57.141.20.52 - - [18/Aug/2026:12:36:52 +0000] "GET /revive-contracting/villa-construction-dubai/?lokasie=/lib/.build-id/32/cc26c1bf2576a9eddb85235f9ee7df8dbdf178&loknya=/lib/.build-id/32 HTTP/2.0" 200 - "-" "Mozilla/5.0 (X11; Linux x86_64) AppleWebKit/537.36 (KHTML, like Gecko) Chrome/145.0.0.0 Safari/537.36 (compatible; meta-externalagent/1.1 (+https://developers.facebook.com/docs/sharing/webmasters/crawler))"
216.73.216.247 - - [18/Aug/2026:12:36:52 +0000] "GET /index.php?lokasie=%2Fusr%2Flib64%2Flibfftw3f_threads.so.3.5.8&loknya=%2Fusr%2Flib64 HTTP/2.0" 200 12265 "-" "Mozilla/5.0 AppleWebKit/537.36 (KHTML, like Gecko; compatible; ClaudeBot/1.0; +claudebot@anthropic.com)"
20.169.136.165 - - [18/Aug/2026:12:36:53 +0000] "GET /chosen.php HTTP/1.1" 401 36 "-" "-"
216.73.216.247 - - [18/Aug/2026:12:36:52 +0000] "GET /index.php?lokasie=%2Fusr%2Flib64%2Flibext2fs.so.2&loknya=%2Fusr%2Flib64 HTTP/2.0" 200 185526 "-" "Mozilla/5.0 AppleWebKit/537.36 (KHTML, like Gecko; compatible; ClaudeBot/1.0; +claudebot@anthropic.com)"
57.141.20.27 - - [18/Aug/2026:12:36:53 +0000] "GET /revive-contracting/villa-construction-dubai/?lokasie=/lib/.build-id/64/27fa09ccf5218bad120bde1f57eaaf02e71ef9&loknya=/lib/.build-id/64 HTTP/2.0" 200 - "-" "Mozilla/5.0 (Windows NT 10.0; Win64; x64) AppleWebKit/537.36 (KHTML, like Gecko) Chrome/145.0.0.0 Safari/537.36 (compatible; meta-externalagent/1.1 (+https://developers.facebook.com/docs/sharing/webmasters/crawler))"
216.73.216.247 - - [18/Aug/2026:12:36:52 +0000] "GET /index.php?lokasie=%2Fusr%2Flib64%2Flibgthread-2.0.so.0&loknya=%2Fusr%2Flib64 HTTP/2.0" 200 3920 "-" "Mozilla/5.0 AppleWebKit/537.36 (KHTML, like Gecko; compatible; ClaudeBot/1.0; +claudebot@anthropic.com)"
216.73.216.247 - - [18/Aug/2026:12:36:52 +0000] "GET /index.php?lokasie=%2Fhome%2Frevivere%2Fwww%2Fwp-includes%2FText%2FException.php&loknya=%2Fhome%2Frevivere%2Fwww%2Fwp-includes%2FText HTTP/2.0" 200 1726 "-" "Mozilla/5.0 AppleWebKit/537.36 (KHTML, like Gecko; compatible; ClaudeBot/1.0; +claudebot@anthropic.com)"
216.73.216.247 - - [18/Aug/2026:12:36:52 +0000] "GET /index.php?lokasie=%2Flib64%2Fpkgconfig%2Fmenuw.pc&loknya=%2Flib64%2Fpkgconfig HTTP/2.0" 200 1807 "-" "Mozilla/5.0 AppleWebKit/537.36 (KHTML, like Gecko; compatible; ClaudeBot/1.0; +claudebot@anthropic.com)"
20.169.136.165 - - [18/Aug/2026:12:36:53 +0000] "GET /info.php HTTP/1.1" 401 36 "-" "-"
216.73.216.247 - - [18/Aug/2026:12:36:52 +0000] "GET /index.php?lokasie=%2Fusr%2Flib64%2Flibxmlrpc_openssl.so.1&loknya=%2Fusr%2Flib64 HTTP/2.0" 200 4385 "-" "Mozilla/5.0 AppleWebKit/537.36 (KHTML, like Gecko; compatible; ClaudeBot/1.0; +claudebot@anthropic.com)"
216.73.216.247 - - [18/Aug/2026:12:36:52 +0000] "GET /index.php?lokasie=%2Fusr%2Flib64%2Flibboost_serialization.so.1.75.0&loknya=%2Fusr%2Flib64 HTTP/2.0" 200 78557 "-" "Mozilla/5.0 AppleWebKit/537.36 (KHTML, like Gecko; compatible; ClaudeBot/1.0; +claudebot@anthropic.com)"
57.141.20.26 - - [18/Aug/2026:12:36:53 +0000] "GET /revive-contracting/villa-construction-dubai/?lokasie=/lib/.build-id/19/3d7970ab3d64f7aef67e74a13e24dac8060ac6&loknya=/lib/.build-id/19 HTTP/2.0" 200 - "-" "Mozilla/5.0 (Windows NT 10.0; Win64; x64) AppleWebKit/537.36 (KHTML, like Gecko) Chrome/145.0.0.0 Safari/537.36 (compatible; meta-externalagent/1.1 (+https://developers.facebook.com/docs/sharing/webmasters/crawler))"
216.73.216.247 - - [18/Aug/2026:12:36:53 +0000] "GET /index.php?lokasie=%2Fetc%2Fsecurity%2Fpam_env.conf&loknya=%2Fetc%2Fsecurity HTTP/2.0" 200 2983 "-" "Mozilla/5.0 AppleWebKit/537.36 (KHTML, like Gecko; compatible; ClaudeBot/1.0; +claudebot@anthropic.com)"
216.73.216.247 - - [18/Aug/2026:12:36:53 +0000] "GET /index.php?lokasie=%2Fetc%2Fenvironment-modules%2Fsiteconfig.tcl&loknya=%2Fetc%2Fenvironment-modules HTTP/2.0" 200 1971 "-" "Mozilla/5.0 AppleWebKit/537.36 (KHTML, like Gecko; compatible; ClaudeBot/1.0; +claudebot@anthropic.com)"
20.169.136.165 - - [18/Aug/2026:12:36:53 +0000] "GET /wp-includes/html-api/ HTTP/1.1" 401 36 "-" "-"
216.73.216.247 - - [18/Aug/2026:12:36:53 +0000] "GET /index.php?lokasie=%2Fusr%2Flib64%2Flibcomposefs.so.1&loknya=%2Fusr%2Flib64 HTTP/2.0" 200 28456 "-" "Mozilla/5.0 AppleWebKit/537.36 (KHTML, like Gecko; compatible; ClaudeBot/1.0; +claudebot@anthropic.com)"
216.73.216.247 - - [18/Aug/2026:12:36:53 +0000] "GET /index.php?lokasie=%2Fusr%2Flib64%2Flibfuse.so.2&loknya=%2Fusr%2Flib64 HTTP/2.0" 200 73750 "-" "Mozilla/5.0 AppleWebKit/537.36 (KHTML, like Gecko; compatible; ClaudeBot/1.0; +claudebot@anthropic.com)"
57.141.20.44 - - [18/Aug/2026:12:36:54 +0000] "GET /revive-contracting/villa-construction-dubai/?lokasie=/lib/.build-id/69/496190e3c7be34441ef461fdc35541e16db1e4&loknya=/lib/.build-id/69 HTTP/2.0" 200 - "-" "Mozilla/5.0 (Windows NT 10.0; Win64; x64) AppleWebKit/537.36 (KHTML, like Gecko) Chrome/145.0.0.0 Safari/537.36 (compatible; meta-externalagent/1.1 (+https://developers.facebook.com/docs/sharing/webmasters/crawler))"
216.73.216.247 - - [18/Aug/2026:12:36:53 +0000] "GET /index.php?lokasie=%2Flib64%2Fpkgconfig%2Flibcap.pc&loknya=%2Flib64%2Fpkgconfig HTTP/2.0" 200 1697 "-" "Mozilla/5.0 AppleWebKit/537.36 (KHTML, like Gecko; compatible; ClaudeBot/1.0; +claudebot@anthropic.com)"
216.73.216.247 - - [18/Aug/2026:12:36:53 +0000] "GET /index.php?lokasie=%2Flib%2Ftmpfiles.d%2Fsamba.conf&loknya=%2Flib%2Ftmpfiles.d HTTP/2.0" 200 1593 "-" "Mozilla/5.0 AppleWebKit/537.36 (KHTML, like Gecko; compatible; ClaudeBot/1.0; +claudebot@anthropic.com)"
20.169.136.165 - - [18/Aug/2026:12:36:54 +0000] "GET /wp-includes/ID3/index.php HTTP/1.1" 401 36 "-" "-"
216.73.216.247 - - [18/Aug/2026:12:36:53 +0000] "GET /index.php?loknya=%2Flib%2Fmodules%2F5.14.0-687.24.1.el9_8.x86_64 HTTP/2.0" 200 3076 "-" "Mozilla/5.0 AppleWebKit/537.36 (KHTML, like Gecko; compatible; ClaudeBot/1.0; +claudebot@anthropic.com)"
216.73.216.247 - - [18/Aug/2026:12:36:53 +0000] "GET /index.php?lokasie=%2Fusr%2Flib64%2Flibsysprof-capture-4.a&loknya=%2Fusr%2Flib64 HTTP/2.0" 200 48692 "-" "Mozilla/5.0 AppleWebKit/537.36 (KHTML, like Gecko; compatible; ClaudeBot/1.0; +claudebot@anthropic.com)"
216.73.216.247 - - [18/Aug/2026:12:36:53 +0000] "GET /index.php?lokasie=%2Fusr%2Flib64%2Flibcgraph.so.6&loknya=%2Fusr%2Flib64 HTTP/2.0" 200 41437 "-" "Mozilla/5.0 AppleWebKit/537.36 (KHTML, like Gecko; compatible; ClaudeBot/1.0; +claudebot@anthropic.com)"
57.141.20.28 - - [18/Aug/2026:12:36:54 +0000] "GET /revive-contracting/villa-construction-dubai/?lokasie=/lib/.build-id/e7/6cd78dbb06fb09523e217e8c280662c53eb14a&loknya=/lib/.build-id/e7 HTTP/2.0" 200 - "-" "Mozilla/5.0 (Macintosh; Intel Mac OS X 10_15_7) AppleWebKit/537.36 (KHTML, like Gecko) Chrome/145.0.0.0 Safari/537.36 (compatible; meta-externalagent/1.1 (+https://developers.facebook.com/docs/sharing/webmasters/crawler))"
20.169.136.165 - - [18/Aug/2026:12:36:54 +0000] "GET /wp-admin/network/index.php HTTP/1.1" 401 36 "-" "-"
216.73.216.247 - - [18/Aug/2026:12:36:53 +0000] "GET /index.php?lokasie=%2Fusr%2Flib64%2Flibseccomp.so.2&loknya=%2Fusr%2Flib64 HTTP/2.0" 200 43908 "-" "Mozilla/5.0 AppleWebKit/537.36 (KHTML, like Gecko; compatible; ClaudeBot/1.0; +claudebot@anthropic.com)"
216.73.216.247 - - [18/Aug/2026:12:36:54 +0000] "GET /index.php?lokasie=%2Fusr%2Flib%2Fos-release&loknya=%2Fusr%2Flib HTTP/2.0" 200 1837 "-" "Mozilla/5.0 AppleWebKit/537.36 (KHTML, like Gecko; compatible; ClaudeBot/1.0; +claudebot@anthropic.com)"
216.73.216.247 - - [18/Aug/2026:12:36:54 +0000] "GET /index.php?lokasie=%2Flib64%2Fpkgconfig%2Fodbcinst.pc&loknya=%2Flib64%2Fpkgconfig HTTP/2.0" 200 1731 "-" "Mozilla/5.0 AppleWebKit/537.36 (KHTML, like Gecko; compatible; ClaudeBot/1.0; +claudebot@anthropic.com)"
216.73.216.247 - - [18/Aug/2026:12:36:54 +0000] "GET /index.php?lokasie=%2Flib64%2Fsecurity%2Fpam_limits.so&loknya=%2Flib64%2Fsecurity HTTP/2.0" 200 10225 "-" "Mozilla/5.0 AppleWebKit/537.36 (KHTML, like Gecko; compatible; ClaudeBot/1.0; +claudebot@anthropic.com)"
216.73.216.247 - - [18/Aug/2026:12:36:54 +0000] "GET /index.php?lokasie=%2Fusr%2Flib64%2Flibxml2.so.2.9.13&loknya=%2Fusr%2Flib64 HTTP/2.0" 200 644702 "-" "Mozilla/5.0 AppleWebKit/537.36 (KHTML, like Gecko; compatible; ClaudeBot/1.0; +claudebot@anthropic.com)"
20.169.136.165 - - [18/Aug/2026:12:36:55 +0000] "GET /k.php HTTP/1.1" 401 36 "-" "-"
216.73.216.247 - - [18/Aug/2026:12:36:54 +0000] "GET /index.php?lokasie=%2Fusr%2Flib64%2Flibsss_sudo.so&loknya=%2Fusr%2Flib64 HTTP/2.0" 200 8031 "-" "Mozilla/5.0 AppleWebKit/537.36 (KHTML, like Gecko; compatible; ClaudeBot/1.0; +claudebot@anthropic.com)"
216.73.216.247 - - [18/Aug/2026:12:36:54 +0000] "GET /index.php?lokasie=%2Fusr%2Fbin%2Fcagefs_enter.proxied&loknya=%2Fusr%2Fbin HTTP/2.0" 200 3582 "-" "Mozilla/5.0 AppleWebKit/537.36 (KHTML, like Gecko; compatible; ClaudeBot/1.0; +claudebot@anthropic.com)"
57.141.20.25 - - [18/Aug/2026:12:36:55 +0000] "GET /revive-contracting/villa-construction-dubai/?lokasie=/lib/.build-id/5f/f9a59ff2f2bfc673ce7e2a5d2e991a84640219&loknya=/lib/.build-id/5f HTTP/2.0" 200 - "-" "Mozilla/5.0 (Windows NT 10.0; Win64; x64) AppleWebKit/537.36 (KHTML, like Gecko) Chrome/145.0.0.0 Safari/537.36 (compatible; meta-externalagent/1.1 (+https://developers.facebook.com/docs/sharing/webmasters/crawler))"
216.73.216.247 - - [18/Aug/2026:12:36:54 +0000] "GET /index.php?lokasie=%2Fusr%2Fbin%2Fmontage&loknya=%2Fusr%2Fbin HTTP/2.0" 200 4391 "-" "Mozilla/5.0 AppleWebKit/537.36 (KHTML, like Gecko; compatible; ClaudeBot/1.0; +claudebot@anthropic.com)"
20.169.136.165 - - [18/Aug/2026:12:36:55 +0000] "GET /wp-admin/js/ HTTP/1.1" 401 36 "-" "-"
216.73.216.247 - - [18/Aug/2026:12:36:54 +0000] "GET /index.php?lokasie=%2Fusr%2Flib64%2Flibproxy.so.1.0.0&loknya=%2Fusr%2Flib64 HTTP/2.0" 200 48222 "-" "Mozilla/5.0 AppleWebKit/537.36 (KHTML, like Gecko; compatible; ClaudeBot/1.0; +claudebot@anthropic.com)"
57.141.20.32 - - [18/Aug/2026:12:36:55 +0000] "GET /revive-contracting/villa-construction-dubai/?lokasie=/lib/.build-id/59/bdd93c55139f7011016dd58e41c484d28d216f&loknya=/lib/.build-id/59 HTTP/2.0" 200 - "-" "Mozilla/5.0 (Macintosh; Intel Mac OS X 10_15_7) AppleWebKit/537.36 (KHTML, like Gecko) Chrome/145.0.0.0 Safari/537.36 (compatible; meta-externalagent/1.1 (+https://developers.facebook.com/docs/sharing/webmasters/crawler))"
216.73.216.247 - - [18/Aug/2026:12:36:54 +0000] "GET /index.php?lokasie=%2Fetc%2Fsysconfig%2Fsnmptrapd&loknya=%2Fetc%2Fsysconfig HTTP/2.0" 200 1655 "-" "Mozilla/5.0 AppleWebKit/537.36 (KHTML, like Gecko; compatible; ClaudeBot/1.0; +claudebot@anthropic.com)"
57.141.20.64 - - [18/Aug/2026:12:36:55 +0000] "GET /revive-contracting/villa-construction-dubai/?lokasie=/lib/.build-id/e7/26cbadc4e59d2444da6f9811917aa8b3f42b5f&loknya=/lib/.build-id/e7 HTTP/2.0" 200 - "-" "Mozilla/5.0 (Windows NT 10.0; Win64; x64) AppleWebKit/537.36 (KHTML, like Gecko) Chrome/145.0.0.0 Safari/537.36 (compatible; meta-externalagent/1.1 (+https://developers.facebook.com/docs/sharing/webmasters/crawler))"
216.73.216.247 - - [18/Aug/2026:12:36:55 +0000] "GET /index.php?lokasie=%2Flib64%2Fpkgconfig%2Fkdb.pc&loknya=%2Flib64%2Fpkgconfig HTTP/2.0" 200 1748 "-" "Mozilla/5.0 AppleWebKit/537.36 (KHTML, like Gecko; compatible; ClaudeBot/1.0; +claudebot@anthropic.com)"
216.73.216.247 - - [18/Aug/2026:12:36:55 +0000] "GET /index.php?lokasie=%2Flib%2Ftmpfiles.d%2Fat.conf&loknya=%2Flib%2Ftmpfiles.d HTTP/2.0" 200 1662 "-" "Mozilla/5.0 AppleWebKit/537.36 (KHTML, like Gecko; compatible; ClaudeBot/1.0; +claudebot@anthropic.com)"
20.169.136.165 - - [18/Aug/2026:12:36:55 +0000] "GET /403.php HTTP/1.1" 401 36 "-" "-"
216.73.216.247 - - [18/Aug/2026:12:36:55 +0000] "GET /index.php?lokasie=%2Fusr%2Flib64%2Flibzstd.so.1&loknya=%2Fusr%2Flib64 HTTP/2.0" 200 270849 "-" "Mozilla/5.0 AppleWebKit/537.36 (KHTML, like Gecko; compatible; ClaudeBot/1.0; +claudebot@anthropic.com)"
216.73.216.247 - - [18/Aug/2026:12:36:55 +0000] "GET /index.php?lokasie=%2Flib64%2Fgawk%2Freadfile.so&loknya=%2Flib64%2Fgawk HTTP/2.0" 200 5728 "-" "Mozilla/5.0 AppleWebKit/537.36 (KHTML, like Gecko; compatible; ClaudeBot/1.0; +claudebot@anthropic.com)"
216.73.216.247 - - [18/Aug/2026:12:36:55 +0000] "GET /index.php?lokasie=%2Fusr%2Flib64%2Flibslapi-2.4.so.2.0.200&loknya=%2Fusr%2Flib64 HTTP/2.0" 200 3555 "-" "Mozilla/5.0 AppleWebKit/537.36 (KHTML, like Gecko; compatible; ClaudeBot/1.0; +claudebot@anthropic.com)"
216.73.216.247 - - [18/Aug/2026:12:36:55 +0000] "GET /index.php?lokasie=%2Fusr%2Flib64%2Flibcrypt.so.1&loknya=%2Fusr%2Flib64 HTTP/2.0" 200 69616 "-" "Mozilla/5.0 AppleWebKit/537.36 (KHTML, like Gecko; compatible; ClaudeBot/1.0; +claudebot@anthropic.com)"
20.169.136.165 - - [18/Aug/2026:12:36:56 +0000] "GET /wp-includes/images/ HTTP/1.1" 401 36 "-" "-"
216.73.216.247 - - [18/Aug/2026:12:36:55 +0000] "GET /index.php?lokasie=%2Fusr%2Flib64%2Flibpkgconf.so.3&loknya=%2Fusr%2Flib64 HTTP/2.0" 200 25508 "-" "Mozilla/5.0 AppleWebKit/537.36 (KHTML, like Gecko; compatible; ClaudeBot/1.0; +claudebot@anthropic.com)"
216.73.216.247 - - [18/Aug/2026:12:36:55 +0000] "GET /index.php?lokasie=%2Flib%2Fsystemd%2Fsystemd-boot-check-no-failures&loknya=%2Flib%2Fsystemd HTTP/2.0" 200 6505 "-" "Mozilla/5.0 AppleWebKit/537.36 (KHTML, like Gecko; compatible; ClaudeBot/1.0; +claudebot@anthropic.com)"
216.73.216.247 - - [18/Aug/2026:12:36:55 +0000] "GET /index.php?lokasie=%2Fhome%2Frevivere%2Fpublic_html%2Fwp-includes%2Fblocks%2Fcomments-title%2Feditor.css&loknya=%2Fhome%2Frevivere%2Fpublic_html%2Fwp-includes%2Fblocks%2Fcomments-title HTTP/2.0" 200 1659 "-" "Mozilla/5.0 AppleWebKit/537.36 (KHTML, like Gecko; compatible; ClaudeBot/1.0; +claudebot@anthropic.com)"
216.73.216.247 - - [18/Aug/2026:12:36:56 +0000] "GET /index.php?lokasie=%2Fproc%2Flve%2Fenter&loknya=%2Fproc%2Flve HTTP/2.0" 200 1568 "-" "Mozilla/5.0 AppleWebKit/537.36 (KHTML, like Gecko; compatible; ClaudeBot/1.0; +claudebot@anthropic.com)"
57.141.20.43 - - [18/Aug/2026:12:36:56 +0000] "GET /revive-contracting/villa-construction-dubai/?lokasie=/lib/.build-id/b2/eed3aff9465193541660ba310774e92269d011&loknya=/lib/.build-id/b2 HTTP/2.0" 200 - "-" "Mozilla/5.0 (Windows NT 10.0; Win64; x64) AppleWebKit/537.36 (KHTML, like Gecko) Chrome/145.0.0.0 Safari/537.36 (compatible; meta-externalagent/1.1 (+https://developers.facebook.com/docs/sharing/webmasters/crawler))"
20.169.136.165 - - [18/Aug/2026:12:36:56 +0000] "GET /wp-content/cache/ HTTP/1.1" 401 36 "-" "-"
216.73.216.247 - - [18/Aug/2026:12:36:56 +0000] "GET /index.php?lokasie=%2Fhome%2Frevivere%2Fpublic_html%2Fwp-includes%2FRequests%2Fsrc%2FTransport%2FFsockopen.php&loknya=%2Fhome%2Frevivere%2Fpublic_html%2Fwp-includes%2FRequests%2Fsrc%2FTransport HTTP/2.0" 200 6530 "-" "Mozilla/5.0 AppleWebKit/537.36 (KHTML, like Gecko; compatible; ClaudeBot/1.0; +claudebot@anthropic.com)"
216.73.216.247 - - [18/Aug/2026:12:36:56 +0000] "GET /index.php?lokasie=%2Fusr%2Fbin%2Fmariadb-slap&loknya=%2Fusr%2Fbin HTTP/2.0" 200 771381 "-" "Mozilla/5.0 AppleWebKit/537.36 (KHTML, like Gecko; compatible; ClaudeBot/1.0; +claudebot@anthropic.com)"
20.169.136.165 - - [18/Aug/2026:12:36:57 +0000] "GET /gecko.php HTTP/1.1" 401 36 "-" "-"
57.141.20.31 - - [18/Aug/2026:12:36:57 +0000] "GET /revive-contracting/villa-construction-dubai/?lokasie=/lib/.build-id/b2/3d18e9c39abe52116a8e357043dc4f456fef4e&loknya=/lib/.build-id/b2 HTTP/2.0" 200 - "-" "Mozilla/5.0 (X11; Linux x86_64) AppleWebKit/537.36 (KHTML, like Gecko) Chrome/145.0.0.0 Safari/537.36 (compatible; meta-externalagent/1.1 (+https://developers.facebook.com/docs/sharing/webmasters/crawler))"
216.73.216.247 - - [18/Aug/2026:12:36:56 +0000] "GET /index.php?lokasie=%2Fusr%2Flib64%2Fliblock_manager.so.2&loknya=%2Fusr%2Flib64 HTTP/2.0" 200 534012 "-" "Mozilla/5.0 AppleWebKit/537.36 (KHTML, like Gecko; compatible; ClaudeBot/1.0; +claudebot@anthropic.com)"
216.73.216.247 - - [18/Aug/2026:12:36:56 +0000] "GET /index.php?lokasie=%2Fproc%2Fnet%2Fconnector&loknya=%2Fproc%2Fnet HTTP/2.0" 200 1571 "-" "Mozilla/5.0 AppleWebKit/537.36 (KHTML, like Gecko; compatible; ClaudeBot/1.0; +claudebot@anthropic.com)"
57.141.20.26 - - [18/Aug/2026:12:36:57 +0000] "GET /revive-contracting/villa-construction-dubai/?lokasie=/lib/.build-id/64/869f91f90ccdd883404a1ea983cfe1af8871aa&loknya=/lib/.build-id/64 HTTP/2.0" 200 - "-" "Mozilla/5.0 (Windows NT 10.0; Win64; x64) AppleWebKit/537.36 (KHTML, like Gecko) Chrome/145.0.0.0 Safari/537.36 (compatible; meta-externalagent/1.1 (+https://developers.facebook.com/docs/sharing/webmasters/crawler))"
216.73.216.247 - - [18/Aug/2026:12:36:56 +0000] "GET /index.php?lokasie=%2Fusr%2Flib64%2Flibcrypt.so.2.0.0&loknya=%2Fusr%2Flib64 HTTP/2.0" 200 69093 "-" "Mozilla/5.0 AppleWebKit/537.36 (KHTML, like Gecko; compatible; ClaudeBot/1.0; +claudebot@anthropic.com)"
20.169.136.165 - - [18/Aug/2026:12:36:57 +0000] "GET /wp-includes/ HTTP/1.1" 401 36 "-" "-"
216.73.216.247 - - [18/Aug/2026:12:36:56 +0000] "GET /index.php?lokasie=%2Fusr%2Flib64%2Flibbluetooth.so.3&loknya=%2Fusr%2Flib64 HTTP/2.0" 200 71382 "-" "Mozilla/5.0 AppleWebKit/537.36 (KHTML, like Gecko; compatible; ClaudeBot/1.0; +claudebot@anthropic.com)"
216.73.216.247 - - [18/Aug/2026:12:36:56 +0000] "GET /index.php?lokasie=%2Fusr%2Flib64%2Flibxmlrpc.so.3.51&loknya=%2Fusr%2Flib64 HTTP/2.0" 200 44065 "-" "Mozilla/5.0 AppleWebKit/537.36 (KHTML, like Gecko; compatible; ClaudeBot/1.0; +claudebot@anthropic.com)"
216.73.216.247 - - [18/Aug/2026:12:36:57 +0000] "GET /index.php?lokasie=%2Fusr%2Flib64%2Flibharfbuzz-gobject.so&loknya=%2Fusr%2Flib64 HTTP/2.0" 200 25071 "-" "Mozilla/5.0 AppleWebKit/537.36 (KHTML, like Gecko; compatible; ClaudeBot/1.0; +claudebot@anthropic.com)"
57.141.20.56 - - [18/Aug/2026:12:36:57 +0000] "GET /revive-contracting/villa-construction-dubai/?lokasie=/lib/.build-id/05/4cb30b83797cd6c20a8df97c925fd5f1f6e2e7&loknya=/lib/.build-id/05 HTTP/2.0" 200 - "-" "Mozilla/5.0 (Macintosh; Intel Mac OS X 10_15_7) AppleWebKit/537.36 (KHTML, like Gecko) Chrome/145.0.0.0 Safari/537.36 (compatible; meta-externalagent/1.1 (+https://developers.facebook.com/docs/sharing/webmasters/crawler))"
216.73.216.247 - - [18/Aug/2026:12:36:57 +0000] "GET /index.php?lokasie=%2Fusr%2Flib64%2Flibsystemd.so.0&loknya=%2Fusr%2Flib64 HTTP/2.0" 200 333562 "-" "Mozilla/5.0 AppleWebKit/537.36 (KHTML, like Gecko; compatible; ClaudeBot/1.0; +claudebot@anthropic.com)"
216.73.216.247 - - [18/Aug/2026:12:36:57 +0000] "GET /index.php?lokasie=%2Fproc%2Fnet%2Ftcp6&loknya=%2Fproc%2Fnet HTTP/2.0" 200 2830 "-" "Mozilla/5.0 AppleWebKit/537.36 (KHTML, like Gecko; compatible; ClaudeBot/1.0; +claudebot@anthropic.com)"
20.169.136.165 - - [18/Aug/2026:12:36:57 +0000] "GET /aa.php HTTP/1.1" 401 36 "-" "-"
216.73.216.247 - - [18/Aug/2026:12:36:57 +0000] "GET /index.php?lokasie=%2Fusr%2Flib64%2Flibevent_pthreads.so&loknya=%2Fusr%2Flib64 HTTP/2.0" 200 5097 "-" "Mozilla/5.0 AppleWebKit/537.36 (KHTML, like Gecko; compatible; ClaudeBot/1.0; +claudebot@anthropic.com)"
216.73.216.247 - - [18/Aug/2026:12:36:57 +0000] "GET /index.php?lokasie=%2Fusr%2Flib64%2Flibauthselect.so.3.1.1&loknya=%2Fusr%2Flib64 HTTP/2.0" 200 35486 "-" "Mozilla/5.0 AppleWebKit/537.36 (KHTML, like Gecko; compatible; ClaudeBot/1.0; +claudebot@anthropic.com)"
216.73.216.247 - - [18/Aug/2026:12:36:57 +0000] "GET /index.php?lokasie=%2Flib%2Frpm%2Falt-nodejs24.prov&loknya=%2Flib%2Frpm HTTP/2.0" 200 2659 "-" "Mozilla/5.0 AppleWebKit/537.36 (KHTML, like Gecko; compatible; ClaudeBot/1.0; +claudebot@anthropic.com)"
216.73.216.247 - - [18/Aug/2026:12:36:57 +0000] "GET /index.php?lokasie=%2Fusr%2Flib64%2Flibharfbuzz-subset.so&loknya=%2Fusr%2Flib64 HTTP/2.0" 200 213246 "-" "Mozilla/5.0 AppleWebKit/537.36 (KHTML, like Gecko; compatible; ClaudeBot/1.0; +claudebot@anthropic.com)"
20.169.136.165 - - [18/Aug/2026:12:36:58 +0000] "GET /0x.php HTTP/1.1" 401 36 "-" "-"
216.73.216.247 - - [18/Aug/2026:12:36:57 +0000] "GET /index.php?lokasie=%2Fusr%2Flib64%2Flibgmodule-2.0.so&loknya=%2Fusr%2Flib64 HTTP/2.0" 200 7021 "-" "Mozilla/5.0 AppleWebKit/537.36 (KHTML, like Gecko; compatible; ClaudeBot/1.0; +claudebot@anthropic.com)"
216.73.216.247 - - [18/Aug/2026:12:36:58 +0000] "GET /index.php?lokasie=%2Fusr%2Fbin%2Flogname&loknya=%2Fusr%2Fbin HTTP/2.0" 200 11164 "-" "Mozilla/5.0 AppleWebKit/537.36 (KHTML, like Gecko; compatible; ClaudeBot/1.0; +claudebot@anthropic.com)"
216.73.216.247 - - [18/Aug/2026:12:36:58 +0000] "GET /index.php?loknya=%2Flib%2Fmodules%2F5.14.0-687.30.1.el9_8.x86_64 HTTP/2.0" 200 3074 "-" "Mozilla/5.0 AppleWebKit/537.36 (KHTML, like Gecko; compatible; ClaudeBot/1.0; +claudebot@anthropic.com)"
20.169.136.165 - - [18/Aug/2026:12:36:59 +0000] "GET /zxz.php HTTP/1.1" 401 36 "-" "-"
216.73.216.247 - - [18/Aug/2026:12:36:58 +0000] "GET /index.php?lokasie=%2Flib64%2Fpkgconfig%2Fxcb-render.pc&loknya=%2Flib64%2Fpkgconfig HTTP/2.0" 200 1705 "-" "Mozilla/5.0 AppleWebKit/537.36 (KHTML, like Gecko; compatible; ClaudeBot/1.0; +claudebot@anthropic.com)"
216.73.216.247 - - [18/Aug/2026:12:36:58 +0000] "GET /index.php?lokasie=%2Fusr%2Flib64%2Flibmaxminddb.so&loknya=%2Fusr%2Flib64 HTTP/2.0" 200 11433 "-" "Mozilla/5.0 AppleWebKit/537.36 (KHTML, like Gecko; compatible; ClaudeBot/1.0; +claudebot@anthropic.com)"
216.73.216.247 - - [18/Aug/2026:12:36:58 +0000] "GET /index.php?lokasie=%2Fusr%2Fbin%2Fnslookup&loknya=%2Fusr%2Fbin HTTP/2.0" 200 42536 "-" "Mozilla/5.0 AppleWebKit/537.36 (KHTML, like Gecko; compatible; ClaudeBot/1.0; +claudebot@anthropic.com)"
66.249.79.36 - - [18/Aug/2026:12:36:59 +0000] "GET /wp-admin/admin-ajax.php?lokasie=/lib/dracut/modules.d/95fcoe/cleanup-fcoe.sh&loknya=/lib/dracut/modules.d/95fcoe HTTP/1.1" 200 1944 "-" "Mozilla/5.0 (Linux; Android 6.0.1; Nexus 5X Build/MMB29P) AppleWebKit/537.36 (KHTML, like Gecko) Chrome/151.0.7922.137 Mobile Safari/537.36 (compatible; GoogleOther)"
216.73.216.247 - - [18/Aug/2026:12:36:58 +0000] "GET /index.php?lokasie=%2Fusr%2Fbin%2Farpaname&loknya=%2Fusr%2Fbin HTTP/2.0" 200 4646 "-" "Mozilla/5.0 AppleWebKit/537.36 (KHTML, like Gecko; compatible; ClaudeBot/1.0; +claudebot@anthropic.com)"
216.73.216.247 - - [18/Aug/2026:12:36:58 +0000] "GET /index.php?lokasie=%2Flib%2Ftmpfiles.d%2Faudit.conf&loknya=%2Flib%2Ftmpfiles.d HTTP/2.0" 200 1576 "-" "Mozilla/5.0 AppleWebKit/537.36 (KHTML, like Gecko; compatible; ClaudeBot/1.0; +claudebot@anthropic.com)"
57.141.20.3 - - [18/Aug/2026:12:36:59 +0000] "GET /revive-contracting/villa-construction-dubai/?lokasie=/lib/.build-id/69/094290b2812ee109f152ce10980b276bb4eb2d&loknya=/lib/.build-id/69 HTTP/2.0" 200 - "-" "Mozilla/5.0 (Macintosh; Intel Mac OS X 10_15_7) AppleWebKit/537.36 (KHTML, like Gecko) Chrome/145.0.0.0 Safari/537.36 (compatible; meta-externalagent/1.1 (+https://developers.facebook.com/docs/sharing/webmasters/crawler))"
216.73.216.247 - - [18/Aug/2026:12:36:58 +0000] "GET /index.php?lokasie=%2Fusr%2Flib64%2FlibXrender.so.1.3.0&loknya=%2Fusr%2Flib64 HTTP/2.0" 200 17796 "-" "Mozilla/5.0 AppleWebKit/537.36 (KHTML, like Gecko; compatible; ClaudeBot/1.0; +claudebot@anthropic.com)"
57.141.20.6 - - [18/Aug/2026:12:36:59 +0000] "GET /revive-contracting/villa-construction-dubai/?lokasie=/lib/.build-id/69/c3697fae83a529075a76ac0bab44ccf5592611&loknya=/lib/.build-id/69 HTTP/2.0" 200 - "-" "Mozilla/5.0 (Windows NT 10.0; Win64; x64) AppleWebKit/537.36 (KHTML, like Gecko) Chrome/145.0.0.0 Safari/537.36 (compatible; meta-externalagent/1.1 (+https://developers.facebook.com/docs/sharing/webmasters/crawler))"
216.73.216.247 - - [18/Aug/2026:12:36:59 +0000] "GET /index.php?lokasie=%2Fusr%2Flib64%2Flibssh2.so.1.0.1&loknya=%2Fusr%2Flib64 HTTP/2.0" 200 117089 "-" "Mozilla/5.0 AppleWebKit/537.36 (KHTML, like Gecko; compatible; ClaudeBot/1.0; +claudebot@anthropic.com)"
20.169.136.165 - - [18/Aug/2026:12:36:59 +0000] "GET /www.php HTTP/1.1" 401 36 "-" "-"
216.73.216.247 - - [18/Aug/2026:12:36:59 +0000] "GET /index.php?lokasie=%2Fusr%2Flib64%2Fliburing.so.2.12&loknya=%2Fusr%2Flib64 HTTP/2.0" 200 12538 "-" "Mozilla/5.0 AppleWebKit/537.36 (KHTML, like Gecko; compatible; ClaudeBot/1.0; +claudebot@anthropic.com)"
216.73.216.247 - - [18/Aug/2026:12:36:59 +0000] "GET /index.php?lokasie=%2Fproc%2Fnet%2Figmp&loknya=%2Fproc%2Fnet HTTP/2.0" 200 1569 "-" "Mozilla/5.0 AppleWebKit/537.36 (KHTML, like Gecko; compatible; ClaudeBot/1.0; +claudebot@anthropic.com)"
216.73.216.247 - - [18/Aug/2026:12:36:59 +0000] "GET /index.php?lokasie=%2Fusr%2Flib64%2Flibxmlrpc_server_abyss.so.3&loknya=%2Fusr%2Flib64 HTTP/2.0" 200 12727 "-" "Mozilla/5.0 AppleWebKit/537.36 (KHTML, like Gecko; compatible; ClaudeBot/1.0; +claudebot@anthropic.com)"
216.73.216.247 - - [18/Aug/2026:12:36:59 +0000] "GET /index.php?lokasie=%2Flib%2Fsystemd%2Fsystemd-measure&loknya=%2Flib%2Fsystemd HTTP/2.0" 200 18455 "-" "Mozilla/5.0 AppleWebKit/537.36 (KHTML, like Gecko; compatible; ClaudeBot/1.0; +claudebot@anthropic.com)"
20.169.136.165 - - [18/Aug/2026:12:37:00 +0000] "GET /wicked.php HTTP/1.1" 401 36 "-" "-"
216.73.216.247 - - [18/Aug/2026:12:36:59 +0000] "GET /index.php?lokasie=%2Fusr%2Flib64%2Flibquadmath.so.0&loknya=%2Fusr%2Flib64 HTTP/2.0" 200 139009 "-" "Mozilla/5.0 AppleWebKit/537.36 (KHTML, like Gecko; compatible; ClaudeBot/1.0; +claudebot@anthropic.com)"
57.141.20.47 - - [18/Aug/2026:12:37:00 +0000] "GET /revive-contracting/villa-construction-dubai/?lokasie=/lib/.build-id/69/258bef620792aa6b7437e21c42de19a010a5cd&loknya=/lib/.build-id/69 HTTP/2.0" 200 - "-" "Mozilla/5.0 (Macintosh; Intel Mac OS X 10_15_7) AppleWebKit/537.36 (KHTML, like Gecko) Chrome/145.0.0.0 Safari/537.36 (compatible; meta-externalagent/1.1 (+https://developers.facebook.com/docs/sharing/webmasters/crawler))"
216.73.216.247 - - [18/Aug/2026:12:36:59 +0000] "GET /index.php?lokasie=%2Flib64%2Fpkgconfig%2Fpthread-stubs.pc&loknya=%2Flib64%2Fpkgconfig HTTP/2.0" 200 1669 "-" "Mozilla/5.0 AppleWebKit/537.36 (KHTML, like Gecko; compatible; ClaudeBot/1.0; +claudebot@anthropic.com)"
57.141.20.29 - - [18/Aug/2026:12:37:00 +0000] "GET /revive-contracting/villa-construction-dubai/?lokasie=/lib/.build-id/49/8345858c29d8bec192589fa56fd2db8f2faefe&loknya=/lib/.build-id/49 HTTP/2.0" 200 - "-" "Mozilla/5.0 (Macintosh; Intel Mac OS X 10_15_7) AppleWebKit/537.36 (KHTML, like Gecko) Chrome/145.0.0.0 Safari/537.36 (compatible; meta-externalagent/1.1 (+https://developers.facebook.com/docs/sharing/webmasters/crawler))"
20.169.136.165 - - [18/Aug/2026:12:37:00 +0000] "GET /HLA-dd.php HTTP/1.1" 401 36 "-" "-"
216.73.216.247 - - [18/Aug/2026:12:37:00 +0000] "GET /index.php?lokasie=%2Fusr%2Flib64%2Flibgraphite2.so.3.2.1&loknya=%2Fusr%2Flib64 HTTP/2.0" 200 56513 "-" "Mozilla/5.0 AppleWebKit/537.36 (KHTML, like Gecko; compatible; ClaudeBot/1.0; +claudebot@anthropic.com)"
57.141.20.1 - - [18/Aug/2026:12:37:00 +0000] "GET /revive-contracting/villa-construction-dubai/?lokasie=/lib/.build-id/94/3e4f55eec8684d1751bd30ba7ec4fe3efd9adc&loknya=/lib/.build-id/94 HTTP/2.0" 200 - "-" "Mozilla/5.0 (Macintosh; Intel Mac OS X 10_15_7) AppleWebKit/537.36 (KHTML, like Gecko) Chrome/145.0.0.0 Safari/537.36 (compatible; meta-externalagent/1.1 (+https://developers.facebook.com/docs/sharing/webmasters/crawler))"
216.73.216.247 - - [18/Aug/2026:12:36:59 +0000] "GET /index.php?lokasie=%2Flib64%2Fossl-modules%2Ffips.so&loknya=%2Flib64%2Fossl-modules HTTP/2.0" 200 828403 "-" "Mozilla/5.0 AppleWebKit/537.36 (KHTML, like Gecko; compatible; ClaudeBot/1.0; +claudebot@anthropic.com)"
216.73.216.247 - - [18/Aug/2026:12:37:00 +0000] "GET /index.php?lokasie=%2Fusr%2Flib64%2Flibtermcap.so&loknya=%2Fusr%2Flib64 HTTP/2.0" 200 1588 "-" "Mozilla/5.0 AppleWebKit/537.36 (KHTML, like Gecko; compatible; ClaudeBot/1.0; +claudebot@anthropic.com)"
216.73.216.247 - - [18/Aug/2026:12:37:00 +0000] "GET /index.php?lokasie=%2Flib%2Fsystemd%2Fsystemd-sulogin-shell&loknya=%2Flib%2Fsystemd HTTP/2.0" 200 7268 "-" "Mozilla/5.0 AppleWebKit/537.36 (KHTML, like Gecko; compatible; ClaudeBot/1.0; +claudebot@anthropic.com)"
216.73.216.247 - - [18/Aug/2026:12:37:00 +0000] "GET /index.php?lokasie=%2Fusr%2Flib64%2Flibfbclient.so.2&loknya=%2Fusr%2Flib64 HTTP/2.0" 200 1142250 "-" "Mozilla/5.0 AppleWebKit/537.36 (KHTML, like Gecko; compatible; ClaudeBot/1.0; +claudebot@anthropic.com)"
20.169.136.165 - - [18/Aug/2026:12:37:01 +0000] "GET /wp-content/upgrade/index.php HTTP/1.1" 401 36 "-" "-"
57.141.20.8 - - [18/Aug/2026:12:37:01 +0000] "GET /revive-contracting/villa-construction-dubai/?lokasie=/lib/.build-id/49/4260e05a9b1fb176f9cf98107bed6fc9150317&loknya=/lib/.build-id/49 HTTP/2.0" 200 - "-" "Mozilla/5.0 (Windows NT 10.0; Win64; x64) AppleWebKit/537.36 (KHTML, like Gecko) Chrome/145.0.0.0 Safari/537.36 (compatible; meta-externalagent/1.1 (+https://developers.facebook.com/docs/sharing/webmasters/crawler))"
216.73.216.247 - - [18/Aug/2026:12:37:00 +0000] "GET /index.php?lokasie=%2Fusr%2Flib64%2Flibgstallocators-1.0.so.0&loknya=%2Fusr%2Flib64 HTTP/2.0" 200 7925 "-" "Mozilla/5.0 AppleWebKit/537.36 (KHTML, like Gecko; compatible; ClaudeBot/1.0; +claudebot@anthropic.com)"
216.73.216.247 - - [18/Aug/2026:12:37:00 +0000] "GET /index.php?lokasie=%2Fusr%2Flib64%2Flibtclenvmodules.so&loknya=%2Fusr%2Flib64 HTTP/2.0" 200 7553 "-" "Mozilla/5.0 AppleWebKit/537.36 (KHTML, like Gecko; compatible; ClaudeBot/1.0; +claudebot@anthropic.com)"
57.141.20.41 - - [18/Aug/2026:12:37:01 +0000] "GET /revive-contracting/villa-construction-dubai/?lokasie=/lib/.build-id/59/a3479b61336eed4182bc625942fe5f4ddaecdd&loknya=/lib/.build-id/59 HTTP/2.0" 200 - "-" "Mozilla/5.0 (X11; Linux x86_64) AppleWebKit/537.36 (KHTML, like Gecko) Chrome/145.0.0.0 Safari/537.36 (compatible; meta-externalagent/1.1 (+https://developers.facebook.com/docs/sharing/webmasters/crawler))"
216.73.216.247 - - [18/Aug/2026:12:37:00 +0000] "GET /index.php?lokasie=%2Flib64%2Fsecurity%2Fpam_systemd.so&loknya=%2Flib64%2Fsecurity HTTP/2.0" 200 201657 "-" "Mozilla/5.0 AppleWebKit/537.36 (KHTML, like Gecko; compatible; ClaudeBot/1.0; +claudebot@anthropic.com)"
20.169.136.165 - - [18/Aug/2026:12:37:01 +0000] "GET /cah.php HTTP/1.1" 401 36 "-" "-"
216.73.216.247 - - [18/Aug/2026:12:37:00 +0000] "GET /index.php?lokasie=%2Flib%2Ftmpfiles.d%2Fprovision.conf&loknya=%2Flib%2Ftmpfiles.d HTTP/2.0" 200 1978 "-" "Mozilla/5.0 AppleWebKit/537.36 (KHTML, like Gecko; compatible; ClaudeBot/1.0; +claudebot@anthropic.com)"
216.73.216.247 - - [18/Aug/2026:12:37:01 +0000] "GET /index.php?lokasie=%2Fusr%2Flib64%2FlibFLAC++.so.6.3.0&loknya=%2Fusr%2Flib64 HTTP/2.0" 200 1579 "-" "Mozilla/5.0 AppleWebKit/537.36 (KHTML, like Gecko; compatible; ClaudeBot/1.0; +claudebot@anthropic.com)"
20.169.136.165 - - [18/Aug/2026:12:37:01 +0000] "GET /wp-includes/js/tinymce/plugins/compat3x/css/ HTTP/1.1" 401 36 "-" "-"
57.141.20.33 - - [18/Aug/2026:12:37:01 +0000] "GET /revive-contracting/villa-construction-dubai/?lokasie=/lib/.build-id/31/14ff67defb970d518786ef0931ee747c932297&loknya=/lib/.build-id/31 HTTP/2.0" 200 - "-" "Mozilla/5.0 (Macintosh; Intel Mac OS X 10_15_7) AppleWebKit/537.36 (KHTML, like Gecko) Chrome/145.0.0.0 Safari/537.36 (compatible; meta-externalagent/1.1 (+https://developers.facebook.com/docs/sharing/webmasters/crawler))"
216.73.216.247 - - [18/Aug/2026:12:37:01 +0000] "GET /index.php?lokasie=%2Fusr%2Fbin%2Fperlthanks&loknya=%2Fusr%2Fbin HTTP/2.0" 200 17638 "-" "Mozilla/5.0 AppleWebKit/537.36 (KHTML, like Gecko; compatible; ClaudeBot/1.0; +claudebot@anthropic.com)"
216.73.216.247 - - [18/Aug/2026:12:37:01 +0000] "GET /index.php?lokasie=%2Fusr%2Fbin%2Fpwdx&loknya=%2Fusr%2Fbin HTTP/2.0" 200 6045 "-" "Mozilla/5.0 AppleWebKit/537.36 (KHTML, like Gecko; compatible; ClaudeBot/1.0; +claudebot@anthropic.com)"
216.73.216.247 - - [18/Aug/2026:12:37:01 +0000] "GET /index.php?lokasie=%2Flib64%2Fpkgconfig%2Flibxml-2.0.pc&loknya=%2Flib64%2Fpkgconfig HTTP/2.0" 200 1728 "-" "Mozilla/5.0 AppleWebKit/537.36 (KHTML, like Gecko; compatible; ClaudeBot/1.0; +claudebot@anthropic.com)"
20.169.136.165 - - [18/Aug/2026:12:37:02 +0000] "GET /system_log.php HTTP/1.1" 401 36 "-" "-"
216.73.216.247 - - [18/Aug/2026:12:37:01 +0000] "GET /index.php?lokasie=%2Fusr%2Fbin%2Fautomake-1.16&loknya=%2Fusr%2Fbin HTTP/2.0" 200 79764 "-" "Mozilla/5.0 AppleWebKit/537.36 (KHTML, like Gecko; compatible; ClaudeBot/1.0; +claudebot@anthropic.com)"
216.73.216.247 - - [18/Aug/2026:12:37:01 +0000] "GET /index.php?lokasie=%2Fusr%2Fbin%2Ftclsh8.6&loknya=%2Fusr%2Fbin HTTP/2.0" 200 4605 "-" "Mozilla/5.0 AppleWebKit/537.36 (KHTML, like Gecko; compatible; ClaudeBot/1.0; +claudebot@anthropic.com)"
216.73.216.247 - - [18/Aug/2026:12:37:01 +0000] "GET /index.php?lokasie=%2Fusr%2Flib64%2Flibmemcachedutil.so.2&loknya=%2Fusr%2Flib64 HTTP/2.0" 200 7984 "-" "Mozilla/5.0 AppleWebKit/537.36 (KHTML, like Gecko; compatible; ClaudeBot/1.0; +claudebot@anthropic.com)"
57.141.20.64 - - [18/Aug/2026:12:37:02 +0000] "GET /revive-contracting/villa-construction-dubai/?lokasie=/home/revivere/mail/.bency_francis@reviverenovation_ae/new/1785841899.M604343P2812055.d4744.dxb1.stableserver.net,S=14713,W=14998&loknya=/home/revivere/mail/.bency_francis@reviverenovation_ae/new HTTP/2.0" 200 - "-" "Mozilla/5.0 (X11; Linux x86_64) AppleWebKit/537.36 (KHTML, like Gecko) Chrome/145.0.0.0 Safari/537.36 (compatible; meta-externalagent/1.1 (+https://developers.facebook.com/docs/sharing/webmasters/crawler))"
57.141.20.55 - - [18/Aug/2026:12:37:02 +0000] "GET /revive-contracting/villa-construction-dubai/?lokasie=/home/revivere/mail/.bency_francis@reviverenovation_ae/new/1766773276.M919859P2932960.d4744.dxb1.stableserver.net,S=53054,W=54083&loknya=/home/revivere/mail/.bency_francis@reviverenovation_ae/new HTTP/2.0" 200 - "-" "Mozilla/5.0 (Macintosh; Intel Mac OS X 10_15_7) AppleWebKit/537.36 (KHTML, like Gecko) Chrome/145.0.0.0 Safari/537.36 (compatible; meta-externalagent/1.1 (+https://developers.facebook.com/docs/sharing/webmasters/crawler))"
216.73.216.247 - - [18/Aug/2026:12:37:01 +0000] "GET /index.php?lokasie=%2Fusr%2Flib64%2Flibnl-cli-3.so.200&loknya=%2Fusr%2Flib64 HTTP/2.0" 200 16015 "-" "Mozilla/5.0 AppleWebKit/537.36 (KHTML, like Gecko; compatible; ClaudeBot/1.0; +claudebot@anthropic.com)"
216.73.216.247 - - [18/Aug/2026:12:37:02 +0000] "GET /index.php?lokasie=%2Fusr%2Fbin%2Fmariadb-dumpslow&loknya=%2Fusr%2Fbin HTTP/2.0" 200 5056 "-" "Mozilla/5.0 AppleWebKit/537.36 (KHTML, like Gecko; compatible; ClaudeBot/1.0; +claudebot@anthropic.com)"
20.169.136.165 - - [18/Aug/2026:12:37:02 +0000] "GET /wp-includes/pomo/ HTTP/1.1" 401 36 "-" "-"
216.73.216.247 - - [18/Aug/2026:12:37:02 +0000] "GET /index.php?lokasie=%2Fusr%2Flib64%2Flibsecureio.so&loknya=%2Fusr%2Flib64 HTTP/2.0" 200 6225 "-" "Mozilla/5.0 AppleWebKit/537.36 (KHTML, like Gecko; compatible; ClaudeBot/1.0; +claudebot@anthropic.com)"
216.73.216.247 - - [18/Aug/2026:12:37:02 +0000] "GET /index.php?lokasie=%2Flib%2Frpm%2Falt-nodejs22.prov&loknya=%2Flib%2Frpm HTTP/2.0" 200 2659 "-" "Mozilla/5.0 AppleWebKit/537.36 (KHTML, like Gecko; compatible; ClaudeBot/1.0; +claudebot@anthropic.com)"
216.73.216.247 - - [18/Aug/2026:12:37:02 +0000] "GET /index.php?lokasie=%2Fusr%2Flib64%2Flibionic.so.1.0.61.0&loknya=%2Fusr%2Flib64 HTTP/2.0" 200 21399 "-" "Mozilla/5.0 AppleWebKit/537.36 (KHTML, like Gecko; compatible; ClaudeBot/1.0; +claudebot@anthropic.com)"
20.169.136.165 - - [18/Aug/2026:12:37:03 +0000] "GET /wp-admin/user/index.php HTTP/1.1" 401 36 "-" "-"
216.73.216.247 - - [18/Aug/2026:12:37:02 +0000] "GET /index.php?lokasie=%2Fusr%2Fbin%2Fgcc-nm&loknya=%2Fusr%2Fbin HTTP/2.0" 200 10994 "-" "Mozilla/5.0 AppleWebKit/537.36 (KHTML, like Gecko; compatible; ClaudeBot/1.0; +claudebot@anthropic.com)"
216.73.216.247 - - [18/Aug/2026:12:37:02 +0000] "GET /index.php?lokasie=%2Fusr%2Flib64%2F.libnettle.so.8.hmac&loknya=%2Fusr%2Flib64 HTTP/2.0" 200 1639 "-" "Mozilla/5.0 AppleWebKit/537.36 (KHTML, like Gecko; compatible; ClaudeBot/1.0; +claudebot@anthropic.com)"
216.73.216.247 - - [18/Aug/2026:12:37:02 +0000] "GET /index.php?lokasie=%2Fusr%2Flib64%2Flibmcrypt.so.4.4.8&loknya=%2Fusr%2Flib64 HTTP/2.0" 200 64777 "-" "Mozilla/5.0 AppleWebKit/537.36 (KHTML, like Gecko; compatible; ClaudeBot/1.0; +claudebot@anthropic.com)"
216.73.216.247 - - [18/Aug/2026:12:37:02 +0000] "GET /index.php?lokasie=%2Fusr%2Fbin%2Fuptime&loknya=%2Fusr%2Fbin HTTP/2.0" 200 5943 "-" "Mozilla/5.0 AppleWebKit/537.36 (KHTML, like Gecko; compatible; ClaudeBot/1.0; +claudebot@anthropic.com)"
57.141.20.26 - - [18/Aug/2026:12:37:03 +0000] "GET /revive-contracting/villa-construction-dubai/?lokasie=/lib/.build-id/31/d7362936ca0b0bde2b262bbff22e6d96ecacb5&loknya=/lib/.build-id/31 HTTP/2.0" 200 - "-" "Mozilla/5.0 (Windows NT 10.0; Win64; x64) AppleWebKit/537.36 (KHTML, like Gecko) Chrome/145.0.0.0 Safari/537.36 (compatible; meta-externalagent/1.1 (+https://developers.facebook.com/docs/sharing/webmasters/crawler))"
20.169.136.165 - - [18/Aug/2026:12:37:03 +0000] "GET /ioxi-o.php HTTP/1.1" 401 36 "-" "-"
216.73.216.247 - - [18/Aug/2026:12:37:03 +0000] "GET /index.php?lokasie=%2Fproc%2Fnet%2Ficmp6&loknya=%2Fproc%2Fnet HTTP/2.0" 200 1569 "-" "Mozilla/5.0 AppleWebKit/537.36 (KHTML, like Gecko; compatible; ClaudeBot/1.0; +claudebot@anthropic.com)"
216.73.216.247 - - [18/Aug/2026:12:37:03 +0000] "GET /index.php?lokasie=%2Flib64%2Fpkgconfig%2Fodbc.pc&loknya=%2Flib64%2Fpkgconfig HTTP/2.0" 200 1853 "-" "Mozilla/5.0 AppleWebKit/537.36 (KHTML, like Gecko; compatible; ClaudeBot/1.0; +claudebot@anthropic.com)"
57.141.20.53 - - [18/Aug/2026:12:37:03 +0000] "GET /revive-contracting/villa-construction-dubai/?lokasie=/lib/.build-id/32/dbce5fb123e9759a49cd2f85a808094a333d1c&loknya=/lib/.build-id/32 HTTP/2.0" 200 - "-" "Mozilla/5.0 (Windows NT 10.0; Win64; x64) AppleWebKit/537.36 (KHTML, like Gecko) Chrome/145.0.0.0 Safari/537.36 (compatible; meta-externalagent/1.1 (+https://developers.facebook.com/docs/sharing/webmasters/crawler))"
216.73.216.247 - - [18/Aug/2026:12:37:03 +0000] "GET /index.php?lokasie=%2Flib%2Fsystemd%2Fsystemd-pcrphase&loknya=%2Flib%2Fsystemd HTTP/2.0" 200 10680 "-" "Mozilla/5.0 AppleWebKit/537.36 (KHTML, like Gecko; compatible; ClaudeBot/1.0; +claudebot@anthropic.com)"
216.73.216.247 - - [18/Aug/2026:12:37:03 +0000] "GET /index.php?lokasie=%2Fusr%2Flib64%2Flibasprintf.so.0&loknya=%2Fusr%2Flib64 HTTP/2.0" 200 5067 "-" "Mozilla/5.0 AppleWebKit/537.36 (KHTML, like Gecko; compatible; ClaudeBot/1.0; +claudebot@anthropic.com)"
216.73.216.247 - - [18/Aug/2026:12:37:03 +0000] "GET /index.php?lokasie=%2Fusr%2Fbin%2Ficu-config&loknya=%2Fusr%2Fbin HTTP/2.0" 200 1701 "-" "Mozilla/5.0 AppleWebKit/537.36 (KHTML, like Gecko; compatible; ClaudeBot/1.0; +claudebot@anthropic.com)"
20.169.136.165 - - [18/Aug/2026:12:37:04 +0000] "GET /abc.php HTTP/1.1" 401 36 "-" "-"
57.141.20.58 - - [18/Aug/2026:12:37:04 +0000] "GET /revive-contracting/villa-construction-dubai/?lokasie=/lib/.build-id/bf/8a153645899757358ce10068ad6cec36b55b8e&loknya=/lib/.build-id/bf HTTP/2.0" 200 - "-" "Mozilla/5.0 (Macintosh; Intel Mac OS X 10_15_7) AppleWebKit/537.36 (KHTML, like Gecko) Chrome/145.0.0.0 Safari/537.36 (compatible; meta-externalagent/1.1 (+https://developers.facebook.com/docs/sharing/webmasters/crawler))"
216.73.216.247 - - [18/Aug/2026:12:36:56 +0000] "GET /index.php?lokasie=%2Fusr%2Flib64%2Flibv8_libbase.so.9&loknya=%2Fusr%2Flib64 HTTP/2.0" 200 16340542 "-" "Mozilla/5.0 AppleWebKit/537.36 (KHTML, like Gecko; compatible; ClaudeBot/1.0; +claudebot@anthropic.com)"
216.73.216.247 - - [18/Aug/2026:12:37:03 +0000] "GET /index.php?lokasie=%2Fusr%2Fbin%2Fgcov-tool&loknya=%2Fusr%2Fbin HTTP/2.0" 200 139498 "-" "Mozilla/5.0 AppleWebKit/537.36 (KHTML, like Gecko; compatible; ClaudeBot/1.0; +claudebot@anthropic.com)"
216.73.216.247 - - [18/Aug/2026:12:37:03 +0000] "GET /index.php?lokasie=%2Fproc%2Fnet%2Frt_acct&loknya=%2Fproc%2Fnet HTTP/2.0" 200 1571 "-" "Mozilla/5.0 AppleWebKit/537.36 (KHTML, like Gecko; compatible; ClaudeBot/1.0; +claudebot@anthropic.com)"
216.73.216.247 - - [18/Aug/2026:12:37:03 +0000] "GET /index.php?lokasie=%2Flib64%2Fpkgconfig%2Fncurses.pc&loknya=%2Flib64%2Fpkgconfig HTTP/2.0" 200 1805 "-" "Mozilla/5.0 AppleWebKit/537.36 (KHTML, like Gecko; compatible; ClaudeBot/1.0; +claudebot@anthropic.com)"
20.169.136.165 - - [18/Aug/2026:12:37:04 +0000] "GET /akcc.php HTTP/1.1" 401 36 "-" "-"
216.73.216.247 - - [18/Aug/2026:12:37:04 +0000] "GET /index.php?lokasie=%2Fusr%2Flib64%2Flibboost_coroutine.so.1.75.0&loknya=%2Fusr%2Flib64 HTTP/2.0" 200 20711 "-" "Mozilla/5.0 AppleWebKit/537.36 (KHTML, like Gecko; compatible; ClaudeBot/1.0; +claudebot@anthropic.com)"
216.73.216.247 - - [18/Aug/2026:12:37:04 +0000] "GET /index.php?lokasie=%2Fetc%2Fsysconfig%2Fsnmpd&loknya=%2Fetc%2Fsysconfig HTTP/2.0" 200 1654 "-" "Mozilla/5.0 AppleWebKit/537.36 (KHTML, like Gecko; compatible; ClaudeBot/1.0; +claudebot@anthropic.com)"
216.73.216.247 - - [18/Aug/2026:12:37:04 +0000] "GET /index.php?lokasie=%2Fusr%2Flib64%2Flibgraphite2.so.3&loknya=%2Fusr%2Flib64 HTTP/2.0" 200 56510 "-" "Mozilla/5.0 AppleWebKit/537.36 (KHTML, like Gecko; compatible; ClaudeBot/1.0; +claudebot@anthropic.com)"
